File: /home/mahdetej/access-logs/mahdetejarat.com-ssl_log
94.101.183.3 - - [26/Aug/2026:15:44:06 +0330] "POST /wp-cron.php?doing_wp_cron=1787746446.0075469017028808593750 HTTP/1.1" 200 0 "-" "WordPress/6.9.1; https://mahdetejarat.com"
185.215.232.194 - - [26/Aug/2026:15:44:03 +0330] "GET /index.php/vod/play/id/36515/sid/1/nid/1.html HTTP/1.1" 301 0 "https://mahdetejarat.com/index.php/vod/search/page/2/wd/%E6%B7%AB%E8%8D%A1.html" "Mozilla/5.0 (Linux; Android 7.0;) AppleWebKit/537.36 (HTML, like Gecko) Mobile Safari/537.36 (compatible; PetalBot;+https://webmaster.petalsearch.com/site/petalbot)"
185.215.232.194 - - [26/Aug/2026:15:44:07 +0330] "GET /vod/play/id/36515/sid/1/nid/1.html HTTP/1.1" 404 13731 "https://mahdetejarat.com/index.php/vod/search/page/2/wd/%E6%B7%AB%E8%8D%A1.html" "Mozilla/5.0 (Linux; Android 7.0;) AppleWebKit/537.36 (HTML, like Gecko) Mobile Safari/537.36 (compatible; PetalBot;+https://webmaster.petalsearch.com/site/petalbot)"
94.101.183.3 - - [26/Aug/2026:15:45:19 +0330] "POST /wp-cron.php?doing_wp_cron=1787746519.8138830661773681640625 HTTP/1.1" 200 0 "-" "WordPress/6.9.1; https://mahdetejarat.com"
185.215.232.193 - - [26/Aug/2026:15:45:20 +0330] "GET /vod/play/id/3788/sid/1/nid/1.html HTTP/1.1" 404 13731 "https://mahdetejarat.com/index.php/vod/play/id/16120/sid/1/nid/1.html" "Mozilla/5.0 (Linux; Android 7.0;) AppleWebKit/537.36 (HTML, like Gecko) Mobile Safari/537.36 (compatible; PetalBot;+https://webmaster.petalsearch.com/site/petalbot)"
185.215.232.193 - - [26/Aug/2026:15:46:34 +0330] "GET /index.php/vod/play/id/30608/sid/1/nid/1.html HTTP/1.1" 301 0 "https://mahdetejarat.com/index.php/vod/play/id/37168/sid/1/nid/1.html" "Mozilla/5.0 (Linux; Android 7.0;) AppleWebKit/537.36 (HTML, like Gecko) Mobile Safari/537.36 (compatible; PetalBot;+https://webmaster.petalsearch.com/site/petalbot)"
94.101.182.6 - - [26/Aug/2026:15:47:46 +0330] "POST /wp-cron.php?doing_wp_cron=1787746665.9484128952026367187500 HTTP/1.1" 200 0 "-" "WordPress/6.9.1; https://mahdetejarat.com"
185.215.232.195 - - [26/Aug/2026:15:48:14 +0330] "GET /UserFiles/Uploads/dofarman33.jpg HTTP/1.1" 301 0 "http://bodyfull.ir/" "Mozilla/5.0 (Windows NT 10.0; Win64; x64) AppleWebKit/537.36 (KHTML, like Gecko) Chrome/106.0.5249.119 Safari/537.36"
185.215.232.193 - - [26/Aug/2026:15:50:58 +0330] "GET /vod/play/id/31475/sid/1/nid/1.html HTTP/1.1" 404 13731 "https://www.mahdetejarat.com/index.php/vod/play/id/37157/sid/1/nid/1.html" "Mozilla/5.0 (Linux; Android 7.0;) AppleWebKit/537.36 (HTML, like Gecko) Mobile Safari/537.36 (compatible; PetalBot;+https://webmaster.petalsearch.com/site/petalbot)"
185.215.232.193 - - [26/Aug/2026:15:52:24 +0330] "GET /vod/play/id/41636/sid/1/nid/1.html HTTP/1.1" 404 13731 "https://mahdetejarat.com/index.php/vod/play/id/35192/sid/1/nid/1.html" "Mozilla/5.0 (Linux; Android 7.0;) AppleWebKit/537.36 (HTML, like Gecko) Mobile Safari/537.36 (compatible; PetalBot;+https://webmaster.petalsearch.com/site/petalbot)"
185.215.232.194 - - [26/Aug/2026:15:52:55 +0330] "GET / HTTP/1.1" 301 0 "-" "Mozilla/5.0 (Windows NT 10.0; Win64; x64) AppleWebKit/537.36 (KHTML, like Gecko) Chrome/120.0.0.0 Safari/537.36"
185.215.232.193 - - [26/Aug/2026:15:53:37 +0330] "GET /index.php/vod/play/id/36795/sid/1/nid/1.html HTTP/1.1" 301 0 "https://mahdetejarat.com/index.php/vod/play/id/21165/sid/1/nid/1.html" "Mozilla/5.0 (Linux; Android 7.0;) AppleWebKit/537.36 (HTML, like Gecko) Mobile Safari/537.36 (compatible; PetalBot;+https://webmaster.petalsearch.com/site/petalbot)"
185.215.232.193 - - [26/Aug/2026:15:53:42 +0330] "GET /vod/play/id/36795/sid/1/nid/1.html HTTP/1.1" 404 13731 "https://mahdetejarat.com/index.php/vod/play/id/21165/sid/1/nid/1.html" "Mozilla/5.0 (Linux; Android 7.0;) AppleWebKit/537.36 (HTML, like Gecko) Mobile Safari/537.36 (compatible; PetalBot;+https://webmaster.petalsearch.com/site/petalbot)"
94.101.183.3 - - [26/Aug/2026:15:42:53 +0330] "POST /wp-cron.php?doing_wp_cron=1787746372.9220750331878662109375 HTTP/1.1" 200 0 "-" "WordPress/6.9.1; https://mahdetejarat.com"
185.215.232.193 - - [26/Aug/2026:15:42:49 +0330] "GET /11xuan5guanwang/ryn130i601.html HTTP/1.1" 404 13731 "http://mahdetejarat.com/11xuan5guanwang/c998p3e3qh.html" "Mozilla/5.0 (Linux; Android 7.0;) AppleWebKit/537.36 (HTML, like Gecko) Mobile Safari/537.36 (compatible; PetalBot;+https://webmaster.petalsearch.com/site/petalbot)"
185.215.232.193 - - [26/Aug/2026:15:45:16 +0330] "GET /index.php/vod/play/id/3788/sid/1/nid/1.html HTTP/1.1" 301 0 "https://mahdetejarat.com/index.php/vod/play/id/16120/sid/1/nid/1.html" "Mozilla/5.0 (Linux; Android 7.0;) AppleWebKit/537.36 (HTML, like Gecko) Mobile Safari/537.36 (compatible; PetalBot;+https://webmaster.petalsearch.com/site/petalbot)"
94.101.183.3 - - [26/Aug/2026:15:46:36 +0330] "POST /wp-cron.php?doing_wp_cron=1787746596.6417019367218017578125 HTTP/1.1" 200 0 "-" "WordPress/6.9.1; https://mahdetejarat.com"
185.215.232.193 - - [26/Aug/2026:15:46:37 +0330] "GET /vod/play/id/30608/sid/1/nid/1.html HTTP/1.1" 404 13731 "https://mahdetejarat.com/index.php/vod/play/id/37168/sid/1/nid/1.html" "Mozilla/5.0 (Linux; Android 7.0;) AppleWebKit/537.36 (HTML, like Gecko) Mobile Safari/537.36 (compatible; PetalBot;+https://webmaster.petalsearch.com/site/petalbot)"
185.215.232.193 - - [26/Aug/2026:15:47:43 +0330] "GET /index.php/vod/play/id/2057/sid/1/nid/1.html HTTP/1.1" 301 0 "http://mahdetejarat.com/index.php/vod/play/id/901/sid/1/nid/1.html" "Mozilla/5.0 (Linux; Android 7.0;) AppleWebKit/537.36 (HTML, like Gecko) Mobile Safari/537.36 (compatible; PetalBot;+https://webmaster.petalsearch.com/site/petalbot)"
185.215.232.193 - - [26/Aug/2026:15:47:47 +0330] "GET /vod/play/id/2057/sid/1/nid/1.html HTTP/1.1" 404 13731 "http://mahdetejarat.com/index.php/vod/play/id/901/sid/1/nid/1.html" "Mozilla/5.0 (Linux; Android 7.0;) AppleWebKit/537.36 (HTML, like Gecko) Mobile Safari/537.36 (compatible; PetalBot;+https://webmaster.petalsearch.com/site/petalbot)"
94.101.182.6 - - [26/Aug/2026:15:48:17 +0330] "POST /wp-cron.php?doing_wp_cron=1787746696.9565889835357666015625 HTTP/1.1" 200 0 "-" "WordPress/6.9.1; https://mahdetejarat.com"
185.215.232.195 - - [26/Aug/2026:15:48:19 +0330] "GET /UserFiles/Uploads/dofarman33.jpg HTTP/1.1" 404 54959 "http://bodyfull.ir/" "Mozilla/5.0 (Windows NT 10.0; Win64; x64) AppleWebKit/537.36 (KHTML, like Gecko) Chrome/106.0.5249.119 Safari/537.36"
94.101.183.3 - - [26/Aug/2026:15:50:57 +0330] "POST /wp-cron.php?doing_wp_cron=1787746857.4974548816680908203125 HTTP/1.1" 200 0 "-" "WordPress/6.9.1; https://mahdetejarat.com"
185.215.232.193 - - [26/Aug/2026:15:50:54 +0330] "GET /index.php/vod/play/id/31475/sid/1/nid/1.html HTTP/1.1" 301 0 "https://www.mahdetejarat.com/index.php/vod/play/id/37157/sid/1/nid/1.html" "Mozilla/5.0 (Linux; Android 7.0;) AppleWebKit/537.36 (HTML, like Gecko) Mobile Safari/537.36 (compatible; PetalBot;+https://webmaster.petalsearch.com/site/petalbot)"
185.215.232.193 - - [26/Aug/2026:15:52:18 +0330] "GET /index.php/vod/play/id/41636/sid/1/nid/1.html HTTP/1.1" 301 0 "https://mahdetejarat.com/index.php/vod/play/id/35192/sid/1/nid/1.html" "Mozilla/5.0 (Linux; Android 7.0;) AppleWebKit/537.36 (HTML, like Gecko) Mobile Safari/537.36 (compatible; PetalBot;+https://webmaster.petalsearch.com/site/petalbot)"
94.101.183.3 - - [26/Aug/2026:15:53:41 +0330] "POST /wp-cron.php?doing_wp_cron=1787747020.9590909481048583984375 HTTP/1.1" 200 0 "-" "WordPress/6.9.1; https://mahdetejarat.com"
94.101.183.3 - - [26/Aug/2026:15:55:05 +0330] "POST /wp-cron.php?doing_wp_cron=1787747105.0564179420471191406250 HTTP/1.1" 200 0 "-" "WordPress/6.9.1; https://mahdetejarat.com"
94.101.183.3 - - [26/Aug/2026:15:55:57 +0330] "POST /wp-cron.php?doing_wp_cron=1787747157.3980538845062255859375 HTTP/1.1" 200 0 "-" "WordPress/6.9.1; https://mahdetejarat.com"
185.215.232.193 - - [26/Aug/2026:15:55:58 +0330] "GET /this_is_a_new_hello_world.php HTTP/1.1" 404 54959 "-" "-"
185.215.232.193 - - [26/Aug/2026:15:55:01 +0330] "GET /index.php/vod/play/id/2682/sid/1/nid/1.html HTTP/1.1" 301 0 "https://mahdetejarat.com/index.php/vod/play/id/33547/sid/1/nid/1.html" "Mozilla/5.0 (Linux; Android 7.0;) AppleWebKit/537.36 (HTML, like Gecko) Mobile Safari/537.36 (compatible; PetalBot;+https://webmaster.petalsearch.com/site/petalbot)"
185.215.232.193 - - [26/Aug/2026:15:55:05 +0330] "GET /vod/play/id/2682/sid/1/nid/1.html HTTP/1.1" 404 13731 "https://mahdetejarat.com/index.php/vod/play/id/33547/sid/1/nid/1.html" "Mozilla/5.0 (Linux; Android 7.0;) AppleWebKit/537.36 (HTML, like Gecko) Mobile Safari/537.36 (compatible; PetalBot;+https://webmaster.petalsearch.com/site/petalbot)"
185.215.232.193 - - [26/Aug/2026:15:55:53 +0330] "GET /wp-content/plugins/hellopress/wp_filemanager.php HTTP/1.1" 404 54959 "-" "-"
185.215.232.193 - - [26/Aug/2026:15:56:02 +0330] "GET /media.php HTTP/1.1" 404 54959 "-" "-"
94.101.183.3 - - [26/Aug/2026:15:56:10 +0330] "POST /wp-cron.php?doing_wp_cron=1787747169.9872229099273681640625 HTTP/1.1" 200 0 "-" "WordPress/6.9.1; https://mahdetejarat.com"
185.215.232.193 - - [26/Aug/2026:15:56:06 +0330] "GET /3PJcpMFsD8B.php HTTP/1.1" 404 54959 "-" "-"
185.215.232.193 - - [26/Aug/2026:15:56:14 +0330] "GET /wsd.php HTTP/1.1" 404 54959 "-" "-"
185.215.232.193 - - [26/Aug/2026:15:56:22 +0330] "GET //av.php HTTP/1.1" 301 0 "-" "-"
185.215.232.193 - - [26/Aug/2026:15:56:25 +0330] "GET /index.php/vod/play/id/3999/sid/1/nid/1.html HTTP/1.1" 301 0 "http://www.mahdetejarat.com/index.php/vod/play/id/9535/sid/1/nid/1.html" "Mozilla/5.0 (Linux; Android 7.0;) AppleWebKit/537.36 (HTML, like Gecko) Mobile Safari/537.36 (compatible; PetalBot;+https://webmaster.petalsearch.com/site/petalbot)"
185.215.232.193 - - [26/Aug/2026:15:56:24 +0330] "GET /av.php HTTP/1.1" 404 54959 "-" "-"
185.215.232.193 - - [26/Aug/2026:15:56:28 +0330] "GET /images.php HTTP/1.1" 404 54959 "-" "-"
185.215.232.193 - - [26/Aug/2026:15:56:32 +0330] "GET /ops.php HTTP/1.1" 404 54959 "-" "-"
185.215.232.193 - - [26/Aug/2026:15:56:36 +0330] "GET /BDKR28WP.php HTTP/1.1" 404 54959 "-" "-"
185.215.232.194 - - [26/Aug/2026:15:56:38 +0330] "GET /author/mahdtejaratwebadmin/ HTTP/1.1" 200 14438 "-" "Mozilla/5.0 (Windows NT 10.0; Win64; x64) AppleWebKit/537.36 (KHTML, like Gecko) Chrome/120.0.0.0 Safari/537.36"
185.215.232.193 - - [26/Aug/2026:15:56:40 +0330] "GET /k.php?p= HTTP/1.1" 301 0 "-" "-"
185.215.232.193 - - [26/Aug/2026:15:56:43 +0330] "GET /k.php HTTP/1.1" 404 54959 "-" "-"
185.215.232.194 - - [26/Aug/2026:15:56:45 +0330] "GET /author/adminmtmcosite/ HTTP/1.1" 200 14253 "-" "Mozilla/5.0 (Macintosh; Intel Mac OS X 10_15_7) AppleWebKit/537.36 (KHTML, like Gecko) Chrome/120.0.0.0 Safari/537.36"
185.215.232.193 - - [26/Aug/2026:15:56:47 +0330] "GET /222.php HTTP/1.1" 404 54959 "-" "-"
94.101.182.6 - - [26/Aug/2026:15:56:57 +0330] "POST /wp-cron.php?doing_wp_cron=1787747217.3429319858551025390625 HTTP/1.1" 200 0 "-" "WordPress/6.9.1; https://mahdetejarat.com"
185.215.232.194 - - [26/Aug/2026:15:56:56 +0330] "GET /?author=5 HTTP/1.1" 404 13731 "-" "Mozilla/5.0 (Macintosh; Intel Mac OS X 10_15_7) AppleWebKit/537.36 (KHTML, like Gecko) Chrome/120.0.0.0 Safari/537.36"
185.215.232.193 - - [26/Aug/2026:15:56:57 +0330] "GET /1.php HTTP/1.1" 404 54959 "-" "-"
185.215.232.194 - - [26/Aug/2026:15:56:59 +0330] "GET /?author=6 HTTP/1.1" 404 13731 "-" "Mozilla/5.0 (Windows NT 10.0; Win64; x64; rv:121.0) Gecko/20100101 Firefox/121.0"
185.215.232.193 - - [26/Aug/2026:15:57:01 +0330] "GET /samll.php HTTP/1.1" 404 54959 "-" "-"
185.215.232.194 - - [26/Aug/2026:15:57:03 +0330] "GET /?author=7 HTTP/1.1" 404 13731 "-" "Mozilla/5.0 (X11; Linux x86_64) AppleWebKit/537.36 (KHTML, like Gecko) Chrome/120.0.0.0 Safari/537.36"
185.215.232.193 - - [26/Aug/2026:15:57:05 +0330] "GET /m.php?p= HTTP/1.1" 301 0 "-" "-"
94.101.182.6 - - [26/Aug/2026:15:57:10 +0330] "POST /wp-cron.php?doing_wp_cron=1787747230.1553430557250976562500 HTTP/1.1" 200 0 "-" "WordPress/6.9.1; https://mahdetejarat.com"
185.215.232.193 - - [26/Aug/2026:15:57:11 +0330] "GET /fling.php?p= HTTP/1.1" 301 0 "-" "-"
185.215.232.194 - - [26/Aug/2026:15:57:10 +0330] "GET /?author=9 HTTP/1.1" 404 13731 "-" "Mozilla/5.0 (Macintosh; Intel Mac OS X 10_15_7) AppleWebKit/537.36 (KHTML, like Gecko) Chrome/120.0.0.0 Safari/537.36"
185.215.232.194 - - [26/Aug/2026:15:57:14 +0330] "GET /?rest_route=/wp/v2/users&per_page=30&orderby=id&order=asc HTTP/1.1" 200 379 "-" "Mozilla/5.0 (Windows NT 10.0; Win64; x64) AppleWebKit/537.36 (KHTML, like Gecko) Chrome/120.0.0.0 Safari/537.36"
185.215.232.193 - - [26/Aug/2026:15:57:14 +0330] "GET /fling.php HTTP/1.1" 404 54959 "-" "-"
185.215.232.194 - - [26/Aug/2026:15:57:18 +0330] "GET /?feed=feed HTTP/1.1" 301 0 "-" "Mozilla/5.0 (Macintosh; Intel Mac OS X 10_15_7) AppleWebKit/537.36 (KHTML, like Gecko) Chrome/120.0.0.0 Safari/537.36"
185.215.232.193 - - [26/Aug/2026:15:56:10 +0330] "GET /4PJcpMFsD8B.php HTTP/1.1" 404 54959 "-" "-"
185.215.232.193 - - [26/Aug/2026:15:56:18 +0330] "GET /bulet.php HTTP/1.1" 404 54959 "-" "-"
185.215.232.193 - - [26/Aug/2026:15:56:28 +0330] "GET /vod/play/id/3999/sid/1/nid/1.html HTTP/1.1" 404 13731 "http://www.mahdetejarat.com/index.php/vod/play/id/9535/sid/1/nid/1.html" "Mozilla/5.0 (Linux; Android 7.0;) AppleWebKit/537.36 (HTML, like Gecko) Mobile Safari/537.36 (compatible; PetalBot;+https://webmaster.petalsearch.com/site/petalbot)"
185.215.232.194 - - [26/Aug/2026:15:56:32 +0330] "GET /wp-login.php HTTP/1.1" 200 3375 "-" "Mozilla/5.0 (Windows NT 10.0; Win64; x64; rv:121.0) Gecko/20100101 Firefox/121.0"
185.215.232.194 - - [26/Aug/2026:15:56:35 +0330] "GET /?author=1 HTTP/1.1" 301 0 "-" "Mozilla/5.0 (Windows NT 10.0; Win64; x64) AppleWebKit/537.36 (KHTML, like Gecko) Chrome/120.0.0.0 Safari/537.36"
185.215.232.194 - - [26/Aug/2026:15:56:43 +0330] "GET /?author=2 HTTP/1.1" 301 0 "-" "Mozilla/5.0 (Macintosh; Intel Mac OS X 10_15_7) AppleWebKit/537.36 (KHTML, like Gecko) Chrome/120.0.0.0 Safari/537.36"
185.215.232.194 - - [26/Aug/2026:15:56:49 +0330] "GET /?author=3 HTTP/1.1" 404 13731 "-" "Mozilla/5.0 (Windows NT 11.0; Win64; x64) AppleWebKit/537.36 (KHTML, like Gecko) Chrome/121.0.0.0 Safari/537.36"
185.215.232.193 - - [26/Aug/2026:15:56:50 +0330] "GET /chosen.php HTTP/1.1" 404 54959 "-" "-"
185.215.232.194 - - [26/Aug/2026:15:56:52 +0330] "GET /?author=4 HTTP/1.1" 404 13731 "-" "Mozilla/5.0 (Windows NT 10.0; Win64; x64; rv:121.0) Gecko/20100101 Firefox/121.0"
185.215.232.193 - - [26/Aug/2026:15:56:54 +0330] "GET /1.php?p= HTTP/1.1" 301 0 "-" "-"
185.215.232.194 - - [26/Aug/2026:15:57:06 +0330] "GET /?author=8 HTTP/1.1" 404 13731 "-" "Mozilla/5.0 (Windows NT 11.0; Win64; x64) AppleWebKit/537.36 (KHTML, like Gecko) Chrome/121.0.0.0 Safari/537.36"
185.215.232.193 - - [26/Aug/2026:15:57:07 +0330] "GET /m.php HTTP/1.1" 404 54959 "-" "-"
185.215.232.193 - - [26/Aug/2026:15:57:18 +0330] "GET /btyuio.php HTTP/1.1" 404 54959 "-" "-"
185.215.232.193 - - [26/Aug/2026:15:57:21 +0330] "GET /zoo2.php HTTP/1.1" 404 54959 "-" "-"
185.215.232.194 - - [26/Aug/2026:15:57:24 +0330] "GET /?feed=rss HTTP/1.1" 301 0 "-" "Mozilla/5.0 (Windows NT 10.0; Win64; x64; rv:121.0) Gecko/20100101 Firefox/121.0"
185.215.232.194 - - [26/Aug/2026:15:57:29 +0330] "GET /?feed=rss2 HTTP/1.1" 301 0 "-" "Mozilla/5.0 (Windows NT 11.0; Win64; x64) AppleWebKit/537.36 (KHTML, like Gecko) Chrome/121.0.0.0 Safari/537.36"
185.215.232.193 - - [26/Aug/2026:15:57:29 +0330] "GET /ano.php HTTP/1.1" 404 54959 "-" "-"
185.215.232.194 - - [26/Aug/2026:15:57:33 +0330] "GET /feed/ HTTP/1.1" 200 1300 "-" "Mozilla/5.0 (Windows NT 11.0; Win64; x64) AppleWebKit/537.36 (KHTML, like Gecko) Chrome/121.0.0.0 Safari/537.36"
185.215.232.193 - - [26/Aug/2026:15:57:33 +0330] "GET /mac.php HTTP/1.1" 404 54959 "-" "-"
185.215.232.194 - - [26/Aug/2026:15:57:36 +0330] "GET /?feed=atom HTTP/1.1" 301 0 "-" "Mozilla/5.0 (Windows NT 11.0; Win64; x64) AppleWebKit/537.36 (KHTML, like Gecko) Chrome/121.0.0.0 Safari/537.36"
185.215.232.194 - - [26/Aug/2026:15:57:39 +0330] "GET /feed/atom/ HTTP/1.1" 200 11831 "-" "Mozilla/5.0 (Windows NT 11.0; Win64; x64) AppleWebKit/537.36 (KHTML, like Gecko) Chrome/121.0.0.0 Safari/537.36"
185.215.232.193 - - [26/Aug/2026:15:57:41 +0330] "GET /sallu.php HTTP/1.1" 404 54959 "-" "-"
185.215.232.193 - - [26/Aug/2026:15:57:52 +0330] "GET /abcd.php HTTP/1.1" 404 54959 "-" "-"
94.101.182.6 - - [26/Aug/2026:15:57:56 +0330] "POST /wp-cron.php?doing_wp_cron=1787747276.7181808948516845703125 HTTP/1.1" 200 0 "-" "WordPress/6.9.1; https://mahdetejarat.com"
185.215.232.193 - - [26/Aug/2026:15:57:56 +0330] "GET /33.php HTTP/1.1" 404 54959 "-" "-"
185.215.232.194 - - [26/Aug/2026:15:57:20 +0330] "GET /feed/ HTTP/1.1" 200 1300 "-" "Mozilla/5.0 (Macintosh; Intel Mac OS X 10_15_7) AppleWebKit/537.36 (KHTML, like Gecko) Chrome/120.0.0.0 Safari/537.36"
185.215.232.193 - - [26/Aug/2026:15:57:25 +0330] "GET /one.php HTTP/1.1" 404 54959 "-" "-"
185.215.232.194 - - [26/Aug/2026:15:57:27 +0330] "GET /feed/ HTTP/1.1" 200 1300 "-" "Mozilla/5.0 (Windows NT 10.0; Win64; x64; rv:121.0) Gecko/20100101 Firefox/121.0"
185.215.232.193 - - [26/Aug/2026:15:57:37 +0330] "GET /simple.php HTTP/1.1" 404 54959 "-" "-"
185.215.232.193 - - [26/Aug/2026:15:57:45 +0330] "GET /biufile.php HTTP/1.1" 404 54959 "-" "-"
185.215.232.193 - - [26/Aug/2026:15:57:49 +0330] "GET //abcd.php HTTP/1.1" 301 0 "-" "-"
185.215.232.193 - - [26/Aug/2026:15:57:54 +0330] "GET /index.php/vod/play/id/4311/sid/1/nid/1.html HTTP/1.1" 301 0 "http://mahdetejarat.com/index.php/vod/play/id/4571/sid/1/nid/1.html" "Mozilla/5.0 (Linux; Android 7.0;) AppleWebKit/537.36 (HTML, like Gecko) Mobile Safari/537.36 (compatible; PetalBot;+https://webmaster.petalsearch.com/site/petalbot)"
94.101.182.6 - - [26/Aug/2026:15:57:59 +0330] "POST /wp-cron.php?doing_wp_cron=1787747279.3413999080657958984375 HTTP/1.1" 200 0 "-" "WordPress/6.9.1; https://mahdetejarat.com"
185.215.232.193 - - [26/Aug/2026:15:58:04 +0330] "GET /ccc.php?p= HTTP/1.1" 301 0 "-" "-"
185.215.232.193 - - [26/Aug/2026:15:58:07 +0330] "GET /ccc.php HTTP/1.1" 404 54959 "-" "-"
94.101.182.6 - - [26/Aug/2026:16:04:12 +0330] "POST /wp-cron.php?doing_wp_cron=1787747652.2272849082946777343750 HTTP/1.1" 200 0 "-" "WordPress/6.9.1; https://mahdetejarat.com"
185.215.232.194 - - [26/Aug/2026:16:04:28 +0330] "POST /xmlrpc.php HTTP/1.1" 200 236 "-" "Mozilla/5.0 (Windows NT 10.0; Win64; x64) AppleWebKit/537.36 (KHTML, like Gecko) Chrome/151.0.0.0 Safari/537.36"
185.215.232.193 - - [26/Aug/2026:16:04:36 +0330] "GET /wp-json/wp/v2/media?per_page=50&_fields=author HTTP/1.1" 200 31 "-" "Mozilla/5.0 (Windows NT 10.0; Win64; x64) AppleWebKit/537.36 (KHTML, like Gecko) Chrome/151.0.0.0 Safari/537.36"
94.101.182.6 - - [26/Aug/2026:16:05:16 +0330] "POST /wp-cron.php?doing_wp_cron=1787747716.3716890811920166015625 HTTP/1.1" 200 0 "-" "WordPress/6.9.1; https://mahdetejarat.com"
185.215.232.195 - - [26/Aug/2026:16:05:13 +0330] "GET /robots.txt HTTP/1.1" 200 178 "-" "Mozilla/5.0 (compatible; SemrushBot/7~bl; +http://www.semrush.com/bot.html)"
185.215.232.195 - - [26/Aug/2026:16:05:17 +0330] "GET /product/%D9%88%D8%B3%D8%A7%DB%8C%D9%84-%D9%BE%D9%84%DB%8C-%D8%A7%D8%AA%DB%8C%D9%84%D9%86/ HTTP/1.1" 200 21856 "-" "Mozilla/5.0 (compatible; SemrushBot/7~bl; +http://www.semrush.com/bot.html)"
185.215.232.193 - - [26/Aug/2026:16:07:14 +0330] "GET /index.php/vod/play/id/37005/sid/1/nid/1.html HTTP/1.1" 301 0 "https://www.mahdetejarat.com/index.php/vod/play/id/25403/sid/1/nid/1.html" "Mozilla/5.0 (Linux; Android 7.0;) AppleWebKit/537.36 (HTML, like Gecko) Mobile Safari/537.36 (compatible; PetalBot;+https://webmaster.petalsearch.com/site/petalbot)"
185.215.232.193 - - [26/Aug/2026:16:07:19 +0330] "GET /vod/play/id/37005/sid/1/nid/1.html HTTP/1.1" 404 13731 "https://www.mahdetejarat.com/index.php/vod/play/id/25403/sid/1/nid/1.html" "Mozilla/5.0 (Linux; Android 7.0;) AppleWebKit/537.36 (HTML, like Gecko) Mobile Safari/537.36 (compatible; PetalBot;+https://webmaster.petalsearch.com/site/petalbot)"
94.101.182.6 - - [26/Aug/2026:16:09:38 +0330] "POST /wp-cron.php?doing_wp_cron=1787747977.8878149986267089843750 HTTP/1.1" 200 0 "-" "WordPress/6.9.1; https://mahdetejarat.com"
185.215.232.193 - - [26/Aug/2026:16:09:35 +0330] "GET /index.php/vod/play/id/16874/sid/1/nid/1.html HTTP/1.1" 301 0 "https://mahdetejarat.com/index.php/vod/play/id/17443/sid/1/nid/1.html" "Mozilla/5.0 (Linux; Android 7.0;) AppleWebKit/537.36 (HTML, like Gecko) Mobile Safari/537.36 (compatible; PetalBot;+https://webmaster.petalsearch.com/site/petalbot)"
185.215.232.193 - - [26/Aug/2026:15:57:57 +0330] "GET /vod/play/id/4311/sid/1/nid/1.html HTTP/1.1" 404 13731 "http://mahdetejarat.com/index.php/vod/play/id/4571/sid/1/nid/1.html" "Mozilla/5.0 (Linux; Android 7.0;) AppleWebKit/537.36 (HTML, like Gecko) Mobile Safari/537.36 (compatible; PetalBot;+https://webmaster.petalsearch.com/site/petalbot)"
185.215.232.193 - - [26/Aug/2026:15:58:00 +0330] "GET /xa.php HTTP/1.1" 404 54959 "-" "-"
185.215.232.195 - - [26/Aug/2026:16:03:57 +0330] "GET /product/s580/ HTTP/1.1" 200 19455 "-" "Mozilla/5.0 (Windows NT 10.0; Win64; x64) AppleWebKit/537.36 (KHTML, like Gecko) Chrome/145.0.0.0 Safari/537.36 (compatible; meta-externalagent/1.1 (+https://developers.facebook.com/docs/sharing/webmasters/crawler))"
94.101.182.6 - - [26/Aug/2026:16:04:11 +0330] "POST /wp-cron.php?doing_wp_cron=1787747651.1805400848388671875000 HTTP/1.1" 200 0 "-" "WordPress/6.9.1; https://mahdetejarat.com"
185.215.232.194 - - [26/Aug/2026:16:04:08 +0330] "GET /wp-sitemap-users-1.xml HTTP/1.1" 301 0 "-" "Mozilla/5.0 (Windows NT 10.0; Win64; x64) AppleWebKit/537.36 (KHTML, like Gecko) Chrome/151.0.0.0 Safari/537.36"
185.215.232.194 - - [26/Aug/2026:16:04:09 +0330] "GET /wp-json/wc/v1/customers?per_page=100&_fields=username HTTP/1.1" 401 157 "-" "Mozilla/5.0 (Windows NT 10.0; Win64; x64) AppleWebKit/537.36 (KHTML, like Gecko) Chrome/151.0.0.0 Safari/537.36"
185.215.232.195 - - [26/Aug/2026:16:04:26 +0330] "GET /wp-json/wp/v2/users?_jsonp=callback&per_page=100&_fields=id,slug HTTP/1.1" 200 73 "-" "Mozilla/5.0 (Windows NT 10.0; Win64; x64) AppleWebKit/537.36 (KHTML, like Gecko) Chrome/151.0.0.0 Safari/537.36"
94.101.182.6 - - [26/Aug/2026:16:07:17 +0330] "POST /wp-cron.php?doing_wp_cron=1787747837.2493839263916015625000 HTTP/1.1" 200 0 "-" "WordPress/6.9.1; https://mahdetejarat.com"
94.101.182.6 - - [26/Aug/2026:16:08:35 +0330] "POST /wp-cron.php?doing_wp_cron=1787747914.9878780841827392578125 HTTP/1.1" 200 0 "-" "WordPress/6.9.1; https://mahdetejarat.com"
185.215.232.194 - - [26/Aug/2026:16:08:32 +0330] "GET /index.php/vod/play/id/19805/sid/1/nid/1.html HTTP/1.1" 301 0 "https://mahdetejarat.com/index.php/vod/play/id/10297/sid/1/nid/1.html" "Mozilla/5.0 (Linux; Android 7.0;) AppleWebKit/537.36 (HTML, like Gecko) Mobile Safari/537.36 (compatible; PetalBot;+https://webmaster.petalsearch.com/site/petalbot)"
185.215.232.194 - - [26/Aug/2026:16:08:36 +0330] "GET /vod/play/id/19805/sid/1/nid/1.html HTTP/1.1" 404 13731 "https://mahdetejarat.com/index.php/vod/play/id/10297/sid/1/nid/1.html" "Mozilla/5.0 (Linux; Android 7.0;) AppleWebKit/537.36 (HTML, like Gecko) Mobile Safari/537.36 (compatible; PetalBot;+https://webmaster.petalsearch.com/site/petalbot)"
185.215.232.193 - - [26/Aug/2026:16:09:38 +0330] "GET /vod/play/id/16874/sid/1/nid/1.html HTTP/1.1" 404 13731 "https://mahdetejarat.com/index.php/vod/play/id/17443/sid/1/nid/1.html" "Mozilla/5.0 (Linux; Android 7.0;) AppleWebKit/537.36 (HTML, like Gecko) Mobile Safari/537.36 (compatible; PetalBot;+https://webmaster.petalsearch.com/site/petalbot)"
94.101.182.6 - - [26/Aug/2026:16:10:42 +0330] "POST /wp-cron.php?doing_wp_cron=1787748042.6476099491119384765625 HTTP/1.1" 200 0 "-" "WordPress/6.9.1; https://mahdetejarat.com"
185.215.232.193 - - [26/Aug/2026:16:10:43 +0330] "GET /vod/play/id/14997/sid/1/nid/1.html HTTP/1.1" 404 13731 "http://mahdetejarat.com/index.php/vod/play/id/7097/sid/1/nid/1.html" "Mozilla/5.0 (Linux; Android 7.0;) AppleWebKit/537.36 (HTML, like Gecko) Mobile Safari/537.36 (compatible; PetalBot;+https://webmaster.petalsearch.com/site/petalbot)"
94.101.182.6 - - [26/Aug/2026:16:11:55 +0330] "POST /wp-cron.php?doing_wp_cron=1787748115.5050709247589111328125 HTTP/1.1" 200 0 "-" "WordPress/6.9.1; https://mahdetejarat.com"
185.215.232.193 - - [26/Aug/2026:16:10:40 +0330] "GET /index.php/vod/play/id/14997/sid/1/nid/1.html HTTP/1.1" 301 0 "http://mahdetejarat.com/index.php/vod/play/id/7097/sid/1/nid/1.html" "Mozilla/5.0 (Linux; Android 7.0;) AppleWebKit/537.36 (HTML, like Gecko) Mobile Safari/537.36 (compatible; PetalBot;+https://webmaster.petalsearch.com/site/petalbot)"
185.215.232.193 - - [26/Aug/2026:16:11:56 +0330] "GET /vod/play/id/12557/sid/1/nid/1.html HTTP/1.1" 404 13731 "https://www.mahdetejarat.com/index.php/vod/play/id/33891/sid/1/nid/1.html" "Mozilla/5.0 (Linux; Android 7.0;) AppleWebKit/537.36 (HTML, like Gecko) Mobile Safari/537.36 (compatible; PetalBot;+https://webmaster.petalsearch.com/site/petalbot)"
185.215.232.193 - - [26/Aug/2026:16:11:52 +0330] "GET /index.php/vod/play/id/12557/sid/1/nid/1.html HTTP/1.1" 301 0 "https://www.mahdetejarat.com/index.php/vod/play/id/33891/sid/1/nid/1.html" "Mozilla/5.0 (Linux; Android 7.0;) AppleWebKit/537.36 (HTML, like Gecko) Mobile Safari/537.36 (compatible; PetalBot;+https://webmaster.petalsearch.com/site/petalbot)"
94.101.182.6 - - [26/Aug/2026:16:13:26 +0330] "POST /wp-cron.php?doing_wp_cron=1787748206.4271490573883056640625 HTTP/1.1" 200 0 "-" "WordPress/6.9.1; https://mahdetejarat.com"
185.215.232.193 - - [26/Aug/2026:16:13:27 +0330] "GET /vod/play/id/25642/sid/1/nid/1.html HTTP/1.1" 404 13731 "https://mahdetejarat.com/index.php/vod/search/page/3/wd/%E5%A4%A7%E9%B8%A1.html" "Mozilla/5.0 (Linux; Android 7.0;) AppleWebKit/537.36 (HTML, like Gecko) Mobile Safari/537.36 (compatible; PetalBot;+https://webmaster.petalsearch.com/site/petalbot)"
94.101.182.6 - - [26/Aug/2026:16:14:52 +0330] "POST /wp-cron.php?doing_wp_cron=1787748292.0853059291839599609375 HTTP/1.1" 200 0 "-" "WordPress/6.9.1; https://mahdetejarat.com"
185.215.232.193 - - [26/Aug/2026:16:14:49 +0330] "GET /index.php/vod/play/id/13076/sid/1/nid/1.html HTTP/1.1" 301 0 "https://mahdetejarat.com/index.php/vod/play/id/15710/sid/1/nid/1.html" "Mozilla/5.0 (Linux; Android 7.0;) AppleWebKit/537.36 (HTML, like Gecko) Mobile Safari/537.36 (compatible; PetalBot;+https://webmaster.petalsearch.com/site/petalbot)"
94.101.183.3 - - [26/Aug/2026:16:16:10 +0330] "POST /wp-cron.php?doing_wp_cron=1787748370.4616870880126953125000 HTTP/1.1" 200 0 "-" "WordPress/6.9.1; https://mahdetejarat.com"
185.215.232.193 - - [26/Aug/2026:16:16:07 +0330] "GET /index.php/vod/search.html?wd=%E6%80%A7%E6%84%9F HTTP/1.1" 301 0 "https://www.mahdetejarat.com/index.php/art/type/id/22.html" "Mozilla/5.0 (Linux; Android 7.0;) AppleWebKit/537.36 (HTML, like Gecko) Mobile Safari/537.36 (compatible; PetalBot;+https://webmaster.petalsearch.com/site/petalbot)"
185.215.232.194 - - [26/Aug/2026:16:16:25 +0330] "GET /product/%D9%88%D8%B3%D8%A7%DB%8C%D9%84-%D8%A8%D8%A7%D8%B2%DB%8C-%D9%BE%D9%84%DB%8C-%D8%A7%D8%AA%DB%8C%D9%84%D9%86-5/ HTTP/1.1" 200 21886 "-" "Mozilla/5.0 (compatible; Baiduspider/2.0; +http://www.baidu.com/search/spider.html)"
185.215.232.195 - - [26/Aug/2026:16:16:27 +0330] "GET /wp-content/plugins/elementor/assets/css/widget-heading-rtl.min.css?ver=3.34.0 HTTP/1.1" 200 160 "https://mahdetejarat.com/product/%D9%88%D8%B3%D8%A7%DB%8C%D9%84-%D8%A8%D8%A7%D8%B2%DB%8C-%D9%BE%D9%84%DB%8C-%D8%A7%D8%AA%DB%8C%D9%84%D9%86-5/" "Mozilla/5.0 (compatible; Baiduspider-render/2.0; +http://www.baidu.com/search/spider.html)"
185.215.232.195 - - [26/Aug/2026:16:16:27 +0330] "GET /wp-content/plugins/elementor/assets/css/widget-social-icons-rtl.min.css?ver=3.34.0 HTTP/1.1" 200 1130 "https://mahdetejarat.com/product/%D9%88%D8%B3%D8%A7%DB%8C%D9%84-%D8%A8%D8%A7%D8%B2%DB%8C-%D9%BE%D9%84%DB%8C-%D8%A7%D8%AA%DB%8C%D9%84%D9%86-5/" "Mozilla/5.0 (compatible; Baiduspider-render/2.0; +http://www.baidu.com/search/spider.html)"
185.215.232.195 - - [26/Aug/2026:16:16:28 +0330] "GET /wp-content/plugins/elementor/assets/css/conditionals/apple-webkit.min.css?ver=3.34.0 HTTP/1.1" 200 542 "https://mahdetejarat.com/product/%D9%88%D8%B3%D8%A7%DB%8C%D9%84-%D8%A8%D8%A7%D8%B2%DB%8C-%D9%BE%D9%84%DB%8C-%D8%A7%D8%AA%DB%8C%D9%84%D9%86-5/" "Mozilla/5.0 (compatible; Baiduspider-render/2.0; +http://www.baidu.com/search/spider.html)"
185.215.232.195 - - [26/Aug/2026:16:16:28 +0330] "GET /wp-includes/js/jquery/jquery.min.js?ver=3.7.1 HTTP/1.1" 200 30412 "https://mahdetejarat.com/product/%D9%88%D8%B3%D8%A7%DB%8C%D9%84-%D8%A8%D8%A7%D8%B2%DB%8C-%D9%BE%D9%84%DB%8C-%D8%A7%D8%AA%DB%8C%D9%84%D9%86-5/" "Mozilla/5.0 (compatible; Baiduspider-render/2.0; +http://www.baidu.com/search/spider.html)"
185.215.232.195 - - [26/Aug/2026:16:16:29 +0330] "GET /wp-content/plugins/elementor/assets/js/webpack.runtime.min.js?ver=3.34.0 HTTP/1.1" 200 2483 "https://mahdetejarat.com/product/%D9%88%D8%B3%D8%A7%DB%8C%D9%84-%D8%A8%D8%A7%D8%B2%DB%8C-%D9%BE%D9%84%DB%8C-%D8%A7%D8%AA%DB%8C%D9%84%D9%86-5/" "Mozilla/5.0 (compatible; Baiduspider-render/2.0; +http://www.baidu.com/search/spider.html)"
185.215.232.193 - - [26/Aug/2026:16:13:23 +0330] "GET /index.php/vod/play/id/25642/sid/1/nid/1.html HTTP/1.1" 301 0 "https://mahdetejarat.com/index.php/vod/search/page/3/wd/%E5%A4%A7%E9%B8%A1.html" "Mozilla/5.0 (Linux; Android 7.0;) AppleWebKit/537.36 (HTML, like Gecko) Mobile Safari/537.36 (compatible; PetalBot;+https://webmaster.petalsearch.com/site/petalbot)"
185.215.232.193 - - [26/Aug/2026:16:14:54 +0330] "GET /vod/play/id/13076/sid/1/nid/1.html HTTP/1.1" 404 13731 "https://mahdetejarat.com/index.php/vod/play/id/15710/sid/1/nid/1.html" "Mozilla/5.0 (Linux; Android 7.0;) AppleWebKit/537.36 (HTML, like Gecko) Mobile Safari/537.36 (compatible; PetalBot;+https://webmaster.petalsearch.com/site/petalbot)"
185.215.232.193 - - [26/Aug/2026:16:16:11 +0330] "GET /vod/search.html?wd=%E6%80%A7%E6%84%9F HTTP/1.1" 404 13731 "https://www.mahdetejarat.com/index.php/art/type/id/22.html" "Mozilla/5.0 (Linux; Android 7.0;) AppleWebKit/537.36 (HTML, like Gecko) Mobile Safari/537.36 (compatible; PetalBot;+https://webmaster.petalsearch.com/site/petalbot)"
185.215.232.195 - - [26/Aug/2026:16:16:27 +0330] "GET /wp-content/uploads/2024/09/127-600x600.webp HTTP/1.1" 200 32050 "https://mahdetejarat.com/product/%D9%88%D8%B3%D8%A7%DB%8C%D9%84-%D8%A8%D8%A7%D8%B2%DB%8C-%D9%BE%D9%84%DB%8C-%D8%A7%D8%AA%DB%8C%D9%84%D9%86-5/" "Mozilla/5.0 (compatible; Baiduspider-render/2.0; +http://www.baidu.com/search/spider.html)"
185.215.232.195 - - [26/Aug/2026:16:16:27 +0330] "GET /wp-includes/js/jquery/jquery-migrate.min.js?ver=3.4.1 HTTP/1.1" 200 4870 "https://mahdetejarat.com/product/%D9%88%D8%B3%D8%A7%DB%8C%D9%84-%D8%A8%D8%A7%D8%B2%DB%8C-%D9%BE%D9%84%DB%8C-%D8%A7%D8%AA%DB%8C%D9%84%D9%86-5/" "Mozilla/5.0 (compatible; Baiduspider-render/2.0; +http://www.baidu.com/search/spider.html)"
185.215.232.195 - - [26/Aug/2026:16:16:27 +0330] "GET /wp-content/themes/hello-elementor/assets/js/hello-frontend.js?ver=3.4.5 HTTP/1.1" 200 544 "https://mahdetejarat.com/product/%D9%88%D8%B3%D8%A7%DB%8C%D9%84-%D8%A8%D8%A7%D8%B2%DB%8C-%D9%BE%D9%84%DB%8C-%D8%A7%D8%AA%DB%8C%D9%84%D9%86-5/" "Mozilla/5.0 (compatible; Baiduspider-render/2.0; +http://www.baidu.com/search/spider.html)"
185.215.232.195 - - [26/Aug/2026:16:16:27 +0330] "GET /wp-content/themes/hello-elementor/assets/css/reset.css?ver=3.4.5 HTTP/1.1" 200 1786 "https://mahdetejarat.com/product/%D9%88%D8%B3%D8%A7%DB%8C%D9%84-%D8%A8%D8%A7%D8%B2%DB%8C-%D9%BE%D9%84%DB%8C-%D8%A7%D8%AA%DB%8C%D9%84%D9%86-5/" "Mozilla/5.0 (compatible; Baiduspider-render/2.0; +http://www.baidu.com/search/spider.html)"
185.215.232.195 - - [26/Aug/2026:16:16:27 +0330] "GET /wp-content/plugins/elementor/assets/css/frontend.min.css?ver=3.34.0 HTTP/1.1" 200 7238 "https://mahdetejarat.com/product/%D9%88%D8%B3%D8%A7%DB%8C%D9%84-%D8%A8%D8%A7%D8%B2%DB%8C-%D9%BE%D9%84%DB%8C-%D8%A7%D8%AA%DB%8C%D9%84%D9%86-5/" "Mozilla/5.0 (compatible; Baiduspider-render/2.0; +http://www.baidu.com/search/spider.html)"
185.215.232.195 - - [26/Aug/2026:16:16:28 +0330] "GET /wp-content/plugins/elementor/assets/css/widget-icon-list-rtl.min.css?ver=3.34.0 HTTP/1.1" 200 1022 "https://mahdetejarat.com/product/%D9%88%D8%B3%D8%A7%DB%8C%D9%84-%D8%A8%D8%A7%D8%B2%DB%8C-%D9%BE%D9%84%DB%8C-%D8%A7%D8%AA%DB%8C%D9%84%D9%86-5/" "Mozilla/5.0 (compatible; Baiduspider-render/2.0; +http://www.baidu.com/search/spider.html)"
185.215.232.195 - - [26/Aug/2026:16:16:29 +0330] "GET /wp-content/plugins/elementor/assets/js/frontend-modules.min.js?ver=3.34.0 HTTP/1.1" 200 25697 "https://mahdetejarat.com/product/%D9%88%D8%B3%D8%A7%DB%8C%D9%84-%D8%A8%D8%A7%D8%B2%DB%8C-%D9%BE%D9%84%DB%8C-%D8%A7%D8%AA%DB%8C%D9%84%D9%86-5/" "Mozilla/5.0 (compatible; Baiduspider-render/2.0; +http://www.baidu.com/search/spider.html)"
185.215.232.195 - - [26/Aug/2026:16:16:30 +0330] "GET /wp-includes/js/jquery/ui/core.min.js?ver=1.13.3 HTTP/1.1" 200 7104 "https://mahdetejarat.com/product/%D9%88%D8%B3%D8%A7%DB%8C%D9%84-%D8%A8%D8%A7%D8%B2%DB%8C-%D9%BE%D9%84%DB%8C-%D8%A7%D8%AA%DB%8C%D9%84%D9%86-5/" "Mozilla/5.0 (compatible; Baiduspider-render/2.0; +http://www.baidu.com/search/spider.html)"
185.215.232.195 - - [26/Aug/2026:16:16:30 +0330] "GET /wp-content/themes/hello-elementor/assets/css/header-footer.css?ver=3.4.5 HTTP/1.1" 200 1417 "https://mahdetejarat.com/product/%D9%88%D8%B3%D8%A7%DB%8C%D9%84-%D8%A8%D8%A7%D8%B2%DB%8C-%D9%BE%D9%84%DB%8C-%D8%A7%D8%AA%DB%8C%D9%84%D9%86-5/" "Mozilla/5.0 (compatible; Baiduspider-render/2.0; +http://www.baidu.com/search/spider.html)"
185.215.232.195 - - [26/Aug/2026:16:16:32 +0330] "GET /wp-content/plugins/persian-elementor/assets/js/datepicker-init.js?ver=1.2.0 HTTP/1.1" 200 1528 "https://mahdetejarat.com/product/%D9%88%D8%B3%D8%A7%DB%8C%D9%84-%D8%A8%D8%A7%D8%B2%DB%8C-%D9%BE%D9%84%DB%8C-%D8%A7%D8%AA%DB%8C%D9%84%D9%86-5/" "Mozilla/5.0 (compatible; Baiduspider-render/2.0; +http://www.baidu.com/search/spider.html)"
185.215.232.195 - - [26/Aug/2026:16:16:32 +0330] "GET /wp-content/plugins/elementor-pro/assets/js/elements-handlers.min.js?ver=3.34.0 HTTP/1.1" 200 10603 "https://mahdetejarat.com/product/%D9%88%D8%B3%D8%A7%DB%8C%D9%84-%D8%A8%D8%A7%D8%B2%DB%8C-%D9%BE%D9%84%DB%8C-%D8%A7%D8%AA%DB%8C%D9%84%D9%86-5/" "Mozilla/5.0 (compatible; Baiduspider-render/2.0; +http://www.baidu.com/search/spider.html)"
185.215.232.195 - - [26/Aug/2026:16:16:32 +0330] "GET /wp-includes/js/dist/hooks.min.js?ver=dd5603f07f9220ed27f1 HTTP/1.1" 200 1939 "https://mahdetejarat.com/product/%D9%88%D8%B3%D8%A7%DB%8C%D9%84-%D8%A8%D8%A7%D8%B2%DB%8C-%D9%BE%D9%84%DB%8C-%D8%A7%D8%AA%DB%8C%D9%84%D9%86-5/" "Mozilla/5.0 (compatible; Baiduspider-render/2.0; +http://www.baidu.com/search/spider.html)"
185.215.232.195 - - [26/Aug/2026:16:16:32 +0330] "GET /wp-content/plugins/elementor-pro/assets/js/frontend.min.js?ver=3.34.0 HTTP/1.1" 200 6429 "https://mahdetejarat.com/product/%D9%88%D8%B3%D8%A7%DB%8C%D9%84-%D8%A8%D8%A7%D8%B2%DB%8C-%D9%BE%D9%84%DB%8C-%D8%A7%D8%AA%DB%8C%D9%84%D9%86-5/" "Mozilla/5.0 (compatible; Baiduspider-render/2.0; +http://www.baidu.com/search/spider.html)"
185.215.232.195 - - [26/Aug/2026:16:16:32 +0330] "GET /wp-content/plugins/woocommerce/assets/js/frontend/add-to-cart.min.js?ver=10.4.3 HTTP/1.1" 200 1435 "https://mahdetejarat.com/product/%D9%88%D8%B3%D8%A7%DB%8C%D9%84-%D8%A8%D8%A7%D8%B2%DB%8C-%D9%BE%D9%84%DB%8C-%D8%A7%D8%AA%DB%8C%D9%84%D9%86-5/" "Mozilla/5.0 (compatible; Baiduspider-render/2.0; +http://www.baidu.com/search/spider.html)"
185.215.232.195 - - [26/Aug/2026:16:16:32 +0330] "GET /wp-content/plugins/woocommerce/assets/js/jquery-blockui/jquery.blockUI.min.js?ver=2.7.0-wc.10.4.3 HTTP/1.1" 200 3540 "https://mahdetejarat.com/product/%D9%88%D8%B3%D8%A7%DB%8C%D9%84-%D8%A8%D8%A7%D8%B2%DB%8C-%D9%BE%D9%84%DB%8C-%D8%A7%D8%AA%DB%8C%D9%84%D9%86-5/" "Mozilla/5.0 (compatible; Baiduspider-render/2.0; +http://www.baidu.com/search/spider.html)"
185.215.232.195 - - [26/Aug/2026:16:16:32 +0330] "GET /wp-content/plugins/woocommerce/assets/js/zoom/jquery.zoom.min.js?ver=1.7.21-wc.10.4.3 HTTP/1.1" 200 1189 "https://mahdetejarat.com/product/%D9%88%D8%B3%D8%A7%DB%8C%D9%84-%D8%A8%D8%A7%D8%B2%DB%8C-%D9%BE%D9%84%DB%8C-%D8%A7%D8%AA%DB%8C%D9%84%D9%86-5/" "Mozilla/5.0 (compatible; Baiduspider-render/2.0; +http://www.baidu.com/search/spider.html)"
185.215.232.195 - - [26/Aug/2026:16:16:32 +0330] "GET /wp-content/plugins/woocommerce/assets/js/frontend/single-product.min.js?ver=10.4.3 HTTP/1.1" 200 2925 "https://mahdetejarat.com/product/%D9%88%D8%B3%D8%A7%DB%8C%D9%84-%D8%A8%D8%A7%D8%B2%DB%8C-%D9%BE%D9%84%DB%8C-%D8%A7%D8%AA%DB%8C%D9%84%D9%86-5/" "Mozilla/5.0 (compatible; Baiduspider-render/2.0; +http://www.baidu.com/search/spider.html)"
185.215.232.195 - - [26/Aug/2026:16:16:33 +0330] "GET /wp-content/uploads/2024/09/PeydaWeb-Black.woff2 HTTP/1.1" 304 0 "https://mahdetejarat.com/wp-content/uploads/elementor/css/post-166.css?ver=1787597737" "Mozilla/5.0 (compatible; Baiduspider-render/2.0; +http://www.baidu.com/search/spider.html)"
185.215.232.195 - - [26/Aug/2026:16:16:31 +0330] "GET /wp-content/plugins/elementor/assets/js/frontend.min.js?ver=3.34.0 HTTP/1.1" 200 10340 "https://mahdetejarat.com/product/%D9%88%D8%B3%D8%A7%DB%8C%D9%84-%D8%A8%D8%A7%D8%B2%DB%8C-%D9%BE%D9%84%DB%8C-%D8%A7%D8%AA%DB%8C%D9%84%D9%86-5/" "Mozilla/5.0 (compatible; Baiduspider-render/2.0; +http://www.baidu.com/search/spider.html)"
185.215.232.195 - - [26/Aug/2026:16:16:32 +0330] "GET /wp-content/plugins/jet-engine/assets/js/frontend.js?ver=3.8.2 HTTP/1.1" 200 16012 "https://mahdetejarat.com/product/%D9%88%D8%B3%D8%A7%DB%8C%D9%84-%D8%A8%D8%A7%D8%B2%DB%8C-%D9%BE%D9%84%DB%8C-%D8%A7%D8%AA%DB%8C%D9%84%D9%86-5/" "Mozilla/5.0 (compatible; Baiduspider-render/2.0; +http://www.baidu.com/search/spider.html)"
185.215.232.195 - - [26/Aug/2026:16:16:32 +0330] "GET /wp-content/plugins/woocommerce/assets/js/frontend/order-attribution.min.js?ver=10.4.3 HTTP/1.1" 200 1119 "https://mahdetejarat.com/product/%D9%88%D8%B3%D8%A7%DB%8C%D9%84-%D8%A8%D8%A7%D8%B2%DB%8C-%D9%BE%D9%84%DB%8C-%D8%A7%D8%AA%DB%8C%D9%84%D9%86-5/" "Mozilla/5.0 (compatible; Baiduspider-render/2.0; +http://www.baidu.com/search/spider.html)"
185.215.232.195 - - [26/Aug/2026:16:16:32 +0330] "GET /wp-content/plugins/jet-engine/assets/lib/slick/slick.min.js?ver=1.8.1 HTTP/1.1" 200 10313 "https://mahdetejarat.com/product/%D9%88%D8%B3%D8%A7%DB%8C%D9%84-%D8%A8%D8%A7%D8%B2%DB%8C-%D9%BE%D9%84%DB%8C-%D8%A7%D8%AA%DB%8C%D9%84%D9%86-5/" "Mozilla/5.0 (compatible; Baiduspider-render/2.0; +http://www.baidu.com/search/spider.html)"
185.215.232.195 - - [26/Aug/2026:16:16:32 +0330] "GET /wp-content/plugins/woocommerce/assets/js/sourcebuster/sourcebuster.min.js?ver=10.4.3 HTTP/1.1" 200 4814 "https://mahdetejarat.com/product/%D9%88%D8%B3%D8%A7%DB%8C%D9%84-%D8%A8%D8%A7%D8%B2%DB%8C-%D9%BE%D9%84%DB%8C-%D8%A7%D8%AA%DB%8C%D9%84%D9%86-5/" "Mozilla/5.0 (compatible; Baiduspider-render/2.0; +http://www.baidu.com/search/spider.html)"
185.215.232.195 - - [26/Aug/2026:16:16:32 +0330] "GET /wp-includes/js/dist/i18n.min.js?ver=c26c3dc7bed366793375 HTTP/1.1" 200 2229 "https://mahdetejarat.com/product/%D9%88%D8%B3%D8%A7%DB%8C%D9%84-%D8%A8%D8%A7%D8%B2%DB%8C-%D9%BE%D9%84%DB%8C-%D8%A7%D8%AA%DB%8C%D9%84%D9%86-5/" "Mozilla/5.0 (compatible; Baiduspider-render/2.0; +http://www.baidu.com/search/spider.html)"
185.215.232.195 - - [26/Aug/2026:16:16:32 +0330] "GET /wp-content/plugins/woocommerce/assets/js/photoswipe/photoswipe-ui-default.min.js?ver=4.1.1-wc.10.4.3 HTTP/1.1" 200 3681 "https://mahdetejarat.com/product/%D9%88%D8%B3%D8%A7%DB%8C%D9%84-%D8%A8%D8%A7%D8%B2%DB%8C-%D9%BE%D9%84%DB%8C-%D8%A7%D8%AA%DB%8C%D9%84%D9%86-5/" "Mozilla/5.0 (compatible; Baiduspider-render/2.0; +http://www.baidu.com/search/spider.html)"
185.215.232.195 - - [26/Aug/2026:16:16:33 +0330] "GET /wp-content/plugins/woocommerce/assets/js/frontend/woocommerce.min.js?ver=10.4.3 HTTP/1.1" 200 1528 "https://mahdetejarat.com/product/%D9%88%D8%B3%D8%A7%DB%8C%D9%84-%D8%A8%D8%A7%D8%B2%DB%8C-%D9%BE%D9%84%DB%8C-%D8%A7%D8%AA%DB%8C%D9%84%D9%86-5/" "Mozilla/5.0 (compatible; Baiduspider-render/2.0; +http://www.baidu.com/search/spider.html)"
185.215.232.195 - - [26/Aug/2026:16:16:33 +0330] "GET /wp-content/uploads/2024/09/135.webp HTTP/1.1" 200 101596 "https://mahdetejarat.com/product/%D9%88%D8%B3%D8%A7%DB%8C%D9%84-%D8%A8%D8%A7%D8%B2%DB%8C-%D9%BE%D9%84%DB%8C-%D8%A7%D8%AA%DB%8C%D9%84%D9%86-5/" "Mozilla/5.0 (compatible; Baiduspider-render/2.0; +http://www.baidu.com/search/spider.html)"
185.215.232.195 - - [26/Aug/2026:16:16:35 +0330] "GET /wp-content/plugins/elementor/assets/js/lightbox.d1799e507b570f6b0496.bundle.min.js HTTP/1.1" 200 9569 "https://mahdetejarat.com/product/%D9%88%D8%B3%D8%A7%DB%8C%D9%84-%D8%A8%D8%A7%D8%B2%DB%8C-%D9%BE%D9%84%DB%8C-%D8%A7%D8%AA%DB%8C%D9%84%D9%86-5/" "Mozilla/5.0 (compatible; Baiduspider-render/2.0; +http://www.baidu.com/search/spider.html)"
185.215.232.195 - - [26/Aug/2026:16:16:34 +0330] "GET /wp-content/plugins/woocommerce/assets/js/js-cookie/js.cookie.min.js?ver=2.1.4-wc.10.4.3 HTTP/1.1" 200 832 "https://mahdetejarat.com/product/%D9%88%D8%B3%D8%A7%DB%8C%D9%84-%D8%A8%D8%A7%D8%B2%DB%8C-%D9%BE%D9%84%DB%8C-%D8%A7%D8%AA%DB%8C%D9%84%D9%86-5/" "Mozilla/5.0 (compatible; Baiduspider-render/2.0; +http://www.baidu.com/search/spider.html)"
185.215.232.195 - - [26/Aug/2026:16:16:35 +0330] "GET /wp-content/plugins/elementor/assets/css/conditionals/lightbox.min.css?ver=3.34.0 HTTP/1.1" 200 1957 "https://mahdetejarat.com/product/%D9%88%D8%B3%D8%A7%DB%8C%D9%84-%D8%A8%D8%A7%D8%B2%DB%8C-%D9%BE%D9%84%DB%8C-%D8%A7%D8%AA%DB%8C%D9%84%D9%86-5/" "Mozilla/5.0 (compatible; Baiduspider-render/2.0; +http://www.baidu.com/search/spider.html)"
185.215.232.195 - - [26/Aug/2026:16:16:35 +0330] "GET /wp-content/plugins/elementor/assets/lib/share-link/share-link.min.js?ver=3.34.0 HTTP/1.1" 200 1161 "https://mahdetejarat.com/product/%D9%88%D8%B3%D8%A7%DB%8C%D9%84-%D8%A8%D8%A7%D8%B2%DB%8C-%D9%BE%D9%84%DB%8C-%D8%A7%D8%AA%DB%8C%D9%84%D9%86-5/" "Mozilla/5.0 (compatible; Baiduspider-render/2.0; +http://www.baidu.com/search/spider.html)"
185.215.232.195 - - [26/Aug/2026:16:16:35 +0330] "GET /wp-content/plugins/elementor/assets/lib/dialog/dialog.min.js?ver=4.9.3 HTTP/1.1" 200 3775 "https://mahdetejarat.com/product/%D9%88%D8%B3%D8%A7%DB%8C%D9%84-%D8%A8%D8%A7%D8%B2%DB%8C-%D9%BE%D9%84%DB%8C-%D8%A7%D8%AA%DB%8C%D9%84%D9%86-5/" "Mozilla/5.0 (compatible; Baiduspider-render/2.0; +http://www.baidu.com/search/spider.html)"
185.215.232.195 - - [26/Aug/2026:16:16:35 +0330] "GET /wp-content/plugins/elementor-pro/assets/js/product-add-to-cart.c32f5d5e404511d68720.bundle.min.js HTTP/1.1" 200 1248 "https://mahdetejarat.com/product/%D9%88%D8%B3%D8%A7%DB%8C%D9%84-%D8%A8%D8%A7%D8%B2%DB%8C-%D9%BE%D9%84%DB%8C-%D8%A7%D8%AA%DB%8C%D9%84%D9%86-5/" "Mozilla/5.0 (compatible; Baiduspider-render/2.0; +http://www.baidu.com/search/spider.html)"
94.101.183.3 - - [26/Aug/2026:16:17:29 +0330] "POST /wp-cron.php?doing_wp_cron=1787748449.1860659122467041015625 HTTP/1.1" 200 0 "-" "WordPress/6.9.1; https://mahdetejarat.com"
185.215.232.193 - - [26/Aug/2026:16:17:26 +0330] "GET /index.php/vod/play/id/4996/sid/1/nid/1.html HTTP/1.1" 301 0 "https://www.mahdetejarat.com/index.php/vod/play/id/7200/sid/1/nid/1.html" "Mozilla/5.0 (Linux; Android 7.0;) AppleWebKit/537.36 (HTML, like Gecko) Mobile Safari/537.36 (compatible; PetalBot;+https://webmaster.petalsearch.com/site/petalbot)"
185.215.232.193 - - [26/Aug/2026:16:17:31 +0330] "GET /vod/play/id/4996/sid/1/nid/1.html HTTP/1.1" 404 13731 "https://www.mahdetejarat.com/index.php/vod/play/id/7200/sid/1/nid/1.html" "Mozilla/5.0 (Linux; Android 7.0;) AppleWebKit/537.36 (HTML, like Gecko) Mobile Safari/537.36 (compatible; PetalBot;+https://webmaster.petalsearch.com/site/petalbot)"
94.101.183.3 - - [26/Aug/2026:16:18:23 +0330] "GET /.well-known/acme-challenge/956BUZVUH03YLWKFC91M6DVHAF4IAPL6 HTTP/1.1" 200 64 "-" "Cpanel-HTTP-Client/1.0"
94.101.182.6 - - [26/Aug/2026:16:18:23 +0330] "GET /.well-known/acme-challenge/D5Y2-D2UXV1M2GK17CJ9N--C3LXI6Q2N HTTP/1.1" 200 64 "-" "Cpanel-HTTP-Client/1.0"
94.101.183.3 - - [26/Aug/2026:16:18:24 +0330] "GET /.well-known/acme-challenge/763JKM64PPKVZ-18-0SQ0AQEZF24NT2A HTTP/1.1" 200 64 "-" "Cpanel-HTTP-Client/1.0"
94.101.182.6 - - [26/Aug/2026:16:18:24 +0330] "GET /.well-known/acme-challenge/R5MW5KP504E0P5PVHQBX_SVPAFE770MT HTTP/1.1" 404 5749 "-" "Cpanel-HTTP-Client/1.0"
94.101.183.3 - - [26/Aug/2026:16:18:24 +0330] "GET /.well-known/acme-challenge/PB5C0M4-2OXRHV5SO9D967NG52172FL3 HTTP/1.1" 200 886 "-" "Cpanel-HTTP-Client/1.0"
94.101.183.3 - - [26/Aug/2026:16:18:53 +0330] "POST /wp-cron.php?doing_wp_cron=1787748533.5648090839385986328125 HTTP/1.1" 200 0 "-" "WordPress/6.9.1; https://mahdetejarat.com"
185.215.232.195 - - [26/Aug/2026:16:16:35 +0330] "GET /wp-content/plugins/elementor/assets/js/shared-frontend-handlers.03caa53373b56d3bab67.bundle.min.js HTTP/1.1" 200 2642 "https://mahdetejarat.com/product/%D9%88%D8%B3%D8%A7%DB%8C%D9%84-%D8%A8%D8%A7%D8%B2%DB%8C-%D9%BE%D9%84%DB%8C-%D8%A7%D8%AA%DB%8C%D9%84%D9%86-5/" "Mozilla/5.0 (compatible; Baiduspider-render/2.0; +http://www.baidu.com/search/spider.html)"
185.215.232.195 - - [26/Aug/2026:16:16:35 +0330] "GET /wp-content/plugins/elementor/assets/js/text-editor.45609661e409413f1cef.bundle.min.js HTTP/1.1" 200 647 "https://mahdetejarat.com/product/%D9%88%D8%B3%D8%A7%DB%8C%D9%84-%D8%A8%D8%A7%D8%B2%DB%8C-%D9%BE%D9%84%DB%8C-%D8%A7%D8%AA%DB%8C%D9%84%D9%86-5/" "Mozilla/5.0 (compatible; Baiduspider-render/2.0; +http://www.baidu.com/search/spider.html)"
185.215.232.195 - - [26/Aug/2026:16:16:36 +0330] "GET /wp-content/plugins/elementor-pro/assets/js/nav-menu.8521a0597c50611efdc6.bundle.min.js HTTP/1.1" 200 1863 "https://mahdetejarat.com/product/%D9%88%D8%B3%D8%A7%DB%8C%D9%84-%D8%A8%D8%A7%D8%B2%DB%8C-%D9%BE%D9%84%DB%8C-%D8%A7%D8%AA%DB%8C%D9%84%D9%86-5/" "Mozilla/5.0 (compatible; Baiduspider-render/2.0; +http://www.baidu.com/search/spider.html)"
94.101.182.6 - - [26/Aug/2026:16:18:24 +0330] "GET /.well-known/acme-challenge/GWHMUKVCTE7C5ZIKPXIHHCJ9XM4PRWHD HTTP/1.1" 401 36 "-" "Cpanel-HTTP-Client/1.0"
94.101.182.6 - - [26/Aug/2026:16:18:24 +0330] "GET /.well-known/acme-challenge/6JF1C469_EYX9XT4DQCSD1466FRIJW7O HTTP/1.1" 404 5750 "-" "Cpanel-HTTP-Client/1.0"
94.101.183.3 - - [26/Aug/2026:16:18:24 +0330] "GET /.well-known/acme-challenge/3J6UVE8M3_CTBRCV9J7XTQ0Y7Y9P0HB6 HTTP/1.1" 401 36 "-" "Cpanel-HTTP-Client/1.0"
94.101.182.6 - - [26/Aug/2026:16:18:24 +0330] "GET /.well-known/acme-challenge/HOYZHPUHO1OS52WICKGIXTS0D74IH1FE HTTP/1.1" 401 36 "-" "Cpanel-HTTP-Client/1.0"
94.101.183.3 - - [26/Aug/2026:16:18:25 +0330] "GET /.well-known/acme-challenge/8JZ8VP2YFD41UASU1APBY2F7TAJU9NQZ HTTP/1.1" 400 52 "-" "Cpanel-HTTP-Client/1.0"
185.215.232.193 - - [26/Aug/2026:16:18:54 +0330] "GET /vod/play/id/8060/sid/1/nid/1.html HTTP/1.1" 404 13731 "https://mahdetejarat.com/index.php/vod/show/by/hits/id/24/page/4.html" "Mozilla/5.0 (Linux; Android 7.0;) AppleWebKit/537.36 (HTML, like Gecko) Mobile Safari/537.36 (compatible; PetalBot;+https://webmaster.petalsearch.com/site/petalbot)"
185.215.232.193 - - [26/Aug/2026:16:20:14 +0330] "GET /index.php/vod/play/id/670/sid/1/nid/1.html HTTP/1.1" 301 0 "https://mahdetejarat.com/index.php/vod/search/page/23/wd/%E7%BE%8E%E5%A5%B3.html" "Mozilla/5.0 (Linux; Android 7.0;) AppleWebKit/537.36 (HTML, like Gecko) Mobile Safari/537.36 (compatible; PetalBot;+https://webmaster.petalsearch.com/site/petalbot)"
185.215.232.193 - - [26/Aug/2026:16:20:18 +0330] "GET /vod/play/id/670/sid/1/nid/1.html HTTP/1.1" 404 13731 "https://mahdetejarat.com/index.php/vod/search/page/23/wd/%E7%BE%8E%E5%A5%B3.html" "Mozilla/5.0 (Linux; Android 7.0;) AppleWebKit/537.36 (HTML, like Gecko) Mobile Safari/537.36 (compatible; PetalBot;+https://webmaster.petalsearch.com/site/petalbot)"
94.101.182.6 - - [26/Aug/2026:16:21:50 +0330] "POST /wp-cron.php?doing_wp_cron=1787748710.0846459865570068359375 HTTP/1.1" 200 0 "-" "WordPress/6.9.1; https://mahdetejarat.com"
185.215.232.193 - - [26/Aug/2026:16:21:47 +0330] "GET /index.php/vod/play/id/14727/sid/1/nid/1.html HTTP/1.1" 301 0 "https://www.mahdetejarat.com/index.php/vod/play/id/6921/sid/1/nid/1.html" "Mozilla/5.0 (Linux; Android 7.0;) AppleWebKit/537.36 (HTML, like Gecko) Mobile Safari/537.36 (compatible; PetalBot;+https://webmaster.petalsearch.com/site/petalbot)"
94.101.182.6 - - [26/Aug/2026:16:22:34 +0330] "POST /wp-cron.php?doing_wp_cron=1787748754.1942040920257568359375 HTTP/1.1" 200 0 "-" "WordPress/6.9.1; https://mahdetejarat.com"
185.215.232.193 - - [26/Aug/2026:16:22:49 +0330] "GET /wsd.php HTTP/1.1" 404 54959 "-" "-"
185.215.232.193 - - [26/Aug/2026:16:22:53 +0330] "GET /bulet.php HTTP/1.1" 404 54959 "-" "-"
185.215.232.193 - - [26/Aug/2026:16:18:50 +0330] "GET /index.php/vod/play/id/8060/sid/1/nid/1.html HTTP/1.1" 301 0 "https://mahdetejarat.com/index.php/vod/show/by/hits/id/24/page/4.html" "Mozilla/5.0 (Linux; Android 7.0;) AppleWebKit/537.36 (HTML, like Gecko) Mobile Safari/537.36 (compatible; PetalBot;+https://webmaster.petalsearch.com/site/petalbot)"
94.101.182.6 - - [26/Aug/2026:16:20:17 +0330] "POST /wp-cron.php?doing_wp_cron=1787748617.6747620105743408203125 HTTP/1.1" 200 0 "-" "WordPress/6.9.1; https://mahdetejarat.com"
185.215.232.193 - - [26/Aug/2026:16:21:51 +0330] "GET /vod/play/id/14727/sid/1/nid/1.html HTTP/1.1" 404 13731 "https://www.mahdetejarat.com/index.php/vod/play/id/6921/sid/1/nid/1.html" "Mozilla/5.0 (Linux; Android 7.0;) AppleWebKit/537.36 (HTML, like Gecko) Mobile Safari/537.36 (compatible; PetalBot;+https://webmaster.petalsearch.com/site/petalbot)"
185.215.232.193 - - [26/Aug/2026:16:22:30 +0330] "GET /wp-content/plugins/hellopress/wp_filemanager.php HTTP/1.1" 404 54959 "-" "-"
185.215.232.193 - - [26/Aug/2026:16:22:34 +0330] "GET /this_is_a_new_hello_world.php HTTP/1.1" 404 54959 "-" "-"
185.215.232.193 - - [26/Aug/2026:16:22:38 +0330] "GET /media.php HTTP/1.1" 404 54959 "-" "-"
185.215.232.193 - - [26/Aug/2026:16:22:42 +0330] "GET /3PJcpMFsD8B.php HTTP/1.1" 404 54959 "-" "-"
185.215.232.193 - - [26/Aug/2026:16:22:45 +0330] "GET /4PJcpMFsD8B.php HTTP/1.1" 404 54959 "-" "-"
