94.101.182.6 - - [26/Aug/2026:19:23:57 +0330] "POST /wp-cron.php?doing_wp_cron=1787759637.8758900165557861328125 HTTP/1.1" 200 0 "-" "WordPress/6.9.1; https://mahdetejarat.com"
185.215.232.193 - - [26/Aug/2026:19:23:54 +0330] "GET /server-info.php HTTP/1.1" 404 54959 "-" "-"
185.215.232.193 - - [26/Aug/2026:19:23:58 +0330] "GET /nlnub.php HTTP/1.1" 301 0 "-" "-"
94.101.182.6 - - [26/Aug/2026:19:18:25 +0330] "GET /.well-known/acme-challenge/HM7EYTGLVTS53EBD9N_JXFWLQJSFA7UU HTTP/1.1" 401 36 "-" "Cpanel-HTTP-Client/1.0"
94.101.183.3 - - [26/Aug/2026:19:18:25 +0330] "GET /.well-known/acme-challenge/IUB6J5KC4O6A90VONQV913DHZU7-CMMP HTTP/1.1" 200 886 "-" "Cpanel-HTTP-Client/1.0"
94.101.183.3 - - [26/Aug/2026:19:19:05 +0330] "POST /wp-cron.php?doing_wp_cron=1787759345.1864900588989257812500 HTTP/1.1" 200 0 "-" "WordPress/6.9.1; https://mahdetejarat.com"
185.215.232.193 - - [26/Aug/2026:19:19:01 +0330] "GET /wp-content/plugins/pods/readme.txt HTTP/1.1" 404 15257 "-" "Mozilla/5.0 (Windows NT 10.0; Win64; x64; rv:126.0) Gecko/20100101 Firefox/126.0"
185.215.232.193 - - [26/Aug/2026:19:19:09 +0330] "POST /wp-admin/admin-ajax.php HTTP/1.1" 400 21 "-" "Mozilla/5.0 (Windows NT 10.0; Win64; x64) AppleWebKit/537.36 (KHTML, like Gecko) Chrome/125.0.0.0 Safari/537.36"
185.215.232.193 - - [26/Aug/2026:19:19:12 +0330] "GET /wp-content/plugins/translatepress-multilingual/readme.txt HTTP/1.1" 404 15257 "-" "Mozilla/5.0 (Windows NT 10.0; Win64; x64) AppleWebKit/537.36 (KHTML, like Gecko) Chrome/125.0.0.0 Safari/537.36"
185.215.232.193 - - [26/Aug/2026:19:19:16 +0330] "GET /wp-content/plugins/updraftplus/readme.txt HTTP/1.1" 404 15257 "-" "Mozilla/5.0 (Windows NT 10.0; Win64; x64) AppleWebKit/537.36 (KHTML, like Gecko) Chrome/125.0.0.0 Safari/537.36"
185.215.232.193 - - [26/Aug/2026:19:19:23 +0330] "POST /wp-json/batch/v1 HTTP/1.1" 207 413 "-" "Mozilla/5.0 (Macintosh; Intel Mac OS X 10_15_7) AppleWebKit/537.36 (KHTML, like Gecko) Chrome/124.0.0.0 Safari/537.36"
94.101.182.6 - - [26/Aug/2026:19:21:19 +0330] "POST /wp-cron.php?doing_wp_cron=1787759479.4334950447082519531250 HTTP/1.1" 200 0 "-" "WordPress/6.9.1; https://mahdetejarat.com"
185.215.232.193 - - [26/Aug/2026:19:21:24 +0330] "GET /this_is_a_new_hello_world.php HTTP/1.1" 301 0 "-" "-"
185.215.232.193 - - [26/Aug/2026:19:21:27 +0330] "GET /this_is_a_new_hello_world.php HTTP/1.1" 404 54959 "-" "-"
185.215.232.193 - - [26/Aug/2026:19:21:33 +0330] "GET /lala.php HTTP/1.1" 404 54959 "-" "-"
185.215.232.193 - - [26/Aug/2026:19:21:40 +0330] "GET /css.php HTTP/1.1" 404 54959 "-" "-"
185.215.232.193 - - [26/Aug/2026:19:21:55 +0330] "GET /phina.php HTTP/1.1" 301 0 "-" "-"
185.215.232.193 - - [26/Aug/2026:19:22:02 +0330] "GET /87.php HTTP/1.1" 301 0 "-" "-"
185.215.232.193 - - [26/Aug/2026:19:22:04 +0330] "GET /87.php HTTP/1.1" 404 54959 "-" "-"
185.215.232.193 - - [26/Aug/2026:19:22:08 +0330] "GET /hosty.php HTTP/1.1" 301 0 "-" "-"
185.215.232.193 - - [26/Aug/2026:19:22:14 +0330] "GET /phpinfo01.php HTTP/1.1" 301 0 "-" "-"
185.215.232.193 - - [26/Aug/2026:19:22:17 +0330] "GET /phpinfo01.php HTTP/1.1" 404 54959 "-" "-"
185.215.232.193 - - [26/Aug/2026:19:22:21 +0330] "GET /kedi.php HTTP/1.1" 301 0 "-" "-"
185.215.232.193 - - [26/Aug/2026:19:22:27 +0330] "GET /adminer-4.7.6-en.php HTTP/1.1" 301 0 "-" "-"
185.215.232.193 - - [26/Aug/2026:19:22:30 +0330] "GET /adminer-4.7.6-en.php HTTP/1.1" 404 54959 "-" "-"
185.215.232.195 - - [26/Aug/2026:19:22:33 +0330] "POST /xmlrpc.php HTTP/1.1" 200 426 "-" "Mozilla/5.0 (X11; Ubuntu; Linux x86_64; arm64) AppleWebKit/537.36 (KHTML, like Gecko) Opera/77.0.0.0 Safari/537.36"
185.215.232.193 - - [26/Aug/2026:19:22:33 +0330] "GET /doc.php HTTP/1.1" 301 0 "-" "-"
185.215.232.193 - - [26/Aug/2026:19:22:37 +0330] "GET /doc.php HTTP/1.1" 404 54959 "-" "-"
185.215.232.193 - - [26/Aug/2026:19:22:42 +0330] "GET /file21.php HTTP/1.1" 404 54959 "-" "-"
185.215.232.193 - - [26/Aug/2026:19:22:52 +0330] "GET /atex1.php HTTP/1.1" 301 0 "-" "-"
185.215.232.193 - - [26/Aug/2026:19:22:55 +0330] "GET /atex1.php HTTP/1.1" 404 54959 "-" "-"
185.215.232.193 - - [26/Aug/2026:19:23:02 +0330] "GET /oc460l3x.php HTTP/1.1" 404 54959 "-" "-"
185.215.232.193 - - [26/Aug/2026:19:23:09 +0330] "GET /lm15.php HTTP/1.1" 404 54959 "-" "-"
94.101.182.6 - - [26/Aug/2026:19:23:15 +0330] "POST /wp-cron.php?doing_wp_cron=1787759595.2317490577697753906250 HTTP/1.1" 200 0 "-" "WordPress/6.9.1; https://mahdetejarat.com"
185.215.232.193 - - [26/Aug/2026:19:23:15 +0330] "GET /drykl.php HTTP/1.1" 404 54959 "-" "-"
185.215.232.193 - - [26/Aug/2026:19:23:28 +0330] "GET /333.php HTTP/1.1" 404 54959 "-" "-"
185.215.232.193 - - [26/Aug/2026:19:23:35 +0330] "GET /phpi.php HTTP/1.1" 404 54959 "-" "-"
185.215.232.193 - - [26/Aug/2026:19:23:38 +0330] "GET /25.php HTTP/1.1" 301 0 "-" "-"
185.215.232.193 - - [26/Aug/2026:19:23:44 +0330] "GET /bengi.php HTTP/1.1" 301 0 "-" "-"
185.215.232.193 - - [26/Aug/2026:19:23:51 +0330] "GET /server-info.php HTTP/1.1" 301 0 "-" "-"
185.215.232.193 - - [26/Aug/2026:19:24:01 +0330] "GET /nlnub.php HTTP/1.1" 404 54959 "-" "-"
185.215.232.193 - - [26/Aug/2026:19:24:04 +0330] "GET /124.php HTTP/1.1" 301 0 "-" "-"
185.215.232.195 - - [26/Aug/2026:19:24:10 +0330] "POST /xmlrpc.php HTTP/1.1" 200 426 "-" "Mozilla/5.0 (Windows NT 6.2; x64) AppleWebKit/537.36 (KHTML, like Gecko) Chrome/98.0.0.0 Safari/537.36"
185.215.232.193 - - [26/Aug/2026:19:24:13 +0330] "GET /gnmlc.php HTTP/1.1" 404 54959 "-" "-"
185.215.232.193 - - [26/Aug/2026:19:24:17 +0330] "GET /png.php HTTP/1.1" 301 0 "-" "-"
185.215.232.193 - - [26/Aug/2026:19:24:19 +0330] "GET /png.php HTTP/1.1" 404 54959 "-" "-"
185.215.232.193 - - [26/Aug/2026:19:24:22 +0330] "GET /error_log.php HTTP/1.1" 301 0 "-" "-"
185.215.232.193 - - [26/Aug/2026:19:24:25 +0330] "GET /error_log.php HTTP/1.1" 404 54959 "-" "-"
94.101.182.6 - - [26/Aug/2026:19:24:35 +0330] "POST /wp-cron.php?doing_wp_cron=1787759675.4791340827941894531250 HTTP/1.1" 200 0 "-" "WordPress/6.9.1; https://mahdetejarat.com"
185.215.232.193 - - [26/Aug/2026:19:24:32 +0330] "GET /saml.php HTTP/1.1" 404 54959 "-" "-"
94.101.182.6 - - [26/Aug/2026:19:24:10 +0330] "POST /wp-cron.php?doing_wp_cron=1787759650.2049500942230224609375 HTTP/1.1" 200 0 "-" "WordPress/6.9.1; https://mahdetejarat.com"
185.215.232.193 - - [26/Aug/2026:19:24:07 +0330] "GET /124.php HTTP/1.1" 404 54959 "-" "-"
185.215.232.193 - - [26/Aug/2026:19:24:10 +0330] "GET /gnmlc.php HTTP/1.1" 301 0 "-" "-"
185.215.232.193 - - [26/Aug/2026:19:24:29 +0330] "GET /saml.php HTTP/1.1" 301 0 "-" "-"
185.215.232.193 - - [26/Aug/2026:19:24:36 +0330] "GET /cp2.php HTTP/1.1" 301 0 "-" "-"
185.215.232.193 - - [26/Aug/2026:19:24:38 +0330] "GET /cp2.php HTTP/1.1" 404 54959 "-" "-"
185.215.232.193 - - [26/Aug/2026:19:24:41 +0330] "GET /ms-edit.php HTTP/1.1" 301 0 "-" "-"
185.215.232.193 - - [26/Aug/2026:19:24:44 +0330] "GET /ms-edit.php HTTP/1.1" 404 54959 "-" "-"
185.215.232.193 - - [26/Aug/2026:19:24:48 +0330] "GET /test1.php HTTP/1.1" 301 0 "-" "-"
185.215.232.193 - - [26/Aug/2026:19:24:51 +0330] "GET /test1.php HTTP/1.1" 404 54959 "-" "-"
94.101.182.6 - - [26/Aug/2026:19:24:57 +0330] "POST /wp-cron.php?doing_wp_cron=1787759697.1532709598541259765625 HTTP/1.1" 200 0 "-" "WordPress/6.9.1; https://mahdetejarat.com"
185.215.232.193 - - [26/Aug/2026:19:24:54 +0330] "GET /fraro.php HTTP/1.1" 301 0 "-" "-"
185.215.232.193 - - [26/Aug/2026:19:24:57 +0330] "GET /fraro.php HTTP/1.1" 404 54959 "-" "-"
185.215.232.193 - - [26/Aug/2026:19:25:00 +0330] "GET /otuz1.php HTTP/1.1" 301 0 "-" "-"
185.215.232.193 - - [26/Aug/2026:19:25:16 +0330] "GET /adminfus.php HTTP/1.1" 404 54959 "-" "-"
185.215.232.193 - - [26/Aug/2026:19:25:26 +0330] "GET /mcebraed.php HTTP/1.1" 301 0 "-" "-"
185.215.232.193 - - [26/Aug/2026:19:25:40 +0330] "GET //w.php HTTP/1.1" 301 0 "-" "-"
185.215.232.193 - - [26/Aug/2026:19:25:46 +0330] "GET /paypal.php HTTP/1.1" 301 0 "-" "-"
185.215.232.193 - - [26/Aug/2026:19:25:52 +0330] "GET //xve22.php HTTP/1.1" 301 0 "-" "-"
185.215.232.193 - - [26/Aug/2026:19:25:55 +0330] "GET /xve22.php HTTP/1.1" 404 54959 "-" "-"
185.215.232.193 - - [26/Aug/2026:19:25:59 +0330] "GET //aww.php HTTP/1.1" 301 0 "-" "-"
185.215.232.193 - - [26/Aug/2026:19:26:01 +0330] "GET /aww.php HTTP/1.1" 404 54959 "-" "-"
185.215.232.193 - - [26/Aug/2026:19:26:05 +0330] "GET //dd.php HTTP/1.1" 301 0 "-" "-"
94.101.182.6 - - [26/Aug/2026:19:26:11 +0330] "POST /wp-cron.php?doing_wp_cron=1787759771.3719871044158935546875 HTTP/1.1" 200 0 "-" "WordPress/6.9.1; https://mahdetejarat.com"
185.215.232.193 - - [26/Aug/2026:19:26:12 +0330] "GET //xza.php HTTP/1.1" 301 0 "-" "-"
185.215.232.193 - - [26/Aug/2026:19:26:14 +0330] "GET /xza.php HTTP/1.1" 404 54959 "-" "-"
185.215.232.193 - - [26/Aug/2026:19:26:18 +0330] "GET //goods.php HTTP/1.1" 301 0 "-" "-"
185.215.232.193 - - [26/Aug/2026:19:26:20 +0330] "GET /goods.php HTTP/1.1" 404 54959 "-" "-"
185.215.232.193 - - [26/Aug/2026:19:26:26 +0330] "GET /gk.php HTTP/1.1" 404 54959 "-" "-"
185.215.232.193 - - [26/Aug/2026:19:26:30 +0330] "GET //u88.php HTTP/1.1" 301 0 "-" "-"
185.215.232.193 - - [26/Aug/2026:19:26:36 +0330] "GET /8.php HTTP/1.1" 301 0 "-" "-"
185.215.232.194 - - [26/Aug/2026:19:26:39 +0330] "POST /?rest_route=/batch/v1 HTTP/1.1" 403 787 "-" "Mozilla/5.0 (Windows NT 10.0; Win64; x64) AppleWebKit/537.36 (KHTML, like Gecko) Chrome/131.0.0.0 Safari/537.36"
185.215.232.193 - - [26/Aug/2026:19:26:39 +0330] "GET /8.php HTTP/1.1" 404 54959 "-" "-"
185.215.232.194 - - [26/Aug/2026:19:26:41 +0330] "POST /wp-json/batch/v1 HTTP/1.1" 207 1469 "-" "Mozilla/5.0 (Windows NT 10.0; Win64; x64) AppleWebKit/537.36 (KHTML, like Gecko) Chrome/131.0.0.0 Safari/537.36"
185.215.232.193 - - [26/Aug/2026:19:26:43 +0330] "GET /setup-config.php HTTP/1.1" 301 0 "-" "-"
185.215.232.193 - - [26/Aug/2026:19:26:45 +0330] "GET /setup-config.php HTTP/1.1" 404 54959 "-" "-"
185.215.232.194 - - [26/Aug/2026:19:26:48 +0330] "POST /wp-json/batch/v1 HTTP/1.1" 207 13479 "-" "Mozilla/5.0 (Windows NT 10.0; Win64; x64) AppleWebKit/537.36 (KHTML, like Gecko) Chrome/131.0.0.0 Safari/537.36"
185.215.232.193 - - [26/Aug/2026:19:26:49 +0330] "GET /dialog.php HTTP/1.1" 301 0 "-" "-"
185.215.232.195 - - [26/Aug/2026:19:24:59 +0330] "POST /xmlrpc.php HTTP/1.1" 200 426 "-" "Mozilla/5.0 (X11; Ubuntu; Linux x86_64; x64) AppleWebKit/537.36 (KHTML, like Gecko) Chrome/105.0.0.0 Safari/537.36"
185.215.232.193 - - [26/Aug/2026:19:25:03 +0330] "GET /otuz1.php HTTP/1.1" 404 54959 "-" "-"
94.101.182.6 - - [26/Aug/2026:19:25:09 +0330] "POST /wp-cron.php?doing_wp_cron=1787759709.9562380313873291015625 HTTP/1.1" 200 0 "-" "WordPress/6.9.1; https://mahdetejarat.com"
185.215.232.193 - - [26/Aug/2026:19:25:07 +0330] "GET /4563.php HTTP/1.1" 301 0 "-" "-"
185.215.232.193 - - [26/Aug/2026:19:25:10 +0330] "GET /4563.php HTTP/1.1" 404 54959 "-" "-"
185.215.232.193 - - [26/Aug/2026:19:25:13 +0330] "GET /adminfus.php HTTP/1.1" 301 0 "-" "-"
185.215.232.193 - - [26/Aug/2026:19:25:20 +0330] "GET /sale.php HTTP/1.1" 301 0 "-" "-"
185.215.232.193 - - [26/Aug/2026:19:25:23 +0330] "GET /sale.php HTTP/1.1" 404 54959 "-" "-"
185.215.232.193 - - [26/Aug/2026:19:25:29 +0330] "GET /mcebraed.php HTTP/1.1" 404 54959 "-" "-"
185.215.232.193 - - [26/Aug/2026:19:25:33 +0330] "GET /retu11.PhP HTTP/1.1" 301 0 "-" "-"
185.215.232.193 - - [26/Aug/2026:19:25:36 +0330] "GET /retu11.PhP HTTP/1.1" 404 54959 "-" "-"
185.215.232.193 - - [26/Aug/2026:19:25:42 +0330] "GET /w.php HTTP/1.1" 404 54959 "-" "-"
185.215.232.193 - - [26/Aug/2026:19:25:49 +0330] "GET /paypal.php HTTP/1.1" 404 54959 "-" "-"
94.101.182.6 - - [26/Aug/2026:19:25:58 +0330] "POST /wp-cron.php?doing_wp_cron=1787759758.7130908966064453125000 HTTP/1.1" 200 0 "-" "WordPress/6.9.1; https://mahdetejarat.com"
185.215.232.195 - - [26/Aug/2026:19:25:59 +0330] "POST /xmlrpc.php HTTP/1.1" 200 426 "-" "Mozilla/5.0 (Windows NT 6.2; x64) AppleWebKit/537.36 (KHTML, like Gecko) Firefox/71.0.0.0 Safari/537.36"
185.215.232.193 - - [26/Aug/2026:19:26:08 +0330] "GET /dd.php HTTP/1.1" 404 54959 "-" "-"
185.215.232.193 - - [26/Aug/2026:19:26:24 +0330] "GET /gk.php HTTP/1.1" 301 0 "-" "-"
185.215.232.193 - - [26/Aug/2026:19:26:33 +0330] "GET /u88.php HTTP/1.1" 404 54959 "-" "-"
185.215.232.194 - - [26/Aug/2026:19:26:44 +0330] "POST /wp-json/batch/v1 HTTP/1.1" 207 3727 "-" "Mozilla/5.0 (Windows NT 10.0; Win64; x64) AppleWebKit/537.36 (KHTML, like Gecko) Chrome/131.0.0.0 Safari/537.36"
185.215.232.194 - - [26/Aug/2026:19:26:54 +0330] "POST /wp-json/batch/v1 HTTP/1.1" 207 3694 "-" "Mozilla/5.0 (Windows NT 10.0; Win64; x64) AppleWebKit/537.36 (KHTML, like Gecko) Chrome/131.0.0.0 Safari/537.36"
185.215.232.193 - - [26/Aug/2026:19:26:55 +0330] "GET /database.php HTTP/1.1" 301 0 "-" "-"
185.215.232.194 - - [26/Aug/2026:19:26:57 +0330] "POST /wp-json/batch/v1 HTTP/1.1" 207 1308 "-" "Mozilla/5.0 (Windows NT 10.0; Win64; x64) AppleWebKit/537.36 (KHTML, like Gecko) Chrome/131.0.0.0 Safari/537.36"
185.215.232.194 - - [26/Aug/2026:19:27:00 +0330] "POST /wp-json/batch/v1 HTTP/1.1" 207 3759 "-" "Mozilla/5.0 (Windows NT 10.0; Win64; x64) AppleWebKit/537.36 (KHTML, like Gecko) Chrome/131.0.0.0 Safari/537.36"
185.215.232.193 - - [26/Aug/2026:19:27:01 +0330] "GET /queue.php HTTP/1.1" 301 0 "-" "-"
185.215.232.194 - - [26/Aug/2026:19:27:03 +0330] "POST /wp-json/batch/v1 HTTP/1.1" 207 3573 "-" "Mozilla/5.0 (Windows NT 10.0; Win64; x64) AppleWebKit/537.36 (KHTML, like Gecko) Chrome/131.0.0.0 Safari/537.36"
185.215.232.193 - - [26/Aug/2026:19:27:10 +0330] "GET /session.php HTTP/1.1" 404 54959 "-" "-"
185.215.232.193 - - [26/Aug/2026:19:27:13 +0330] "GET /filesystems.php HTTP/1.1" 301 0 "-" "-"
185.215.232.194 - - [26/Aug/2026:19:27:13 +0330] "POST /wp-json/batch/v1 HTTP/1.1" 207 3712 "-" "Mozilla/5.0 (Windows NT 10.0; Win64; x64) AppleWebKit/537.36 (KHTML, like Gecko) Chrome/131.0.0.0 Safari/537.36"
94.101.182.6 - - [26/Aug/2026:19:27:19 +0330] "POST /wp-cron.php?doing_wp_cron=1787759839.3496448993682861328125 HTTP/1.1" 200 0 "-" "WordPress/6.9.1; https://mahdetejarat.com"
185.215.232.193 - - [26/Aug/2026:19:27:19 +0330] "GET /services.php HTTP/1.1" 301 0 "-" "-"
185.215.232.194 - - [26/Aug/2026:19:27:20 +0330] "POST /wp-json/batch/v1 HTTP/1.1" 207 3712 "-" "Mozilla/5.0 (Windows NT 10.0; Win64; x64) AppleWebKit/537.36 (KHTML, like Gecko) Chrome/131.0.0.0 Safari/537.36"
185.215.232.193 - - [26/Aug/2026:19:27:22 +0330] "GET /services.php HTTP/1.1" 404 54959 "-" "-"
185.215.232.193 - - [26/Aug/2026:19:27:26 +0330] "GET /broadcasting.php HTTP/1.1" 301 0 "-" "-"
185.215.232.194 - - [26/Aug/2026:19:27:27 +0330] "POST /wp-json/batch/v1 HTTP/1.1" 207 10720 "-" "Mozilla/5.0 (Windows NT 10.0; Win64; x64) AppleWebKit/537.36 (KHTML, like Gecko) Chrome/131.0.0.0 Safari/537.36"
185.215.232.193 - - [26/Aug/2026:19:27:29 +0330] "GET /broadcasting.php HTTP/1.1" 404 54959 "-" "-"
185.215.232.194 - - [26/Aug/2026:19:27:30 +0330] "POST /wp-json/batch/v1 HTTP/1.1" 207 10711 "-" "Mozilla/5.0 (Windows NT 10.0; Win64; x64) AppleWebKit/537.36 (KHTML, like Gecko) Chrome/131.0.0.0 Safari/537.36"
94.101.182.6 - - [26/Aug/2026:19:27:32 +0330] "HEAD /2020/01/01/x-14/ HTTP/1.1" 200 0 "-" "WordPress/6.9.1; https://mahdetejarat.com"
185.215.232.193 - - [26/Aug/2026:19:27:32 +0330] "GET /app_local.php HTTP/1.1" 301 0 "-" "-"
94.101.182.6 - - [26/Aug/2026:19:27:35 +0330] "HEAD /2020/01/01/x-14/embed/ HTTP/1.1" 200 0 "-" "WordPress/6.9.1; https://mahdetejarat.com"
185.215.232.193 - - [26/Aug/2026:19:27:35 +0330] "GET /app_local.php HTTP/1.1" 404 54959 "-" "-"
185.215.232.193 - - [26/Aug/2026:19:27:39 +0330] "GET /bootstrap.php HTTP/1.1" 301 0 "-" "-"
185.215.232.194 - - [26/Aug/2026:19:27:40 +0330] "POST /xmlrpc.php HTTP/1.1" 200 668 "-" "Mozilla/5.0 (Windows NT 10.0; Win64; x64) AppleWebKit/537.36 (KHTML, like Gecko) Chrome/131.0.0.0 Safari/537.36"
185.215.232.193 - - [26/Aug/2026:19:27:42 +0330] "GET /bootstrap.php HTTP/1.1" 404 54959 "-" "-"
185.215.232.193 - - [26/Aug/2026:19:27:45 +0330] "GET /app.default.php HTTP/1.1" 301 0 "-" "-"
185.215.232.194 - - [26/Aug/2026:19:27:46 +0330] "POST /xmlrpc.php HTTP/1.1" 200 552 "-" "Mozilla/5.0 (Windows NT 10.0; Win64; x64) AppleWebKit/537.36 (KHTML, like Gecko) Chrome/131.0.0.0 Safari/537.36"
185.215.232.193 - - [26/Aug/2026:19:27:48 +0330] "GET /app.default.php HTTP/1.1" 404 54959 "-" "-"
185.215.232.194 - - [26/Aug/2026:19:27:49 +0330] "POST /xmlrpc.php HTTP/1.1" 200 554 "-" "Mozilla/5.0 (Windows NT 10.0; Win64; x64) AppleWebKit/537.36 (KHTML, like Gecko) Chrome/131.0.0.0 Safari/537.36"
185.215.232.194 - mahdtejaratwebadmins3916c7 [26/Aug/2026:19:27:52 +0330] "POST /wp-json/wp/v2/media HTTP/1.1" 401 319 "-" "Mozilla/5.0 (Windows NT 10.0; Win64; x64) AppleWebKit/537.36 (KHTML, like Gecko) Chrome/131.0.0.0 Safari/537.36"
185.215.232.193 - - [26/Aug/2026:19:27:54 +0330] "GET /routes.php HTTP/1.1" 404 54959 "-" "-"
185.215.232.193 - - [26/Aug/2026:19:28:01 +0330] "GET /paths.php HTTP/1.1" 404 54959 "-" "-"
185.215.232.193 - - [26/Aug/2026:19:28:04 +0330] "GET /env.php HTTP/1.1" 301 0 "-" "-"
185.215.232.193 - - [26/Aug/2026:19:28:11 +0330] "GET /cli_bootstrap.php HTTP/1.1" 301 0 "-" "-"
185.215.232.194 - - [26/Aug/2026:19:27:58 +0330] "GET /wp-admin/profile.php HTTP/1.1" 200 327680 "-" "Mozilla/5.0 (Windows NT 10.0; Win64; x64) AppleWebKit/537.36 (KHTML, like Gecko) Chrome/131.0.0.0 Safari/537.36"
185.215.232.194 - - [26/Aug/2026:19:28:16 +0330] "GET /wp-admin/plugins.php HTTP/1.1" 200 810280 "-" "Mozilla/5.0 (Windows NT 10.0; Win64; x64) AppleWebKit/537.36 (KHTML, like Gecko) Chrome/131.0.0.0 Safari/537.36"
185.215.232.193 - - [26/Aug/2026:19:28:20 +0330] "GET /requirements.php HTTP/1.1" 404 54959 "-" "-"
185.215.232.194 - - [26/Aug/2026:19:28:23 +0330] "GET /wp-admin/admin.php?page=wc-settings&tab=checkout§ion=stripe HTTP/1.1" 200 963766 "-" "Mozilla/5.0 (Windows NT 10.0; Win64; x64) AppleWebKit/537.36 (KHTML, like Gecko) Chrome/131.0.0.0 Safari/537.36"
94.101.182.6 - - [26/Aug/2026:19:28:28 +0330] "POST /wp-cron.php?doing_wp_cron=1787759907.9326260089874267578125 HTTP/1.1" 200 0 "-" "WordPress/6.9.1; https://mahdetejarat.com"
185.215.232.193 - - [26/Aug/2026:19:28:30 +0330] "GET /i.php HTTP/1.1" 301 0 "-" "-"
185.215.232.193 - - [26/Aug/2026:19:26:51 +0330] "GET /dialog.php HTTP/1.1" 404 54959 "-" "-"
94.101.182.6 - - [26/Aug/2026:19:26:56 +0330] "POST /wp-cron.php?doing_wp_cron=1787759816.7850539684295654296875 HTTP/1.1" 200 0 "-" "WordPress/6.9.1; https://mahdetejarat.com"
185.215.232.193 - - [26/Aug/2026:19:26:57 +0330] "GET /database.php HTTP/1.1" 404 54959 "-" "-"
185.215.232.193 - - [26/Aug/2026:19:27:03 +0330] "GET /queue.php HTTP/1.1" 404 54959 "-" "-"
94.101.182.6 - - [26/Aug/2026:19:27:09 +0330] "POST /wp-cron.php?doing_wp_cron=1787759829.2105779647827148437500 HTTP/1.1" 200 0 "-" "WordPress/6.9.1; https://mahdetejarat.com"
185.215.232.194 - - [26/Aug/2026:19:27:06 +0330] "GET /?rest_route=/wp/v2/posts&per_page=1&_fields=link HTTP/1.1" 200 61 "-" "Mozilla/5.0 (Windows NT 10.0; Win64; x64) AppleWebKit/537.36 (KHTML, like Gecko) Chrome/131.0.0.0 Safari/537.36"
185.215.232.193 - - [26/Aug/2026:19:27:07 +0330] "GET /session.php HTTP/1.1" 301 0 "-" "-"
185.215.232.194 - - [26/Aug/2026:19:27:10 +0330] "POST /wp-json/batch/v1 HTTP/1.1" 207 5907 "-" "Mozilla/5.0 (Windows NT 10.0; Win64; x64) AppleWebKit/537.36 (KHTML, like Gecko) Chrome/131.0.0.0 Safari/537.36"
185.215.232.193 - - [26/Aug/2026:19:27:16 +0330] "GET /filesystems.php HTTP/1.1" 404 54959 "-" "-"
185.215.232.194 - - [26/Aug/2026:19:27:16 +0330] "POST /wp-json/batch/v1 HTTP/1.1" 207 3712 "-" "Mozilla/5.0 (Windows NT 10.0; Win64; x64) AppleWebKit/537.36 (KHTML, like Gecko) Chrome/131.0.0.0 Safari/537.36"
185.215.232.194 - - [26/Aug/2026:19:27:23 +0330] "POST /wp-json/batch/v1 HTTP/1.1" 207 7190 "-" "Mozilla/5.0 (Windows NT 10.0; Win64; x64) AppleWebKit/537.36 (KHTML, like Gecko) Chrome/131.0.0.0 Safari/537.36"
94.101.182.6 - - [26/Aug/2026:19:27:30 +0330] "POST /wp-cron.php?doing_wp_cron=1787759850.3395209312438964843750 HTTP/1.1" 200 0 "-" "WordPress/6.9.1; https://mahdetejarat.com"
185.215.232.194 - mahdtejaratwebadmins3916c7 [26/Aug/2026:19:27:36 +0330] "GET /wp-json/wp/v2/users/me HTTP/1.1" 401 319 "-" "Mozilla/5.0 (Windows NT 10.0; Win64; x64) AppleWebKit/537.36 (KHTML, like Gecko) Chrome/131.0.0.0 Safari/537.36"
185.215.232.194 - - [26/Aug/2026:19:27:43 +0330] "POST /xmlrpc.php HTTP/1.1" 200 552 "-" "Mozilla/5.0 (Windows NT 10.0; Win64; x64) AppleWebKit/537.36 (KHTML, like Gecko) Chrome/131.0.0.0 Safari/537.36"
185.215.232.193 - - [26/Aug/2026:19:27:52 +0330] "GET /routes.php HTTP/1.1" 301 0 "-" "-"
94.101.182.6 - - [26/Aug/2026:19:27:57 +0330] "POST /wp-cron.php?doing_wp_cron=1787759877.4245660305023193359375 HTTP/1.1" 200 0 "-" "WordPress/6.9.1; https://mahdetejarat.com"
185.215.232.194 - - [26/Aug/2026:19:27:55 +0330] "POST /wp-login.php HTTP/1.1" 200 11822 "-" "Mozilla/5.0 (Windows NT 10.0; Win64; x64) AppleWebKit/537.36 (KHTML, like Gecko) Chrome/131.0.0.0 Safari/537.36"
185.215.232.193 - - [26/Aug/2026:19:27:58 +0330] "GET /paths.php HTTP/1.1" 301 0 "-" "-"
94.101.182.6 - - [26/Aug/2026:19:28:10 +0330] "POST /wp-cron.php?doing_wp_cron=1787759890.6988930702209472656250 HTTP/1.1" 200 0 "-" "WordPress/6.9.1; https://mahdetejarat.com"
185.215.232.193 - - [26/Aug/2026:19:28:07 +0330] "GET /env.php HTTP/1.1" 404 54959 "-" "-"
185.215.232.193 - - [26/Aug/2026:19:28:14 +0330] "GET /cli_bootstrap.php HTTP/1.1" 404 54959 "-" "-"
185.215.232.193 - - [26/Aug/2026:19:28:17 +0330] "GET /requirements.php HTTP/1.1" 301 0 "-" "-"
185.215.232.193 - - [26/Aug/2026:19:28:23 +0330] "GET /application.config.php HTTP/1.1" 301 0 "-" "-"
185.215.232.194 - - [26/Aug/2026:19:28:07 +0330] "GET /wp-admin/ HTTP/1.1" 200 131072 "-" "Mozilla/5.0 (Windows NT 10.0; Win64; x64) AppleWebKit/537.36 (KHTML, like Gecko) Chrome/131.0.0.0 Safari/537.36"
185.215.232.193 - - [26/Aug/2026:19:28:26 +0330] "GET /application.config.php HTTP/1.1" 404 54959 "-" "-"
185.215.232.194 - - [26/Aug/2026:19:28:27 +0330] "GET /wp-admin/admin.php?page=wc-settings&tab=checkout§ion=ppcp-gateway HTTP/1.1" 200 963814 "-" "Mozilla/5.0 (Windows NT 10.0; Win64; x64) AppleWebKit/537.36 (KHTML, like Gecko) Chrome/131.0.0.0 Safari/537.36"
185.215.232.193 - - [26/Aug/2026:19:28:36 +0330] "GET /test.php HTTP/1.1" 301 0 "-" "-"
185.215.232.194 - - [26/Aug/2026:19:28:42 +0330] "GET /wp-admin/admin.php?page=wc-settings&tab=checkout§ion=midtrans HTTP/1.1" 200 963782 "-" "Mozilla/5.0 (Windows NT 10.0; Win64; x64) AppleWebKit/537.36 (KHTML, like Gecko) Chrome/131.0.0.0 Safari/537.36"
185.215.232.193 - - [26/Aug/2026:19:28:51 +0330] "GET /server_info.php HTTP/1.1" 404 54959 "-" "-"
185.215.232.194 - - [26/Aug/2026:19:28:51 +0330] "GET /wp-admin/plugins.php HTTP/1.1" 200 810280 "-" "Mozilla/5.0 (Windows NT 10.0; Win64; x64) AppleWebKit/537.36 (KHTML, like Gecko) Chrome/131.0.0.0 Safari/537.36"
185.215.232.193 - - [26/Aug/2026:19:29:05 +0330] "GET /localconf.php HTTP/1.1" 404 54959 "-" "-"
185.215.232.194 - - [26/Aug/2026:19:29:07 +0330] "GET /wp-admin/admin.php?page=add-snippet HTTP/1.1" 403 2614 "-" "Mozilla/5.0 (Windows NT 10.0; Win64; x64) AppleWebKit/537.36 (KHTML, like Gecko) Chrome/131.0.0.0 Safari/537.36"
185.215.232.193 - - [26/Aug/2026:19:29:09 +0330] "GET /debug.php HTTP/1.1" 301 0 "-" "-"
185.215.232.194 - - [26/Aug/2026:19:29:10 +0330] "POST /wp-json/wp/v2/custom-css-js HTTP/1.1" 404 270 "-" "Mozilla/5.0 (Windows NT 10.0; Win64; x64) AppleWebKit/537.36 (KHTML, like Gecko) Chrome/131.0.0.0 Safari/537.36"
185.215.232.193 - - [26/Aug/2026:19:29:12 +0330] "GET /debug.php HTTP/1.1" 404 54959 "-" "-"
185.215.232.194 - - [26/Aug/2026:19:29:12 +0330] "POST /wp-admin/admin-ajax.php HTTP/1.1" 400 1 "-" "Mozilla/5.0 (Windows NT 10.0; Win64; x64) AppleWebKit/537.36 (KHTML, like Gecko) Chrome/131.0.0.0 Safari/537.36"
185.215.232.194 - - [26/Aug/2026:19:29:16 +0330] "POST /wp-admin/admin-ajax.php HTTP/1.1" 400 1 "-" "Mozilla/5.0 (Windows NT 10.0; Win64; x64) AppleWebKit/537.36 (KHTML, like Gecko) Chrome/131.0.0.0 Safari/537.36"
185.215.232.193 - - [26/Aug/2026:19:29:19 +0330] "GET /debuggen.php HTTP/1.1" 404 54959 "-" "-"
185.215.232.193 - - [26/Aug/2026:19:29:23 +0330] "GET /konfig.php HTTP/1.1" 301 0 "-" "-"
94.101.182.6 - - [26/Aug/2026:19:29:29 +0330] "POST /wp-cron.php?doing_wp_cron=1787759969.8365070819854736328125 HTTP/1.1" 200 0 "-" "WordPress/6.9.1; https://mahdetejarat.com"
185.215.232.193 - - [26/Aug/2026:19:29:31 +0330] "GET /aws_secret_config.php HTTP/1.1" 301 0 "-" "-"
185.215.232.193 - - [26/Aug/2026:19:29:34 +0330] "GET /aws_secret_config.php HTTP/1.1" 404 54959 "-" "-"
185.215.232.193 - - [26/Aug/2026:19:29:38 +0330] "GET /aws_keys.php HTTP/1.1" 301 0 "-" "-"
94.101.183.3 - - [26/Aug/2026:19:29:45 +0330] "POST /wp-cron.php?doing_wp_cron=1787759984.9632959365844726562500 HTTP/1.1" 200 0 "-" "WordPress/6.9.1; https://mahdetejarat.com"
185.215.232.194 - - [26/Aug/2026:19:29:25 +0330] "GET /wp-admin/plugin-install.php?tab=upload HTTP/1.1" 200 327680 "-" "Mozilla/5.0 (Windows NT 10.0; Win64; x64) AppleWebKit/537.36 (KHTML, like Gecko) Chrome/131.0.0.0 Safari/537.36"
185.215.232.193 - - [26/Aug/2026:19:29:48 +0330] "GET /asdf.php HTTP/1.1" 404 54959 "-" "-"
94.101.182.6 - - [26/Aug/2026:19:29:59 +0330] "POST /wp-cron.php?doing_wp_cron=1787759999.4595179557800292968750 HTTP/1.1" 200 0 "-" "WordPress/6.9.1; https://mahdetejarat.com"
185.215.232.193 - - [26/Aug/2026:19:29:56 +0330] "GET /time.php HTTP/1.1" 404 54959 "-" "-"
185.215.232.193 - - [26/Aug/2026:19:30:00 +0330] "GET /aws-credentials.php HTTP/1.1" 301 0 "-" "-"
185.215.232.194 - - [26/Aug/2026:19:29:37 +0330] "GET /wp-admin/theme-editor.php?file=functions.php HTTP/1.1" 200 542154 "-" "Mozilla/5.0 (Windows NT 10.0; Win64; x64) AppleWebKit/537.36 (KHTML, like Gecko) Chrome/131.0.0.0 Safari/537.36"
185.215.232.193 - - [26/Aug/2026:19:30:07 +0330] "GET /aws.php HTTP/1.1" 301 0 "-" "-"
185.215.232.194 - - [26/Aug/2026:19:30:12 +0330] "POST /wp-admin/update.php?action=upload-theme HTTP/1.1" 403 787 "-" "Mozilla/5.0 (Windows NT 10.0; Win64; x64) AppleWebKit/537.36 (KHTML, like Gecko) Chrome/131.0.0.0 Safari/537.36"
185.215.232.193 - - [26/Aug/2026:19:28:32 +0330] "GET /i.php HTTP/1.1" 404 54959 "-" "-"
185.215.232.193 - - [26/Aug/2026:19:28:39 +0330] "GET /test.php HTTP/1.1" 404 54959 "-" "-"
185.215.232.193 - - [26/Aug/2026:19:28:42 +0330] "GET /phpsysinfo.php HTTP/1.1" 301 0 "-" "-"
185.215.232.193 - - [26/Aug/2026:19:28:45 +0330] "GET /phpsysinfo.php HTTP/1.1" 404 54959 "-" "-"
185.215.232.194 - - [26/Aug/2026:19:28:48 +0330] "GET /wp-json/wc/v3/reports/customers/totals HTTP/1.1" 401 317 "-" "Mozilla/5.0 (Windows NT 10.0; Win64; x64) AppleWebKit/537.36 (KHTML, like Gecko) Chrome/131.0.0.0 Safari/537.36"
185.215.232.193 - - [26/Aug/2026:19:28:48 +0330] "GET /server_info.php HTTP/1.1" 301 0 "-" "-"
185.215.232.194 - - [26/Aug/2026:19:28:34 +0330] "GET /wp-admin/admin.php?page=wc-settings&tab=checkout§ion=xendit_gateway HTTP/1.1" 200 524288 "-" "Mozilla/5.0 (Windows NT 10.0; Win64; x64) AppleWebKit/537.36 (KHTML, like Gecko) Chrome/131.0.0.0 Safari/537.36"
185.215.232.193 - - [26/Aug/2026:19:28:55 +0330] "GET /configuration.php HTTP/1.1" 301 0 "-" "-"
185.215.232.193 - - [26/Aug/2026:19:28:59 +0330] "GET /configuration.php HTTP/1.1" 404 54959 "-" "-"
185.215.232.194 - - [26/Aug/2026:19:29:00 +0330] "POST /wp-json/code-snippets/v1/snippets HTTP/1.1" 404 270 "-" "Mozilla/5.0 (Windows NT 10.0; Win64; x64) AppleWebKit/537.36 (KHTML, like Gecko) Chrome/131.0.0.0 Safari/537.36"
185.215.232.193 - - [26/Aug/2026:19:29:02 +0330] "GET /localconf.php HTTP/1.1" 301 0 "-" "-"
185.215.232.194 - - [26/Aug/2026:19:29:03 +0330] "POST /wp-json/wpcode/v1/snippets HTTP/1.1" 404 270 "-" "Mozilla/5.0 (Windows NT 10.0; Win64; x64) AppleWebKit/537.36 (KHTML, like Gecko) Chrome/131.0.0.0 Safari/537.36"
185.215.232.193 - - [26/Aug/2026:19:29:16 +0330] "GET /debuggen.php HTTP/1.1" 301 0 "-" "-"
185.215.232.194 - - [26/Aug/2026:19:29:20 +0330] "POST /wp-admin/admin-ajax.php HTTP/1.1" 400 1 "-" "Mozilla/5.0 (Windows NT 10.0; Win64; x64) AppleWebKit/537.36 (KHTML, like Gecko) Chrome/131.0.0.0 Safari/537.36"
185.215.232.193 - - [26/Aug/2026:19:29:26 +0330] "GET /konfig.php HTTP/1.1" 404 54959 "-" "-"
185.215.232.195 - - [26/Aug/2026:19:29:36 +0330] "POST /xmlrpc.php HTTP/1.1" 200 426 "-" "Mozilla/5.0 (Windows NT 6.2; x86) AppleWebKit/537.36 (KHTML, like Gecko) Safari/12.0.0.0 Safari/537.36"
185.215.232.193 - - [26/Aug/2026:19:29:41 +0330] "GET /aws_keys.php HTTP/1.1" 404 54959 "-" "-"
185.215.232.193 - - [26/Aug/2026:19:29:46 +0330] "GET /asdf.php HTTP/1.1" 301 0 "-" "-"
185.215.232.194 - - [26/Aug/2026:19:29:50 +0330] "GET /wp-admin/admin.php?page=wp_file_manager HTTP/1.1" 403 2614 "-" "Mozilla/5.0 (Windows NT 10.0; Win64; x64) AppleWebKit/537.36 (KHTML, like Gecko) Chrome/131.0.0.0 Safari/537.36"
185.215.232.193 - - [26/Aug/2026:19:29:53 +0330] "GET /time.php HTTP/1.1" 301 0 "-" "-"
94.101.182.6 - - [26/Aug/2026:19:30:03 +0330] "POST /wp-cron.php?doing_wp_cron=1787760003.2546710968017578125000 HTTP/1.1" 200 0 "-" "WordPress/6.9.1; https://mahdetejarat.com"
185.215.232.193 - - [26/Aug/2026:19:30:03 +0330] "GET /aws-credentials.php HTTP/1.1" 404 54959 "-" "-"
185.215.232.194 - - [26/Aug/2026:19:30:06 +0330] "GET /wp-admin/theme-install.php?upload HTTP/1.1" 200 516581 "-" "Mozilla/5.0 (Windows NT 10.0; Win64; x64) AppleWebKit/537.36 (KHTML, like Gecko) Chrome/131.0.0.0 Safari/537.36"
185.215.232.193 - - [26/Aug/2026:19:30:14 +0330] "GET /aws_config.php HTTP/1.1" 301 0 "-" "-"
185.215.232.194 - - [26/Aug/2026:19:30:13 +0330] "GET /wp-admin/profile.php HTTP/1.1" 200 904325 "-" "Mozilla/5.0 (Windows NT 10.0; Win64; x64) AppleWebKit/537.36 (KHTML, like Gecko) Chrome/131.0.0.0 Safari/537.36"
185.215.232.193 - - [26/Aug/2026:19:30:17 +0330] "GET /aws_config.php HTTP/1.1" 404 54959 "-" "-"
185.215.232.193 - - [26/Aug/2026:19:30:21 +0330] "GET /aws_sdk_settings.php HTTP/1.1" 301 0 "-" "-"
185.215.232.194 - mahdtejaratwebadmins3916c7 [26/Aug/2026:19:30:27 +0330] "POST /wp-json/wp/v2/media HTTP/1.1" 500 352 "-" "Mozilla/5.0 (Windows NT 10.0; Win64; x64) AppleWebKit/537.36 (KHTML, like Gecko) Chrome/131.0.0.0 Safari/537.36"
185.215.232.194 - - [26/Aug/2026:19:29:54 +0330] "GET /wp-admin/plugins.php HTTP/1.1" 200 131072 "-" "Mozilla/5.0 (Windows NT 10.0; Win64; x64) AppleWebKit/537.36 (KHTML, like Gecko) Chrome/131.0.0.0 Safari/537.36"
185.215.232.193 - - [26/Aug/2026:19:30:10 +0330] "GET /aws.php HTTP/1.1" 404 54959 "-" "-"
185.215.232.194 - - [26/Aug/2026:19:30:19 +0330] "GET /wp-json/wp/v2/users/me HTTP/1.1" 200 1257 "-" "Mozilla/5.0 (Windows NT 10.0; Win64; x64) AppleWebKit/537.36 (KHTML, like Gecko) Chrome/131.0.0.0 Safari/537.36"
185.215.232.195 - - [26/Aug/2026:19:30:20 +0330] "POST /xmlrpc.php HTTP/1.1" 200 426 "-" "Mozilla/5.0 (Windows NT 6.2; arm64) AppleWebKit/537.36 (KHTML, like Gecko) Chrome/94.0.0.0 Safari/537.36"
185.215.232.194 - - [26/Aug/2026:19:30:22 +0330] "POST /wp-json/wp/v2/users/70/application-passwords HTTP/1.1" 201 440 "-" "Mozilla/5.0 (Windows NT 10.0; Win64; x64) AppleWebKit/537.36 (KHTML, like Gecko) Chrome/131.0.0.0 Safari/537.36"
185.215.232.193 - - [26/Aug/2026:19:30:25 +0330] "GET /aws_sdk_settings.php HTTP/1.1" 404 54959 "-" "-"
185.215.232.193 - - [26/Aug/2026:19:30:29 +0330] "GET /aws_settings.php HTTP/1.1" 301 0 "-" "-"
185.215.232.193 - - [26/Aug/2026:19:30:32 +0330] "GET /aws_settings.php HTTP/1.1" 404 54959 "-" "-"
185.215.232.193 - - [26/Aug/2026:19:30:45 +0330] "GET /sgd.php HTTP/1.1" 404 54959 "-" "-"
185.215.232.193 - - [26/Aug/2026:19:30:49 +0330] "GET /linusadmin-phpinfo.php HTTP/1.1" 301 0 "-" "-"
185.215.232.193 - - [26/Aug/2026:19:30:51 +0330] "GET /linusadmin-phpinfo.php HTTP/1.1" 404 54959 "-" "-"
185.215.232.194 - - [26/Aug/2026:19:30:37 +0330] "GET /wp-admin/ HTTP/1.1" 200 262144 "-" "Mozilla/5.0 (Windows NT 10.0; Win64; x64) AppleWebKit/537.36 (KHTML, like Gecko) Chrome/131.0.0.0 Safari/537.36"
185.215.232.194 - - [26/Aug/2026:19:30:59 +0330] "POST /wp-json/wp/v2/media HTTP/1.1" 400 677 "-" "Mozilla/5.0 (Windows NT 10.0; Win64; x64) AppleWebKit/537.36 (KHTML, like Gecko) Chrome/131.0.0.0 Safari/537.36"
94.101.182.6 - - [26/Aug/2026:19:31:04 +0330] "POST /wp-cron.php?doing_wp_cron=1787760064.1159639358520507812500 HTTP/1.1" 200 0 "-" "WordPress/6.9.1; https://mahdetejarat.com"
185.215.232.194 - - [26/Aug/2026:19:30:42 +0330] "GET /wp-admin/plugins.php HTTP/1.1" 200 196608 "-" "Mozilla/5.0 (Windows NT 10.0; Win64; x64) AppleWebKit/537.36 (KHTML, like Gecko) Chrome/131.0.0.0 Safari/537.36"
185.215.232.194 - - [26/Aug/2026:19:30:48 +0330] "GET /wp-admin/profile.php HTTP/1.1" 200 905122 "-" "Mozilla/5.0 (Windows NT 10.0; Win64; x64) AppleWebKit/537.36 (KHTML, like Gecko) Chrome/131.0.0.0 Safari/537.36"
185.215.232.193 - - [26/Aug/2026:19:31:04 +0330] "GET /pinfo.php HTTP/1.1" 404 54959 "-" "-"
185.215.232.195 - - [26/Aug/2026:19:31:11 +0330] "POST /xmlrpc.php HTTP/1.1" 200 426 "-" "Mozilla/5.0 (Macintosh; Intel Mac OS X 10_15_7; x86) AppleWebKit/537.36 (KHTML, like Gecko) Opera/80.0.0.0 Safari/537.36"
185.215.232.193 - - [26/Aug/2026:19:31:11 +0330] "GET /hochladen.form.php HTTP/1.1" 404 54959 "-" "-"
185.215.232.193 - - [26/Aug/2026:19:31:15 +0330] "GET /phpversion.php HTTP/1.1" 301 0 "-" "-"
185.215.232.193 - - [26/Aug/2026:19:31:21 +0330] "GET /aws_credentials.php HTTP/1.1" 301 0 "-" "-"
185.215.232.193 - - [26/Aug/2026:19:31:24 +0330] "GET /aws_credentials.php HTTP/1.1" 404 54959 "-" "-"
185.215.232.193 - - [26/Aug/2026:19:31:38 +0330] "GET /api.php HTTP/1.1" 404 54959 "-" "-"
185.215.232.194 - - [26/Aug/2026:19:31:25 +0330] "GET /wp-admin/profile.php HTTP/1.1" 200 235282 "-" "Mozilla/5.0 (Windows NT 10.0; Win64; x64) AppleWebKit/537.36 (KHTML, like Gecko) Chrome/58.0.3029.110 Safari/537.36 Edge/16.16299"
185.215.232.193 - - [26/Aug/2026:19:31:52 +0330] "GET /apikeys.php HTTP/1.1" 404 54959 "-" "-"
94.101.182.6 - - [26/Aug/2026:19:31:56 +0330] "POST /wp-cron.php?doing_wp_cron=1787760116.4230720996856689453125 HTTP/1.1" 200 0 "-" "WordPress/6.9.1; https://mahdetejarat.com"
185.215.232.193 - - [26/Aug/2026:19:30:36 +0330] "GET /test.config.php HTTP/1.1" 301 0 "-" "-"
185.215.232.193 - - [26/Aug/2026:19:30:38 +0330] "GET /test.config.php HTTP/1.1" 404 54959 "-" "-"
185.215.232.193 - - [26/Aug/2026:19:30:42 +0330] "GET /sgd.php HTTP/1.1" 301 0 "-" "-"
185.215.232.194 - - [26/Aug/2026:19:30:31 +0330] "GET /wp-admin/profile.php HTTP/1.1" 200 327680 "-" "Mozilla/5.0 (Windows NT 10.0; Win64; x64) AppleWebKit/537.36 (KHTML, like Gecko) Chrome/131.0.0.0 Safari/537.36"
185.215.232.193 - - [26/Aug/2026:19:30:55 +0330] "GET /infos.php HTTP/1.1" 301 0 "-" "-"
185.215.232.194 - - [26/Aug/2026:19:30:53 +0330] "GET /wp-admin/ HTTP/1.1" 200 556377 "-" "Mozilla/5.0 (Windows NT 10.0; Win64; x64) AppleWebKit/537.36 (KHTML, like Gecko) Chrome/131.0.0.0 Safari/537.36"
185.215.232.193 - - [26/Aug/2026:19:30:58 +0330] "GET /infos.php HTTP/1.1" 404 54959 "-" "-"
185.215.232.193 - - [26/Aug/2026:19:31:01 +0330] "GET /pinfo.php HTTP/1.1" 301 0 "-" "-"
94.101.182.6 - - [26/Aug/2026:19:31:05 +0330] "POST /wp-cron.php?doing_wp_cron=1787760065.6064019203186035156250 HTTP/1.1" 200 0 "-" "WordPress/6.9.1; https://mahdetejarat.com"
185.215.232.194 - - [26/Aug/2026:19:31:02 +0330] "POST /wp-json/wp/v2/media HTTP/1.1" 400 677 "-" "Mozilla/5.0 (Windows NT 10.0; Win64; x64) AppleWebKit/537.36 (KHTML, like Gecko) Chrome/131.0.0.0 Safari/537.36"
94.101.182.6 - - [26/Aug/2026:19:31:07 +0330] "POST /wp-cron.php?doing_wp_cron=1787760067.1417109966278076171875 HTTP/1.1" 200 0 "-" "WordPress/6.9.1; https://mahdetejarat.com"
185.215.232.194 - - [26/Aug/2026:19:31:06 +0330] "POST /wp-json/wp/v2/media HTTP/1.1" 400 677 "-" "Mozilla/5.0 (Windows NT 10.0; Win64; x64) AppleWebKit/537.36 (KHTML, like Gecko) Chrome/131.0.0.0 Safari/537.36"
185.215.232.193 - - [26/Aug/2026:19:31:08 +0330] "GET /hochladen.form.php HTTP/1.1" 301 0 "-" "-"
185.215.232.194 - - [26/Aug/2026:19:31:09 +0330] "POST /wp-json/wp/v2/media HTTP/1.1" 400 677 "-" "Mozilla/5.0 (Windows NT 10.0; Win64; x64) AppleWebKit/537.36 (KHTML, like Gecko) Chrome/131.0.0.0 Safari/537.36"
185.215.232.193 - - [26/Aug/2026:19:31:14 +0330] "GET /temp.php HTTP/1.1" 403 787 "-" "-"
185.215.232.194 - - [26/Aug/2026:19:31:13 +0330] "POST /wp-json/wp/v2/media HTTP/1.1" 400 677 "-" "Mozilla/5.0 (Windows NT 10.0; Win64; x64) AppleWebKit/537.36 (KHTML, like Gecko) Chrome/131.0.0.0 Safari/537.36"
185.215.232.193 - - [26/Aug/2026:19:31:17 +0330] "GET /phpversion.php HTTP/1.1" 404 54959 "-" "-"
185.215.232.194 - - [26/Aug/2026:19:31:16 +0330] "GET / HTTP/1.1" 200 31468 "-" "Mozilla/5.0 (Windows NT 10.0; Win64; x64) AppleWebKit/537.36 (KHTML, like Gecko) Chrome/58.0.3029.110 Safari/537.36 Edge/16.16299"
185.215.232.194 - - [26/Aug/2026:19:31:23 +0330] "POST /wp-login.php HTTP/1.1" 200 3988 "-" "Mozilla/5.0 (Windows NT 10.0; Win64; x64) AppleWebKit/537.36 (KHTML, like Gecko) Chrome/58.0.3029.110 Safari/537.36 Edge/16.16299"
185.215.232.193 - - [26/Aug/2026:19:31:28 +0330] "GET /old_phpinfo.php HTTP/1.1" 301 0 "-" "-"
185.215.232.193 - - [26/Aug/2026:19:31:31 +0330] "GET /old_phpinfo.php HTTP/1.1" 404 54959 "-" "-"
185.215.232.193 - - [26/Aug/2026:19:31:35 +0330] "GET /api.php HTTP/1.1" 301 0 "-" "-"
185.215.232.193 - - [26/Aug/2026:19:31:42 +0330] "GET /channels.php HTTP/1.1" 301 0 "-" "-"
185.215.232.193 - - [26/Aug/2026:19:31:45 +0330] "GET /channels.php HTTP/1.1" 404 54959 "-" "-"
185.215.232.195 - - [26/Aug/2026:19:31:46 +0330] "GET /product/%d9%88%d8%b3%d8%a7%db%8c%d9%84-%d9%88%d8%b1%d8%b2%d8%b4%db%8c-%d9%be%d8%a7%d8%b1%da%a9%db%8c/ HTTP/1.1" 200 21147 "-" "Mozilla/5.0 (Windows NT 10.0; Win64; x64) AppleWebKit/537.36 (KHTML, like Gecko) Chrome/145.0.0.0 Safari/537.36 (compatible; meta-externalagent/1.1 (+https://developers.facebook.com/docs/sharing/webmasters/crawler))"
185.215.232.193 - - [26/Aug/2026:19:31:49 +0330] "GET /apikeys.php HTTP/1.1" 301 0 "-" "-"
185.215.232.193 - - [26/Aug/2026:19:32:02 +0330] "GET /aws_auth.php HTTP/1.1" 301 0 "-" "-"
185.215.232.194 - - [26/Aug/2026:19:31:37 +0330] "GET /wp-admin/profile.php HTTP/1.1" 200 235266 "-" "Mozilla/5.0 (Windows NT 10.0; Win64; x64) AppleWebKit/537.36 (KHTML, like Gecko) Chrome/58.0.3029.110 Safari/537.36 Edge/16.16299"
185.215.232.193 - - [26/Aug/2026:19:31:55 +0330] "GET /php_info.php HTTP/1.1" 301 0 "-" "-"
185.215.232.193 - - [26/Aug/2026:19:31:58 +0330] "GET /php_info.php HTTP/1.1" 404 54959 "-" "-"
185.215.232.193 - - [26/Aug/2026:19:32:05 +0330] "GET /aws_auth.php HTTP/1.1" 404 54959 "-" "-"
185.215.232.193 - - [26/Aug/2026:19:32:09 +0330] "GET /app_dev.php HTTP/1.1" 301 0 "-" "-"
185.215.232.193 - - [26/Aug/2026:19:32:15 +0330] "GET /config_dev.php HTTP/1.1" 301 0 "-" "-"
185.215.232.195 - - [26/Aug/2026:19:32:29 +0330] "POST /xmlrpc.php HTTP/1.1" 200 426 "-" "Mozilla/5.0 (Windows NT 10.0; arm64) AppleWebKit/537.36 (KHTML, like Gecko) Edge/99.0.0.0 Safari/537.36"
185.215.232.193 - - [26/Aug/2026:19:32:28 +0330] "GET /upload.form.php HTTP/1.1" 301 0 "-" "-"
185.215.232.194 - - [26/Aug/2026:19:32:14 +0330] "GET /wp-admin/plugins.php HTTP/1.1" 200 207536 "-" "Mozilla/5.0 (Windows NT 10.0; Win64; x64) AppleWebKit/537.36 (KHTML, like Gecko) Chrome/58.0.3029.110 Safari/537.36 Edge/16.16299"
185.215.232.193 - - [26/Aug/2026:19:32:38 +0330] "GET /environment.php HTTP/1.1" 404 54959 "-" "-"
185.215.232.193 - - [26/Aug/2026:19:32:43 +0330] "GET /umgebung.php HTTP/1.1" 301 0 "-" "-"
185.215.232.194 - - [26/Aug/2026:19:32:25 +0330] "GET /wp-admin/plugins.php HTTP/1.1" 200 207536 "-" "Mozilla/5.0 (Windows NT 10.0; Win64; x64) AppleWebKit/537.36 (KHTML, like Gecko) Chrome/58.0.3029.110 Safari/537.36 Edge/16.16299"
185.215.232.194 - - [26/Aug/2026:19:32:36 +0330] "GET /wp-admin/plugin-install.php?tab=upload HTTP/1.1" 200 130982 "-" "Mozilla/5.0 (Windows NT 10.0; Win64; x64) AppleWebKit/537.36 (KHTML, like Gecko) Chrome/58.0.3029.110 Safari/537.36 Edge/16.16299"
185.215.232.193 - - [26/Aug/2026:19:32:52 +0330] "GET /wp-konfig.php HTTP/1.1" 404 54959 "-" "-"
94.101.182.6 - - [26/Aug/2026:19:33:06 +0330] "POST /wp-cron.php?doing_wp_cron=1787760186.3740611076354980468750 HTTP/1.1" 200 0 "-" "WordPress/6.9.1; https://mahdetejarat.com"
185.215.232.193 - - [26/Aug/2026:19:33:07 +0330] "GET /wp-konfig.backup.php HTTP/1.1" 301 0 "-" "-"
185.215.232.193 - - [26/Aug/2026:19:33:10 +0330] "GET /wp-konfig.backup.php HTTP/1.1" 404 54959 "-" "-"
185.215.232.193 - - [26/Aug/2026:19:33:20 +0330] "GET /fucku.php HTTP/1.1" 301 0 "-" "-"
185.215.232.193 - - [26/Aug/2026:19:33:27 +0330] "GET /wp-info.php HTTP/1.1" 301 0 "-" "-"
185.215.232.194 - - [26/Aug/2026:19:33:07 +0330] "GET /wp-admin/theme-editor.php?file=functions.php HTTP/1.1" 200 138830 "-" "Mozilla/5.0 (Windows NT 10.0; Win64; x64) AppleWebKit/537.36 (KHTML, like Gecko) Chrome/58.0.3029.110 Safari/537.36 Edge/16.16299"
185.215.232.193 - - [26/Aug/2026:19:33:29 +0330] "GET /wp-info.php HTTP/1.1" 404 54959 "-" "-"
185.215.232.193 - - [26/Aug/2026:19:33:39 +0330] "GET /log.php HTTP/1.1" 301 0 "-" "-"
185.215.232.194 - - [26/Aug/2026:19:33:23 +0330] "GET /wp-admin/theme-editor.php?file=functions.php HTTP/1.1" 200 138830 "-" "Mozilla/5.0 (Windows NT 10.0; Win64; x64) AppleWebKit/537.36 (KHTML, like Gecko) Chrome/58.0.3029.110 Safari/537.36 Edge/16.16299"
185.215.232.193 - - [26/Aug/2026:19:33:45 +0330] "GET /admin.php HTTP/1.1" 301 0 "-" "-"
185.215.232.193 - - [26/Aug/2026:19:33:47 +0330] "GET /admin.php HTTP/1.1" 404 54959 "-" "-"
185.215.232.194 - - [26/Aug/2026:19:31:47 +0330] "GET /wp-admin/ HTTP/1.1" 200 144010 "-" "Mozilla/5.0 (Windows NT 10.0; Win64; x64) AppleWebKit/537.36 (KHTML, like Gecko) Chrome/58.0.3029.110 Safari/537.36 Edge/16.16299"
185.215.232.193 - - [26/Aug/2026:19:32:11 +0330] "GET /app_dev.php HTTP/1.1" 404 54959 "-" "-"
185.215.232.193 - - [26/Aug/2026:19:32:18 +0330] "GET /config_dev.php HTTP/1.1" 404 54959 "-" "-"
185.215.232.193 - - [26/Aug/2026:19:32:22 +0330] "GET /php-info.php HTTP/1.1" 301 0 "-" "-"
185.215.232.193 - - [26/Aug/2026:19:32:25 +0330] "GET /php-info.php HTTP/1.1" 404 54959 "-" "-"
185.215.232.194 - - [26/Aug/2026:19:32:04 +0330] "GET /wp-admin/ HTTP/1.1" 200 144020 "-" "Mozilla/5.0 (Windows NT 10.0; Win64; x64) AppleWebKit/537.36 (KHTML, like Gecko) Chrome/58.0.3029.110 Safari/537.36 Edge/16.16299"
185.215.232.193 - - [26/Aug/2026:19:32:32 +0330] "GET /upload.form.php HTTP/1.1" 404 54959 "-" "-"
185.215.232.193 - - [26/Aug/2026:19:32:36 +0330] "GET /environment.php HTTP/1.1" 301 0 "-" "-"
185.215.232.193 - - [26/Aug/2026:19:32:46 +0330] "GET /umgebung.php HTTP/1.1" 404 54959 "-" "-"
185.215.232.193 - - [26/Aug/2026:19:32:50 +0330] "GET /wp-konfig.php HTTP/1.1" 301 0 "-" "-"
185.215.232.193 - - [26/Aug/2026:19:32:56 +0330] "GET /wp-config.backup.php HTTP/1.1" 301 0 "-" "-"
185.215.232.193 - - [26/Aug/2026:19:33:02 +0330] "GET /wp-config.backup.php HTTP/1.1" 404 54959 "-" "-"
185.215.232.194 - - [26/Aug/2026:19:32:52 +0330] "GET /wp-admin/plugin-install.php?tab=upload HTTP/1.1" 200 130972 "-" "Mozilla/5.0 (Windows NT 10.0; Win64; x64) AppleWebKit/537.36 (KHTML, like Gecko) Chrome/58.0.3029.110 Safari/537.36 Edge/16.16299"
185.215.232.193 - - [26/Aug/2026:19:33:14 +0330] "GET /php-details.php HTTP/1.1" 301 0 "-" "-"
185.215.232.193 - - [26/Aug/2026:19:33:17 +0330] "GET /php-details.php HTTP/1.1" 404 54959 "-" "-"
185.215.232.193 - - [26/Aug/2026:19:33:23 +0330] "GET /fucku.php HTTP/1.1" 404 54959 "-" "-"
185.215.232.194 - - [26/Aug/2026:19:33:29 +0330] "POST /xmlrpc.php HTTP/1.1" 200 426 "-" "Mozilla/5.0 (Windows NT 10.0; x64) AppleWebKit/537.36 (KHTML, like Gecko) Opera/71.0.0.0 Safari/537.36"
185.215.232.193 - - [26/Aug/2026:19:33:33 +0330] "GET /params.php HTTP/1.1" 301 0 "-" "-"
185.215.232.193 - - [26/Aug/2026:19:33:35 +0330] "GET /params.php HTTP/1.1" 404 54959 "-" "-"
185.215.232.193 - - [26/Aug/2026:19:33:42 +0330] "GET /log.php HTTP/1.1" 404 54959 "-" "-"
185.215.232.193 - - [26/Aug/2026:19:33:51 +0330] "GET /doc.php HTTP/1.1" 301 0 "-" "-"
185.215.232.194 - - [26/Aug/2026:19:33:39 +0330] "GET /wp-admin/theme-editor.php?file=functions.php HTTP/1.1" 200 138830 "-" "Mozilla/5.0 (Windows NT 10.0; Win64; x64) AppleWebKit/537.36 (KHTML, like Gecko) Chrome/58.0.3029.110 Safari/537.36 Edge/16.16299"
185.215.232.193 - - [26/Aug/2026:19:34:02 +0330] "GET /bigdump.php HTTP/1.1" 404 54959 "-" "-"
185.215.232.193 - - [26/Aug/2026:19:34:05 +0330] "GET /chosen.php HTTP/1.1" 301 0 "-" "-"
185.215.232.193 - - [26/Aug/2026:19:34:08 +0330] "GET /chosen.php HTTP/1.1" 404 54959 "-" "-"
185.215.232.193 - - [26/Aug/2026:19:34:12 +0330] "GET /f35.php HTTP/1.1" 301 0 "-" "-"
185.215.232.194 - - [26/Aug/2026:19:33:56 +0330] "GET /wp-admin/plugins.php HTTP/1.1" 200 207536 "-" "Mozilla/5.0 (Windows NT 10.0; Win64; x64) AppleWebKit/537.36 (KHTML, like Gecko) Chrome/58.0.3029.110 Safari/537.36 Edge/16.16299"
185.215.232.193 - - [26/Aug/2026:19:34:19 +0330] "GET /tinyfilemanager.php HTTP/1.1" 301 0 "-" "-"
185.215.232.194 - - [26/Aug/2026:19:34:13 +0330] "GET /wp-admin/plugins.php HTTP/1.1" 200 207536 "-" "Mozilla/5.0 (Windows NT 10.0; Win64; x64) AppleWebKit/537.36 (KHTML, like Gecko) Chrome/58.0.3029.110 Safari/537.36 Edge/16.16299"
185.215.232.193 - - [26/Aug/2026:19:34:32 +0330] "GET /fm.php HTTP/1.1" 301 0 "-" "-"
185.215.232.193 - - [26/Aug/2026:19:34:40 +0330] "GET /radio.php HTTP/1.1" 301 0 "-" "-"
185.215.232.193 - - [26/Aug/2026:19:34:43 +0330] "GET /radio.php HTTP/1.1" 404 54959 "-" "-"
185.215.232.194 - - [26/Aug/2026:19:34:28 +0330] "GET /wp-admin/plugins.php HTTP/1.1" 200 207533 "-" "Mozilla/5.0 (Windows NT 10.0; Win64; x64) AppleWebKit/537.36 (KHTML, like Gecko) Chrome/58.0.3029.110 Safari/537.36 Edge/16.16299"
185.215.232.194 - - [26/Aug/2026:19:34:47 +0330] "GET /wp-admin/admin.php?page=wp_file_manager HTTP/1.1" 403 1241 "-" "Mozilla/5.0 (Windows NT 10.0; Win64; x64) AppleWebKit/537.36 (KHTML, like Gecko) Chrome/58.0.3029.110 Safari/537.36 Edge/16.16299"
185.215.232.193 - - [26/Aug/2026:19:34:53 +0330] "GET /admin-ajax.php HTTP/1.1" 301 0 "-" "-"
94.101.183.3 - - [26/Aug/2026:19:34:59 +0330] "POST /wp-cron.php?doing_wp_cron=1787760298.9927630424499511718750 HTTP/1.1" 200 0 "-" "WordPress/6.9.1; https://mahdetejarat.com"
185.215.232.193 - - [26/Aug/2026:19:34:55 +0330] "GET /admin-ajax.php HTTP/1.1" 404 54959 "-" "-"
185.215.232.193 - - [26/Aug/2026:19:34:59 +0330] "GET /packed.php HTTP/1.1" 301 0 "-" "-"
185.215.232.194 - - [26/Aug/2026:19:35:18 +0330] "POST /xmlrpc.php HTTP/1.1" 200 426 "-" "Mozilla/5.0 (Linux; Android 10; x86) AppleWebKit/537.36 (KHTML, like Gecko) Chrome/102.0.0.0 Safari/537.36"
185.215.232.193 - - [26/Aug/2026:19:35:19 +0330] "GET /xin1.php HTTP/1.1" 301 0 "-" "-"
185.215.232.193 - - [26/Aug/2026:19:35:21 +0330] "GET /xin1.php HTTP/1.1" 404 54959 "-" "-"
185.215.232.193 - - [26/Aug/2026:19:35:26 +0330] "GET /g3.php HTTP/1.1" 301 0 "-" "-"
185.215.232.193 - - [26/Aug/2026:19:35:45 +0330] "GET /update.php HTTP/1.1" 404 54959 "-" "-"
185.215.232.193 - - [26/Aug/2026:19:35:51 +0330] "GET /lmfi2.php HTTP/1.1" 404 54959 "-" "-"
185.215.232.193 - - [26/Aug/2026:19:36:00 +0330] "GET /cache-compat.php HTTP/1.1" 404 54959 "-" "-"
185.215.232.193 - - [26/Aug/2026:19:36:10 +0330] "GET /asa.php HTTP/1.1" 301 0 "-" "-"
185.215.232.193 - - [26/Aug/2026:19:36:22 +0330] "GET /userfuns.php HTTP/1.1" 301 0 "-" "-"
185.215.232.193 - - [26/Aug/2026:19:36:25 +0330] "GET /userfuns.php HTTP/1.1" 404 54959 "-" "-"
185.215.232.193 - - [26/Aug/2026:19:36:34 +0330] "GET /var/www/wallet/index.php HTTP/1.1" 301 0 "-" "-"
185.215.232.193 - - [26/Aug/2026:19:36:37 +0330] "GET /var/www/wallet/ HTTP/1.1" 404 54959 "-" "-"
185.215.232.193 - - [26/Aug/2026:19:36:41 +0330] "GET /groceries/index.php HTTP/1.1" 301 0 "-" "-"
185.215.232.193 - - [26/Aug/2026:19:36:44 +0330] "GET /groceries/ HTTP/1.1" 404 54959 "-" "-"
185.215.232.193 - - [26/Aug/2026:19:36:47 +0330] "GET /hiquido.com/index.php HTTP/1.1" 301 0 "-" "-"
185.215.232.193 - - [26/Aug/2026:19:33:54 +0330] "GET /doc.php HTTP/1.1" 404 54959 "-" "-"
185.215.232.193 - - [26/Aug/2026:19:33:59 +0330] "GET /bigdump.php HTTP/1.1" 301 0 "-" "-"
185.215.232.193 - - [26/Aug/2026:19:34:14 +0330] "GET /f35.php HTTP/1.1" 404 54959 "-" "-"
185.215.232.194 - - [26/Aug/2026:19:34:21 +0330] "POST /xmlrpc.php HTTP/1.1" 200 426 "-" "Mozilla/5.0 (Macintosh; Intel Mac OS X 10_15_7; x64) AppleWebKit/537.36 (KHTML, like Gecko) Edge/83.0.0.0 Safari/537.36"
185.215.232.193 - - [26/Aug/2026:19:34:22 +0330] "GET /tinyfilemanager.php HTTP/1.1" 404 54959 "-" "-"
185.215.232.193 - - [26/Aug/2026:19:34:26 +0330] "GET /product.php HTTP/1.1" 301 0 "-" "-"
185.215.232.193 - - [26/Aug/2026:19:34:29 +0330] "GET /product.php HTTP/1.1" 404 54959 "-" "-"
185.215.232.193 - - [26/Aug/2026:19:34:36 +0330] "GET /fm.php HTTP/1.1" 404 54959 "-" "-"
185.215.232.194 - - [26/Aug/2026:19:34:44 +0330] "POST /wp-json/wp/v2/media HTTP/1.1" 401 190 "-" "Mozilla/5.0 (Windows NT 10.0; Win64; x64) AppleWebKit/537.36 (KHTML, like Gecko) Chrome/58.0.3029.110 Safari/537.36 Edge/16.16299"
185.215.232.193 - - [26/Aug/2026:19:34:46 +0330] "GET /gecko-litespeed.php HTTP/1.1" 301 0 "-" "-"
185.215.232.193 - - [26/Aug/2026:19:34:49 +0330] "GET /gecko-litespeed.php HTTP/1.1" 404 54959 "-" "-"
185.215.232.193 - - [26/Aug/2026:19:35:02 +0330] "GET /packed.php HTTP/1.1" 404 54959 "-" "-"
94.101.183.3 - - [26/Aug/2026:19:35:08 +0330] "POST /wp-cron.php?doing_wp_cron=1787760308.9439680576324462890625 HTTP/1.1" 200 0 "-" "WordPress/6.9.1; https://mahdetejarat.com"
185.215.232.193 - - [26/Aug/2026:19:35:06 +0330] "GET /xp.php HTTP/1.1" 301 0 "-" "-"
185.215.232.193 - - [26/Aug/2026:19:35:09 +0330] "GET /xp.php HTTP/1.1" 404 54959 "-" "-"
185.215.232.193 - - [26/Aug/2026:19:35:12 +0330] "GET /oiko6u.php HTTP/1.1" 301 0 "-" "-"
185.215.232.193 - - [26/Aug/2026:19:35:15 +0330] "GET /oiko6u.php HTTP/1.1" 404 54959 "-" "-"
185.215.232.193 - - [26/Aug/2026:19:35:28 +0330] "GET /g3.php HTTP/1.1" 404 54959 "-" "-"
185.215.232.193 - - [26/Aug/2026:19:35:35 +0330] "GET /zaza.php HTTP/1.1" 301 0 "-" "-"
185.215.232.193 - - [26/Aug/2026:19:35:38 +0330] "GET /zaza.php HTTP/1.1" 404 54959 "-" "-"
