185.215.232.194 - - [27/Aug/2026:00:47:14 +0330] "GET /wp-includes//wp-includes/class-wp-customize-widgets.php HTTP/1.1" 301 0 "-" "-"
185.215.232.194 - - [27/Aug/2026:00:47:16 +0330] "GET /403.php HTTP/1.1" 404 13731 "-" "Mozilla/5.0 (Windows NT 10.0; Win64; x64) AppleWebKit/537.36 (KHTML, like Gecko) Chrome/120.0.0.0 Safari/537.36"
185.215.232.194 - - [27/Aug/2026:00:47:20 +0330] "GET /wp-content/about.php HTTP/1.1" 404 13731 "-" "Mozilla/5.0 (Windows NT 10.0; Win64; x64) AppleWebKit/537.36 (KHTML, like Gecko) Chrome/120.0.0.0 Safari/537.36"
185.215.232.194 - - [27/Aug/2026:00:47:25 +0330] "GET /wp-includes/wp-includes/class-wp-date-query.php HTTP/1.1" 404 54959 "-" "-"
185.215.232.194 - - [27/Aug/2026:00:47:27 +0330] "GET /y.php HTTP/1.1" 404 13731 "-" "Mozilla/5.0 (Windows NT 10.0; Win64; x64) AppleWebKit/537.36 (KHTML, like Gecko) Chrome/120.0.0.0 Safari/537.36"
185.215.232.194 - - [27/Aug/2026:00:47:33 +0330] "GET /wp-includes/wp-includes/class-wp-dependencies.php HTTP/1.1" 404 54959 "-" "-"
185.215.232.194 - - [27/Aug/2026:00:47:37 +0330] "GET /wp-includes//wp-includes/class-wp-dependency.php HTTP/1.1" 301 0 "-" "-"
185.215.232.194 - - [27/Aug/2026:00:47:40 +0330] "GET /wp-includes/wp-includes/class-wp-dependency.php HTTP/1.1" 404 54959 "-" "-"
185.215.232.194 - - [27/Aug/2026:00:47:42 +0330] "GET /wp-add.php HTTP/1.1" 404 13731 "-" "Mozilla/5.0 (Windows NT 10.0; Win64; x64) AppleWebKit/537.36 (KHTML, like Gecko) Chrome/120.0.0.0 Safari/537.36"
185.215.232.194 - - [27/Aug/2026:00:47:44 +0330] "GET /wp-includes//wp-includes/class-wp-duotone.php HTTP/1.1" 301 0 "-" "-"
185.215.232.194 - - [27/Aug/2026:00:47:45 +0330] "GET /0.php HTTP/1.1" 404 13731 "-" "Mozilla/5.0 (Windows NT 10.0; Win64; x64) AppleWebKit/537.36 (KHTML, like Gecko) Chrome/120.0.0.0 Safari/537.36"
185.215.232.194 - - [27/Aug/2026:00:47:47 +0330] "GET /wp-includes/wp-includes/class-wp-duotone.php HTTP/1.1" 404 54959 "-" "-"
185.215.232.194 - - [27/Aug/2026:00:47:49 +0330] "GET /new.php HTTP/1.1" 404 13731 "-" "Mozilla/5.0 (Windows NT 10.0; Win64; x64) AppleWebKit/537.36 (KHTML, like Gecko) Chrome/120.0.0.0 Safari/537.36"
185.215.232.194 - - [27/Aug/2026:00:47:51 +0330] "GET /admin.php HTTP/1.1" 404 13731 "-" "Mozilla/5.0 (Windows NT 10.0; Win64; x64) AppleWebKit/537.36 (KHTML, like Gecko) Chrome/120.0.0.0 Safari/537.36"
185.215.232.193 - - [27/Aug/2026:00:47:54 +0330] "GET /index.php/vod/play/id/40531/sid/1/nid/1.html HTTP/1.1" 301 0 "https://www.mahdetejarat.com/index.php/vod/search.html?wd=%E7%94%B5%E8%AF%9D" "Mozilla/5.0 (Linux; Android 7.0;) AppleWebKit/537.36 (HTML, like Gecko) Mobile Safari/537.36 (compatible; PetalBot;+https://webmaster.petalsearch.com/site/petalbot)"
185.215.232.194 - - [27/Aug/2026:00:47:54 +0330] "GET /wp-includes//wp-includes/class-wp-editor.php HTTP/1.1" 301 0 "-" "-"
185.215.232.193 - - [27/Aug/2026:00:47:57 +0330] "GET /vod/play/id/40531/sid/1/nid/1.html HTTP/1.1" 404 13731 "https://www.mahdetejarat.com/index.php/vod/search.html?wd=%E7%94%B5%E8%AF%9D" "Mozilla/5.0 (Linux; Android 7.0;) AppleWebKit/537.36 (HTML, like Gecko) Mobile Safari/537.36 (compatible; PetalBot;+https://webmaster.petalsearch.com/site/petalbot)"
185.215.232.194 - - [27/Aug/2026:00:47:17 +0330] "GET /wp-includes/wp-includes/class-wp-customize-widgets.php HTTP/1.1" 404 54959 "-" "-"
185.215.232.194 - - [27/Aug/2026:00:47:22 +0330] "GET /wp-includes//wp-includes/class-wp-date-query.php HTTP/1.1" 301 0 "-" "-"
185.215.232.194 - - [27/Aug/2026:00:47:23 +0330] "GET /wp-includes/ID3/berlin.php HTTP/1.1" 404 13731 "-" "Mozilla/5.0 (Windows NT 10.0; Win64; x64) AppleWebKit/537.36 (KHTML, like Gecko) Chrome/120.0.0.0 Safari/537.36"
185.215.232.194 - - [27/Aug/2026:00:47:30 +0330] "GET /wp-includes//wp-includes/class-wp-dependencies.php HTTP/1.1" 301 0 "-" "-"
185.215.232.194 - - [27/Aug/2026:00:47:31 +0330] "GET /ggfi.php HTTP/1.1" 404 13731 "-" "Mozilla/5.0 (Windows NT 10.0; Win64; x64) AppleWebKit/537.36 (KHTML, like Gecko) Chrome/120.0.0.0 Safari/537.36"
185.215.232.194 - - [27/Aug/2026:00:47:34 +0330] "GET /index/function.php HTTP/1.1" 404 13731 "-" "Mozilla/5.0 (Windows NT 10.0; Win64; x64) AppleWebKit/537.36 (KHTML, like Gecko) Chrome/120.0.0.0 Safari/537.36"
185.215.232.194 - - [27/Aug/2026:00:47:38 +0330] "GET /buy.php HTTP/1.1" 404 13731 "-" "Mozilla/5.0 (Windows NT 10.0; Win64; x64) AppleWebKit/537.36 (KHTML, like Gecko) Chrome/120.0.0.0 Safari/537.36"
185.215.232.194 - - [27/Aug/2026:00:47:47 +0330] "GET / HTTP/1.1" 200 25822 "-" "Mozilla/5.0 (Windows NT 10.0; Win64; x64) AppleWebKit/537.36 (KHTML, like Gecko) Chrome/120.0.0.0 Safari/537.36"
185.215.232.194 - - [27/Aug/2026:00:47:48 +0330] "GET /inputs.php HTTP/1.1" 404 13731 "-" "Mozilla/5.0 (Windows NT 10.0; Win64; x64) AppleWebKit/537.36 (KHTML, like Gecko) Chrome/120.0.0.0 Safari/537.36"
94.101.182.6 - - [27/Aug/2026:00:47:57 +0330] "POST /wp-cron.php?doing_wp_cron=1787779077.1593019962310791015625 HTTP/1.1" 200 0 "-" "WordPress/6.9.1; https://mahdetejarat.com"
185.215.232.194 - - [27/Aug/2026:00:47:54 +0330] "GET /as.php HTTP/1.1" 404 13731 "-" "Mozilla/5.0 (Windows NT 10.0; Win64; x64) AppleWebKit/537.36 (KHTML, like Gecko) Chrome/120.0.0.0 Safari/537.36"
185.215.232.194 - - [27/Aug/2026:00:47:55 +0330] "GET /goods.php HTTP/1.1" 404 13731 "-" "Mozilla/5.0 (Windows NT 10.0; Win64; x64) AppleWebKit/537.36 (KHTML, like Gecko) Chrome/120.0.0.0 Safari/537.36"
185.215.232.194 - - [27/Aug/2026:00:47:57 +0330] "GET /wp-includes/wp-includes/class-wp-editor.php HTTP/1.1" 404 54959 "-" "-"
185.215.232.194 - - [27/Aug/2026:00:47:58 +0330] "GET /ds.php HTTP/1.1" 404 13731 "-" "Mozilla/5.0 (Windows NT 10.0; Win64; x64) AppleWebKit/537.36 (KHTML, like Gecko) Chrome/120.0.0.0 Safari/537.36"
185.215.232.194 - - [27/Aug/2026:00:48:02 +0330] "GET /wp-includes//wp-includes/class-wp-embed.php HTTP/1.1" 301 0 "-" "-"
185.215.232.194 - - [27/Aug/2026:00:48:03 +0330] "GET /error.php HTTP/1.1" 404 13731 "-" "Mozilla/5.0 (Windows NT 10.0; Win64; x64) AppleWebKit/537.36 (KHTML, like Gecko) Chrome/120.0.0.0 Safari/537.36"
185.215.232.194 - - [27/Aug/2026:00:48:04 +0330] "GET /wp-content/themes/admin.php HTTP/1.1" 404 13731 "-" "Mozilla/5.0 (Windows NT 10.0; Win64; x64) AppleWebKit/537.36 (KHTML, like Gecko) Chrome/120.0.0.0 Safari/537.36"
94.101.182.6 - - [27/Aug/2026:00:48:09 +0330] "POST /wp-cron.php?doing_wp_cron=1787779089.1735680103302001953125 HTTP/1.1" 200 0 "-" "WordPress/6.9.1; https://mahdetejarat.com"
185.215.232.194 - - [27/Aug/2026:00:48:06 +0330] "GET /wp-includes/wp-includes/class-wp-embed.php HTTP/1.1" 404 54959 "-" "-"
185.215.232.194 - - [27/Aug/2026:00:48:07 +0330] "GET /NewFile.php HTTP/1.1" 404 13731 "-" "Mozilla/5.0 (Windows NT 10.0; Win64; x64) AppleWebKit/537.36 (KHTML, like Gecko) Chrome/120.0.0.0 Safari/537.36"
185.215.232.194 - - [27/Aug/2026:00:48:08 +0330] "GET /adminfuns.php HTTP/1.1" 404 13731 "-" "Mozilla/5.0 (Windows NT 10.0; Win64; x64) AppleWebKit/537.36 (KHTML, like Gecko) Chrome/120.0.0.0 Safari/537.36"
185.215.232.194 - - [27/Aug/2026:00:48:11 +0330] "GET /404.php HTTP/1.1" 404 13731 "-" "Mozilla/5.0 (Windows NT 10.0; Win64; x64) AppleWebKit/537.36 (KHTML, like Gecko) Chrome/120.0.0.0 Safari/537.36"
185.215.232.194 - - [27/Aug/2026:00:48:00 +0330] "GET /file.php HTTP/1.1" 404 13731 "-" "Mozilla/5.0 (Windows NT 10.0; Win64; x64) AppleWebKit/537.36 (KHTML, like Gecko) Chrome/120.0.0.0 Safari/537.36"
94.101.182.11 - - [27/Aug/2026:00:48:00 +0330] "GET /product/bw600/ HTTP/1.1" 200 19450 "-" "Mozilla/5.0 (Windows NT 10.0; Win64; x64) AppleWebKit/537.36 (KHTML, like Gecko) Chrome/120.0.0.0 Safari/537.36"
185.215.232.194 - - [27/Aug/2026:00:48:09 +0330] "GET /wp-includes//wp-includes/class-wp-error.php HTTP/1.1" 301 0 "-" "-"
185.215.232.194 - - [27/Aug/2026:00:48:10 +0330] "GET /simple.php HTTP/1.1" 404 13731 "-" "Mozilla/5.0 (Windows NT 10.0; Win64; x64) AppleWebKit/537.36 (KHTML, like Gecko) Chrome/120.0.0.0 Safari/537.36"
185.215.232.194 - - [27/Aug/2026:00:48:12 +0330] "GET /wp-includes/wp-includes/class-wp-error.php HTTP/1.1" 404 54959 "-" "-"
185.215.232.194 - - [27/Aug/2026:00:48:15 +0330] "GET /c.php HTTP/1.1" 404 13731 "-" "Mozilla/5.0 (Windows NT 10.0; Win64; x64) AppleWebKit/537.36 (KHTML, like Gecko) Chrome/120.0.0.0 Safari/537.36"
185.215.232.194 - - [27/Aug/2026:00:48:16 +0330] "GET /m.php HTTP/1.1" 404 13731 "-" "Mozilla/5.0 (Windows NT 10.0; Win64; x64) AppleWebKit/537.36 (KHTML, like Gecko) Chrome/120.0.0.0 Safari/537.36"
185.215.232.194 - - [27/Aug/2026:00:48:17 +0330] "GET /wp-includes//wp-includes/class-wp-exception.php HTTP/1.1" 301 0 "-" "-"
185.215.232.194 - - [27/Aug/2026:00:48:18 +0330] "GET /class-wp-lock.php HTTP/1.1" 404 13731 "-" "Mozilla/5.0 (Windows NT 10.0; Win64; x64) AppleWebKit/537.36 (KHTML, like Gecko) Chrome/120.0.0.0 Safari/537.36"
185.215.232.194 - - [27/Aug/2026:00:48:19 +0330] "GET /wp-content.php HTTP/1.1" 404 13731 "-" "Mozilla/5.0 (Windows NT 10.0; Win64; x64) AppleWebKit/537.36 (KHTML, like Gecko) Chrome/120.0.0.0 Safari/537.36"
185.215.232.194 - - [27/Aug/2026:00:48:20 +0330] "GET /wp-includes/wp-includes/class-wp-exception.php HTTP/1.1" 404 54959 "-" "-"
185.215.232.194 - - [27/Aug/2026:00:48:24 +0330] "GET /wp-includes//wp-includes/class-wp-fatal-error-handler.php HTTP/1.1" 301 0 "-" "-"
185.215.232.194 - - [27/Aug/2026:00:48:25 +0330] "GET /wp-login.php HTTP/1.1" 200 3375 "-" "Mozilla/5.0 (Windows NT 10.0; Win64; x64) AppleWebKit/537.36 (KHTML, like Gecko) Chrome/151.0.0.0 Safari/537.36"
185.215.232.194 - - [27/Aug/2026:00:48:30 +0330] "GET /wp/xleet.php HTTP/1.1" 403 787 "-" "Mozilla/5.0 (Windows NT 10.0; Win64; x64) AppleWebKit/537.36 (KHTML, like Gecko) Chrome/120.0.0.0 Safari/537.36"
185.215.232.194 - - [27/Aug/2026:00:48:28 +0330] "POST /wp-login.php HTTP/1.1" 200 3537 "-" "Mozilla/5.0 (Windows NT 10.0; Win64; x64) AppleWebKit/537.36 (KHTML, like Gecko) Chrome/151.0.0.0 Safari/537.36"
185.215.232.194 - - [27/Aug/2026:00:48:30 +0330] "GET /wp-admin/css/wp-login.php HTTP/1.1" 404 13731 "-" "Mozilla/5.0 (Windows NT 10.0; Win64; x64) AppleWebKit/537.36 (KHTML, like Gecko) Chrome/120.0.0.0 Safari/537.36"
185.215.232.194 - - [27/Aug/2026:00:48:31 +0330] "GET /alfanew.php HTTP/1.1" 404 13731 "-" "Mozilla/5.0 (Windows NT 10.0; Win64; x64) AppleWebKit/537.36 (KHTML, like Gecko) Chrome/120.0.0.0 Safari/537.36"
185.215.232.194 - - [27/Aug/2026:00:48:34 +0330] "GET /wk/index.php HTTP/1.1" 301 0 "-" "Mozilla/5.0 (Windows NT 10.0; Win64; x64) AppleWebKit/537.36 (KHTML, like Gecko) Chrome/120.0.0.0 Safari/537.36"
185.215.232.194 - - [27/Aug/2026:00:48:34 +0330] "GET /wp-includes/wp-includes/class-wp-feed-cache-transient.php HTTP/1.1" 404 54959 "-" "-"
185.215.232.194 - - [27/Aug/2026:00:48:36 +0330] "GET /222.php HTTP/1.1" 404 13731 "-" "Mozilla/5.0 (Windows NT 10.0; Win64; x64) AppleWebKit/537.36 (KHTML, like Gecko) Chrome/120.0.0.0 Safari/537.36"
185.215.232.194 - - [27/Aug/2026:00:48:38 +0330] "GET /index/function.php HTTP/1.1" 404 13731 "-" "Mozilla/5.0 (Windows NT 10.0; Win64; x64) AppleWebKit/537.36 (KHTML, like Gecko) Chrome/120.0.0.0 Safari/537.36"
185.215.232.194 - - [27/Aug/2026:00:48:39 +0330] "GET /wp-includes//wp-includes/class-wp-feed-cache.php HTTP/1.1" 301 0 "-" "-"
185.215.232.194 - - [27/Aug/2026:00:48:19 +0330] "GET /wp-cron.php HTTP/1.1" 200 0 "-" "Mozilla/5.0 (Windows NT 10.0; Win64; x64) AppleWebKit/537.36 (KHTML, like Gecko) Chrome/120.0.0.0 Safari/537.36"
185.215.232.194 - - [27/Aug/2026:00:48:22 +0330] "GET /baxa1.php HTTP/1.1" 404 13731 "-" "Mozilla/5.0 (Windows NT 10.0; Win64; x64) AppleWebKit/537.36 (KHTML, like Gecko) Chrome/120.0.0.0 Safari/537.36"
185.215.232.194 - - [27/Aug/2026:00:48:23 +0330] "GET /wp-admin/images/admin.php HTTP/1.1" 404 13731 "-" "Mozilla/5.0 (Windows NT 10.0; Win64; x64) AppleWebKit/537.36 (KHTML, like Gecko) Chrome/120.0.0.0 Safari/537.36"
185.215.232.194 - - [27/Aug/2026:00:48:27 +0330] "GET /wp-includes/ID3/index.php HTTP/1.1" 301 0 "-" "Mozilla/5.0 (Windows NT 10.0; Win64; x64) AppleWebKit/537.36 (KHTML, like Gecko) Chrome/120.0.0.0 Safari/537.36"
185.215.232.194 - - [27/Aug/2026:00:48:26 +0330] "GET /xda.php HTTP/1.1" 404 13731 "-" "Mozilla/5.0 (Windows NT 10.0; Win64; x64) AppleWebKit/537.36 (KHTML, like Gecko) Chrome/120.0.0.0 Safari/537.36"
185.215.232.194 - - [27/Aug/2026:00:48:27 +0330] "GET /wp-includes/wp-includes/class-wp-fatal-error-handler.php HTTP/1.1" 404 54959 "-" "-"
185.215.232.194 - - [27/Aug/2026:00:48:32 +0330] "GET /wp-includes//wp-includes/class-wp-feed-cache-transient.php HTTP/1.1" 301 0 "-" "-"
185.215.232.194 - - [27/Aug/2026:00:48:34 +0330] "GET /wp-content/1.php HTTP/1.1" 404 13731 "-" "Mozilla/5.0 (Windows NT 10.0; Win64; x64) AppleWebKit/537.36 (KHTML, like Gecko) Chrome/120.0.0.0 Safari/537.36"
185.215.232.194 - - [27/Aug/2026:00:48:40 +0330] "GET /mini.php HTTP/1.1" 404 13731 "-" "Mozilla/5.0 (Windows NT 10.0; Win64; x64) AppleWebKit/537.36 (KHTML, like Gecko) Chrome/120.0.0.0 Safari/537.36"
185.215.232.194 - - [27/Aug/2026:00:48:42 +0330] "GET /wp-includes/wp-includes/class-wp-feed-cache.php HTTP/1.1" 404 54959 "-" "-"
185.215.232.194 - - [27/Aug/2026:00:48:43 +0330] "GET /b.php HTTP/1.1" 404 13731 "-" "Mozilla/5.0 (Windows NT 10.0; Win64; x64) AppleWebKit/537.36 (KHTML, like Gecko) Chrome/120.0.0.0 Safari/537.36"
185.215.232.194 - - [27/Aug/2026:00:48:44 +0330] "GET /wp-mail.php HTTP/1.1" 403 1033 "-" "Mozilla/5.0 (Windows NT 10.0; Win64; x64) AppleWebKit/537.36 (KHTML, like Gecko) Chrome/120.0.0.0 Safari/537.36"
185.215.232.195 - - [27/Aug/2026:00:48:47 +0330] "GET / HTTP/1.1" 301 0 "http://www.mahdetejarat.com" "Mozilla/5.0 (iPhone; CPU iPhone OS 13_2_3 like Mac OS X) AppleWebKit/605.1.15 (KHTML, like Gecko) Version/13.0.3 Mobile/15E148 Safari/604.1"
185.215.232.194 - - [27/Aug/2026:00:48:46 +0330] "GET /css.php HTTP/1.1" 404 13731 "-" "Mozilla/5.0 (Windows NT 10.0; Win64; x64) AppleWebKit/537.36 (KHTML, like Gecko) Chrome/120.0.0.0 Safari/537.36"
185.215.232.194 - - [27/Aug/2026:00:48:51 +0330] "GET /wp-content/cong.php HTTP/1.1" 404 13731 "-" "Mozilla/5.0 (Windows NT 10.0; Win64; x64) AppleWebKit/537.36 (KHTML, like Gecko) Chrome/120.0.0.0 Safari/537.36"
185.215.232.194 - - [27/Aug/2026:00:48:51 +0330] "GET /jp.php HTTP/1.1" 404 13731 "-" "Mozilla/5.0 (Windows NT 10.0; Win64; x64) AppleWebKit/537.36 (KHTML, like Gecko) Chrome/120.0.0.0 Safari/537.36"
94.101.182.6 - - [27/Aug/2026:00:48:56 +0330] "POST /wp-cron.php?doing_wp_cron=1787779136.4656488895416259765625 HTTP/1.1" 200 0 "-" "WordPress/6.9.1; https://mahdetejarat.com"
185.215.232.194 - - [27/Aug/2026:00:48:56 +0330] "GET /wp-includes/wp-includes/class-wp-http-cookie.php HTTP/1.1" 404 54959 "-" "-"
185.215.232.194 - - [27/Aug/2026:00:49:01 +0330] "GET /wp-includes//wp-includes/class-wp-http-curl.php HTTP/1.1" 301 0 "-" "-"
185.215.232.194 - - [27/Aug/2026:00:48:59 +0330] "GET /404.php HTTP/1.1" 404 13731 "-" "Mozilla/5.0 (Windows NT 10.0; Win64; x64) AppleWebKit/537.36 (KHTML, like Gecko) Chrome/120.0.0.0 Safari/537.36"
185.215.232.194 - - [27/Aug/2026:00:49:03 +0330] "GET /wp-includes/wp-includes/class-wp-http-curl.php HTTP/1.1" 404 54959 "-" "-"
185.215.232.194 - - [27/Aug/2026:00:49:05 +0330] "GET /w.php HTTP/1.1" 404 13731 "-" "Mozilla/5.0 (Windows NT 10.0; Win64; x64) AppleWebKit/537.36 (KHTML, like Gecko) Chrome/120.0.0.0 Safari/537.36"
185.215.232.194 - - [27/Aug/2026:00:48:42 +0330] "GET /c99.php? HTTP/1.1" 403 787 "-" "Mozilla/5.0 (Windows NT 10.0; Win64; x64) AppleWebKit/537.36 (KHTML, like Gecko) Chrome/120.0.0.0 Safari/537.36"
185.215.232.194 - - [27/Aug/2026:00:48:46 +0330] "GET /wp-includes//wp-includes/class-wp-hook.php HTTP/1.1" 301 0 "-" "-"
185.215.232.194 - - [27/Aug/2026:00:48:47 +0330] "GET /aa.php HTTP/1.1" 404 13731 "-" "Mozilla/5.0 (Windows NT 10.0; Win64; x64) AppleWebKit/537.36 (KHTML, like Gecko) Chrome/120.0.0.0 Safari/537.36"
185.215.232.195 - - [27/Aug/2026:00:48:52 +0330] "GET / HTTP/1.1" 200 25822 "https://www.mahdetejarat.com/" "Mozilla/5.0 (iPhone; CPU iPhone OS 13_2_3 like Mac OS X) AppleWebKit/605.1.15 (KHTML, like Gecko) Version/13.0.3 Mobile/15E148 Safari/604.1"
185.215.232.194 - - [27/Aug/2026:00:48:49 +0330] "GET /wp-includes/wp-includes/class-wp-hook.php HTTP/1.1" 404 54959 "-" "-"
185.215.232.194 - - [27/Aug/2026:00:48:53 +0330] "GET /wp-includes//wp-includes/class-wp-http-cookie.php HTTP/1.1" 301 0 "-" "-"
185.215.232.194 - - [27/Aug/2026:00:48:55 +0330] "GET /c.php HTTP/1.1" 404 13731 "-" "Mozilla/5.0 (Windows NT 10.0; Win64; x64) AppleWebKit/537.36 (KHTML, like Gecko) Chrome/120.0.0.0 Safari/537.36"
94.101.182.6 - - [27/Aug/2026:00:48:59 +0330] "POST /wp-cron.php?doing_wp_cron=1787779139.3139259815216064453125 HTTP/1.1" 200 0 "-" "WordPress/6.9.1; https://mahdetejarat.com"
185.215.232.194 - - [27/Aug/2026:00:48:55 +0330] "GET /12.php HTTP/1.1" 404 13731 "-" "Mozilla/5.0 (Windows NT 10.0; Win64; x64) AppleWebKit/537.36 (KHTML, like Gecko) Chrome/120.0.0.0 Safari/537.36"
185.215.232.194 - - [27/Aug/2026:00:48:58 +0330] "GET /f.php HTTP/1.1" 404 13731 "-" "Mozilla/5.0 (Windows NT 10.0; Win64; x64) AppleWebKit/537.36 (KHTML, like Gecko) Chrome/120.0.0.0 Safari/537.36"
185.215.232.194 - - [27/Aug/2026:00:49:02 +0330] "GET /wp-includes/SimplePie/wp-login.php HTTP/1.1" 404 13731 "-" "Mozilla/5.0 (Windows NT 10.0; Win64; x64) AppleWebKit/537.36 (KHTML, like Gecko) Chrome/120.0.0.0 Safari/537.36"
185.215.232.194 - - [27/Aug/2026:00:49:03 +0330] "GET /GOD.php HTTP/1.1" 404 13731 "-" "Mozilla/5.0 (Windows NT 10.0; Win64; x64) AppleWebKit/537.36 (KHTML, like Gecko) Chrome/120.0.0.0 Safari/537.36"
185.215.232.194 - - [27/Aug/2026:00:49:14 +0330] "GET /al.php HTTP/1.1" 404 13731 "-" "Mozilla/5.0 (Windows NT 10.0; Win64; x64) AppleWebKit/537.36 (KHTML, like Gecko) Chrome/120.0.0.0 Safari/537.36"
185.215.232.194 - - [27/Aug/2026:00:49:16 +0330] "GET /wp-includes/customize/index.php HTTP/1.1" 301 0 "-" "Mozilla/5.0 (Windows NT 10.0; Win64; x64) AppleWebKit/537.36 (KHTML, like Gecko) Chrome/120.0.0.0 Safari/537.36"
185.215.232.193 - - [27/Aug/2026:00:49:17 +0330] "GET /index.php/vod/play/id/23005/sid/1/nid/1.html HTTP/1.1" 301 0 "https://mahdetejarat.com/index.php/vod/play/id/37504/sid/1/nid/1.html" "Mozilla/5.0 (Linux; Android 7.0;) AppleWebKit/537.36 (HTML, like Gecko) Mobile Safari/537.36 (compatible; PetalBot;+https://webmaster.petalsearch.com/site/petalbot)"
185.215.232.194 - - [27/Aug/2026:00:49:18 +0330] "GET /byp.php HTTP/1.1" 404 13731 "-" "Mozilla/5.0 (Windows NT 10.0; Win64; x64) AppleWebKit/537.36 (KHTML, like Gecko) Chrome/120.0.0.0 Safari/537.36"
185.215.232.194 - - [27/Aug/2026:00:49:19 +0330] "GET /gmo.php HTTP/1.1" 404 13731 "-" "Mozilla/5.0 (Windows NT 10.0; Win64; x64) AppleWebKit/537.36 (KHTML, like Gecko) Chrome/120.0.0.0 Safari/537.36"
185.215.232.193 - - [27/Aug/2026:00:49:21 +0330] "GET /vod/play/id/23005/sid/1/nid/1.html HTTP/1.1" 404 13731 "https://mahdetejarat.com/index.php/vod/play/id/37504/sid/1/nid/1.html" "Mozilla/5.0 (Linux; Android 7.0;) AppleWebKit/537.36 (HTML, like Gecko) Mobile Safari/537.36 (compatible; PetalBot;+https://webmaster.petalsearch.com/site/petalbot)"
185.215.232.194 - - [27/Aug/2026:00:49:21 +0330] "GET /wander.php HTTP/1.1" 404 13731 "-" "Mozilla/5.0 (Windows NT 10.0; Win64; x64) AppleWebKit/537.36 (KHTML, like Gecko) Chrome/120.0.0.0 Safari/537.36"
185.215.232.194 - - [27/Aug/2026:00:49:07 +0330] "GET /wp-includes//wp-includes/class-wp-http-encoding.php HTTP/1.1" 301 0 "-" "-"
185.215.232.194 - - [27/Aug/2026:00:49:07 +0330] "GET /admin/function.php HTTP/1.1" 404 13731 "-" "Mozilla/5.0 (Windows NT 10.0; Win64; x64) AppleWebKit/537.36 (KHTML, like Gecko) Chrome/120.0.0.0 Safari/537.36"
185.215.232.194 - - [27/Aug/2026:00:49:09 +0330] "GET /admin/index.php HTTP/1.1" 301 0 "-" "Mozilla/5.0 (Windows NT 10.0; Win64; x64) AppleWebKit/537.36 (KHTML, like Gecko) Chrome/120.0.0.0 Safari/537.36"
185.215.232.194 - - [27/Aug/2026:00:49:10 +0330] "GET /wp-includes/wp-includes/class-wp-http-encoding.php HTTP/1.1" 404 54959 "-" "-"
185.215.232.194 - - [27/Aug/2026:00:49:10 +0330] "GET /f35.php HTTP/1.1" 404 13731 "-" "Mozilla/5.0 (Windows NT 10.0; Win64; x64) AppleWebKit/537.36 (KHTML, like Gecko) Chrome/120.0.0.0 Safari/537.36"
185.215.232.194 - - [27/Aug/2026:00:49:12 +0330] "GET /av.php HTTP/1.1" 404 13731 "-" "Mozilla/5.0 (Windows NT 10.0; Win64; x64) AppleWebKit/537.36 (KHTML, like Gecko) Chrome/120.0.0.0 Safari/537.36"
185.215.232.194 - - [27/Aug/2026:00:49:14 +0330] "GET /wp-includes//wp-includes/class-wp-http-ixr-client.php HTTP/1.1" 301 0 "-" "-"
185.215.232.194 - - [27/Aug/2026:00:49:17 +0330] "GET /wp-includes/wp-includes/class-wp-http-ixr-client.php HTTP/1.1" 404 54959 "-" "-"
185.215.232.194 - - [27/Aug/2026:00:49:21 +0330] "GET /wp-includes//wp-includes/class-wp-http-proxy.php HTTP/1.1" 301 0 "-" "-"
185.215.232.194 - - [27/Aug/2026:00:49:25 +0330] "GET /en.php HTTP/1.1" 404 13731 "-" "Mozilla/5.0 (Windows NT 10.0; Win64; x64) AppleWebKit/537.36 (KHTML, like Gecko) Chrome/120.0.0.0 Safari/537.36"
185.215.232.194 - - [27/Aug/2026:00:49:26 +0330] "GET /classwithtostring.php HTTP/1.1" 404 13731 "-" "Mozilla/5.0 (Windows NT 10.0; Win64; x64) AppleWebKit/537.36 (KHTML, like Gecko) Chrome/120.0.0.0 Safari/537.36"
185.215.232.194 - - [27/Aug/2026:00:49:28 +0330] "GET /wp-includes//wp-includes/class-wp-http-requests-hooks.php HTTP/1.1" 301 0 "-" "-"
185.215.232.194 - - [27/Aug/2026:00:49:32 +0330] "GET /control.php HTTP/1.1" 404 13731 "-" "Mozilla/5.0 (Windows NT 10.0; Win64; x64) AppleWebKit/537.36 (KHTML, like Gecko) Chrome/120.0.0.0 Safari/537.36"
185.215.232.194 - - [27/Aug/2026:00:49:33 +0330] "GET /config.php HTTP/1.1" 404 13731 "-" "Mozilla/5.0 (Windows NT 10.0; Win64; x64) AppleWebKit/537.36 (KHTML, like Gecko) Chrome/120.0.0.0 Safari/537.36"
185.215.232.194 - - [27/Aug/2026:00:49:35 +0330] "GET /wp-includes//wp-includes/class-wp-http-requests-response.php HTTP/1.1" 301 0 "-" "-"
185.215.232.194 - - [27/Aug/2026:00:49:39 +0330] "GET /content.php HTTP/1.1" 404 13731 "-" "Mozilla/5.0 (Windows NT 10.0; Win64; x64) AppleWebKit/537.36 (KHTML, like Gecko) Chrome/120.0.0.0 Safari/537.36"
185.215.232.194 - - [27/Aug/2026:00:49:43 +0330] "GET /ee.php HTTP/1.1" 404 13731 "-" "Mozilla/5.0 (Windows NT 10.0; Win64; x64) AppleWebKit/537.36 (KHTML, like Gecko) Chrome/120.0.0.0 Safari/537.36"
185.215.232.194 - - [27/Aug/2026:00:49:45 +0330] "GET /wp-includes/wp-includes/class-wp-http-response.php HTTP/1.1" 404 54959 "-" "-"
185.215.232.194 - - [27/Aug/2026:00:49:47 +0330] "GET /moon.php HTTP/1.1" 404 13731 "-" "Mozilla/5.0 (Windows NT 10.0; Win64; x64) AppleWebKit/537.36 (KHTML, like Gecko) Chrome/120.0.0.0 Safari/537.36"
185.215.232.194 - - [27/Aug/2026:00:49:48 +0330] "GET /about.php HTTP/1.1" 404 13729 "-" "Mozilla/5.0 (Windows NT 10.0; Win64; x64) AppleWebKit/537.36 (KHTML, like Gecko) Chrome/120.0.0.0 Safari/537.36"
94.101.183.3 - - [27/Aug/2026:00:50:01 +0330] "POST /wp-cron.php?doing_wp_cron=1787779201.2738730907440185546875 HTTP/1.1" 200 0 "-" "WordPress/6.9.1; https://mahdetejarat.com"
185.215.232.194 - - [27/Aug/2026:00:49:58 +0330] "GET /wsa.php HTTP/1.1" 404 13731 "-" "Mozilla/5.0 (Windows NT 10.0; Win64; x64) AppleWebKit/537.36 (KHTML, like Gecko) Chrome/120.0.0.0 Safari/537.36"
94.101.183.3 - - [27/Aug/2026:00:50:01 +0330] "POST /wp-cron.php?doing_wp_cron=1787779201.2646620273590087890625 HTTP/1.1" 200 0 "-" "WordPress/6.9.1; https://mahdetejarat.com"
185.215.232.194 - - [27/Aug/2026:00:49:22 +0330] "GET /term.php HTTP/1.1" 404 13731 "-" "Mozilla/5.0 (Windows NT 10.0; Win64; x64) AppleWebKit/537.36 (KHTML, like Gecko) Chrome/120.0.0.0 Safari/537.36"
185.215.232.194 - - [27/Aug/2026:00:49:24 +0330] "GET /wp-includes/wp-includes/class-wp-http-proxy.php HTTP/1.1" 404 54959 "-" "-"
185.215.232.194 - - [27/Aug/2026:00:49:28 +0330] "GET /help.php HTTP/1.1" 404 13731 "-" "Mozilla/5.0 (Windows NT 10.0; Win64; x64) AppleWebKit/537.36 (KHTML, like Gecko) Chrome/120.0.0.0 Safari/537.36"
185.215.232.194 - - [27/Aug/2026:00:49:29 +0330] "GET /wp-admin/css/admin.php HTTP/1.1" 404 13731 "-" "Mozilla/5.0 (Windows NT 10.0; Win64; x64) AppleWebKit/537.36 (KHTML, like Gecko) Chrome/120.0.0.0 Safari/537.36"
185.215.232.194 - - [27/Aug/2026:00:49:31 +0330] "GET /wp-includes/wp-includes/class-wp-http-requests-hooks.php HTTP/1.1" 404 54959 "-" "-"
185.215.232.194 - - [27/Aug/2026:00:49:36 +0330] "GET //wp-2019.php HTTP/1.1" 301 0 "-" "Mozilla/5.0 (Windows NT 10.0; Win64; x64) AppleWebKit/537.36 (KHTML, like Gecko) Chrome/120.0.0.0 Safari/537.36"
185.215.232.194 - - [27/Aug/2026:00:49:36 +0330] "GET /php.php HTTP/1.1" 404 13731 "-" "Mozilla/5.0 (Windows NT 10.0; Win64; x64) AppleWebKit/537.36 (KHTML, like Gecko) Chrome/120.0.0.0 Safari/537.36"
185.215.232.194 - - [27/Aug/2026:00:49:38 +0330] "GET /wp-includes/wp-includes/class-wp-http-requests-response.php HTTP/1.1" 404 54959 "-" "-"
185.215.232.194 - - [27/Aug/2026:00:49:40 +0330] "GET /init.php HTTP/1.1" 404 13731 "-" "Mozilla/5.0 (Windows NT 10.0; Win64; x64) AppleWebKit/537.36 (KHTML, like Gecko) Chrome/120.0.0.0 Safari/537.36"
185.215.232.194 - - [27/Aug/2026:00:49:44 +0330] "GET /wp-admin/css/colors/modern/ HTTP/1.1" 200 744 "-" "Mozilla/5.0 (Windows NT 10.0; Win64; x64) AppleWebKit/537.36 (KHTML, like Gecko) Chrome/120.0.0.0 Safari/537.36"
185.215.232.194 - - [27/Aug/2026:00:49:42 +0330] "GET /wp-includes//wp-includes/class-wp-http-response.php HTTP/1.1" 301 0 "-" "-"
185.215.232.194 - - [27/Aug/2026:00:49:44 +0330] "GET /1.php HTTP/1.1" 404 13731 "-" "Mozilla/5.0 (Windows NT 10.0; Win64; x64) AppleWebKit/537.36 (KHTML, like Gecko) Chrome/120.0.0.0 Safari/537.36"
185.215.232.194 - - [27/Aug/2026:00:49:49 +0330] "GET /wp-includes//wp-includes/class-wp-http-streams.php HTTP/1.1" 301 0 "-" "-"
185.215.232.194 - - [27/Aug/2026:00:49:50 +0330] "GET /s.php HTTP/1.1" 404 13731 "-" "Mozilla/5.0 (Windows NT 10.0; Win64; x64) AppleWebKit/537.36 (KHTML, like Gecko) Chrome/120.0.0.0 Safari/537.36"
185.215.232.194 - - [27/Aug/2026:00:49:51 +0330] "GET /ioxi-o.php HTTP/1.1" 404 13731 "-" "Mozilla/5.0 (Windows NT 10.0; Win64; x64) AppleWebKit/537.36 (KHTML, like Gecko) Chrome/120.0.0.0 Safari/537.36"
185.215.232.194 - - [27/Aug/2026:00:49:51 +0330] "GET /wp-includes/wp-includes/class-wp-http-streams.php HTTP/1.1" 404 54959 "-" "-"
185.215.232.194 - - [27/Aug/2026:00:49:54 +0330] "GET /alfa.php HTTP/1.1" 404 13731 "-" "Mozilla/5.0 (Windows NT 10.0; Win64; x64) AppleWebKit/537.36 (KHTML, like Gecko) Chrome/120.0.0.0 Safari/537.36"
185.215.232.194 - - [27/Aug/2026:00:49:54 +0330] "GET /webadmin.php HTTP/1.1" 404 13731 "-" "Mozilla/5.0 (Windows NT 10.0; Win64; x64) AppleWebKit/537.36 (KHTML, like Gecko) Chrome/120.0.0.0 Safari/537.36"
94.101.183.3 - - [27/Aug/2026:00:49:59 +0330] "POST /wp-cron.php?doing_wp_cron=1787779199.5174770355224609375000 HTTP/1.1" 200 0 "-" "WordPress/6.9.1; https://mahdetejarat.com"
185.215.232.194 - - [27/Aug/2026:00:49:56 +0330] "GET /wp-includes//wp-includes/class-wp-http.php HTTP/1.1" 301 0 "-" "-"
185.215.232.194 - - [27/Aug/2026:00:49:57 +0330] "GET /edit.php HTTP/1.1" 404 13731 "-" "Mozilla/5.0 (Windows NT 10.0; Win64; x64) AppleWebKit/537.36 (KHTML, like Gecko) Chrome/120.0.0.0 Safari/537.36"
185.215.232.194 - - [27/Aug/2026:00:50:01 +0330] "GET /version.php HTTP/1.1" 404 13731 "-" "Mozilla/5.0 (Windows NT 10.0; Win64; x64) AppleWebKit/537.36 (KHTML, like Gecko) Chrome/120.0.0.0 Safari/537.36"
185.215.232.194 - - [27/Aug/2026:00:49:59 +0330] "GET /wp-includes/wp-includes/class-wp-http.php HTTP/1.1" 404 54959 "-" "-"
185.215.232.194 - - [27/Aug/2026:00:50:01 +0330] "GET /elp.php HTTP/1.1" 404 13731 "-" "Mozilla/5.0 (Windows NT 10.0; Win64; x64) AppleWebKit/537.36 (KHTML, like Gecko) Chrome/120.0.0.0 Safari/537.36"
185.215.232.194 - - [27/Aug/2026:00:50:11 +0330] "GET /ws54.php HTTP/1.1" 404 13731 "-" "Mozilla/5.0 (Windows NT 10.0; Win64; x64) AppleWebKit/537.36 (KHTML, like Gecko) Chrome/120.0.0.0 Safari/537.36"
185.215.232.194 - - [27/Aug/2026:00:50:13 +0330] "GET /b0.php HTTP/1.1" 404 13731 "-" "Mozilla/5.0 (Windows NT 10.0; Win64; x64) AppleWebKit/537.36 (KHTML, like Gecko) Chrome/120.0.0.0 Safari/537.36"
185.215.232.194 - - [27/Aug/2026:00:50:21 +0330] "GET /wp-includes/wp-includes/class-wp-image-editor.php HTTP/1.1" 404 54959 "-" "-"
185.215.232.194 - - [27/Aug/2026:00:50:21 +0330] "GET /504.php HTTP/1.1" 404 13731 "-" "Mozilla/5.0 (Windows NT 10.0; Win64; x64) AppleWebKit/537.36 (KHTML, like Gecko) Chrome/120.0.0.0 Safari/537.36"
185.215.232.194 - - [27/Aug/2026:00:50:22 +0330] "GET /nw.php HTTP/1.1" 404 13731 "-" "Mozilla/5.0 (Windows NT 10.0; Win64; x64) AppleWebKit/537.36 (KHTML, like Gecko) Chrome/120.0.0.0 Safari/537.36"
185.215.232.194 - - [27/Aug/2026:00:50:25 +0330] "GET /xleet.php HTTP/1.1" 403 787 "-" "Mozilla/5.0 (Windows NT 10.0; Win64; x64) AppleWebKit/537.36 (KHTML, like Gecko) Chrome/120.0.0.0 Safari/537.36"
185.215.232.194 - - [27/Aug/2026:00:50:24 +0330] "GET /back.php HTTP/1.1" 404 13731 "-" "Mozilla/5.0 (Windows NT 10.0; Win64; x64) AppleWebKit/537.36 (KHTML, like Gecko) Chrome/120.0.0.0 Safari/537.36"
185.215.232.194 - - [27/Aug/2026:00:50:26 +0330] "GET /wp.php HTTP/1.1" 404 13731 "-" "Mozilla/5.0 (Windows NT 10.0; Win64; x64) AppleWebKit/537.36 (KHTML, like Gecko) Chrome/120.0.0.0 Safari/537.36"
185.215.232.194 - - [27/Aug/2026:00:50:29 +0330] "GET /155.php HTTP/1.1" 404 13731 "-" "Mozilla/5.0 (Windows NT 10.0; Win64; x64) AppleWebKit/537.36 (KHTML, like Gecko) Chrome/120.0.0.0 Safari/537.36"
185.215.232.194 - - [27/Aug/2026:00:50:31 +0330] "GET /wp-includes//wp-includes/class-wp-locale-switcher.php HTTP/1.1" 301 0 "-" "-"
185.215.232.194 - - [27/Aug/2026:00:50:32 +0330] "GET /96i.php HTTP/1.1" 404 13731 "-" "Mozilla/5.0 (Windows NT 10.0; Win64; x64) AppleWebKit/537.36 (KHTML, like Gecko) Chrome/120.0.0.0 Safari/537.36"
185.215.232.194 - - [27/Aug/2026:00:50:33 +0330] "GET /credits.php HTTP/1.1" 404 13731 "-" "Mozilla/5.0 (Windows NT 10.0; Win64; x64) AppleWebKit/537.36 (KHTML, like Gecko) Chrome/120.0.0.0 Safari/537.36"
185.215.232.194 - - [27/Aug/2026:00:50:35 +0330] "GET /wp-includes/wp-includes/class-wp-locale-switcher.php HTTP/1.1" 404 54959 "-" "-"
185.215.232.194 - - [27/Aug/2026:00:50:36 +0330] "GET /as.php HTTP/1.1" 404 13731 "-" "Mozilla/5.0 (Windows NT 10.0; Win64; x64) AppleWebKit/537.36 (KHTML, like Gecko) Chrome/120.0.0.0 Safari/537.36"
185.215.232.194 - - [27/Aug/2026:00:50:43 +0330] "GET /.well-known/ HTTP/1.1" 200 615 "-" "Mozilla/5.0 (Windows NT 10.0; Win64; x64) AppleWebKit/537.36 (KHTML, like Gecko) Chrome/120.0.0.0 Safari/537.36"
185.215.232.193 - - [27/Aug/2026:00:50:41 +0330] "GET /index.php/vod/play/id/4362/sid/1/nid/1.html HTTP/1.1" 301 0 "http://mahdetejarat.com/index.php/vod/play/id/4956/sid/1/nid/1.html" "Mozilla/5.0 (Linux; Android 7.0;) AppleWebKit/537.36 (HTML, like Gecko) Mobile Safari/537.36 (compatible; PetalBot;+https://webmaster.petalsearch.com/site/petalbot)"
185.215.232.194 - - [27/Aug/2026:00:50:42 +0330] "GET /wp-includes/wp-includes/class-wp-locale.php HTTP/1.1" 404 54959 "-" "-"
185.215.232.194 - - [27/Aug/2026:00:50:43 +0330] "GET /php8.php HTTP/1.1" 404 13731 "-" "Mozilla/5.0 (Windows NT 10.0; Win64; x64) AppleWebKit/537.36 (KHTML, like Gecko) Chrome/120.0.0.0 Safari/537.36"
185.215.232.194 - - [27/Aug/2026:00:50:46 +0330] "GET /wp-includes//wp-includes/class-wp-matchesmapregex.php HTTP/1.1" 301 0 "-" "-"
185.215.232.194 - - [27/Aug/2026:00:50:04 +0330] "GET /wp-includes//wp-includes/class-wp-image-editor-gd.php HTTP/1.1" 301 0 "-" "-"
94.101.183.3 - - [27/Aug/2026:00:50:08 +0330] "POST /wp-cron.php?doing_wp_cron=1787779208.7174038887023925781250 HTTP/1.1" 200 0 "-" "WordPress/6.9.1; https://mahdetejarat.com"
185.215.232.194 - - [27/Aug/2026:00:50:05 +0330] "GET /666.php HTTP/1.1" 404 13731 "-" "Mozilla/5.0 (Windows NT 10.0; Win64; x64) AppleWebKit/537.36 (KHTML, like Gecko) Chrome/120.0.0.0 Safari/537.36"
185.215.232.194 - - [27/Aug/2026:00:50:05 +0330] "GET /xxx.php HTTP/1.1" 404 13731 "-" "Mozilla/5.0 (Windows NT 10.0; Win64; x64) AppleWebKit/537.36 (KHTML, like Gecko) Chrome/120.0.0.0 Safari/537.36"
185.215.232.194 - - [27/Aug/2026:00:50:07 +0330] "GET /wp-includes/wp-includes/class-wp-image-editor-gd.php HTTP/1.1" 404 54959 "-" "-"
185.215.232.194 - - [27/Aug/2026:00:50:09 +0330] "GET /wp-admin/ HTTP/1.1" 302 0 "-" "Mozilla/5.0 (Windows NT 10.0; Win64; x64) AppleWebKit/537.36 (KHTML, like Gecko) Chrome/120.0.0.0 Safari/537.36"
185.215.232.194 - - [27/Aug/2026:00:50:09 +0330] "GET /alfanew.PHP7 HTTP/1.1" 404 13731 "-" "Mozilla/5.0 (Windows NT 10.0; Win64; x64) AppleWebKit/537.36 (KHTML, like Gecko) Chrome/120.0.0.0 Safari/537.36"
185.215.232.194 - - [27/Aug/2026:00:50:11 +0330] "GET /wp-includes//wp-includes/class-wp-image-editor-imagick.php HTTP/1.1" 301 0 "-" "-"
185.215.232.194 - - [27/Aug/2026:00:50:16 +0330] "GET /bala.php HTTP/1.1" 403 787 "-" "Mozilla/5.0 (Windows NT 10.0; Win64; x64) AppleWebKit/537.36 (KHTML, like Gecko) Chrome/120.0.0.0 Safari/537.36"
185.215.232.194 - - [27/Aug/2026:00:50:14 +0330] "GET /wp-includes/wp-includes/class-wp-image-editor-imagick.php HTTP/1.1" 404 54959 "-" "-"
185.215.232.194 - - [27/Aug/2026:00:50:15 +0330] "GET /deepseek_d.php HTTP/1.1" 404 13731 "-" "Mozilla/5.0 (Windows NT 10.0; Win64; x64) AppleWebKit/537.36 (KHTML, like Gecko) Chrome/120.0.0.0 Safari/537.36"
185.215.232.194 - - [27/Aug/2026:00:50:18 +0330] "GET /wp-includes//wp-includes/class-wp-image-editor.php HTTP/1.1" 301 0 "-" "-"
185.215.232.194 - - [27/Aug/2026:00:50:17 +0330] "GET /120f9.php HTTP/1.1" 404 13731 "-" "Mozilla/5.0 (Windows NT 10.0; Win64; x64) AppleWebKit/537.36 (KHTML, like Gecko) Chrome/120.0.0.0 Safari/537.36"
185.215.232.194 - - [27/Aug/2026:00:50:18 +0330] "GET /function/function.php HTTP/1.1" 404 13731 "-" "Mozilla/5.0 (Windows NT 10.0; Win64; x64) AppleWebKit/537.36 (KHTML, like Gecko) Chrome/120.0.0.0 Safari/537.36"
185.215.232.194 - - [27/Aug/2026:00:50:24 +0330] "GET /wp-includes//wp-includes/class-wp-list-util.php HTTP/1.1" 301 0 "-" "-"
185.215.232.194 - - [27/Aug/2026:00:50:27 +0330] "GET /wp-includes/wp-includes/class-wp-list-util.php HTTP/1.1" 404 54959 "-" "-"
185.215.232.194 - - [27/Aug/2026:00:50:29 +0330] "GET /cong.php HTTP/1.1" 404 13731 "-" "Mozilla/5.0 (Windows NT 10.0; Win64; x64) AppleWebKit/537.36 (KHTML, like Gecko) Chrome/120.0.0.0 Safari/537.36"
185.215.232.194 - - [27/Aug/2026:00:50:36 +0330] "GET /data.php HTTP/1.1" 404 13731 "-" "Mozilla/5.0 (Windows NT 10.0; Win64; x64) AppleWebKit/537.36 (KHTML, like Gecko) Chrome/120.0.0.0 Safari/537.36"
185.215.232.194 - - [27/Aug/2026:00:50:39 +0330] "GET /wp-includes//wp-includes/class-wp-locale.php HTTP/1.1" 301 0 "-" "-"
185.215.232.194 - - [27/Aug/2026:00:50:40 +0330] "GET /min.php HTTP/1.1" 404 13731 "-" "Mozilla/5.0 (Windows NT 10.0; Win64; x64) AppleWebKit/537.36 (KHTML, like Gecko) Chrome/120.0.0.0 Safari/537.36"
185.215.232.194 - - [27/Aug/2026:00:50:40 +0330] "GET /function.php HTTP/1.1" 404 13731 "-" "Mozilla/5.0 (Windows NT 10.0; Win64; x64) AppleWebKit/537.36 (KHTML, like Gecko) Chrome/120.0.0.0 Safari/537.36"
185.215.232.194 - - [27/Aug/2026:00:50:44 +0330] "GET /gzak2w.php HTTP/1.1" 404 13731 "-" "Mozilla/5.0 (Windows NT 10.0; Win64; x64) AppleWebKit/537.36 (KHTML, like Gecko) Chrome/120.0.0.0 Safari/537.36"
185.215.232.194 - - [27/Aug/2026:00:50:49 +0330] "GET /wp-includes/wp-includes/class-wp-matchesmapregex.php HTTP/1.1" 404 54959 "-" "-"
185.215.232.193 - - [27/Aug/2026:00:50:45 +0330] "GET /vod/play/id/4362/sid/1/nid/1.html HTTP/1.1" 404 13731 "http://mahdetejarat.com/index.php/vod/play/id/4956/sid/1/nid/1.html" "Mozilla/5.0 (Linux; Android 7.0;) AppleWebKit/537.36 (HTML, like Gecko) Mobile Safari/537.36 (compatible; PetalBot;+https://webmaster.petalsearch.com/site/petalbot)"
185.215.232.194 - - [27/Aug/2026:00:50:47 +0330] "GET /wp-content/admin.php HTTP/1.1" 404 13731 "-" "Mozilla/5.0 (Windows NT 10.0; Win64; x64) AppleWebKit/537.36 (KHTML, like Gecko) Chrome/120.0.0.0 Safari/537.36"
185.215.232.194 - - [27/Aug/2026:00:50:48 +0330] "GET /hehehehe.php HTTP/1.1" 404 13731 "-" "Mozilla/5.0 (Windows NT 10.0; Win64; x64) AppleWebKit/537.36 (KHTML, like Gecko) Chrome/120.0.0.0 Safari/537.36"
185.215.232.194 - - [27/Aug/2026:00:50:52 +0330] "GET /wp-content/themes/pridmag/il.php HTTP/1.1" 404 13731 "-" "Mozilla/5.0 (Windows NT 10.0; Win64; x64) AppleWebKit/537.36 (KHTML, like Gecko) Chrome/120.0.0.0 Safari/537.36"
185.215.232.194 - - [27/Aug/2026:00:50:54 +0330] "GET /wp-includes//wp-includes/class-wp-meta-query.php HTTP/1.1" 301 0 "-" "-"
185.215.232.194 - - [27/Aug/2026:00:50:53 +0330] "GET /mah/function.php HTTP/1.1" 404 13731 "-" "Mozilla/5.0 (Windows NT 10.0; Win64; x64) AppleWebKit/537.36 (KHTML, like Gecko) Chrome/120.0.0.0 Safari/537.36"
185.215.232.194 - - [27/Aug/2026:00:50:59 +0330] "GET /a.php HTTP/1.1" 404 13731 "-" "Mozilla/5.0 (Windows NT 10.0; Win64; x64) AppleWebKit/537.36 (KHTML, like Gecko) Chrome/120.0.0.0 Safari/537.36"
185.215.232.194 - - [27/Aug/2026:00:51:06 +0330] "GET /wp-content/index.php HTTP/1.1" 200 0 "-" "Mozilla/5.0 (Windows NT 10.0; Win64; x64) AppleWebKit/537.36 (KHTML, like Gecko) Chrome/120.0.0.0 Safari/537.36"
185.215.232.194 - - [27/Aug/2026:00:51:03 +0330] "GET /wp-includes/wp-includes/class-wp-metadata-lazyloader.php HTTP/1.1" 404 54959 "-" "-"
185.215.232.194 - - [27/Aug/2026:00:51:05 +0330] "GET /x/index.php HTTP/1.1" 301 0 "-" "Mozilla/5.0 (Windows NT 10.0; Win64; x64) AppleWebKit/537.36 (KHTML, like Gecko) Chrome/120.0.0.0 Safari/537.36"
185.215.232.194 - - [27/Aug/2026:00:51:08 +0330] "GET /wp-includes//wp-includes/class-wp-navigation-fallback.php HTTP/1.1" 301 0 "-" "-"
185.215.232.194 - - [27/Aug/2026:00:51:07 +0330] "GET /geju.php HTTP/1.1" 404 13731 "-" "Mozilla/5.0 (Windows NT 10.0; Win64; x64) AppleWebKit/537.36 (KHTML, like Gecko) Chrome/120.0.0.0 Safari/537.36"
185.215.232.194 - - [27/Aug/2026:00:51:11 +0330] "GET /hoot.php HTTP/1.1" 404 13731 "-" "Mozilla/5.0 (Windows NT 10.0; Win64; x64) AppleWebKit/537.36 (KHTML, like Gecko) Chrome/120.0.0.0 Safari/537.36"
185.215.232.194 - - [27/Aug/2026:00:51:15 +0330] "GET /cgi-bin/cloud.php HTTP/1.1" 404 13731 "-" "Mozilla/5.0 (Windows NT 10.0; Win64; x64) AppleWebKit/537.36 (KHTML, like Gecko) Chrome/120.0.0.0 Safari/537.36"
185.215.232.194 - - [27/Aug/2026:00:51:18 +0330] "GET /wp-content/updates.php HTTP/1.1" 404 13731 "-" "Mozilla/5.0 (Windows NT 10.0; Win64; x64) AppleWebKit/537.36 (KHTML, like Gecko) Chrome/120.0.0.0 Safari/537.36"
185.215.232.194 - - [27/Aug/2026:00:51:20 +0330] "GET /bgymj.php HTTP/1.1" 404 13731 "-" "Mozilla/5.0 (Windows NT 10.0; Win64; x64) AppleWebKit/537.36 (KHTML, like Gecko) Chrome/120.0.0.0 Safari/537.36"
185.215.232.194 - - [27/Aug/2026:00:51:22 +0330] "GET /css/cloud.php HTTP/1.1" 404 13731 "-" "Mozilla/5.0 (Windows NT 10.0; Win64; x64) AppleWebKit/537.36 (KHTML, like Gecko) Chrome/120.0.0.0 Safari/537.36"
185.215.232.194 - - [27/Aug/2026:00:51:24 +0330] "GET /bolt.php HTTP/1.1" 404 13731 "-" "Mozilla/5.0 (Windows NT 10.0; Win64; x64) AppleWebKit/537.36 (KHTML, like Gecko) Chrome/120.0.0.0 Safari/537.36"
185.215.232.195 - - [27/Aug/2026:00:51:28 +0330] "GET /robots.txt HTTP/1.1" 200 178 "-" "Mozilla/5.0 (Macintosh; Intel Mac OS X 10_10_1) AppleWebKit/600.2.5 (KHTML, like Gecko) Version/8.0.2 Safari/600.2.5 (Gort)"
185.215.232.194 - - [27/Aug/2026:00:51:30 +0330] "GET /wp-admin/cloud.php HTTP/1.1" 404 13731 "-" "Mozilla/5.0 (Windows NT 10.0; Win64; x64) AppleWebKit/537.36 (KHTML, like Gecko) Chrome/120.0.0.0 Safari/537.36"
94.101.183.3 - - [27/Aug/2026:00:50:56 +0330] "POST /wp-cron.php?doing_wp_cron=1787779256.9046819210052490234375 HTTP/1.1" 200 0 "-" "WordPress/6.9.1; https://mahdetejarat.com"
185.215.232.194 - - [27/Aug/2026:00:50:55 +0330] "GET /info.php HTTP/1.1" 404 13731 "-" "Mozilla/5.0 (Windows NT 10.0; Win64; x64) AppleWebKit/537.36 (KHTML, like Gecko) Chrome/120.0.0.0 Safari/537.36"
185.215.232.194 - - [27/Aug/2026:00:50:57 +0330] "GET /wp-includes/wp-includes/class-wp-meta-query.php HTTP/1.1" 404 54959 "-" "-"
185.215.232.194 - - [27/Aug/2026:00:50:57 +0330] "GET /ova.php HTTP/1.1" 404 13731 "-" "Mozilla/5.0 (Windows NT 10.0; Win64; x64) AppleWebKit/537.36 (KHTML, like Gecko) Chrome/120.0.0.0 Safari/537.36"
185.215.232.194 - - [27/Aug/2026:00:51:00 +0330] "GET /wp-includes//wp-includes/class-wp-metadata-lazyloader.php HTTP/1.1" 301 0 "-" "-"
185.215.232.194 - - [27/Aug/2026:00:51:01 +0330] "GET /wp.php HTTP/1.1" 404 13731 "-" "Mozilla/5.0 (Windows NT 10.0; Win64; x64) AppleWebKit/537.36 (KHTML, like Gecko) Chrome/120.0.0.0 Safari/537.36"
185.215.232.194 - - [27/Aug/2026:00:51:02 +0330] "GET /chosen.php HTTP/1.1" 404 13731 "-" "Mozilla/5.0 (Windows NT 10.0; Win64; x64) AppleWebKit/537.36 (KHTML, like Gecko) Chrome/120.0.0.0 Safari/537.36"
94.101.183.3 - - [27/Aug/2026:00:51:09 +0330] "POST /wp-cron.php?doing_wp_cron=1787779269.6419289112091064453125 HTTP/1.1" 200 0 "-" "WordPress/6.9.1; https://mahdetejarat.com"
185.215.232.194 - - [27/Aug/2026:00:51:06 +0330] "GET /vx.php HTTP/1.1" 404 13731 "-" "Mozilla/5.0 (Windows NT 10.0; Win64; x64) AppleWebKit/537.36 (KHTML, like Gecko) Chrome/120.0.0.0 Safari/537.36"
185.215.232.194 - - [27/Aug/2026:00:51:09 +0330] "GET /admin/controller/extension/ HTTP/1.1" 404 13731 "-" "Mozilla/5.0 (Windows NT 10.0; Win64; x64) AppleWebKit/537.36 (KHTML, like Gecko) Chrome/120.0.0.0 Safari/537.36"
185.215.232.194 - - [27/Aug/2026:00:51:11 +0330] "GET /wp-includes/wp-includes/class-wp-navigation-fallback.php HTTP/1.1" 404 54959 "-" "-"
185.215.232.194 - - [27/Aug/2026:00:51:13 +0330] "GET /wap.php HTTP/1.1" 404 13731 "-" "Mozilla/5.0 (Windows NT 10.0; Win64; x64) AppleWebKit/537.36 (KHTML, like Gecko) Chrome/120.0.0.0 Safari/537.36"
185.215.232.194 - - [27/Aug/2026:00:51:15 +0330] "GET /wp-includes//wp-includes/class-wp-network-query.php HTTP/1.1" 301 0 "-" "-"
185.215.232.194 - - [27/Aug/2026:00:51:17 +0330] "GET /wp-admin/wp.php HTTP/1.1" 404 13731 "-" "Mozilla/5.0 (Windows NT 10.0; Win64; x64) AppleWebKit/537.36 (KHTML, like Gecko) Chrome/120.0.0.0 Safari/537.36"
185.215.232.194 - - [27/Aug/2026:00:51:17 +0330] "GET /wp-includes/wp-includes/class-wp-network-query.php HTTP/1.1" 404 54959 "-" "-"
185.215.232.194 - - [27/Aug/2026:00:51:21 +0330] "GET /wp-includes//wp-includes/class-wp-network.php HTTP/1.1" 301 0 "-" "-"
185.215.232.194 - - [27/Aug/2026:00:51:24 +0330] "GET /wp-includes/wp-includes/class-wp-network.php HTTP/1.1" 404 54959 "-" "-"
185.215.232.194 - - [27/Aug/2026:00:51:26 +0330] "GET /avaa.php HTTP/1.1" 404 13731 "-" "Mozilla/5.0 (Windows NT 10.0; Win64; x64) AppleWebKit/537.36 (KHTML, like Gecko) Chrome/120.0.0.0 Safari/537.36"
185.215.232.194 - - [27/Aug/2026:00:51:28 +0330] "GET /wp-includes//wp-includes/class-wp-object-cache.php HTTP/1.1" 301 0 "-" "-"
185.215.232.194 - - [27/Aug/2026:00:51:28 +0330] "GET /bthil.php HTTP/1.1" 404 13731 "-" "Mozilla/5.0 (Windows NT 10.0; Win64; x64) AppleWebKit/537.36 (KHTML, like Gecko) Chrome/120.0.0.0 Safari/537.36"
185.215.232.194 - - [27/Aug/2026:00:51:31 +0330] "GET /cgi-bin/ HTTP/1.1" 404 796 "-" "Mozilla/5.0 (Windows NT 10.0; Win64; x64) AppleWebKit/537.36 (KHTML, like Gecko) Chrome/120.0.0.0 Safari/537.36"
185.215.232.194 - - [27/Aug/2026:00:51:31 +0330] "GET /wp-includes/wp-includes/class-wp-object-cache.php HTTP/1.1" 404 54959 "-" "-"
185.215.232.194 - - [27/Aug/2026:00:51:34 +0330] "GET /wsoyanz.php HTTP/1.1" 404 13731 "-" "Mozilla/5.0 (Windows NT 10.0; Win64; x64) AppleWebKit/537.36 (KHTML, like Gecko) Chrome/120.0.0.0 Safari/537.36"
185.215.232.194 - - [27/Aug/2026:00:51:35 +0330] "GET /index/function.php HTTP/1.1" 404 13731 "-" "Mozilla/5.0 (Windows NT 10.0; Win64; x64) AppleWebKit/537.36 (KHTML, like Gecko) Chrome/120.0.0.0 Safari/537.36"
185.215.232.194 - - [27/Aug/2026:00:51:39 +0330] "GET /aaa.php HTTP/1.1" 404 13731 "-" "Mozilla/5.0 (Windows NT 10.0; Win64; x64) AppleWebKit/537.36 (KHTML, like Gecko) Chrome/120.0.0.0 Safari/537.36"
185.215.232.194 - - [27/Aug/2026:00:51:44 +0330] "GET /wp-includes//wp-includes/class-wp-oembed.php HTTP/1.1" 301 0 "-" "-"
185.215.232.194 - - [27/Aug/2026:00:51:45 +0330] "GET /adminfuns.php7 HTTP/1.1" 404 13731 "-" "Mozilla/5.0 (Windows NT 10.0; Win64; x64) AppleWebKit/537.36 (KHTML, like Gecko) Chrome/120.0.0.0 Safari/537.36"
185.215.232.194 - - [27/Aug/2026:00:51:49 +0330] "GET /ebs.php7 HTTP/1.1" 404 13731 "-" "Mozilla/5.0 (Windows NT 10.0; Win64; x64) AppleWebKit/537.36 (KHTML, like Gecko) Chrome/120.0.0.0 Safari/537.36"
185.215.232.194 - - [27/Aug/2026:00:51:51 +0330] "GET /simple.php HTTP/1.1" 404 13731 "-" "Mozilla/5.0 (Windows NT 10.0; Win64; x64) AppleWebKit/537.36 (KHTML, like Gecko) Chrome/120.0.0.0 Safari/537.36"
94.101.183.3 - - [27/Aug/2026:00:51:56 +0330] "POST /wp-cron.php?doing_wp_cron=1787779316.3772280216217041015625 HTTP/1.1" 200 0 "-" "WordPress/6.9.1; https://mahdetejarat.com"
185.215.232.194 - - [27/Aug/2026:00:51:59 +0330] "GET /wp-includes//wp-includes/class-wp-phpmailer.php HTTP/1.1" 301 0 "-" "-"
185.215.232.194 - - [27/Aug/2026:00:52:00 +0330] "GET /alfa-rex2.php7 HTTP/1.1" 404 13731 "-" "Mozilla/5.0 (Windows NT 10.0; Win64; x64) AppleWebKit/537.36 (KHTML, like Gecko) Chrome/120.0.0.0 Safari/537.36"
185.215.232.194 - - [27/Aug/2026:00:52:02 +0330] "GET /h.php HTTP/1.1" 404 13731 "-" "Mozilla/5.0 (Windows NT 10.0; Win64; x64) AppleWebKit/537.36 (KHTML, like Gecko) Chrome/120.0.0.0 Safari/537.36"
185.215.232.193 - - [27/Aug/2026:00:52:05 +0330] "GET /index.php/vod/play/id/4060/sid/1/nid/1.html HTTP/1.1" 301 0 "http://mahdetejarat.com/index.php/vod/play/id/8794/sid/1/nid/1.html" "Mozilla/5.0 (Linux; Android 7.0;) AppleWebKit/537.36 (HTML, like Gecko) Mobile Safari/537.36 (compatible; PetalBot;+https://webmaster.petalsearch.com/site/petalbot)"
185.215.232.194 - - [27/Aug/2026:00:51:32 +0330] "GET /x.php HTTP/1.1" 404 13731 "-" "Mozilla/5.0 (Windows NT 10.0; Win64; x64) AppleWebKit/537.36 (KHTML, like Gecko) Chrome/120.0.0.0 Safari/537.36"
185.215.232.194 - - [27/Aug/2026:00:51:35 +0330] "GET /wp-includes//wp-includes/class-wp-oembed-controller.php HTTP/1.1" 301 0 "-" "-"
185.215.232.194 - - [27/Aug/2026:00:51:38 +0330] "GET /yanz.php HTTP/1.1" 404 13731 "-" "Mozilla/5.0 (Windows NT 10.0; Win64; x64) AppleWebKit/537.36 (KHTML, like Gecko) Chrome/120.0.0.0 Safari/537.36"
185.215.232.194 - - [27/Aug/2026:00:51:38 +0330] "GET /wp-includes/wp-includes/class-wp-oembed-controller.php HTTP/1.1" 404 54959 "-" "-"
185.215.232.194 - - [27/Aug/2026:00:51:41 +0330] "GET /about.php7 HTTP/1.1" 404 13731 "-" "Mozilla/5.0 (Windows NT 10.0; Win64; x64) AppleWebKit/537.36 (KHTML, like Gecko) Chrome/120.0.0.0 Safari/537.36"
185.215.232.194 - - [27/Aug/2026:00:51:43 +0330] "GET /abcd.php HTTP/1.1" 404 13731 "-" "Mozilla/5.0 (Windows NT 10.0; Win64; x64) AppleWebKit/537.36 (KHTML, like Gecko) Chrome/120.0.0.0 Safari/537.36"
185.215.232.194 - - [27/Aug/2026:00:51:47 +0330] "GET /wp-good.php HTTP/1.1" 404 13731 "-" "Mozilla/5.0 (Windows NT 10.0; Win64; x64) AppleWebKit/537.36 (KHTML, like Gecko) Chrome/120.0.0.0 Safari/537.36"
185.215.232.194 - - [27/Aug/2026:00:51:48 +0330] "GET /wp-includes/wp-includes/class-wp-oembed.php HTTP/1.1" 404 54959 "-" "-"
185.215.232.194 - - [27/Aug/2026:00:51:53 +0330] "GET /wp-includes//wp-includes/class-wp-paused-extensions-storage.php HTTP/1.1" 301 0 "-" "-"
185.215.232.194 - - [27/Aug/2026:00:51:53 +0330] "GET /ws.php7 HTTP/1.1" 404 13731 "-" "Mozilla/5.0 (Windows NT 10.0; Win64; x64) AppleWebKit/537.36 (KHTML, like Gecko) Chrome/120.0.0.0 Safari/537.36"
185.215.232.194 - - [27/Aug/2026:00:51:54 +0330] "GET /edit-tags.php HTTP/1.1" 404 13731 "-" "Mozilla/5.0 (Windows NT 10.0; Win64; x64) AppleWebKit/537.36 (KHTML, like Gecko) Chrome/120.0.0.0 Safari/537.36"
185.215.232.194 - - [27/Aug/2026:00:51:55 +0330] "GET /wp-includes/wp-includes/class-wp-paused-extensions-storage.php HTTP/1.1" 404 54959 "-" "-"
185.215.232.194 - - [27/Aug/2026:00:51:56 +0330] "GET /alfanew2.php7 HTTP/1.1" 404 13731 "-" "Mozilla/5.0 (Windows NT 10.0; Win64; x64) AppleWebKit/537.36 (KHTML, like Gecko) Chrome/120.0.0.0 Safari/537.36"
185.215.232.194 - - [27/Aug/2026:00:51:58 +0330] "GET /u.php HTTP/1.1" 404 13731 "-" "Mozilla/5.0 (Windows NT 10.0; Win64; x64) AppleWebKit/537.36 (KHTML, like Gecko) Chrome/120.0.0.0 Safari/537.36"
185.215.232.194 - - [27/Aug/2026:00:52:02 +0330] "GET /wp-includes/wp-includes/class-wp-phpmailer.php HTTP/1.1" 404 54959 "-" "-"
185.215.232.194 - - [27/Aug/2026:00:52:06 +0330] "GET /wp-includes//wp-includes/class-wp-plugin-dependencies.php HTTP/1.1" 301 0 "-" "-"
185.215.232.194 - - [27/Aug/2026:00:52:05 +0330] "GET /ms-edit.php HTTP/1.1" 404 13731 "-" "Mozilla/5.0 (Windows NT 10.0; Win64; x64) AppleWebKit/537.36 (KHTML, like Gecko) Chrome/120.0.0.0 Safari/537.36"
185.215.232.194 - - [27/Aug/2026:00:52:05 +0330] "GET /mail.php HTTP/1.1" 404 13731 "-" "Mozilla/5.0 (Windows NT 10.0; Win64; x64) AppleWebKit/537.36 (KHTML, like Gecko) Chrome/120.0.0.0 Safari/537.36"
185.215.232.193 - - [27/Aug/2026:00:52:08 +0330] "GET /vod/play/id/4060/sid/1/nid/1.html HTTP/1.1" 404 13731 "http://mahdetejarat.com/index.php/vod/play/id/8794/sid/1/nid/1.html" "Mozilla/5.0 (Linux; Android 7.0;) AppleWebKit/537.36 (HTML, like Gecko) Mobile Safari/537.36 (compatible; PetalBot;+https://webmaster.petalsearch.com/site/petalbot)"
185.215.232.194 - - [27/Aug/2026:00:52:09 +0330] "GET /wp-includes/wp-includes/class-wp-plugin-dependencies.php HTTP/1.1" 404 54959 "-" "-"
185.215.232.194 - - [27/Aug/2026:00:52:09 +0330] "GET /a7.php HTTP/1.1" 404 13731 "-" "Mozilla/5.0 (Windows NT 10.0; Win64; x64) AppleWebKit/537.36 (KHTML, like Gecko) Chrome/120.0.0.0 Safari/537.36"
185.215.232.194 - - [27/Aug/2026:00:52:12 +0330] "GET /bak.php HTTP/1.1" 404 13731 "-" "Mozilla/5.0 (Windows NT 10.0; Win64; x64) AppleWebKit/537.36 (KHTML, like Gecko) Chrome/120.0.0.0 Safari/537.36"
185.215.232.194 - - [27/Aug/2026:00:52:13 +0330] "GET /wp-includes//wp-includes/class-wp-post-type.php HTTP/1.1" 301 0 "-" "-"
185.215.232.194 - - [27/Aug/2026:00:52:15 +0330] "GET /upfile.php HTTP/1.1" 404 13731 "-" "Mozilla/5.0 (Windows NT 10.0; Win64; x64) AppleWebKit/537.36 (KHTML, like Gecko) Chrome/120.0.0.0 Safari/537.36"
