94.101.183.4 - - [26/Aug/2026:22:27:44 +0330] "GET /wp-content/plugins/elementor-pro/assets/js/webpack-pro.runtime.min.js?ver=3.34.0 HTTP/1.1" 200 2852 "https://mahdetejarat.com/product/%D9%85%D8%AE%D8%B2%D9%86-%DA%AF%D8%A7%D9%84%D9%88%D8%A7%D9%86%DB%8C%D8%B2%D9%87-770-%D9%84%DB%8C%D8%AA%D8%B1%DB%8C/?utm_medium=PPC&utm_source=Torob&torob_clid=01a03f6f-c69a-70d3-96d2-b4a99d4f6767" "Mozilla/5.0 (Windows NT 10.0; Win64; x64; rv:154.0) Gecko/20100101 Firefox/154.0"
94.101.183.4 - - [26/Aug/2026:22:27:44 +0330] "GET /wp-content/uploads/2025/01/%D8%B3%D8%B7%D9%84-%D8%B2%D8%A8%D8%A7%D9%84%D9%87-%D9%BE%D8%A7%D8%B1%DA%A9%DB%8C-R440.webp HTTP/1.1" 200 76776 "https://mahdetejarat.com/product/%D9%85%D8%AE%D8%B2%D9%86-%DA%AF%D8%A7%D9%84%D9%88%D8%A7%D9%86%DB%8C%D8%B2%D9%87-770-%D9%84%DB%8C%D8%AA%D8%B1%DB%8C/?utm_medium=PPC&utm_source=Torob&torob_clid=01a03f6f-c69a-70d3-96d2-b4a99d4f6767" "Mozilla/5.0 (Windows NT 10.0; Win64; x64; rv:154.0) Gecko/20100101 Firefox/154.0"
94.101.183.4 - - [26/Aug/2026:22:27:44 +0330] "GET /wp-includes/js/dist/i18n.min.js?ver=c26c3dc7bed366793375 HTTP/1.1" 200 2229 "https://mahdetejarat.com/product/%D9%85%D8%AE%D8%B2%D9%86-%DA%AF%D8%A7%D9%84%D9%88%D8%A7%D9%86%DB%8C%D8%B2%D9%87-770-%D9%84%DB%8C%D8%AA%D8%B1%DB%8C/?utm_medium=PPC&utm_source=Torob&torob_clid=01a03f6f-c69a-70d3-96d2-b4a99d4f6767" "Mozilla/5.0 (Windows NT 10.0; Win64; x64; rv:154.0) Gecko/20100101 Firefox/154.0"
94.101.183.4 - - [26/Aug/2026:22:27:44 +0330] "GET /wp-content/uploads/2024/09/%D9%85%D8%AE%D8%B2%D9%86-770-%D9%84%DB%8C%D8%AA%D8%B1%DB%8C.webp HTTP/1.1" 200 87350 "https://mahdetejarat.com/product/%D9%85%D8%AE%D8%B2%D9%86-%DA%AF%D8%A7%D9%84%D9%88%D8%A7%D9%86%DB%8C%D8%B2%D9%87-770-%D9%84%DB%8C%D8%AA%D8%B1%DB%8C/?utm_medium=PPC&utm_source=Torob&torob_clid=01a03f6f-c69a-70d3-96d2-b4a99d4f6767" "Mozilla/5.0 (Windows NT 10.0; Win64; x64; rv:154.0) Gecko/20100101 Firefox/154.0"
94.101.183.4 - - [26/Aug/2026:22:27:44 +0330] "GET /wp-content/plugins/jet-engine/assets/lib/slick/slick.min.js?ver=1.8.1 HTTP/1.1" 200 10313 "https://mahdetejarat.com/product/%D9%85%D8%AE%D8%B2%D9%86-%DA%AF%D8%A7%D9%84%D9%88%D8%A7%D9%86%DB%8C%D8%B2%D9%87-770-%D9%84%DB%8C%D8%AA%D8%B1%DB%8C/?utm_medium=PPC&utm_source=Torob&torob_clid=01a03f6f-c69a-70d3-96d2-b4a99d4f6767" "Mozilla/5.0 (Windows NT 10.0; Win64; x64; rv:154.0) Gecko/20100101 Firefox/154.0"
94.101.183.4 - - [26/Aug/2026:22:27:44 +0330] "GET /wp-content/plugins/elementor-pro/assets/css/widget-woocommerce-product-price-rtl.min.css?ver=3.34.0 HTTP/1.1" 200 135 "https://mahdetejarat.com/product/%D9%85%D8%AE%D8%B2%D9%86-%DA%AF%D8%A7%D9%84%D9%88%D8%A7%D9%86%DB%8C%D8%B2%D9%87-770-%D9%84%DB%8C%D8%AA%D8%B1%DB%8C/?utm_medium=PPC&utm_source=Torob&torob_clid=01a03f6f-c69a-70d3-96d2-b4a99d4f6767" "Mozilla/5.0 (Windows NT 10.0; Win64; x64; rv:154.0) Gecko/20100101 Firefox/154.0"
94.101.183.4 - - [26/Aug/2026:22:27:44 +0330] "GET /wp-content/plugins/woocommerce/assets/js/frontend/order-attribution.min.js?ver=10.4.3 HTTP/1.1" 200 1119 "https://mahdetejarat.com/product/%D9%85%D8%AE%D8%B2%D9%86-%DA%AF%D8%A7%D9%84%D9%88%D8%A7%D9%86%DB%8C%D8%B2%D9%87-770-%D9%84%DB%8C%D8%AA%D8%B1%DB%8C/?utm_medium=PPC&utm_source=Torob&torob_clid=01a03f6f-c69a-70d3-96d2-b4a99d4f6767" "Mozilla/5.0 (Windows NT 10.0; Win64; x64; rv:154.0) Gecko/20100101 Firefox/154.0"
94.101.183.4 - - [26/Aug/2026:22:27:44 +0330] "GET /wp-content/plugins/persian-elementor/assets/js/jalalidatepicker.min.js?ver=1.2.0 HTTP/1.1" 200 6698 "https://mahdetejarat.com/product/%D9%85%D8%AE%D8%B2%D9%86-%DA%AF%D8%A7%D9%84%D9%88%D8%A7%D9%86%DB%8C%D8%B2%D9%87-770-%D9%84%DB%8C%D8%AA%D8%B1%DB%8C/?utm_medium=PPC&utm_source=Torob&torob_clid=01a03f6f-c69a-70d3-96d2-b4a99d4f6767" "Mozilla/5.0 (Windows NT 10.0; Win64; x64; rv:154.0) Gecko/20100101 Firefox/154.0"
94.101.183.4 - - [26/Aug/2026:22:27:44 +0330] "GET /wp-content/plugins/elementor-pro/assets/js/frontend.min.js?ver=3.34.0 HTTP/1.1" 200 6429 "https://mahdetejarat.com/product/%D9%85%D8%AE%D8%B2%D9%86-%DA%AF%D8%A7%D9%84%D9%88%D8%A7%D9%86%DB%8C%D8%B2%D9%87-770-%D9%84%DB%8C%D8%AA%D8%B1%DB%8C/?utm_medium=PPC&utm_source=Torob&torob_clid=01a03f6f-c69a-70d3-96d2-b4a99d4f6767" "Mozilla/5.0 (Windows NT 10.0; Win64; x64; rv:154.0) Gecko/20100101 Firefox/154.0"
94.101.183.4 - - [26/Aug/2026:22:27:44 +0330] "GET /wp-content/plugins/persian-elementor/assets/js/datepicker-init.js?ver=1.2.0 HTTP/1.1" 200 1528 "https://mahdetejarat.com/product/%D9%85%D8%AE%D8%B2%D9%86-%DA%AF%D8%A7%D9%84%D9%88%D8%A7%D9%86%DB%8C%D8%B2%D9%87-770-%D9%84%DB%8C%D8%AA%D8%B1%DB%8C/?utm_medium=PPC&utm_source=Torob&torob_clid=01a03f6f-c69a-70d3-96d2-b4a99d4f6767" "Mozilla/5.0 (Windows NT 10.0; Win64; x64; rv:154.0) Gecko/20100101 Firefox/154.0"
94.101.183.4 - - [26/Aug/2026:22:27:44 +0330] "GET /wp-content/plugins/elementor-pro/assets/js/elements-handlers.min.js?ver=3.34.0 HTTP/1.1" 200 10603 "https://mahdetejarat.com/product/%D9%85%D8%AE%D8%B2%D9%86-%DA%AF%D8%A7%D9%84%D9%88%D8%A7%D9%86%DB%8C%D8%B2%D9%87-770-%D9%84%DB%8C%D8%AA%D8%B1%DB%8C/?utm_medium=PPC&utm_source=Torob&torob_clid=01a03f6f-c69a-70d3-96d2-b4a99d4f6767" "Mozilla/5.0 (Windows NT 10.0; Win64; x64; rv:154.0) Gecko/20100101 Firefox/154.0"
94.101.183.4 - - [26/Aug/2026:22:27:44 +0330] "GET /wp-content/uploads/2025/01/%D8%B3%D8%B7%D9%84-%D8%B2%D8%A8%D8%A7%D9%84%D9%87-%D9%BE%D8%A7%D8%B1%DA%A9%DB%8C-R410.webp HTTP/1.1" 200 76374 "https://mahdetejarat.com/product/%D9%85%D8%AE%D8%B2%D9%86-%DA%AF%D8%A7%D9%84%D9%88%D8%A7%D9%86%DB%8C%D8%B2%D9%87-770-%D9%84%DB%8C%D8%AA%D8%B1%DB%8C/?utm_medium=PPC&utm_source=Torob&torob_clid=01a03f6f-c69a-70d3-96d2-b4a99d4f6767" "Mozilla/5.0 (Windows NT 10.0; Win64; x64; rv:154.0) Gecko/20100101 Firefox/154.0"
94.101.183.4 - - [26/Aug/2026:22:27:44 +0330] "GET /wp-content/uploads/2025/01/%D8%B3%D8%B7%D9%84-%D8%B2%D8%A8%D8%A7%D9%84%D9%87-%D9%BE%D8%A7%D8%B1%DA%A9%DB%8C-R420.webp HTTP/1.1" 200 77506 "https://mahdetejarat.com/product/%D9%85%D8%AE%D8%B2%D9%86-%DA%AF%D8%A7%D9%84%D9%88%D8%A7%D9%86%DB%8C%D8%B2%D9%87-770-%D9%84%DB%8C%D8%AA%D8%B1%DB%8C/?utm_medium=PPC&utm_source=Torob&torob_clid=01a03f6f-c69a-70d3-96d2-b4a99d4f6767" "Mozilla/5.0 (Windows NT 10.0; Win64; x64; rv:154.0) Gecko/20100101 Firefox/154.0"
94.101.183.4 - - [26/Aug/2026:22:27:44 +0330] "GET /wp-content/plugins/woocommerce/assets/css/woocommerce-smallscreen-rtl.css?ver=10.4.3 HTTP/1.1" 200 1275 "https://mahdetejarat.com/product/%D9%85%D8%AE%D8%B2%D9%86-%DA%AF%D8%A7%D9%84%D9%88%D8%A7%D9%86%DB%8C%D8%B2%D9%87-770-%D9%84%DB%8C%D8%AA%D8%B1%DB%8C/?utm_medium=PPC&utm_source=Torob&torob_clid=01a03f6f-c69a-70d3-96d2-b4a99d4f6767" "Mozilla/5.0 (Windows NT 10.0; Win64; x64; rv:154.0) Gecko/20100101 Firefox/154.0"
94.101.183.4 - - [26/Aug/2026:22:27:45 +0330] "GET /wp-content/plugins/persian-elementor/assets/css/font/IRANYekanX/IRANYekanX-Bold.woff2 HTTP/1.1" 200 40348 "https://mahdetejarat.com/wp-content/plugins/persian-elementor/assets/css/font.css?ver=2.7.15" "Mozilla/5.0 (Windows NT 10.0; Win64; x64; rv:154.0) Gecko/20100101 Firefox/154.0"
94.101.183.4 - - [26/Aug/2026:22:27:45 +0330] "GET /wp-content/uploads/2024/09/PeydaWebFaNum-Bold.woff2 HTTP/1.1" 200 41948 "https://mahdetejarat.com/wp-content/uploads/elementor/css/post-178.css?ver=1787600696" "Mozilla/5.0 (Windows NT 10.0; Win64; x64; rv:154.0) Gecko/20100101 Firefox/154.0"
94.101.183.4 - - [26/Aug/2026:22:27:45 +0330] "GET /wp-content/plugins/persian-elementor/includes/icons/efaicons/fonts/efaicons.ttf?6xl4u9 HTTP/1.1" 200 40259 "https://mahdetejarat.com/wp-content/plugins/persian-elementor/includes/icons/efaicons/style.css?ver=2.7.15" "Mozilla/5.0 (Windows NT 10.0; Win64; x64; rv:154.0) Gecko/20100101 Firefox/154.0"
94.101.183.4 - - [26/Aug/2026:22:27:45 +0330] "GET /wp-content/uploads/2024/09/PeydaWeb-Regular.woff2 HTTP/1.1" 200 42708 "https://mahdetejarat.com/wp-content/uploads/elementor/css/post-166.css?ver=1787597737" "Mozilla/5.0 (Windows NT 10.0; Win64; x64; rv:154.0) Gecko/20100101 Firefox/154.0"
94.101.183.4 - - [26/Aug/2026:22:27:45 +0330] "GET /wp-content/uploads/2024/09/PeydaWeb-Black.woff2 HTTP/1.1" 200 42460 "https://mahdetejarat.com/wp-content/uploads/elementor/css/post-166.css?ver=1787597737" "Mozilla/5.0 (Windows NT 10.0; Win64; x64; rv:154.0) Gecko/20100101 Firefox/154.0"
94.101.183.4 - - [26/Aug/2026:22:27:46 +0330] "GET /wp-content/plugins/elementor/assets/lib/dialog/dialog.min.js?ver=4.9.3 HTTP/1.1" 200 3775 "https://mahdetejarat.com/product/%D9%85%D8%AE%D8%B2%D9%86-%DA%AF%D8%A7%D9%84%D9%88%D8%A7%D9%86%DB%8C%D8%B2%D9%87-770-%D9%84%DB%8C%D8%AA%D8%B1%DB%8C/?utm_medium=PPC&utm_source=Torob&torob_clid=01a03f6f-c69a-70d3-96d2-b4a99d4f6767" "Mozilla/5.0 (Windows NT 10.0; Win64; x64; rv:154.0) Gecko/20100101 Firefox/154.0"
94.101.183.4 - - [26/Aug/2026:22:27:46 +0330] "GET /wp-content/plugins/elementor/assets/css/conditionals/dialog.min.css?ver=3.34.0 HTTP/1.1" 200 1574 "https://mahdetejarat.com/product/%D9%85%D8%AE%D8%B2%D9%86-%DA%AF%D8%A7%D9%84%D9%88%D8%A7%D9%86%DB%8C%D8%B2%D9%87-770-%D9%84%DB%8C%D8%AA%D8%B1%DB%8C/?utm_medium=PPC&utm_source=Torob&torob_clid=01a03f6f-c69a-70d3-96d2-b4a99d4f6767" "Mozilla/5.0 (Windows NT 10.0; Win64; x64; rv:154.0) Gecko/20100101 Firefox/154.0"
94.101.183.4 - - [26/Aug/2026:22:27:46 +0330] "GET /wp-content/plugins/elementor/assets/lib/share-link/share-link.min.js?ver=3.34.0 HTTP/1.1" 200 1161 "https://mahdetejarat.com/product/%D9%85%D8%AE%D8%B2%D9%86-%DA%AF%D8%A7%D9%84%D9%88%D8%A7%D9%86%DB%8C%D8%B2%D9%87-770-%D9%84%DB%8C%D8%AA%D8%B1%DB%8C/?utm_medium=PPC&utm_source=Torob&torob_clid=01a03f6f-c69a-70d3-96d2-b4a99d4f6767" "Mozilla/5.0 (Windows NT 10.0; Win64; x64; rv:154.0) Gecko/20100101 Firefox/154.0"
94.101.183.4 - - [26/Aug/2026:22:27:46 +0330] "GET /wp-content/plugins/elementor/assets/css/conditionals/lightbox.min.css?ver=3.34.0 HTTP/1.1" 200 1957 "https://mahdetejarat.com/product/%D9%85%D8%AE%D8%B2%D9%86-%DA%AF%D8%A7%D9%84%D9%88%D8%A7%D9%86%DB%8C%D8%B2%D9%87-770-%D9%84%DB%8C%D8%AA%D8%B1%DB%8C/?utm_medium=PPC&utm_source=Torob&torob_clid=01a03f6f-c69a-70d3-96d2-b4a99d4f6767" "Mozilla/5.0 (Windows NT 10.0; Win64; x64; rv:154.0) Gecko/20100101 Firefox/154.0"
94.101.183.4 - - [26/Aug/2026:22:27:44 +0330] "GET /wp-content/plugins/woocommerce/assets/js/sourcebuster/sourcebuster.min.js?ver=10.4.3 HTTP/1.1" 200 4814 "https://mahdetejarat.com/product/%D9%85%D8%AE%D8%B2%D9%86-%DA%AF%D8%A7%D9%84%D9%88%D8%A7%D9%86%DB%8C%D8%B2%D9%87-770-%D9%84%DB%8C%D8%AA%D8%B1%DB%8C/?utm_medium=PPC&utm_source=Torob&torob_clid=01a03f6f-c69a-70d3-96d2-b4a99d4f6767" "Mozilla/5.0 (Windows NT 10.0; Win64; x64; rv:154.0) Gecko/20100101 Firefox/154.0"
94.101.183.4 - - [26/Aug/2026:22:27:44 +0330] "GET /wp-content/uploads/2025/01/%D8%B3%D8%B7%D9%84-%D8%B2%D8%A8%D8%A7%D9%84%D9%87-%D9%BE%D8%A7%D8%B1%DA%A9%DB%8C-R460.webp HTTP/1.1" 200 76158 "https://mahdetejarat.com/product/%D9%85%D8%AE%D8%B2%D9%86-%DA%AF%D8%A7%D9%84%D9%88%D8%A7%D9%86%DB%8C%D8%B2%D9%87-770-%D9%84%DB%8C%D8%AA%D8%B1%DB%8C/?utm_medium=PPC&utm_source=Torob&torob_clid=01a03f6f-c69a-70d3-96d2-b4a99d4f6767" "Mozilla/5.0 (Windows NT 10.0; Win64; x64; rv:154.0) Gecko/20100101 Firefox/154.0"
94.101.183.4 - - [26/Aug/2026:22:27:44 +0330] "GET /wp-content/uploads/2024/09/PeydaWeb-SemiBold.woff2 HTTP/1.1" 200 42460 "https://mahdetejarat.com/wp-content/uploads/elementor/css/post-166.css?ver=1787597737" "Mozilla/5.0 (Windows NT 10.0; Win64; x64; rv:154.0) Gecko/20100101 Firefox/154.0"
94.101.183.4 - - [26/Aug/2026:22:27:44 +0330] "GET /wp-content/plugins/persian-elementor/assets/css/font/IRANYekanX/IRANYekanX-Regular.woff2 HTTP/1.1" 200 35928 "https://mahdetejarat.com/wp-content/plugins/persian-elementor/assets/css/font.css?ver=2.7.15" "Mozilla/5.0 (Windows NT 10.0; Win64; x64; rv:154.0) Gecko/20100101 Firefox/154.0"
94.101.183.4 - - [26/Aug/2026:22:27:46 +0330] "GET /wp-content/plugins/elementor/assets/js/lightbox.d1799e507b570f6b0496.bundle.min.js HTTP/1.1" 200 9569 "https://mahdetejarat.com/product/%D9%85%D8%AE%D8%B2%D9%86-%DA%AF%D8%A7%D9%84%D9%88%D8%A7%D9%86%DB%8C%D8%B2%D9%87-770-%D9%84%DB%8C%D8%AA%D8%B1%DB%8C/?utm_medium=PPC&utm_source=Torob&torob_clid=01a03f6f-c69a-70d3-96d2-b4a99d4f6767" "Mozilla/5.0 (Windows NT 10.0; Win64; x64; rv:154.0) Gecko/20100101 Firefox/154.0"
94.101.183.4 - - [26/Aug/2026:22:27:46 +0330] "GET /wp-content/plugins/elementor/assets/js/shared-frontend-handlers.03caa53373b56d3bab67.bundle.min.js HTTP/1.1" 200 2642 "https://mahdetejarat.com/product/%D9%85%D8%AE%D8%B2%D9%86-%DA%AF%D8%A7%D9%84%D9%88%D8%A7%D9%86%DB%8C%D8%B2%D9%87-770-%D9%84%DB%8C%D8%AA%D8%B1%DB%8C/?utm_medium=PPC&utm_source=Torob&torob_clid=01a03f6f-c69a-70d3-96d2-b4a99d4f6767" "Mozilla/5.0 (Windows NT 10.0; Win64; x64; rv:154.0) Gecko/20100101 Firefox/154.0"
94.101.183.4 - - [26/Aug/2026:22:27:49 +0330] "GET /wp-content/uploads/2024/09/cropped-%D9%85%D9%87%D8%AF-%D8%AA%D8%AC%D8%A7%D8%B1%D8%AA-32x32.webp HTTP/1.1" 200 666 "https://mahdetejarat.com/product/%D9%85%D8%AE%D8%B2%D9%86-%DA%AF%D8%A7%D9%84%D9%88%D8%A7%D9%86%DB%8C%D8%B2%D9%87-770-%D9%84%DB%8C%D8%AA%D8%B1%DB%8C/?utm_medium=PPC&utm_source=Torob&torob_clid=01a03f6f-c69a-70d3-96d2-b4a99d4f6767" "Mozilla/5.0 (Windows NT 10.0; Win64; x64; rv:154.0) Gecko/20100101 Firefox/154.0"
94.101.183.4 - - [26/Aug/2026:22:28:21 +0330] "GET /wp-content/plugins/woocommerce/assets/fonts/WooCommerce.woff2 HTTP/1.1" 200 6488 "https://mahdetejarat.com/wp-content/plugins/woocommerce/assets/css/woocommerce-rtl.css?ver=10.4.3" "Mozilla/5.0 (Windows NT 10.0; Win64; x64; rv:154.0) Gecko/20100101 Firefox/154.0"
185.215.232.193 - - [26/Aug/2026:22:28:39 +0330] "GET /index.php/vod/play/id/7572/sid/1/nid/1.html HTTP/1.1" 301 0 "https://www.mahdetejarat.com/index.php/vod/play/id/8323/sid/1/nid/1.html" "Mozilla/5.0 (Linux; Android 7.0;) AppleWebKit/537.36 (HTML, like Gecko) Mobile Safari/537.36 (compatible; PetalBot;+https://webmaster.petalsearch.com/site/petalbot)"
94.101.182.6 - - [26/Aug/2026:22:30:06 +0330] "POST /wp-cron.php?doing_wp_cron=1787770806.1643888950347900390625 HTTP/1.1" 200 0 "-" "WordPress/6.9.1; https://mahdetejarat.com"
94.101.183.4 - - [26/Aug/2026:22:27:46 +0330] "GET /wp-content/plugins/elementor-pro/assets/js/nav-menu.8521a0597c50611efdc6.bundle.min.js HTTP/1.1" 200 1863 "https://mahdetejarat.com/product/%D9%85%D8%AE%D8%B2%D9%86-%DA%AF%D8%A7%D9%84%D9%88%D8%A7%D9%86%DB%8C%D8%B2%D9%87-770-%D9%84%DB%8C%D8%AA%D8%B1%DB%8C/?utm_medium=PPC&utm_source=Torob&torob_clid=01a03f6f-c69a-70d3-96d2-b4a99d4f6767" "Mozilla/5.0 (Windows NT 10.0; Win64; x64; rv:154.0) Gecko/20100101 Firefox/154.0"
94.101.183.4 - - [26/Aug/2026:22:27:46 +0330] "GET /wp-content/plugins/elementor-pro/assets/js/product-add-to-cart.c32f5d5e404511d68720.bundle.min.js HTTP/1.1" 200 1248 "https://mahdetejarat.com/product/%D9%85%D8%AE%D8%B2%D9%86-%DA%AF%D8%A7%D9%84%D9%88%D8%A7%D9%86%DB%8C%D8%B2%D9%87-770-%D9%84%DB%8C%D8%AA%D8%B1%DB%8C/?utm_medium=PPC&utm_source=Torob&torob_clid=01a03f6f-c69a-70d3-96d2-b4a99d4f6767" "Mozilla/5.0 (Windows NT 10.0; Win64; x64; rv:154.0) Gecko/20100101 Firefox/154.0"
94.101.183.4 - - [26/Aug/2026:22:27:46 +0330] "GET /wp-content/plugins/elementor/assets/js/text-editor.45609661e409413f1cef.bundle.min.js HTTP/1.1" 200 647 "https://mahdetejarat.com/product/%D9%85%D8%AE%D8%B2%D9%86-%DA%AF%D8%A7%D9%84%D9%88%D8%A7%D9%86%DB%8C%D8%B2%D9%87-770-%D9%84%DB%8C%D8%AA%D8%B1%DB%8C/?utm_medium=PPC&utm_source=Torob&torob_clid=01a03f6f-c69a-70d3-96d2-b4a99d4f6767" "Mozilla/5.0 (Windows NT 10.0; Win64; x64; rv:154.0) Gecko/20100101 Firefox/154.0"
94.101.183.4 - - [26/Aug/2026:22:27:49 +0330] "GET /wp-content/uploads/2024/09/cropped-%D9%85%D9%87%D8%AF-%D8%AA%D8%AC%D8%A7%D8%B1%D8%AA-192x192.webp HTTP/1.1" 200 5102 "https://mahdetejarat.com/product/%D9%85%D8%AE%D8%B2%D9%86-%DA%AF%D8%A7%D9%84%D9%88%D8%A7%D9%86%DB%8C%D8%B2%D9%87-770-%D9%84%DB%8C%D8%AA%D8%B1%DB%8C/?utm_medium=PPC&utm_source=Torob&torob_clid=01a03f6f-c69a-70d3-96d2-b4a99d4f6767" "Mozilla/5.0 (Windows NT 10.0; Win64; x64; rv:154.0) Gecko/20100101 Firefox/154.0"
94.101.183.4 - - [26/Aug/2026:22:27:49 +0330] "GET /product/%D9%85%D8%AE%D8%B2%D9%86-%DA%AF%D8%A7%D9%84%D9%88%D8%A7%D9%86%DB%8C%D8%B2%D9%87-770-%D9%84%DB%8C%D8%AA%D8%B1%DB%8C/ HTTP/1.1" 200 19900 "-" "Mozilla/5.0 (Windows NT 10.0; Win64; x64) AppleWebKit/537.36 (KHTML, like Gecko) Chrome/120.0.0.0 Safari/537.36"
94.101.182.6 - - [26/Aug/2026:22:28:20 +0330] "POST /wp-cron.php?doing_wp_cron=1787770700.8364040851593017578125 HTTP/1.1" 200 0 "-" "WordPress/6.9.1; https://mahdetejarat.com"
94.101.183.4 - - [26/Aug/2026:22:28:16 +0330] "POST /product/%d9%85%d8%ae%d8%b2%d9%86-%da%af%d8%a7%d9%84%d9%88%d8%a7%d9%86%db%8c%d8%b2%d9%87-770-%d9%84%db%8c%d8%aa%d8%b1%db%8c/ HTTP/1.1" 200 19902 "https://mahdetejarat.com/product/%D9%85%D8%AE%D8%B2%D9%86-%DA%AF%D8%A7%D9%84%D9%88%D8%A7%D9%86%DB%8C%D8%B2%D9%87-770-%D9%84%DB%8C%D8%AA%D8%B1%DB%8C/?utm_medium=PPC&utm_source=Torob&torob_clid=01a03f6f-c69a-70d3-96d2-b4a99d4f6767" "Mozilla/5.0 (Windows NT 10.0; Win64; x64; rv:154.0) Gecko/20100101 Firefox/154.0"
185.215.232.193 - - [26/Aug/2026:22:28:43 +0330] "GET /vod/play/id/7572/sid/1/nid/1.html HTTP/1.1" 404 13731 "https://www.mahdetejarat.com/index.php/vod/play/id/8323/sid/1/nid/1.html" "Mozilla/5.0 (Linux; Android 7.0;) AppleWebKit/537.36 (HTML, like Gecko) Mobile Safari/537.36 (compatible; PetalBot;+https://webmaster.petalsearch.com/site/petalbot)"
185.215.232.193 - - [26/Aug/2026:22:30:07 +0330] "GET /vod/play/id/40242/sid/1/nid/1.html HTTP/1.1" 404 13731 "https://www.mahdetejarat.com/index.php/vod/play/id/271/sid/1/nid/1.html" "Mozilla/5.0 (Linux; Android 7.0;) AppleWebKit/537.36 (HTML, like Gecko) Mobile Safari/537.36 (compatible; PetalBot;+https://webmaster.petalsearch.com/site/petalbot)"
185.215.232.194 - - [26/Aug/2026:22:31:18 +0330] "GET /wp-login.php HTTP/1.1" 200 3390 "-" "Mozilla/5.0 (Windows NT 10.0; Win64; x64) AppleWebKit/537.36 (KHTML, like Gecko) Chrome/151.0.0.0 Safari/537.36"
185.215.232.194 - - [26/Aug/2026:22:31:27 +0330] "GET /index.php/vod/play/id/29349/sid/1/nid/1.html HTTP/1.1" 301 0 "https://mahdetejarat.com/index.php/vod/play/id/34283/sid/1/nid/1.html" "Mozilla/5.0 (Linux; Android 7.0;) AppleWebKit/537.36 (HTML, like Gecko) Mobile Safari/537.36 (compatible; PetalBot;+https://webmaster.petalsearch.com/site/petalbot)"
94.101.183.3 - - [26/Aug/2026:22:32:53 +0330] "POST /wp-cron.php?doing_wp_cron=1787770973.2091879844665527343750 HTTP/1.1" 200 0 "-" "WordPress/6.9.1; https://mahdetejarat.com"
185.215.232.193 - - [26/Aug/2026:22:32:54 +0330] "GET /vod/play/id/37167/sid/1/nid/1.html HTTP/1.1" 404 13731 "https://mahdetejarat.com/index.php/vod/play/id/40899/sid/1/nid/1.html" "Mozilla/5.0 (Linux; Android 7.0;) AppleWebKit/537.36 (HTML, like Gecko) Mobile Safari/537.36 (compatible; PetalBot;+https://webmaster.petalsearch.com/site/petalbot)"
185.215.232.193 - - [26/Aug/2026:22:33:53 +0330] "GET /product-sitemap.xml HTTP/1.1" 200 1531 "-" "Mozilla/5.0 (compatible; AhrefsBot/7.0; +http://ahrefs.com/robot/)"
94.101.183.3 - - [26/Aug/2026:22:34:02 +0330] "POST /wp-cron.php?doing_wp_cron=1787771040.9786849021911621093750 HTTP/1.1" 200 0 "-" "WordPress/6.9.1; https://mahdetejarat.com"
185.215.232.193 - - [26/Aug/2026:22:33:57 +0330] "GET /category-sitemap.xml HTTP/1.1" 200 384 "-" "Mozilla/5.0 (compatible; AhrefsBot/7.0; +http://ahrefs.com/robot/)"
94.101.183.3 - - [26/Aug/2026:22:37:02 +0330] "POST /wp-cron.php?doing_wp_cron=1787771222.3975830078125000000000 HTTP/1.1" 200 0 "-" "WordPress/6.9.1; https://mahdetejarat.com"
185.215.232.194 - - [26/Aug/2026:22:36:59 +0330] "GET /index.php/vod/search.html?wd=chinaawesom HTTP/1.1" 301 0 "https://www.mahdetejarat.com/index.php/art/type/id/22.html" "Mozilla/5.0 (Linux; Android 7.0;) AppleWebKit/537.36 (HTML, like Gecko) Mobile Safari/537.36 (compatible; PetalBot;+https://webmaster.petalsearch.com/site/petalbot)"
185.215.232.193 - - [26/Aug/2026:22:30:02 +0330] "GET /index.php/vod/play/id/40242/sid/1/nid/1.html HTTP/1.1" 301 0 "https://www.mahdetejarat.com/index.php/vod/play/id/271/sid/1/nid/1.html" "Mozilla/5.0 (Linux; Android 7.0;) AppleWebKit/537.36 (HTML, like Gecko) Mobile Safari/537.36 (compatible; PetalBot;+https://webmaster.petalsearch.com/site/petalbot)"
185.215.232.194 - - [26/Aug/2026:22:31:26 +0330] "POST /wp-login.php HTTP/1.1" 200 3612 "-" "Mozilla/5.0 (Windows NT 10.0; Win64; x64) AppleWebKit/537.36 (KHTML, like Gecko) Chrome/151.0.0.0 Safari/537.36"
185.215.232.194 - - [26/Aug/2026:22:31:31 +0330] "GET /vod/play/id/29349/sid/1/nid/1.html HTTP/1.1" 404 13731 "https://mahdetejarat.com/index.php/vod/play/id/34283/sid/1/nid/1.html" "Mozilla/5.0 (Linux; Android 7.0;) AppleWebKit/537.36 (HTML, like Gecko) Mobile Safari/537.36 (compatible; PetalBot;+https://webmaster.petalsearch.com/site/petalbot)"
185.215.232.193 - - [26/Aug/2026:22:32:50 +0330] "GET /index.php/vod/play/id/37167/sid/1/nid/1.html HTTP/1.1" 301 0 "https://mahdetejarat.com/index.php/vod/play/id/40899/sid/1/nid/1.html" "Mozilla/5.0 (Linux; Android 7.0;) AppleWebKit/537.36 (HTML, like Gecko) Mobile Safari/537.36 (compatible; PetalBot;+https://webmaster.petalsearch.com/site/petalbot)"
94.101.183.3 - - [26/Aug/2026:22:33:43 +0330] "POST /wp-cron.php?doing_wp_cron=1787771022.8086938858032226562500 HTTP/1.1" 200 0 "-" "WordPress/6.9.1; https://mahdetejarat.com"
185.215.232.193 - - [26/Aug/2026:22:33:39 +0330] "GET /sitemap_index.xml HTTP/1.1" 200 311 "-" "Mozilla/5.0 (compatible; AhrefsBot/7.0; +http://ahrefs.com/robot/)"
185.215.232.193 - - [26/Aug/2026:22:33:44 +0330] "GET /post-sitemap.xml HTTP/1.1" 200 495 "-" "Mozilla/5.0 (compatible; AhrefsBot/7.0; +http://ahrefs.com/robot/)"
185.215.232.194 - - [26/Aug/2026:22:33:49 +0330] "GET /page-sitemap.xml HTTP/1.1" 200 457 "-" "Mozilla/5.0 (compatible; AhrefsBot/7.0; +http://ahrefs.com/robot/)"
94.101.183.3 - - [26/Aug/2026:22:34:15 +0330] "POST /wp-cron.php?doing_wp_cron=1787771055.6432530879974365234375 HTTP/1.1" 200 0 "-" "WordPress/6.9.1; https://mahdetejarat.com"
185.215.232.193 - - [26/Aug/2026:22:34:13 +0330] "GET /index.php/vod/play/id/7437/sid/1/nid/1.html HTTP/1.1" 301 0 "https://www.mahdetejarat.com/index.php/vod/play/id/8637/sid/1/nid/1.html" "Mozilla/5.0 (Linux; Android 7.0;) AppleWebKit/537.36 (HTML, like Gecko) Mobile Safari/537.36 (compatible; PetalBot;+https://webmaster.petalsearch.com/site/petalbot)"
185.215.232.193 - - [26/Aug/2026:22:34:19 +0330] "GET /vod/play/id/7437/sid/1/nid/1.html HTTP/1.1" 404 13731 "https://www.mahdetejarat.com/index.php/vod/play/id/8637/sid/1/nid/1.html" "Mozilla/5.0 (Linux; Android 7.0;) AppleWebKit/537.36 (HTML, like Gecko) Mobile Safari/537.36 (compatible; PetalBot;+https://webmaster.petalsearch.com/site/petalbot)"
94.101.183.3 - - [26/Aug/2026:22:35:41 +0330] "POST /wp-cron.php?doing_wp_cron=1787771140.9705901145935058593750 HTTP/1.1" 200 0 "-" "WordPress/6.9.1; https://mahdetejarat.com"
185.215.232.193 - - [26/Aug/2026:22:35:37 +0330] "GET /index.php/vod/play/id/16606/sid/1/nid/1.html HTTP/1.1" 301 0 "https://mahdetejarat.com/index.php/vod/play/id/18446/sid/1/nid/1.html" "Mozilla/5.0 (Linux; Android 7.0;) AppleWebKit/537.36 (HTML, like Gecko) Mobile Safari/537.36 (compatible; PetalBot;+https://webmaster.petalsearch.com/site/petalbot)"
185.215.232.193 - - [26/Aug/2026:22:35:42 +0330] "GET /vod/play/id/16606/sid/1/nid/1.html HTTP/1.1" 404 13731 "https://mahdetejarat.com/index.php/vod/play/id/18446/sid/1/nid/1.html" "Mozilla/5.0 (Linux; Android 7.0;) AppleWebKit/537.36 (HTML, like Gecko) Mobile Safari/537.36 (compatible; PetalBot;+https://webmaster.petalsearch.com/site/petalbot)"
185.215.232.194 - - [26/Aug/2026:22:37:04 +0330] "GET /vod/search.html?wd=chinaawesom HTTP/1.1" 404 13731 "https://www.mahdetejarat.com/index.php/art/type/id/22.html" "Mozilla/5.0 (Linux; Android 7.0;) AppleWebKit/537.36 (HTML, like Gecko) Mobile Safari/537.36 (compatible; PetalBot;+https://webmaster.petalsearch.com/site/petalbot)"
94.101.182.6 - - [26/Aug/2026:22:39:50 +0330] "POST /wp-cron.php?doing_wp_cron=1787771390.3518400192260742187500 HTTP/1.1" 200 0 "-" "WordPress/6.9.1; https://mahdetejarat.com"
185.215.232.193 - - [26/Aug/2026:22:39:51 +0330] "GET /vod/play/id/31482/sid/1/nid/1.html HTTP/1.1" 404 13731 "https://www.mahdetejarat.com/index.php/vod/play/id/37041/sid/1/nid/1.html" "Mozilla/5.0 (Linux; Android 7.0;) AppleWebKit/537.36 (HTML, like Gecko) Mobile Safari/537.36 (compatible; PetalBot;+https://webmaster.petalsearch.com/site/petalbot)"
94.101.182.6 - - [26/Aug/2026:22:41:13 +0330] "POST /wp-cron.php?doing_wp_cron=1787771473.2781019210815429687500 HTTP/1.1" 200 0 "-" "WordPress/6.9.1; https://mahdetejarat.com"
185.215.232.193 - - [26/Aug/2026:22:41:10 +0330] "GET /index.php/vod/play/id/6718/sid/1/nid/1.html HTTP/1.1" 301 0 "https://www.mahdetejarat.com/index.php/vod/play/id/6718/sid/1/nid/1.html" "Mozilla/5.0 (Linux; Android 7.0;) AppleWebKit/537.36 (HTML, like Gecko) Mobile Safari/537.36 (compatible; PetalBot;+https://webmaster.petalsearch.com/site/petalbot)"
94.101.182.6 - - [26/Aug/2026:22:42:38 +0330] "POST /wp-cron.php?doing_wp_cron=1787771558.1386098861694335937500 HTTP/1.1" 200 0 "-" "WordPress/6.9.1; https://mahdetejarat.com"
185.215.232.193 - - [26/Aug/2026:22:42:39 +0330] "GET /vod/play/id/37201/sid/1/nid/1.html HTTP/1.1" 404 13731 "https://mahdetejarat.com/index.php/vod/play/id/18189/sid/1/nid/1.html" "Mozilla/5.0 (Linux; Android 7.0;) AppleWebKit/537.36 (HTML, like Gecko) Mobile Safari/537.36 (compatible; PetalBot;+https://webmaster.petalsearch.com/site/petalbot)"
94.101.183.3 - - [26/Aug/2026:22:44:16 +0330] "POST /wp-cron.php?doing_wp_cron=1787771656.1483590602874755859375 HTTP/1.1" 200 0 "-" "WordPress/6.9.1; https://mahdetejarat.com"
185.215.232.193 - - [26/Aug/2026:22:44:13 +0330] "GET /index.php/vod/play/id/18413/sid/1/nid/1.html HTTP/1.1" 301 0 "https://mahdetejarat.com/index.php/vod/search/page/3/wd/%E5%A4%A7%E9%B8%A1.html" "Mozilla/5.0 (Linux; Android 7.0;) AppleWebKit/537.36 (HTML, like Gecko) Mobile Safari/537.36 (compatible; PetalBot;+https://webmaster.petalsearch.com/site/petalbot)"
185.215.232.193 - - [26/Aug/2026:22:44:19 +0330] "GET /vod/play/id/18413/sid/1/nid/1.html HTTP/1.1" 404 13731 "https://mahdetejarat.com/index.php/vod/search/page/3/wd/%E5%A4%A7%E9%B8%A1.html" "Mozilla/5.0 (Linux; Android 7.0;) AppleWebKit/537.36 (HTML, like Gecko) Mobile Safari/537.36 (compatible; PetalBot;+https://webmaster.petalsearch.com/site/petalbot)"
185.215.232.193 - - [26/Aug/2026:22:45:25 +0330] "GET /vod/play/id/7111/sid/1/nid/1.html HTTP/1.1" 404 13731 "https://www.mahdetejarat.com/index.php/vod/play/id/8812/sid/1/nid/1.html" "Mozilla/5.0 (Linux; Android 7.0;) AppleWebKit/537.36 (HTML, like Gecko) Mobile Safari/537.36 (compatible; PetalBot;+https://webmaster.petalsearch.com/site/petalbot)"
94.101.183.3 - - [26/Aug/2026:22:38:29 +0330] "POST /wp-cron.php?doing_wp_cron=1787771309.0575890541076660156250 HTTP/1.1" 200 0 "-" "WordPress/6.9.1; https://mahdetejarat.com"
185.215.232.193 - - [26/Aug/2026:22:38:26 +0330] "GET /index.php/vod/play/id/36271/sid/1/nid/1.html HTTP/1.1" 301 0 "https://www.mahdetejarat.com/index.php/vod/play/id/26546/sid/1/nid/1.html" "Mozilla/5.0 (Linux; Android 7.0;) AppleWebKit/537.36 (HTML, like Gecko) Mobile Safari/537.36 (compatible; PetalBot;+https://webmaster.petalsearch.com/site/petalbot)"
185.215.232.193 - - [26/Aug/2026:22:38:30 +0330] "GET /vod/play/id/36271/sid/1/nid/1.html HTTP/1.1" 404 13731 "https://www.mahdetejarat.com/index.php/vod/play/id/26546/sid/1/nid/1.html" "Mozilla/5.0 (Linux; Android 7.0;) AppleWebKit/537.36 (HTML, like Gecko) Mobile Safari/537.36 (compatible; PetalBot;+https://webmaster.petalsearch.com/site/petalbot)"
185.215.232.193 - - [26/Aug/2026:22:39:48 +0330] "GET /index.php/vod/play/id/31482/sid/1/nid/1.html HTTP/1.1" 301 0 "https://www.mahdetejarat.com/index.php/vod/play/id/37041/sid/1/nid/1.html" "Mozilla/5.0 (Linux; Android 7.0;) AppleWebKit/537.36 (HTML, like Gecko) Mobile Safari/537.36 (compatible; PetalBot;+https://webmaster.petalsearch.com/site/petalbot)"
185.215.232.193 - - [26/Aug/2026:22:41:14 +0330] "GET /vod/play/id/6718/sid/1/nid/1.html HTTP/1.1" 404 13731 "https://www.mahdetejarat.com/index.php/vod/play/id/6718/sid/1/nid/1.html" "Mozilla/5.0 (Linux; Android 7.0;) AppleWebKit/537.36 (HTML, like Gecko) Mobile Safari/537.36 (compatible; PetalBot;+https://webmaster.petalsearch.com/site/petalbot)"
185.215.232.193 - - [26/Aug/2026:22:42:35 +0330] "GET /index.php/vod/play/id/37201/sid/1/nid/1.html HTTP/1.1" 301 0 "https://mahdetejarat.com/index.php/vod/play/id/18189/sid/1/nid/1.html" "Mozilla/5.0 (Linux; Android 7.0;) AppleWebKit/537.36 (HTML, like Gecko) Mobile Safari/537.36 (compatible; PetalBot;+https://webmaster.petalsearch.com/site/petalbot)"
94.101.183.3 - - [26/Aug/2026:22:45:23 +0330] "POST /wp-cron.php?doing_wp_cron=1787771723.7545199394226074218750 HTTP/1.1" 200 0 "-" "WordPress/6.9.1; https://mahdetejarat.com"
185.215.232.193 - - [26/Aug/2026:22:45:21 +0330] "GET /index.php/vod/play/id/7111/sid/1/nid/1.html HTTP/1.1" 301 0 "https://www.mahdetejarat.com/index.php/vod/play/id/8812/sid/1/nid/1.html" "Mozilla/5.0 (Linux; Android 7.0;) AppleWebKit/537.36 (HTML, like Gecko) Mobile Safari/537.36 (compatible; PetalBot;+https://webmaster.petalsearch.com/site/petalbot)"
94.101.183.3 - - [26/Aug/2026:22:46:47 +0330] "POST /wp-cron.php?doing_wp_cron=1787771807.4301838874816894531250 HTTP/1.1" 200 0 "-" "WordPress/6.9.1; https://mahdetejarat.com"
185.215.232.194 - - [26/Aug/2026:22:46:44 +0330] "GET /index.php/vod/play/id/13931/sid/1/nid/1.html HTTP/1.1" 301 0 "https://mahdetejarat.com/index.php/vod/play/id/19153/sid/1/nid/1.html" "Mozilla/5.0 (Linux; Android 7.0;) AppleWebKit/537.36 (HTML, like Gecko) Mobile Safari/537.36 (compatible; PetalBot;+https://webmaster.petalsearch.com/site/petalbot)"
94.101.183.3 - - [26/Aug/2026:22:48:10 +0330] "POST /wp-cron.php?doing_wp_cron=1787771890.3348240852355957031250 HTTP/1.1" 200 0 "-" "WordPress/6.9.1; https://mahdetejarat.com"
185.215.232.193 - - [26/Aug/2026:22:48:07 +0330] "GET /index.php/vod/play/id/17468/sid/1/nid/1.html HTTP/1.1" 301 0 "https://mahdetejarat.com/index.php/vod/play/id/11818/sid/1/nid/1.html" "Mozilla/5.0 (Linux; Android 7.0;) AppleWebKit/537.36 (HTML, like Gecko) Mobile Safari/537.36 (compatible; PetalBot;+https://webmaster.petalsearch.com/site/petalbot)"
185.215.232.193 - - [26/Aug/2026:22:48:35 +0330] "GET /wp-login.php HTTP/1.1" 200 3390 "-" "Mozilla/5.0 (Windows NT 10.0; Win64; x64) AppleWebKit/537.36 (KHTML, like Gecko) Chrome/151.0.0.0 Safari/537.36"
185.215.232.193 - - [26/Aug/2026:22:48:43 +0330] "POST /wp-login.php HTTP/1.1" 200 3612 "-" "Mozilla/5.0 (Windows NT 10.0; Win64; x64) AppleWebKit/537.36 (KHTML, like Gecko) Chrome/151.0.0.0 Safari/537.36"
94.101.183.3 - - [26/Aug/2026:22:49:36 +0330] "POST /wp-cron.php?doing_wp_cron=1787771975.9914689064025878906250 HTTP/1.1" 200 0 "-" "WordPress/6.9.1; https://mahdetejarat.com"
185.215.232.193 - - [26/Aug/2026:22:49:36 +0330] "GET /vod/play/id/13669/sid/1/nid/1.html HTTP/1.1" 404 13731 "https://mahdetejarat.com/index.php/vod/play/id/41493/sid/1/nid/1.html" "Mozilla/5.0 (Linux; Android 7.0;) AppleWebKit/537.36 (HTML, like Gecko) Mobile Safari/537.36 (compatible; PetalBot;+https://webmaster.petalsearch.com/site/petalbot)"
185.215.232.194 - - [26/Aug/2026:22:46:48 +0330] "GET /vod/play/id/13931/sid/1/nid/1.html HTTP/1.1" 404 13731 "https://mahdetejarat.com/index.php/vod/play/id/19153/sid/1/nid/1.html" "Mozilla/5.0 (Linux; Android 7.0;) AppleWebKit/537.36 (HTML, like Gecko) Mobile Safari/537.36 (compatible; PetalBot;+https://webmaster.petalsearch.com/site/petalbot)"
185.215.232.193 - - [26/Aug/2026:22:48:11 +0330] "GET /vod/play/id/17468/sid/1/nid/1.html HTTP/1.1" 404 13731 "https://mahdetejarat.com/index.php/vod/play/id/11818/sid/1/nid/1.html" "Mozilla/5.0 (Linux; Android 7.0;) AppleWebKit/537.36 (HTML, like Gecko) Mobile Safari/537.36 (compatible; PetalBot;+https://webmaster.petalsearch.com/site/petalbot)"
185.215.232.193 - - [26/Aug/2026:22:49:33 +0330] "GET /index.php/vod/play/id/13669/sid/1/nid/1.html HTTP/1.1" 301 0 "https://mahdetejarat.com/index.php/vod/play/id/41493/sid/1/nid/1.html" "Mozilla/5.0 (Linux; Android 7.0;) AppleWebKit/537.36 (HTML, like Gecko) Mobile Safari/537.36 (compatible; PetalBot;+https://webmaster.petalsearch.com/site/petalbot)"
185.215.232.193 - - [26/Aug/2026:22:50:55 +0330] "GET /index.php/vod/play/id/3896/sid/1/nid/1.html HTTP/1.1" 301 0 "https://www.mahdetejarat.com/index.php/vod/play/id/8229/sid/1/nid/1.html" "Mozilla/5.0 (Linux; Android 7.0;) AppleWebKit/537.36 (HTML, like Gecko) Mobile Safari/537.36 (compatible; PetalBot;+https://webmaster.petalsearch.com/site/petalbot)"
185.215.232.193 - - [26/Aug/2026:22:50:58 +0330] "GET /vod/play/id/3896/sid/1/nid/1.html HTTP/1.1" 404 13731 "https://www.mahdetejarat.com/index.php/vod/play/id/8229/sid/1/nid/1.html" "Mozilla/5.0 (Linux; Android 7.0;) AppleWebKit/537.36 (HTML, like Gecko) Mobile Safari/537.36 (compatible; PetalBot;+https://webmaster.petalsearch.com/site/petalbot)"
185.215.232.195 - - [26/Aug/2026:22:51:50 +0330] "GET /sitemap_index.xml HTTP/1.1" 200 311 "-" "Mozilla/5.0 AppleWebKit/537.36 (KHTML, like Gecko; compatible; ClaudeBot/1.0; +claudebot@anthropic.com)"
94.101.183.3 - - [26/Aug/2026:22:52:24 +0330] "POST /wp-cron.php?doing_wp_cron=1787772144.4177799224853515625000 HTTP/1.1" 200 0 "-" "WordPress/6.9.1; https://mahdetejarat.com"
185.215.232.193 - - [26/Aug/2026:22:52:21 +0330] "GET /index.php/vod/play/id/16153/sid/1/nid/1.html HTTP/1.1" 301 0 "https://www.mahdetejarat.com/index.php/vod/play/id/41940/sid/1/nid/1.html" "Mozilla/5.0 (Linux; Android 7.0;) AppleWebKit/537.36 (HTML, like Gecko) Mobile Safari/537.36 (compatible; PetalBot;+https://webmaster.petalsearch.com/site/petalbot)"
94.101.183.3 - - [26/Aug/2026:22:53:45 +0330] "POST /wp-cron.php?doing_wp_cron=1787772225.3905808925628662109375 HTTP/1.1" 200 0 "-" "WordPress/6.9.1; https://mahdetejarat.com"
94.101.182.6 - - [26/Aug/2026:22:50:58 +0330] "POST /wp-cron.php?doing_wp_cron=1787772058.0761079788208007812500 HTTP/1.1" 200 0 "-" "WordPress/6.9.1; https://mahdetejarat.com"
94.101.182.6 - - [26/Aug/2026:22:51:50 +0330] "POST /wp-cron.php?doing_wp_cron=1787772109.9982740879058837890625 HTTP/1.1" 200 0 "-" "WordPress/6.9.1; https://mahdetejarat.com"
185.215.232.195 - - [26/Aug/2026:22:51:47 +0330] "GET /robots.txt HTTP/1.1" 200 163 "-" "Mozilla/5.0 AppleWebKit/537.36 (KHTML, like Gecko; compatible; ClaudeBot/1.0; +claudebot@anthropic.com)"
185.215.232.193 - - [26/Aug/2026:22:52:26 +0330] "GET /vod/play/id/16153/sid/1/nid/1.html HTTP/1.1" 404 13731 "https://www.mahdetejarat.com/index.php/vod/play/id/41940/sid/1/nid/1.html" "Mozilla/5.0 (Linux; Android 7.0;) AppleWebKit/537.36 (HTML, like Gecko) Mobile Safari/537.36 (compatible; PetalBot;+https://webmaster.petalsearch.com/site/petalbot)"
185.215.232.193 - - [26/Aug/2026:22:53:42 +0330] "GET /index.php/vod/play/id/11685/sid/1/nid/1.html HTTP/1.1" 301 0 "https://mahdetejarat.com/index.php/vod/search/page/5/wd/%E5%A4%A7%E9%B8%A1.html" "Mozilla/5.0 (Linux; Android 7.0;) AppleWebKit/537.36 (HTML, like Gecko) Mobile Safari/537.36 (compatible; PetalBot;+https://webmaster.petalsearch.com/site/petalbot)"
185.215.232.193 - - [26/Aug/2026:22:53:46 +0330] "GET /vod/play/id/11685/sid/1/nid/1.html HTTP/1.1" 404 13731 "https://mahdetejarat.com/index.php/vod/search/page/5/wd/%E5%A4%A7%E9%B8%A1.html" "Mozilla/5.0 (Linux; Android 7.0;) AppleWebKit/537.36 (HTML, like Gecko) Mobile Safari/537.36 (compatible; PetalBot;+https://webmaster.petalsearch.com/site/petalbot)"
94.101.183.3 - - [26/Aug/2026:22:55:13 +0330] "POST /wp-cron.php?doing_wp_cron=1787772313.1111860275268554687500 HTTP/1.1" 200 0 "-" "WordPress/6.9.1; https://mahdetejarat.com"
185.215.232.193 - - [26/Aug/2026:22:55:13 +0330] "GET /vod/play/id/10666/sid/1/nid/1.html HTTP/1.1" 404 13731 "https://www.mahdetejarat.com/index.php/vod/play/id/41604/sid/1/nid/1.html" "Mozilla/5.0 (Linux; Android 7.0;) AppleWebKit/537.36 (HTML, like Gecko) Mobile Safari/537.36 (compatible; PetalBot;+https://webmaster.petalsearch.com/site/petalbot)"
185.215.232.193 - - [26/Aug/2026:22:56:35 +0330] "GET /vod/play/id/8048/sid/1/nid/1.html HTTP/1.1" 404 13731 "https://mahdetejarat.com/index.php/vod/play/id/7839/sid/1/nid/1.html" "Mozilla/5.0 (Linux; Android 7.0;) AppleWebKit/537.36 (HTML, like Gecko) Mobile Safari/537.36 (compatible; PetalBot;+https://webmaster.petalsearch.com/site/petalbot)"
94.101.182.6 - - [26/Aug/2026:22:57:56 +0330] "POST /wp-cron.php?doing_wp_cron=1787772476.4564359188079833984375 HTTP/1.1" 200 0 "-" "WordPress/6.9.1; https://mahdetejarat.com"
185.215.232.193 - - [26/Aug/2026:22:57:54 +0330] "GET /index.php/vod/play/id/13148/sid/1/nid/1.html HTTP/1.1" 301 0 "https://mahdetejarat.com/index.php/vod/play/id/533/sid/1/nid/1.html" "Mozilla/5.0 (Linux; Android 7.0;) AppleWebKit/537.36 (HTML, like Gecko) Mobile Safari/537.36 (compatible; PetalBot;+https://webmaster.petalsearch.com/site/petalbot)"
185.215.232.193 - - [26/Aug/2026:22:57:57 +0330] "GET /vod/play/id/13148/sid/1/nid/1.html HTTP/1.1" 404 13731 "https://mahdetejarat.com/index.php/vod/play/id/533/sid/1/nid/1.html" "Mozilla/5.0 (Linux; Android 7.0;) AppleWebKit/537.36 (HTML, like Gecko) Mobile Safari/537.36 (compatible; PetalBot;+https://webmaster.petalsearch.com/site/petalbot)"
185.215.232.195 - - [26/Aug/2026:22:58:11 +0330] "GET /product/%d8%b3%d8%b7%d9%84-%d8%b2%d8%a8%d8%a7%d9%84%d9%87-%d8%b4%d9%87%d8%b1%db%8c-%d9%85%d8%ae%d8%b2%d9%86%da%af%d8%a7%d9%84%d9%88%d8%a7%d9%86%db%8c%d8%b2%d9%87-660-%d9%84%db%8c%d8%aa%d8%b1%db%8c-%da%a9/ HTTP/1.1" 200 22941 "-" "Mozilla/5.0 (Windows NT 10.0; Win64; x64) AppleWebKit/537.36 (KHTML, like Gecko) Chrome/145.0.0.0 Safari/537.36 (compatible; meta-externalagent/1.1 (+https://developers.facebook.com/docs/sharing/webmasters/crawler))"
94.101.182.6 - - [26/Aug/2026:22:59:20 +0330] "POST /wp-cron.php?doing_wp_cron=1787772560.2343790531158447265625 HTTP/1.1" 200 0 "-" "WordPress/6.9.1; https://mahdetejarat.com"
94.101.182.6 - - [26/Aug/2026:23:00:37 +0330] "POST /wp-cron.php?doing_wp_cron=1787772637.2421669960021972656250 HTTP/1.1" 200 0 "-" "WordPress/6.9.1; https://mahdetejarat.com"
185.215.232.195 - - [26/Aug/2026:23:00:34 +0330] "GET /robots.txt HTTP/1.1" 200 178 "-" "Mozilla/5.0 (compatible; SemrushBot/7~bl; +http://www.semrush.com/bot.html)"
185.215.232.194 - - [26/Aug/2026:23:00:42 +0330] "GET /index.php/vod/play/id/4294/sid/1/nid/1.html HTTP/1.1" 301 0 "https://www.mahdetejarat.com/index.php/vod/play/id/374/sid/1/nid/1.html" "Mozilla/5.0 (Linux; Android 7.0;) AppleWebKit/537.36 (HTML, like Gecko) Mobile Safari/537.36 (compatible; PetalBot;+https://webmaster.petalsearch.com/site/petalbot)"
94.101.182.6 - - [26/Aug/2026:23:02:07 +0330] "POST /wp-cron.php?doing_wp_cron=1787772727.5852799415588378906250 HTTP/1.1" 200 0 "-" "WordPress/6.9.1; https://mahdetejarat.com"
185.215.232.193 - - [26/Aug/2026:23:02:04 +0330] "GET /index.php/vod/play/id/35377/sid/1/nid/1.html HTTP/1.1" 301 0 "https://www.mahdetejarat.com/index.php/vod/play/id/9391/sid/1/nid/1.html" "Mozilla/5.0 (Linux; Android 7.0;) AppleWebKit/537.36 (HTML, like Gecko) Mobile Safari/537.36 (compatible; PetalBot;+https://webmaster.petalsearch.com/site/petalbot)"
185.215.232.193 - - [26/Aug/2026:23:02:08 +0330] "GET /vod/play/id/35377/sid/1/nid/1.html HTTP/1.1" 404 13731 "https://www.mahdetejarat.com/index.php/vod/play/id/9391/sid/1/nid/1.html" "Mozilla/5.0 (Linux; Android 7.0;) AppleWebKit/537.36 (HTML, like Gecko) Mobile Safari/537.36 (compatible; PetalBot;+https://webmaster.petalsearch.com/site/petalbot)"
185.215.232.193 - - [26/Aug/2026:22:55:10 +0330] "GET /index.php/vod/play/id/10666/sid/1/nid/1.html HTTP/1.1" 301 0 "https://www.mahdetejarat.com/index.php/vod/play/id/41604/sid/1/nid/1.html" "Mozilla/5.0 (Linux; Android 7.0;) AppleWebKit/537.36 (HTML, like Gecko) Mobile Safari/537.36 (compatible; PetalBot;+https://webmaster.petalsearch.com/site/petalbot)"
94.101.183.3 - - [26/Aug/2026:22:56:32 +0330] "POST /wp-cron.php?doing_wp_cron=1787772392.0933001041412353515625 HTTP/1.1" 200 0 "-" "WordPress/6.9.1; https://mahdetejarat.com"
185.215.232.193 - - [26/Aug/2026:22:56:29 +0330] "GET /index.php/vod/play/id/8048/sid/1/nid/1.html HTTP/1.1" 301 0 "https://mahdetejarat.com/index.php/vod/play/id/7839/sid/1/nid/1.html" "Mozilla/5.0 (Linux; Android 7.0;) AppleWebKit/537.36 (HTML, like Gecko) Mobile Safari/537.36 (compatible; PetalBot;+https://webmaster.petalsearch.com/site/petalbot)"
94.101.182.6 - - [26/Aug/2026:22:57:06 +0330] "POST /wp-cron.php?doing_wp_cron=1787772426.8586668968200683593750 HTTP/1.1" 200 0 "-" "WordPress/6.9.1; https://mahdetejarat.com"
185.215.232.193 - - [26/Aug/2026:22:57:04 +0330] "GET /wp-login.php HTTP/1.1" 200 3390 "-" "Mozilla/5.0 (Windows NT 10.0; Win64; x64) AppleWebKit/537.36 (KHTML, like Gecko) Chrome/151.0.0.0 Safari/537.36"
185.215.232.193 - - [26/Aug/2026:22:57:08 +0330] "POST /wp-login.php HTTP/1.1" 200 3612 "-" "Mozilla/5.0 (Windows NT 10.0; Win64; x64) AppleWebKit/537.36 (KHTML, like Gecko) Chrome/151.0.0.0 Safari/537.36"
94.101.182.6 - - [26/Aug/2026:22:58:14 +0330] "POST /wp-cron.php?doing_wp_cron=1787772494.6587729454040527343750 HTTP/1.1" 200 0 "-" "WordPress/6.9.1; https://mahdetejarat.com"
185.215.232.193 - - [26/Aug/2026:22:59:17 +0330] "GET /index.php/vod/play/id/10324/sid/1/nid/1.html HTTP/1.1" 301 0 "https://mahdetejarat.com/index.php/vod/play/id/13025/sid/1/nid/1.html" "Mozilla/5.0 (Linux; Android 7.0;) AppleWebKit/537.36 (HTML, like Gecko) Mobile Safari/537.36 (compatible; PetalBot;+https://webmaster.petalsearch.com/site/petalbot)"
185.215.232.193 - - [26/Aug/2026:22:59:21 +0330] "GET /vod/play/id/10324/sid/1/nid/1.html HTTP/1.1" 404 13731 "https://mahdetejarat.com/index.php/vod/play/id/13025/sid/1/nid/1.html" "Mozilla/5.0 (Linux; Android 7.0;) AppleWebKit/537.36 (HTML, like Gecko) Mobile Safari/537.36 (compatible; PetalBot;+https://webmaster.petalsearch.com/site/petalbot)"
185.215.232.194 - - [26/Aug/2026:23:00:38 +0330] "GET /product/%D8%AA%D9%86%D8%AF%DB%8C%D8%B3-%D9%85%DB%8C%D8%AF%D8%A7%D9%86%DB%8C-%D9%88-%D8%A7%D9%90%D9%84%D9%85%D8%A7%D9%86-%D8%A7%D8%B3%D8%A8-%D8%B1%D9%88%DB%8C-%DA%86%D9%85%D9%86/ HTTP/1.1" 200 23068 "-" "Mozilla/5.0 (compatible; SemrushBot/7~bl; +http://www.semrush.com/bot.html)"
185.215.232.194 - - [26/Aug/2026:23:00:47 +0330] "GET /vod/play/id/4294/sid/1/nid/1.html HTTP/1.1" 404 13731 "https://www.mahdetejarat.com/index.php/vod/play/id/374/sid/1/nid/1.html" "Mozilla/5.0 (Linux; Android 7.0;) AppleWebKit/537.36 (HTML, like Gecko) Mobile Safari/537.36 (compatible; PetalBot;+https://webmaster.petalsearch.com/site/petalbot)"
94.101.182.6 - - [26/Aug/2026:23:03:31 +0330] "POST /wp-cron.php?doing_wp_cron=1787772811.0919680595397949218750 HTTP/1.1" 200 0 "-" "WordPress/6.9.1; https://mahdetejarat.com"
185.215.232.193 - - [26/Aug/2026:23:03:32 +0330] "GET /vod/play/id/6185/sid/1/nid/1.html HTTP/1.1" 404 13731 "https://mahdetejarat.com/index.php/vod/play/id/16912/sid/1/nid/1.html" "Mozilla/5.0 (Linux; Android 7.0;) AppleWebKit/537.36 (HTML, like Gecko) Mobile Safari/537.36 (compatible; PetalBot;+https://webmaster.petalsearch.com/site/petalbot)"
185.215.232.193 - - [26/Aug/2026:23:04:11 +0330] "GET /product/%D8%B3%D8%B7%D9%84-%D8%B2%D8%A8%D8%A7%D9%84%D9%87-%D9%81%D9%84%D8%B2%DB%8C-%D9%BE%D8%A7%D8%B1%DA%A9%DB%8C-r460/ HTTP/1.1" 200 19738 "-" "Mozilla/5.0 (compatible; AhrefsBot/7.0; +http://ahrefs.com/robot/)"
185.215.232.193 - - [26/Aug/2026:23:04:56 +0330] "GET /vod/play/id/38854/sid/1/nid/1.html HTTP/1.1" 404 13731 "https://mahdetejarat.com/index.php/vod/play/id/30399/sid/1/nid/1.html" "Mozilla/5.0 (Linux; Android 7.0;) AppleWebKit/537.36 (HTML, like Gecko) Mobile Safari/537.36 (compatible; PetalBot;+https://webmaster.petalsearch.com/site/petalbot)"
94.101.183.3 - - [26/Aug/2026:23:06:19 +0330] "POST /wp-cron.php?doing_wp_cron=1787772979.9349400997161865234375 HTTP/1.1" 200 0 "-" "WordPress/6.9.1; https://mahdetejarat.com"
185.215.232.193 - - [26/Aug/2026:23:06:17 +0330] "GET /index.php/vod/play/id/31892/sid/1/nid/1.html HTTP/1.1" 301 0 "https://mahdetejarat.com/index.php/vod/play/id/21147/sid/1/nid/1.html" "Mozilla/5.0 (Linux; Android 7.0;) AppleWebKit/537.36 (HTML, like Gecko) Mobile Safari/537.36 (compatible; PetalBot;+https://webmaster.petalsearch.com/site/petalbot)"
185.215.232.193 - - [26/Aug/2026:23:06:20 +0330] "GET /vod/play/id/31892/sid/1/nid/1.html HTTP/1.1" 404 13731 "https://mahdetejarat.com/index.php/vod/play/id/21147/sid/1/nid/1.html" "Mozilla/5.0 (Linux; Android 7.0;) AppleWebKit/537.36 (HTML, like Gecko) Mobile Safari/537.36 (compatible; PetalBot;+https://webmaster.petalsearch.com/site/petalbot)"
94.101.183.3 - - [26/Aug/2026:23:07:41 +0330] "POST /wp-cron.php?doing_wp_cron=1787773061.4083170890808105468750 HTTP/1.1" 200 0 "-" "WordPress/6.9.1; https://mahdetejarat.com"
185.215.232.193 - - [26/Aug/2026:23:07:38 +0330] "GET /index.php/vod/play/id/30737/sid/1/nid/1.html HTTP/1.1" 301 0 "https://mahdetejarat.com/index.php/vod/play/id/34341/sid/1/nid/1.html" "Mozilla/5.0 (Linux; Android 7.0;) AppleWebKit/537.36 (HTML, like Gecko) Mobile Safari/537.36 (compatible; PetalBot;+https://webmaster.petalsearch.com/site/petalbot)"
185.215.232.193 - - [26/Aug/2026:23:07:42 +0330] "GET /vod/play/id/30737/sid/1/nid/1.html HTTP/1.1" 404 13731 "https://mahdetejarat.com/index.php/vod/play/id/34341/sid/1/nid/1.html" "Mozilla/5.0 (Linux; Android 7.0;) AppleWebKit/537.36 (HTML, like Gecko) Mobile Safari/537.36 (compatible; PetalBot;+https://webmaster.petalsearch.com/site/petalbot)"
185.215.232.193 - - [26/Aug/2026:23:09:02 +0330] "GET /index.php/vod/play/id/7193/sid/1/nid/1.html HTTP/1.1" 301 0 "http://mahdetejarat.com/index.php/vod/play/id/3397/sid/1/nid/1.html" "Mozilla/5.0 (Linux; Android 7.0;) AppleWebKit/537.36 (HTML, like Gecko) Mobile Safari/537.36 (compatible; PetalBot;+https://webmaster.petalsearch.com/site/petalbot)"
185.215.232.193 - - [26/Aug/2026:23:09:07 +0330] "GET /vod/play/id/7193/sid/1/nid/1.html HTTP/1.1" 404 13731 "http://mahdetejarat.com/index.php/vod/play/id/3397/sid/1/nid/1.html" "Mozilla/5.0 (Linux; Android 7.0;) AppleWebKit/537.36 (HTML, like Gecko) Mobile Safari/537.36 (compatible; PetalBot;+https://webmaster.petalsearch.com/site/petalbot)"
185.215.232.193 - - [26/Aug/2026:23:10:26 +0330] "GET /index.php/vod/search.html?wd=r2232829196 HTTP/1.1" 301 0 "https://www.mahdetejarat.com/index.php/art/type/id/22.html" "Mozilla/5.0 (Linux; Android 7.0;) AppleWebKit/537.36 (HTML, like Gecko) Mobile Safari/537.36 (compatible; PetalBot;+https://webmaster.petalsearch.com/site/petalbot)"
185.215.232.193 - - [26/Aug/2026:23:10:30 +0330] "GET /vod/search.html?wd=r2232829196 HTTP/1.1" 404 13731 "https://www.mahdetejarat.com/index.php/art/type/id/22.html" "Mozilla/5.0 (Linux; Android 7.0;) AppleWebKit/537.36 (HTML, like Gecko) Mobile Safari/537.36 (compatible; PetalBot;+https://webmaster.petalsearch.com/site/petalbot)"
185.215.232.193 - - [26/Aug/2026:23:11:23 +0330] "GET / HTTP/1.1" 200 25822 "-" "Mozilla/5.0 (Windows NT 10.0; Win64; x64) AppleWebKit/537.36 (KHTML, like Gecko) Chrome/120.0.0.0 Safari/537.36"
94.101.183.3 - - [26/Aug/2026:23:11:27 +0330] "POST /wp-cron.php?doing_wp_cron=1787773287.8575820922851562500000 HTTP/1.1" 200 0 "-" "WordPress/6.9.1; https://mahdetejarat.com"
185.215.232.193 - - [26/Aug/2026:23:11:29 +0330] "GET /admin.php HTTP/1.1" 404 13731 "-" "Mozilla/5.0 (Windows NT 10.0; Win64; x64) AppleWebKit/537.36 (KHTML, like Gecko) Chrome/120.0.0.0 Safari/537.36"
185.215.232.193 - - [26/Aug/2026:23:03:28 +0330] "GET /index.php/vod/play/id/6185/sid/1/nid/1.html HTTP/1.1" 301 0 "https://mahdetejarat.com/index.php/vod/play/id/16912/sid/1/nid/1.html" "Mozilla/5.0 (Linux; Android 7.0;) AppleWebKit/537.36 (HTML, like Gecko) Mobile Safari/537.36 (compatible; PetalBot;+https://webmaster.petalsearch.com/site/petalbot)"
94.101.182.6 - - [26/Aug/2026:23:04:15 +0330] "POST /wp-cron.php?doing_wp_cron=1787772855.0074429512023925781250 HTTP/1.1" 200 0 "-" "WordPress/6.9.1; https://mahdetejarat.com"
185.215.232.193 - - [26/Aug/2026:23:04:41 +0330] "GET /wp-login.php HTTP/1.1" 200 3375 "-" "Mozilla/5.0 (Windows NT 10.0; Win64; x64) AppleWebKit/537.36 (KHTML, like Gecko) Chrome/151.0.0.0 Safari/537.36"
185.215.232.193 - - [26/Aug/2026:23:04:45 +0330] "POST /wp-login.php HTTP/1.1" 200 3537 "-" "Mozilla/5.0 (Windows NT 10.0; Win64; x64) AppleWebKit/537.36 (KHTML, like Gecko) Chrome/151.0.0.0 Safari/537.36"
185.215.232.193 - - [26/Aug/2026:23:04:52 +0330] "GET /index.php/vod/play/id/38854/sid/1/nid/1.html HTTP/1.1" 301 0 "https://mahdetejarat.com/index.php/vod/play/id/30399/sid/1/nid/1.html" "Mozilla/5.0 (Linux; Android 7.0;) AppleWebKit/537.36 (HTML, like Gecko) Mobile Safari/537.36 (compatible; PetalBot;+https://webmaster.petalsearch.com/site/petalbot)"
94.101.182.6 - - [26/Aug/2026:23:04:59 +0330] "POST /wp-cron.php?doing_wp_cron=1787772899.7902131080627441406250 HTTP/1.1" 200 0 "-" "WordPress/6.9.1; https://mahdetejarat.com"
185.215.232.195 - - [26/Aug/2026:23:07:38 +0330] "GET /product/%d9%88%d8%b3%d8%a7%db%8c%d9%84-%d8%a8%d8%a7%d8%b2%db%8c-%d9%be%d9%84%db%8c-%d8%a7%d8%aa%db%8c%d9%84%d9%86-7/ HTTP/1.1" 200 21938 "-" "Mozilla/5.0 (Windows NT 10.0; Win64; x64) AppleWebKit/537.36 (KHTML, like Gecko) Chrome/145.0.0.0 Safari/537.36 (compatible; meta-externalagent/1.1 (+https://developers.facebook.com/docs/sharing/webmasters/crawler))"
94.101.183.3 - - [26/Aug/2026:23:09:05 +0330] "POST /wp-cron.php?doing_wp_cron=1787773145.1064579486846923828125 HTTP/1.1" 200 0 "-" "WordPress/6.9.1; https://mahdetejarat.com"
185.215.232.195 - - [26/Aug/2026:23:09:31 +0330] "GET /product/%d9%86%db%8c%d9%85%da%a9%d8%aa-%d9%81%d9%84%d8%b2%db%8c/ HTTP/1.1" 200 22873 "-" "Mozilla/5.0 (Windows NT 10.0; Win64; x64) AppleWebKit/537.36 (KHTML, like Gecko) Chrome/145.0.0.0 Safari/537.36 (compatible; meta-externalagent/1.1 (+https://developers.facebook.com/docs/sharing/webmasters/crawler))"
185.215.232.193 - - [26/Aug/2026:23:11:24 +0330] "GET /wp-content/plugins/admin.php HTTP/1.1" 404 13731 "-" "Mozilla/5.0 (Windows NT 10.0; Win64; x64) AppleWebKit/537.36 (KHTML, like Gecko) Chrome/120.0.0.0 Safari/537.36"
