185.215.232.194 - - [27/Aug/2026:01:03:15 +0330] "GET /wp-includes//wp-includes/ms-default-constants.php HTTP/1.1" 301 0 "-" "-"
185.215.232.194 - - [27/Aug/2026:01:03:18 +0330] "GET /wp-includes/wp-includes/ms-default-constants.php HTTP/1.1" 404 54959 "-" "-"
185.215.232.194 - - [27/Aug/2026:01:03:31 +0330] "GET /wp-includes/wp-includes/ms-deprecated.php HTTP/1.1" 404 54959 "-" "-"
185.215.232.195 - - [27/Aug/2026:01:03:39 +0330] "GET /sitemap_index.xml HTTP/1.1" 200 311 "-" "Mozilla/5.0 AppleWebKit/537.36 (KHTML, like Gecko; compatible; ClaudeBot/1.0; +claudebot@anthropic.com)"
185.215.232.194 - - [27/Aug/2026:01:03:53 +0330] "GET /wp-includes/wp-includes/ms-load.php HTTP/1.1" 404 54959 "-" "-"
185.215.232.194 - - [27/Aug/2026:01:04:00 +0330] "GET /wp-includes/wp-includes/ms-network.php HTTP/1.1" 404 54959 "-" "-"
185.215.232.194 - - [27/Aug/2026:01:04:05 +0330] "GET /wp-includes//wp-includes/ms-settings.php HTTP/1.1" 301 0 "-" "-"
185.215.232.194 - - [27/Aug/2026:01:04:08 +0330] "GET /wp-includes/wp-includes/ms-settings.php HTTP/1.1" 404 54959 "-" "-"
185.215.232.194 - - [27/Aug/2026:01:04:12 +0330] "GET /wp-includes//wp-includes/ms-site.php HTTP/1.1" 301 0 "-" "-"
185.215.232.194 - - [27/Aug/2026:01:04:19 +0330] "GET /wp-includes//wp-includes/nav-menu-template.php HTTP/1.1" 301 0 "-" "-"
185.215.232.194 - - [27/Aug/2026:01:04:22 +0330] "GET /wp-includes/wp-includes/nav-menu-template.php HTTP/1.1" 404 54959 "-" "-"
185.215.232.194 - - [27/Aug/2026:01:04:23 +0330] "GET /product/%d9%86%db%8c%d9%85%da%a9%d8%aa-%da%86%d9%88%d8%a8%db%8c-%d9%81%d9%84%d8%b2%db%8c-%d9%be%d8%a7%d8%b1%da%a9%db%8c/ HTTP/1.1" 200 22964 "-" "Mozilla/5.0 (iPhone; CPU iPhone OS 13_2_3 like Mac OS X) AppleWebKit/605.1.15 (KHTML, like Gecko) Version/13.0.3 Mobile/15E148 Safari/604.1"
185.215.232.194 - - [27/Aug/2026:01:04:29 +0330] "GET /wp-includes/wp-includes/nav-menu.php HTTP/1.1" 404 54959 "-" "-"
185.215.232.194 - - [27/Aug/2026:01:03:35 +0330] "GET /wp-includes//wp-includes/ms-files.php HTTP/1.1" 301 0 "-" "-"
185.215.232.194 - - [27/Aug/2026:01:03:38 +0330] "GET /wp-includes/wp-includes/ms-files.php HTTP/1.1" 404 54959 "-" "-"
185.215.232.194 - - [27/Aug/2026:01:03:44 +0330] "GET /wp-includes//wp-includes/ms-functions.php HTTP/1.1" 301 0 "-" "-"
185.215.232.194 - - [27/Aug/2026:01:03:46 +0330] "GET /wp-includes/wp-includes/ms-functions.php HTTP/1.1" 404 54959 "-" "-"
185.215.232.194 - - [27/Aug/2026:01:03:50 +0330] "GET /wp-includes//wp-includes/ms-load.php HTTP/1.1" 301 0 "-" "-"
94.101.183.3 - - [27/Aug/2026:01:03:56 +0330] "POST /wp-cron.php?doing_wp_cron=1787780036.8529560565948486328125 HTTP/1.1" 200 0 "-" "WordPress/6.9.1; https://mahdetejarat.com"
185.215.232.194 - - [27/Aug/2026:01:03:57 +0330] "GET /wp-includes//wp-includes/ms-network.php HTTP/1.1" 301 0 "-" "-"
94.101.183.3 - - [27/Aug/2026:01:04:08 +0330] "POST /wp-cron.php?doing_wp_cron=1787780048.1587340831756591796875 HTTP/1.1" 200 0 "-" "WordPress/6.9.1; https://mahdetejarat.com"
185.215.232.194 - - [27/Aug/2026:01:04:15 +0330] "GET /wp-includes/wp-includes/ms-site.php HTTP/1.1" 404 54959 "-" "-"
185.215.232.194 - - [27/Aug/2026:01:04:26 +0330] "GET /wp-includes//wp-includes/nav-menu.php HTTP/1.1" 301 0 "-" "-"
185.215.232.194 - - [27/Aug/2026:01:04:42 +0330] "GET /wp-includes//wp-includes/pluggable-deprecated.php HTTP/1.1" 301 0 "-" "-"
185.215.232.194 - - [27/Aug/2026:01:04:45 +0330] "GET /wp-includes/wp-includes/pluggable-deprecated.php HTTP/1.1" 404 54959 "-" "-"
185.215.232.194 - - [27/Aug/2026:01:04:57 +0330] "GET /wp-includes//wp-includes/plugin.php HTTP/1.1" 301 0 "-" "-"
185.215.232.194 - - [27/Aug/2026:01:05:16 +0330] "GET /wp-includes/wp-includes/post-template.php HTTP/1.1" 404 54959 "-" "-"
185.215.232.194 - - [27/Aug/2026:01:05:20 +0330] "GET /wp-includes//wp-includes/post-thumbnail-template.php HTTP/1.1" 301 0 "-" "-"
185.215.232.194 - - [27/Aug/2026:01:05:23 +0330] "GET /wp-includes/wp-includes/post-thumbnail-template.php HTTP/1.1" 404 54959 "-" "-"
185.215.232.194 - - [27/Aug/2026:01:05:30 +0330] "GET /wp-includes/wp-includes/post.php HTTP/1.1" 404 54959 "-" "-"
185.215.232.194 - - [27/Aug/2026:01:05:37 +0330] "GET /wp-includes/wp-includes/query.php HTTP/1.1" 404 54959 "-" "-"
185.215.232.194 - - [27/Aug/2026:01:05:41 +0330] "GET /wp-includes//wp-includes/registration-functions.php HTTP/1.1" 301 0 "-" "-"
185.215.232.194 - - [27/Aug/2026:01:05:44 +0330] "GET /wp-includes/wp-includes/registration-functions.php HTTP/1.1" 404 54959 "-" "-"
185.215.232.194 - - [27/Aug/2026:01:05:51 +0330] "GET /wp-includes/wp-includes/registration.php HTTP/1.1" 404 54959 "-" "-"
94.101.182.6 - - [27/Aug/2026:01:05:58 +0330] "POST /wp-cron.php?doing_wp_cron=1787780158.9167289733886718750000 HTTP/1.1" 200 0 "-" "WordPress/6.9.1; https://mahdetejarat.com"
185.215.232.194 - - [27/Aug/2026:01:05:59 +0330] "GET /wp-includes/wp-includes/rest-api.php HTTP/1.1" 404 54959 "-" "-"
185.215.232.193 - - [27/Aug/2026:01:06:00 +0330] "GET /index.php/vod/play/id/14010/sid/1/nid/1.html HTTP/1.1" 301 0 "http://mahdetejarat.com/index.php/vod/play/id/4693/sid/1/nid/1.html" "Mozilla/5.0 (Linux; Android 7.0;) AppleWebKit/537.36 (HTML, like Gecko) Mobile Safari/537.36 (compatible; PetalBot;+https://webmaster.petalsearch.com/site/petalbot)"
185.215.232.194 - - [27/Aug/2026:01:06:03 +0330] "GET /wp-includes//wp-includes/revision.php HTTP/1.1" 301 0 "-" "-"
94.101.182.6 - - [27/Aug/2026:01:06:08 +0330] "POST /wp-cron.php?doing_wp_cron=1787780168.1839900016784667968750 HTTP/1.1" 200 0 "-" "WordPress/6.9.1; https://mahdetejarat.com"
185.215.232.194 - - [27/Aug/2026:01:06:06 +0330] "GET /wp-includes/wp-includes/revision.php HTTP/1.1" 404 54959 "-" "-"
185.215.232.194 - - [27/Aug/2026:01:06:10 +0330] "GET /wp-includes//wp-includes/rewrite.php HTTP/1.1" 301 0 "-" "-"
185.215.232.194 - - [27/Aug/2026:01:06:14 +0330] "GET /wp-includes/wp-includes/rewrite.php HTTP/1.1" 404 54959 "-" "-"
185.215.232.194 - - [27/Aug/2026:01:04:34 +0330] "GET /wp-includes//wp-includes/option.php HTTP/1.1" 301 0 "-" "-"
185.215.232.193 - - [27/Aug/2026:01:04:36 +0330] "GET /index.php/vod/play/id/14020/sid/1/nid/1.html HTTP/1.1" 301 0 "http://mahdetejarat.com/index.php/vod/play/id/87/sid/1/nid/1.html" "Mozilla/5.0 (Linux; Android 7.0;) AppleWebKit/537.36 (HTML, like Gecko) Mobile Safari/537.36 (compatible; PetalBot;+https://webmaster.petalsearch.com/site/petalbot)"
185.215.232.194 - - [27/Aug/2026:01:04:37 +0330] "GET /wp-includes/wp-includes/option.php HTTP/1.1" 404 54959 "-" "-"
185.215.232.193 - - [27/Aug/2026:01:04:40 +0330] "GET /vod/play/id/14020/sid/1/nid/1.html HTTP/1.1" 404 13731 "http://mahdetejarat.com/index.php/vod/play/id/87/sid/1/nid/1.html" "Mozilla/5.0 (Linux; Android 7.0;) AppleWebKit/537.36 (HTML, like Gecko) Mobile Safari/537.36 (compatible; PetalBot;+https://webmaster.petalsearch.com/site/petalbot)"
185.215.232.194 - - [27/Aug/2026:01:04:50 +0330] "GET /wp-includes//wp-includes/pluggable.php HTTP/1.1" 301 0 "-" "-"
94.101.183.3 - - [27/Aug/2026:01:04:56 +0330] "POST /wp-cron.php?doing_wp_cron=1787780096.6212899684906005859375 HTTP/1.1" 200 0 "-" "WordPress/6.9.1; https://mahdetejarat.com"
185.215.232.194 - - [27/Aug/2026:01:04:53 +0330] "GET /wp-includes/wp-includes/pluggable.php HTTP/1.1" 404 54959 "-" "-"
185.215.232.194 - - [27/Aug/2026:01:05:01 +0330] "GET /wp-includes/wp-includes/plugin.php HTTP/1.1" 404 54959 "-" "-"
94.101.183.3 - - [27/Aug/2026:01:05:08 +0330] "POST /wp-cron.php?doing_wp_cron=1787780108.5545380115509033203125 HTTP/1.1" 200 0 "-" "WordPress/6.9.1; https://mahdetejarat.com"
185.215.232.194 - - [27/Aug/2026:01:05:05 +0330] "GET /wp-includes//wp-includes/post-formats.php HTTP/1.1" 301 0 "-" "-"
185.215.232.194 - - [27/Aug/2026:01:05:08 +0330] "GET /wp-includes/wp-includes/post-formats.php HTTP/1.1" 404 54959 "-" "-"
185.215.232.194 - - [27/Aug/2026:01:05:13 +0330] "GET /wp-includes//wp-includes/post-template.php HTTP/1.1" 301 0 "-" "-"
185.215.232.194 - - [27/Aug/2026:01:05:27 +0330] "GET /wp-includes//wp-includes/post.php HTTP/1.1" 301 0 "-" "-"
185.215.232.194 - - [27/Aug/2026:01:05:34 +0330] "GET /wp-includes//wp-includes/query.php HTTP/1.1" 301 0 "-" "-"
185.215.232.194 - - [27/Aug/2026:01:05:48 +0330] "GET /wp-includes//wp-includes/registration.php HTTP/1.1" 301 0 "-" "-"
185.215.232.194 - - [27/Aug/2026:01:05:56 +0330] "GET /wp-includes//wp-includes/rest-api.php HTTP/1.1" 301 0 "-" "-"
185.215.232.193 - - [27/Aug/2026:01:06:04 +0330] "GET /vod/play/id/14010/sid/1/nid/1.html HTTP/1.1" 404 13731 "http://mahdetejarat.com/index.php/vod/play/id/4693/sid/1/nid/1.html" "Mozilla/5.0 (Linux; Android 7.0;) AppleWebKit/537.36 (HTML, like Gecko) Mobile Safari/537.36 (compatible; PetalBot;+https://webmaster.petalsearch.com/site/petalbot)"
185.215.232.194 - - [27/Aug/2026:01:06:21 +0330] "GET /wp-includes/wp-includes/robots-template.php HTTP/1.1" 404 54959 "-" "-"
185.215.232.194 - - [27/Aug/2026:01:06:25 +0330] "GET /wp-includes//wp-includes/rss-functions.php HTTP/1.1" 301 0 "-" "-"
185.215.232.194 - - [27/Aug/2026:01:06:29 +0330] "GET /wp-includes/wp-includes/rss-functions.php HTTP/1.1" 404 54959 "-" "-"
185.215.232.194 - - [27/Aug/2026:01:06:33 +0330] "GET /wp-includes//wp-includes/rss.php HTTP/1.1" 301 0 "-" "-"
185.215.232.194 - - [27/Aug/2026:01:06:41 +0330] "GET /wp-includes//wp-includes/script-loader.php HTTP/1.1" 301 0 "-" "-"
185.215.232.194 - - [27/Aug/2026:01:06:44 +0330] "GET /wp-includes/wp-includes/script-loader.php HTTP/1.1" 404 54959 "-" "-"
94.101.182.6 - - [27/Aug/2026:01:07:09 +0330] "POST /wp-cron.php?doing_wp_cron=1787780229.2012729644775390625000 HTTP/1.1" 200 0 "-" "WordPress/6.9.1; https://mahdetejarat.com"
185.215.232.194 - - [27/Aug/2026:01:07:06 +0330] "GET /wp-includes//wp-includes/shortcodes.php HTTP/1.1" 301 0 "-" "-"
185.215.232.194 - - [27/Aug/2026:01:07:17 +0330] "GET /wp-includes/wp-includes/sitemaps.php HTTP/1.1" 404 54959 "-" "-"
185.215.232.194 - - [27/Aug/2026:01:06:18 +0330] "GET /wp-includes//wp-includes/robots-template.php HTTP/1.1" 301 0 "-" "-"
185.215.232.194 - - [27/Aug/2026:01:06:36 +0330] "GET /wp-includes/wp-includes/rss.php HTTP/1.1" 404 54959 "-" "-"
185.215.232.194 - - [27/Aug/2026:01:06:49 +0330] "GET /wp-includes//wp-includes/script-modules.php HTTP/1.1" 301 0 "-" "-"
94.101.182.6 - - [27/Aug/2026:01:06:57 +0330] "POST /wp-cron.php?doing_wp_cron=1787780217.2940630912780761718750 HTTP/1.1" 200 0 "-" "WordPress/6.9.1; https://mahdetejarat.com"
185.215.232.194 - - [27/Aug/2026:01:06:53 +0330] "GET /wp-includes/wp-includes/script-modules.php HTTP/1.1" 404 54959 "-" "-"
185.215.232.194 - - [27/Aug/2026:01:06:58 +0330] "GET /wp-includes//wp-includes/session.php HTTP/1.1" 301 0 "-" "-"
185.215.232.194 - - [27/Aug/2026:01:07:02 +0330] "GET /wp-includes/wp-includes/session.php HTTP/1.1" 404 54959 "-" "-"
185.215.232.194 - - [27/Aug/2026:01:07:09 +0330] "GET /wp-includes/wp-includes/shortcodes.php HTTP/1.1" 404 54959 "-" "-"
185.215.232.194 - - [27/Aug/2026:01:07:14 +0330] "GET /wp-includes//wp-includes/sitemaps.php HTTP/1.1" 301 0 "-" "-"
185.215.232.194 - - [27/Aug/2026:01:07:22 +0330] "GET /wp-includes//wp-includes/speculative-loading.php HTTP/1.1" 301 0 "-" "-"
185.215.232.194 - - [27/Aug/2026:01:07:25 +0330] "GET /wp-includes/wp-includes/speculative-loading.php HTTP/1.1" 404 54959 "-" "-"
185.215.232.194 - - [27/Aug/2026:01:07:30 +0330] "GET /wp-includes//wp-includes/spl-autoload-compat.php HTTP/1.1" 301 0 "-" "-"
185.215.232.194 - - [27/Aug/2026:01:07:30 +0330] "GET /robots.txt HTTP/1.1" 200 163 "-" "Mozilla/5.0 (compatible; AhrefsBot/7.0; +http://ahrefs.com/robot/)"
185.215.232.194 - - [27/Aug/2026:01:07:34 +0330] "GET /wp-includes/wp-includes/spl-autoload-compat.php HTTP/1.1" 404 54959 "-" "-"
185.215.232.194 - - [27/Aug/2026:01:07:35 +0330] "GET /product/%D9%86%DB%8C%D9%85%DA%A9%D8%AA-%DA%86%D9%88%D8%A8-%D9%88-%D9%81%D9%84%D8%B2-%D9%BE%D8%A7%D8%B1%DA%A9%DB%8Csw210/ HTTP/1.1" 200 19901 "-" "Mozilla/5.0 (compatible; AhrefsBot/7.0; +http://ahrefs.com/robot/)"
185.215.232.194 - - [27/Aug/2026:01:07:38 +0330] "GET /wp-includes//wp-includes/style-engine.php HTTP/1.1" 301 0 "-" "-"
185.215.232.194 - - [27/Aug/2026:01:07:41 +0330] "GET /wp-includes/wp-includes/style-engine.php HTTP/1.1" 404 54959 "-" "-"
185.215.232.194 - - [27/Aug/2026:01:07:49 +0330] "GET /wp-includes/wp-includes/taxonomy.php HTTP/1.1" 404 54959 "-" "-"
185.215.232.194 - - [27/Aug/2026:01:07:53 +0330] "GET /wp-includes//wp-includes/template-canvas.php HTTP/1.1" 301 0 "-" "-"
185.215.232.194 - - [27/Aug/2026:01:08:04 +0330] "GET /wp-includes/wp-includes/template-loader.php HTTP/1.1" 404 54959 "-" "-"
185.215.232.194 - - [27/Aug/2026:01:08:12 +0330] "GET /wp-includes/wp-includes/template.php HTTP/1.1" 404 54959 "-" "-"
185.215.232.194 - - [27/Aug/2026:01:08:17 +0330] "GET /wp-includes//wp-includes/theme-previews.php HTTP/1.1" 301 0 "-" "-"
185.215.232.194 - - [27/Aug/2026:01:08:27 +0330] "GET /wp-includes/wp-includes/theme-templates.php HTTP/1.1" 404 54959 "-" "-"
185.215.232.194 - - [27/Aug/2026:01:08:31 +0330] "GET /wp-includes//wp-includes/theme.php HTTP/1.1" 301 0 "-" "-"
185.215.232.194 - - [27/Aug/2026:01:08:34 +0330] "GET /wp-includes/wp-includes/theme.php HTTP/1.1" 404 54959 "-" "-"
185.215.232.193 - - [27/Aug/2026:01:08:47 +0330] "GET /index.php/vod/play/id/12456/sid/1/nid/1.html HTTP/1.1" 301 0 "http://mahdetejarat.com/index.php/vod/play/id/9501/sid/1/nid/1.html" "Mozilla/5.0 (Linux; Android 7.0;) AppleWebKit/537.36 (HTML, like Gecko) Mobile Safari/537.36 (compatible; PetalBot;+https://webmaster.petalsearch.com/site/petalbot)"
94.101.183.3 - - [27/Aug/2026:01:08:57 +0330] "POST /wp-cron.php?doing_wp_cron=1787780337.4500091075897216796875 HTTP/1.1" 200 0 "-" "WordPress/6.9.1; https://mahdetejarat.com"
185.215.232.194 - - [27/Aug/2026:01:07:23 +0330] "GET /index.php/vod/play/id/13072/sid/1/nid/1.html HTTP/1.1" 301 0 "http://mahdetejarat.com/index.php/vod/play/id/2106/sid/1/nid/1.html" "Mozilla/5.0 (Linux; Android 7.0;) AppleWebKit/537.36 (HTML, like Gecko) Mobile Safari/537.36 (compatible; PetalBot;+https://webmaster.petalsearch.com/site/petalbot)"
185.215.232.194 - - [27/Aug/2026:01:07:27 +0330] "GET /vod/play/id/13072/sid/1/nid/1.html HTTP/1.1" 404 13731 "http://mahdetejarat.com/index.php/vod/play/id/2106/sid/1/nid/1.html" "Mozilla/5.0 (Linux; Android 7.0;) AppleWebKit/537.36 (HTML, like Gecko) Mobile Safari/537.36 (compatible; PetalBot;+https://webmaster.petalsearch.com/site/petalbot)"
185.215.232.194 - - [27/Aug/2026:01:07:46 +0330] "GET /wp-includes//wp-includes/taxonomy.php HTTP/1.1" 301 0 "-" "-"
94.101.182.6 - - [27/Aug/2026:01:07:56 +0330] "POST /wp-cron.php?doing_wp_cron=1787780276.2303159236907958984375 HTTP/1.1" 200 0 "-" "WordPress/6.9.1; https://mahdetejarat.com"
185.215.232.194 - - [27/Aug/2026:01:07:56 +0330] "GET /wp-includes/wp-includes/template-canvas.php HTTP/1.1" 404 54959 "-" "-"
185.215.232.194 - - [27/Aug/2026:01:08:01 +0330] "GET /wp-includes//wp-includes/template-loader.php HTTP/1.1" 301 0 "-" "-"
94.101.182.6 - - [27/Aug/2026:01:08:11 +0330] "POST /wp-cron.php?doing_wp_cron=1787780291.3197910785675048828125 HTTP/1.1" 200 0 "-" "WordPress/6.9.1; https://mahdetejarat.com"
185.215.232.194 - - [27/Aug/2026:01:08:08 +0330] "GET /wp-includes//wp-includes/template.php HTTP/1.1" 301 0 "-" "-"
185.215.232.194 - - [27/Aug/2026:01:08:20 +0330] "GET /wp-includes/wp-includes/theme-previews.php HTTP/1.1" 404 54959 "-" "-"
185.215.232.194 - - [27/Aug/2026:01:08:24 +0330] "GET /wp-includes//wp-includes/theme-templates.php HTTP/1.1" 301 0 "-" "-"
185.215.232.194 - - [27/Aug/2026:01:08:39 +0330] "GET /wp-includes//wp-includes/update.php HTTP/1.1" 301 0 "-" "-"
185.215.232.194 - - [27/Aug/2026:01:08:42 +0330] "GET /wp-includes/wp-includes/update.php HTTP/1.1" 404 54959 "-" "-"
185.215.232.194 - - [27/Aug/2026:01:08:46 +0330] "GET /wp-includes//wp-includes/user.php HTTP/1.1" 301 0 "-" "-"
185.215.232.193 - - [27/Aug/2026:01:08:51 +0330] "GET /vod/play/id/12456/sid/1/nid/1.html HTTP/1.1" 404 13731 "http://mahdetejarat.com/index.php/vod/play/id/9501/sid/1/nid/1.html" "Mozilla/5.0 (Linux; Android 7.0;) AppleWebKit/537.36 (HTML, like Gecko) Mobile Safari/537.36 (compatible; PetalBot;+https://webmaster.petalsearch.com/site/petalbot)"
185.215.232.194 - - [27/Aug/2026:01:08:50 +0330] "GET /wp-includes/wp-includes/user.php HTTP/1.1" 404 54959 "-" "-"
185.215.232.194 - - [27/Aug/2026:01:08:58 +0330] "GET /wp-includes//wp-includes/utf8.php HTTP/1.1" 301 0 "-" "-"
185.215.232.194 - - [27/Aug/2026:01:09:01 +0330] "GET /wp-includes/wp-includes/utf8.php HTTP/1.1" 404 54959 "-" "-"
185.215.232.194 - - [27/Aug/2026:01:09:06 +0330] "GET /wp-includes//wp-includes/vars.php HTTP/1.1" 301 0 "-" "-"
185.215.232.194 - - [27/Aug/2026:01:09:08 +0330] "GET /wp-includes/wp-includes/vars.php HTTP/1.1" 404 54959 "-" "-"
185.215.232.194 - - [27/Aug/2026:01:09:16 +0330] "GET /wp-includes/wp-includes/version.php HTTP/1.1" 404 54959 "-" "-"
185.215.232.194 - - [27/Aug/2026:01:09:23 +0330] "GET /wp-includes/wp-includes/widgets.php HTTP/1.1" 404 54959 "-" "-"
185.215.232.194 - - [27/Aug/2026:01:09:27 +0330] "GET /wp-includes//wp-includes/wp-db.php HTTP/1.1" 301 0 "-" "-"
185.215.232.194 - - [27/Aug/2026:01:09:30 +0330] "GET /wp-includes/wp-includes/wp-db.php HTTP/1.1" 404 54959 "-" "-"
185.215.232.194 - - [27/Aug/2026:01:09:37 +0330] "GET /wp-includes//wp-includes/wp-diff.php HTTP/1.1" 301 0 "-" "-"
185.215.232.194 - - [27/Aug/2026:01:09:48 +0330] "GET /wp-includes/css/wp-includes/css/dist/ HTTP/1.1" 404 54959 "-" "-"
185.215.232.194 - - [27/Aug/2026:01:09:53 +0330] "GET /wp-includes/ID3//wp-includes/ID3/getid3.lib.php HTTP/1.1" 301 0 "-" "-"
185.215.232.194 - - [27/Aug/2026:01:09:56 +0330] "GET /wp-includes/ID3/wp-includes/ID3/getid3.lib.php HTTP/1.1" 404 54959 "-" "-"
94.101.183.3 - - [27/Aug/2026:01:10:10 +0330] "POST /wp-cron.php?doing_wp_cron=1787780410.1811800003051757812500 HTTP/1.1" 200 0 "-" "WordPress/6.9.1; https://mahdetejarat.com"
185.215.232.194 - - [27/Aug/2026:01:10:10 +0330] "GET /wp-includes/ID3//wp-includes/ID3/module.audio-video.asf.php HTTP/1.1" 301 0 "-" "-"
185.215.232.194 - - [27/Aug/2026:01:10:22 +0330] "GET /wp-includes/ID3/wp-includes/ID3/module.audio-video.flv.php HTTP/1.1" 404 54959 "-" "-"
185.215.232.194 - - [27/Aug/2026:01:10:26 +0330] "GET /wp-includes/ID3//wp-includes/ID3/module.audio-video.matroska.php HTTP/1.1" 301 0 "-" "-"
185.215.232.194 - - [27/Aug/2026:01:10:33 +0330] "GET /wp-includes/ID3//wp-includes/ID3/module.audio-video.quicktime.php HTTP/1.1" 301 0 "-" "-"
185.215.232.194 - - [27/Aug/2026:01:10:42 +0330] "GET /wp-includes/ID3/wp-includes/ID3/module.audio-video.riff.php HTTP/1.1" 404 54959 "-" "-"
185.215.232.194 - - [27/Aug/2026:01:10:49 +0330] "GET /wp-includes/ID3/wp-includes/ID3/module.audio.ac3.php HTTP/1.1" 404 54959 "-" "-"
94.101.183.3 - - [27/Aug/2026:01:10:57 +0330] "POST /wp-cron.php?doing_wp_cron=1787780457.4186770915985107421875 HTTP/1.1" 200 0 "-" "WordPress/6.9.1; https://mahdetejarat.com"
185.215.232.194 - - [27/Aug/2026:01:10:54 +0330] "GET /wp-includes/ID3//wp-includes/ID3/module.audio.dts.php HTTP/1.1" 301 0 "-" "-"
185.215.232.194 - - [27/Aug/2026:01:10:57 +0330] "GET /wp-includes/ID3/wp-includes/ID3/module.audio.dts.php HTTP/1.1" 404 54959 "-" "-"
185.215.232.194 - - [27/Aug/2026:01:11:02 +0330] "GET /wp-includes/ID3//wp-includes/ID3/module.audio.flac.php HTTP/1.1" 301 0 "-" "-"
185.215.232.194 - - [27/Aug/2026:01:11:10 +0330] "GET /wp-includes/ID3//wp-includes/ID3/module.audio.mp3.php HTTP/1.1" 301 0 "-" "-"
185.215.232.194 - - [27/Aug/2026:01:11:13 +0330] "GET /wp-includes/ID3/wp-includes/ID3/module.audio.mp3.php HTTP/1.1" 404 54959 "-" "-"
185.215.232.194 - - [27/Aug/2026:01:11:18 +0330] "GET /wp-includes/ID3//wp-includes/ID3/module.audio.ogg.php HTTP/1.1" 301 0 "-" "-"
185.215.232.194 - - [27/Aug/2026:01:11:21 +0330] "GET /wp-includes/ID3/wp-includes/ID3/module.audio.ogg.php HTTP/1.1" 404 54959 "-" "-"
185.215.232.194 - - [27/Aug/2026:01:11:25 +0330] "GET /wp-includes/ID3//wp-includes/ID3/module.tag.apetag.php HTTP/1.1" 301 0 "-" "-"
185.215.232.194 - - [27/Aug/2026:01:11:28 +0330] "GET /wp-includes/ID3/wp-includes/ID3/module.tag.apetag.php HTTP/1.1" 404 54959 "-" "-"
94.101.183.3 - - [27/Aug/2026:01:09:08 +0330] "POST /wp-cron.php?doing_wp_cron=1787780348.4960799217224121093750 HTTP/1.1" 200 0 "-" "WordPress/6.9.1; https://mahdetejarat.com"
185.215.232.194 - - [27/Aug/2026:01:09:13 +0330] "GET /wp-includes//wp-includes/version.php HTTP/1.1" 301 0 "-" "-"
185.215.232.194 - - [27/Aug/2026:01:09:21 +0330] "GET /wp-includes//wp-includes/widgets.php HTTP/1.1" 301 0 "-" "-"
185.215.232.194 - - [27/Aug/2026:01:09:40 +0330] "GET /wp-includes/wp-includes/wp-diff.php HTTP/1.1" 404 54959 "-" "-"
185.215.232.194 - - [27/Aug/2026:01:09:44 +0330] "GET /wp-includes/css/ HTTP/1.1" 200 14035 "-" "-"
185.215.232.194 - - [27/Aug/2026:01:09:45 +0330] "GET /wp-includes/css//wp-includes/css/dist/ HTTP/1.1" 301 0 "-" "-"
185.215.232.194 - - [27/Aug/2026:01:09:52 +0330] "GET /wp-includes/ID3/ HTTP/1.1" 200 7116 "-" "-"
94.101.183.3 - - [27/Aug/2026:01:09:56 +0330] "POST /wp-cron.php?doing_wp_cron=1787780396.1932070255279541015625 HTTP/1.1" 200 0 "-" "WordPress/6.9.1; https://mahdetejarat.com"
185.215.232.194 - - [27/Aug/2026:01:10:01 +0330] "GET /wp-includes/ID3//wp-includes/ID3/getid3.php HTTP/1.1" 301 0 "-" "-"
185.215.232.194 - - [27/Aug/2026:01:10:03 +0330] "GET /wp-includes/ID3/wp-includes/ID3/getid3.php HTTP/1.1" 404 54959 "-" "-"
185.215.232.193 - - [27/Aug/2026:01:10:10 +0330] "GET /index.php/vod/play/id/9095/sid/1/nid/1.html HTTP/1.1" 301 0 "https://mahdetejarat.com/index.php/vod/play/id/860/sid/1/nid/1.html" "Mozilla/5.0 (Linux; Android 7.0;) AppleWebKit/537.36 (HTML, like Gecko) Mobile Safari/537.36 (compatible; PetalBot;+https://webmaster.petalsearch.com/site/petalbot)"
185.215.232.193 - - [27/Aug/2026:01:10:13 +0330] "GET /vod/play/id/9095/sid/1/nid/1.html HTTP/1.1" 404 13731 "https://mahdetejarat.com/index.php/vod/play/id/860/sid/1/nid/1.html" "Mozilla/5.0 (Linux; Android 7.0;) AppleWebKit/537.36 (HTML, like Gecko) Mobile Safari/537.36 (compatible; PetalBot;+https://webmaster.petalsearch.com/site/petalbot)"
185.215.232.194 - - [27/Aug/2026:01:10:14 +0330] "GET /wp-includes/ID3/wp-includes/ID3/module.audio-video.asf.php HTTP/1.1" 404 54959 "-" "-"
185.215.232.194 - - [27/Aug/2026:01:10:19 +0330] "GET /wp-includes/ID3//wp-includes/ID3/module.audio-video.flv.php HTTP/1.1" 301 0 "-" "-"
185.215.232.194 - - [27/Aug/2026:01:10:29 +0330] "GET /wp-includes/ID3/wp-includes/ID3/module.audio-video.matroska.php HTTP/1.1" 404 54959 "-" "-"
185.215.232.194 - - [27/Aug/2026:01:10:36 +0330] "GET /wp-includes/ID3/wp-includes/ID3/module.audio-video.quicktime.php HTTP/1.1" 404 54959 "-" "-"
185.215.232.194 - - [27/Aug/2026:01:10:39 +0330] "GET /wp-includes/ID3//wp-includes/ID3/module.audio-video.riff.php HTTP/1.1" 301 0 "-" "-"
185.215.232.194 - - [27/Aug/2026:01:10:46 +0330] "GET /wp-includes/ID3//wp-includes/ID3/module.audio.ac3.php HTTP/1.1" 301 0 "-" "-"
94.101.183.3 - - [27/Aug/2026:01:11:08 +0330] "POST /wp-cron.php?doing_wp_cron=1787780468.9217081069946289062500 HTTP/1.1" 200 0 "-" "WordPress/6.9.1; https://mahdetejarat.com"
185.215.232.194 - - [27/Aug/2026:01:11:05 +0330] "GET /wp-includes/ID3/wp-includes/ID3/module.audio.flac.php HTTP/1.1" 404 54959 "-" "-"
185.215.232.194 - - [27/Aug/2026:01:11:32 +0330] "GET /wp-includes/ID3//wp-includes/ID3/module.tag.id3v1.php HTTP/1.1" 301 0 "-" "-"
185.215.232.194 - - [27/Aug/2026:01:11:40 +0330] "GET /wp-includes/ID3//wp-includes/ID3/module.tag.id3v2.php HTTP/1.1" 301 0 "-" "-"
185.215.232.194 - - [27/Aug/2026:01:11:49 +0330] "GET /wp-includes/ID3//wp-includes/ID3/module.tag.lyrics3.php HTTP/1.1" 301 0 "-" "-"
185.215.232.193 - - [27/Aug/2026:01:11:53 +0330] "GET /wp-content/uploads/2025/01/%D9%86%DB%8C%D9%85%DA%A9%D8%AA-%D9%BE%D8%A7%D8%B1%DA%A9%DB%8C-sw210-600x600.webp HTTP/1.1" 200 23906 "-" "Mozilla/5.0 (compatible; AhrefsBot/7.0; +http://ahrefs.com/robot/)"
94.101.182.6 - - [27/Aug/2026:01:12:00 +0330] "POST /wp-cron.php?doing_wp_cron=1787780520.4665679931640625000000 HTTP/1.1" 200 0 "-" "WordPress/6.9.1; https://mahdetejarat.com"
185.215.232.193 - - [27/Aug/2026:01:11:34 +0330] "GET /index.php/vod/play/id/12407/sid/1/nid/1.html HTTP/1.1" 301 0 "http://mahdetejarat.com/index.php/vod/play/id/9355/sid/1/nid/1.html" "Mozilla/5.0 (Linux; Android 7.0;) AppleWebKit/537.36 (HTML, like Gecko) Mobile Safari/537.36 (compatible; PetalBot;+https://webmaster.petalsearch.com/site/petalbot)"
185.215.232.194 - - [27/Aug/2026:01:11:35 +0330] "GET /wp-includes/ID3/wp-includes/ID3/module.tag.id3v1.php HTTP/1.1" 404 54959 "-" "-"
185.215.232.193 - - [27/Aug/2026:01:11:38 +0330] "GET /vod/play/id/12407/sid/1/nid/1.html HTTP/1.1" 404 13731 "http://mahdetejarat.com/index.php/vod/play/id/9355/sid/1/nid/1.html" "Mozilla/5.0 (Linux; Android 7.0;) AppleWebKit/537.36 (HTML, like Gecko) Mobile Safari/537.36 (compatible; PetalBot;+https://webmaster.petalsearch.com/site/petalbot)"
185.215.232.194 - - [27/Aug/2026:01:11:44 +0330] "GET /wp-includes/ID3/wp-includes/ID3/module.tag.id3v2.php HTTP/1.1" 404 54959 "-" "-"
185.215.232.194 - - [27/Aug/2026:01:11:52 +0330] "GET /wp-includes/ID3/wp-includes/ID3/module.tag.lyrics3.php HTTP/1.1" 404 54959 "-" "-"
185.215.232.194 - - [27/Aug/2026:01:11:56 +0330] "GET /wp-includes/IXR/ HTTP/1.1" 200 5110 "-" "-"
94.101.182.6 - - [27/Aug/2026:01:12:09 +0330] "POST /wp-cron.php?doing_wp_cron=1787780529.5980970859527587890625 HTTP/1.1" 200 0 "-" "WordPress/6.9.1; https://mahdetejarat.com"
185.215.232.194 - - [27/Aug/2026:01:12:06 +0330] "GET /wp-includes/IXR//wp-includes/IXR/class-IXR-client.php HTTP/1.1" 301 0 "-" "-"
185.215.232.194 - - [27/Aug/2026:01:12:17 +0330] "GET /wp-includes/IXR/wp-includes/IXR/class-IXR-clientmulticall.php HTTP/1.1" 404 54959 "-" "-"
185.215.232.194 - - [27/Aug/2026:01:12:25 +0330] "GET /wp-includes/IXR/wp-includes/IXR/class-IXR-date.php HTTP/1.1" 404 54959 "-" "-"
185.215.232.194 - - [27/Aug/2026:01:12:40 +0330] "GET /wp-includes/IXR/wp-includes/IXR/class-IXR-introspectionserver.php HTTP/1.1" 404 54959 "-" "-"
185.215.232.194 - - [27/Aug/2026:01:12:45 +0330] "GET /wp-includes/IXR//wp-includes/IXR/class-IXR-message.php HTTP/1.1" 301 0 "-" "-"
185.215.232.194 - - [27/Aug/2026:01:12:48 +0330] "GET /wp-includes/IXR/wp-includes/IXR/class-IXR-message.php HTTP/1.1" 404 54959 "-" "-"
185.215.232.194 - - [27/Aug/2026:01:12:53 +0330] "GET /wp-includes/IXR//wp-includes/IXR/class-IXR-request.php HTTP/1.1" 301 0 "-" "-"
94.101.182.6 - - [27/Aug/2026:01:12:59 +0330] "POST /wp-cron.php?doing_wp_cron=1787780579.7472679615020751953125 HTTP/1.1" 200 0 "-" "WordPress/6.9.1; https://mahdetejarat.com"
185.215.232.194 - - [27/Aug/2026:01:12:56 +0330] "GET /wp-includes/IXR/wp-includes/IXR/class-IXR-request.php HTTP/1.1" 404 54959 "-" "-"
185.215.232.193 - - [27/Aug/2026:01:12:57 +0330] "GET /index.php/vod/play/id/12049/sid/1/nid/1.html HTTP/1.1" 301 0 "http://mahdetejarat.com/index.php/vod/play/id/7/sid/1/nid/1.html" "Mozilla/5.0 (Linux; Android 7.0;) AppleWebKit/537.36 (HTML, like Gecko) Mobile Safari/537.36 (compatible; PetalBot;+https://webmaster.petalsearch.com/site/petalbot)"
185.215.232.194 - - [27/Aug/2026:01:13:01 +0330] "GET /wp-includes/IXR//wp-includes/IXR/class-IXR-server.php HTTP/1.1" 301 0 "-" "-"
94.101.182.6 - - [27/Aug/2026:01:13:08 +0330] "POST /wp-cron.php?doing_wp_cron=1787780588.5446081161499023437500 HTTP/1.1" 200 0 "-" "WordPress/6.9.1; https://mahdetejarat.com"
185.215.232.194 - - [27/Aug/2026:01:13:24 +0330] "GET /wp-includes/Requests/ HTTP/1.1" 200 1846 "-" "-"
185.215.232.194 - - [27/Aug/2026:01:13:25 +0330] "GET /wp-includes/Requests//wp-includes/Requests/library/ HTTP/1.1" 301 0 "-" "-"
185.215.232.194 - - [27/Aug/2026:01:13:36 +0330] "GET /wp-includes/Requests//wp-includes/Requests/src/ HTTP/1.1" 301 0 "-" "-"
185.215.232.194 - - [27/Aug/2026:01:13:38 +0330] "GET /wp-includes/Requests/wp-includes/Requests/src/ HTTP/1.1" 404 54959 "-" "-"
185.215.232.194 - - [27/Aug/2026:01:13:42 +0330] "GET /wp-includes/SimplePie/ HTTP/1.1" 200 2119 "-" "-"
185.215.232.194 - - [27/Aug/2026:01:13:46 +0330] "GET /wp-includes/SimplePie/wp-includes/SimplePie/library/ HTTP/1.1" 404 54959 "-" "-"
185.215.232.194 - - [27/Aug/2026:01:11:57 +0330] "GET /wp-includes/IXR//wp-includes/IXR/class-IXR-base64.php HTTP/1.1" 301 0 "-" "-"
185.215.232.194 - - [27/Aug/2026:01:12:01 +0330] "GET /wp-includes/IXR/wp-includes/IXR/class-IXR-base64.php HTTP/1.1" 404 54959 "-" "-"
185.215.232.194 - - [27/Aug/2026:01:12:10 +0330] "GET /wp-includes/IXR/wp-includes/IXR/class-IXR-client.php HTTP/1.1" 404 54959 "-" "-"
185.215.232.194 - - [27/Aug/2026:01:12:14 +0330] "GET /wp-includes/IXR//wp-includes/IXR/class-IXR-clientmulticall.php HTTP/1.1" 301 0 "-" "-"
185.215.232.194 - - [27/Aug/2026:01:12:22 +0330] "GET /wp-includes/IXR//wp-includes/IXR/class-IXR-date.php HTTP/1.1" 301 0 "-" "-"
185.215.232.194 - - [27/Aug/2026:01:12:30 +0330] "GET /wp-includes/IXR//wp-includes/IXR/class-IXR-error.php HTTP/1.1" 301 0 "-" "-"
185.215.232.194 - - [27/Aug/2026:01:12:33 +0330] "GET /wp-includes/IXR/wp-includes/IXR/class-IXR-error.php HTTP/1.1" 404 54959 "-" "-"
185.215.232.194 - - [27/Aug/2026:01:12:37 +0330] "GET /wp-includes/IXR//wp-includes/IXR/class-IXR-introspectionserver.php HTTP/1.1" 301 0 "-" "-"
185.215.232.193 - - [27/Aug/2026:01:13:01 +0330] "GET /vod/play/id/12049/sid/1/nid/1.html HTTP/1.1" 404 13731 "http://mahdetejarat.com/index.php/vod/play/id/7/sid/1/nid/1.html" "Mozilla/5.0 (Linux; Android 7.0;) AppleWebKit/537.36 (HTML, like Gecko) Mobile Safari/537.36 (compatible; PetalBot;+https://webmaster.petalsearch.com/site/petalbot)"
185.215.232.194 - - [27/Aug/2026:01:13:04 +0330] "GET /wp-includes/IXR/wp-includes/IXR/class-IXR-server.php HTTP/1.1" 404 54959 "-" "-"
185.215.232.194 - - [27/Aug/2026:01:13:09 +0330] "GET /wp-includes/IXR//wp-includes/IXR/class-IXR-value.php HTTP/1.1" 301 0 "-" "-"
185.215.232.194 - - [27/Aug/2026:01:13:12 +0330] "GET /wp-includes/IXR/wp-includes/IXR/class-IXR-value.php HTTP/1.1" 404 54959 "-" "-"
185.215.232.194 - - [27/Aug/2026:01:13:17 +0330] "GET /wp-includes/IXR//wp-includes/IXR/error_log HTTP/1.1" 301 0 "-" "-"
185.215.232.194 - - [27/Aug/2026:01:13:19 +0330] "GET /wp-includes/IXR/wp-includes/IXR/error_log HTTP/1.1" 404 54959 "-" "-"
185.215.232.194 - - [27/Aug/2026:01:13:28 +0330] "GET /wp-includes/Requests/wp-includes/Requests/library/ HTTP/1.1" 404 54959 "-" "-"
185.215.232.194 - - [27/Aug/2026:01:13:43 +0330] "GET /wp-includes/SimplePie//wp-includes/SimplePie/library/ HTTP/1.1" 301 0 "-" "-"
185.215.232.194 - - [27/Aug/2026:01:13:53 +0330] "GET /wp-includes/SimplePie/wp-includes/SimplePie/src/ HTTP/1.1" 404 54959 "-" "-"
185.215.232.194 - - [27/Aug/2026:01:13:59 +0330] "GET /wp-includes/SimplePie/wp-includes/SimplePie/autoloader.php HTTP/1.1" 404 54959 "-" "-"
185.215.232.194 - - [27/Aug/2026:01:14:03 +0330] "GET /wp-includes/Text/ HTTP/1.1" 200 2099 "-" "-"
185.215.232.194 - - [27/Aug/2026:01:14:13 +0330] "GET /wp-includes/Text//wp-includes/Text/Diff.php HTTP/1.1" 301 0 "-" "-"
185.215.232.194 - - [27/Aug/2026:01:14:16 +0330] "GET /wp-includes/Text/wp-includes/Text/Diff.php HTTP/1.1" 404 54959 "-" "-"
185.215.232.193 - - [27/Aug/2026:01:14:21 +0330] "GET /index.php/vod/play/id/11903/sid/1/nid/1.html HTTP/1.1" 301 0 "http://mahdetejarat.com/index.php/vod/play/id/3525/sid/1/nid/1.html" "Mozilla/5.0 (Linux; Android 7.0;) AppleWebKit/537.36 (HTML, like Gecko) Mobile Safari/537.36 (compatible; PetalBot;+https://webmaster.petalsearch.com/site/petalbot)"
185.215.232.194 - - [27/Aug/2026:01:14:34 +0330] "GET /wp-login.php HTTP/1.1" 200 3375 "-" "Mozilla/5.0 (Windows NT 10.0; Win64; x64) AppleWebKit/537.36 (KHTML, like Gecko) Chrome/151.0.0.0 Safari/537.36"
185.215.232.194 - - [27/Aug/2026:01:14:48 +0330] "GET /wp-includes/Text/Diff/Renderer//wp-includes/Text/Diff/Renderer/inline.php HTTP/1.1" 301 0 "-" "-"
185.215.232.194 - - [27/Aug/2026:01:14:51 +0330] "GET /wp-includes/Text/Diff/Renderer/wp-includes/Text/Diff/Renderer/inline.php HTTP/1.1" 404 54959 "-" "-"
185.215.232.194 - - [27/Aug/2026:01:14:56 +0330] "GET /wp-includes/blocks/ HTTP/1.1" 200 2 "-" "-"
185.215.232.194 - - [27/Aug/2026:01:14:56 +0330] "GET /wp-includes/certificates/ HTTP/1.1" 200 1641 "-" "-"
185.215.232.194 - - [27/Aug/2026:01:13:50 +0330] "GET /wp-includes/SimplePie//wp-includes/SimplePie/src/ HTTP/1.1" 301 0 "-" "-"
94.101.182.6 - - [27/Aug/2026:01:13:59 +0330] "POST /wp-cron.php?doing_wp_cron=1787780639.1822369098663330078125 HTTP/1.1" 200 0 "-" "WordPress/6.9.1; https://mahdetejarat.com"
185.215.232.194 - - [27/Aug/2026:01:13:56 +0330] "GET /wp-includes/SimplePie//wp-includes/SimplePie/autoloader.php HTTP/1.1" 301 0 "-" "-"
94.101.182.6 - - [27/Aug/2026:01:14:08 +0330] "POST /wp-cron.php?doing_wp_cron=1787780648.4257171154022216796875 HTTP/1.1" 200 0 "-" "WordPress/6.9.1; https://mahdetejarat.com"
185.215.232.194 - - [27/Aug/2026:01:14:04 +0330] "GET /wp-includes/Text//wp-includes/Text/Diff/ HTTP/1.1" 301 0 "-" "-"
185.215.232.194 - - [27/Aug/2026:01:14:08 +0330] "GET /wp-includes/Text/wp-includes/Text/Diff/ HTTP/1.1" 404 54959 "-" "-"
185.215.232.194 - - [27/Aug/2026:01:14:20 +0330] "GET /wp-includes/Text//wp-includes/Text/Exception.php HTTP/1.1" 301 0 "-" "-"
185.215.232.194 - - [27/Aug/2026:01:14:23 +0330] "GET /wp-includes/Text/wp-includes/Text/Exception.php HTTP/1.1" 404 54959 "-" "-"
185.215.232.193 - - [27/Aug/2026:01:14:24 +0330] "GET /vod/play/id/11903/sid/1/nid/1.html HTTP/1.1" 404 13731 "http://mahdetejarat.com/index.php/vod/play/id/3525/sid/1/nid/1.html" "Mozilla/5.0 (Linux; Android 7.0;) AppleWebKit/537.36 (HTML, like Gecko) Mobile Safari/537.36 (compatible; PetalBot;+https://webmaster.petalsearch.com/site/petalbot)"
185.215.232.194 - - [27/Aug/2026:01:14:26 +0330] "GET /wp-content/mu-plugins-old/ HTTP/1.1" 404 54959 "-" "-"
185.215.232.194 - - [27/Aug/2026:01:14:30 +0330] "GET /wp-content/themes/classic/inc/ HTTP/1.1" 404 54959 "-" "-"
185.215.232.194 - - [27/Aug/2026:01:14:35 +0330] "GET /wp-content/plugins/ninja-forms/ HTTP/1.1" 404 54959 "-" "-"
185.215.232.194 - - [27/Aug/2026:01:14:36 +0330] "POST /wp-login.php HTTP/1.1" 200 3537 "-" "Mozilla/5.0 (Windows NT 10.0; Win64; x64) AppleWebKit/537.36 (KHTML, like Gecko) Chrome/151.0.0.0 Safari/537.36"
185.215.232.194 - - [27/Aug/2026:01:14:40 +0330] "GET /wp-content/mu-plugins/ HTTP/1.1" 200 1671 "-" "-"
185.215.232.194 - - [27/Aug/2026:01:14:40 +0330] "GET /wp-content/mu-plugins//wp-content/mu-plugins/class-wp-locale-cache.php HTTP/1.1" 301 0 "-" "-"
185.215.232.194 - - [27/Aug/2026:01:14:43 +0330] "GET /wp-content/mu-plugins/wp-content/mu-plugins/class-wp-locale-cache.php HTTP/1.1" 404 54959 "-" "-"
185.215.232.194 - - [27/Aug/2026:01:14:48 +0330] "GET /wp-includes/Text/Diff/Renderer/ HTTP/1.1" 200 1664 "-" "-"
94.101.182.6 - - [27/Aug/2026:01:15:00 +0330] "POST /wp-cron.php?doing_wp_cron=1787780700.6726450920104980468750 HTTP/1.1" 200 0 "-" "WordPress/6.9.1; https://mahdetejarat.com"
185.215.232.194 - - [27/Aug/2026:01:14:58 +0330] "GET /wp-includes/customize//wp-includes/customize/class-wp-customize-background-image-control.php HTTP/1.1" 301 0 "-" "-"
94.101.182.6 - - [27/Aug/2026:01:15:11 +0330] "POST /wp-cron.php?doing_wp_cron=1787780711.6161139011383056640625 HTTP/1.1" 200 0 "-" "WordPress/6.9.1; https://mahdetejarat.com"
185.215.232.194 - - [27/Aug/2026:01:15:07 +0330] "GET /wp-includes/customize/wp-includes/customize/class-wp-customize-background-image-setting.php HTTP/1.1" 404 54959 "-" "-"
185.215.232.194 - - [27/Aug/2026:01:15:12 +0330] "GET /wp-includes/customize//wp-includes/customize/class-wp-customize-background-position-control.php HTTP/1.1" 301 0 "-" "-"
185.215.232.194 - - [27/Aug/2026:01:15:22 +0330] "GET /wp-includes/customize/wp-includes/customize/class-wp-customize-code-editor-control.php HTTP/1.1" 404 54959 "-" "-"
185.215.232.194 - - [27/Aug/2026:01:15:27 +0330] "GET /wp-includes/customize//wp-includes/customize/class-wp-customize-color-control.php HTTP/1.1" 301 0 "-" "-"
185.215.232.194 - - [27/Aug/2026:01:14:57 +0330] "GET /wp-includes/customize/ HTTP/1.1" 200 14845 "-" "-"
185.215.232.194 - - [27/Aug/2026:01:15:01 +0330] "GET /wp-includes/customize/wp-includes/customize/class-wp-customize-background-image-control.php HTTP/1.1" 404 54959 "-" "-"
185.215.232.194 - - [27/Aug/2026:01:15:04 +0330] "GET /wp-includes/customize//wp-includes/customize/class-wp-customize-background-image-setting.php HTTP/1.1" 301 0 "-" "-"
185.215.232.194 - - [27/Aug/2026:01:15:15 +0330] "GET /wp-includes/customize/wp-includes/customize/class-wp-customize-background-position-control.php HTTP/1.1" 404 54959 "-" "-"
185.215.232.194 - - [27/Aug/2026:01:15:20 +0330] "GET /wp-includes/customize//wp-includes/customize/class-wp-customize-code-editor-control.php HTTP/1.1" 301 0 "-" "-"
185.215.232.194 - - [27/Aug/2026:01:15:31 +0330] "GET /wp-includes/customize/wp-includes/customize/class-wp-customize-color-control.php HTTP/1.1" 404 54959 "-" "-"
185.215.232.194 - - [27/Aug/2026:01:15:36 +0330] "GET /wp-includes/customize//wp-includes/customize/class-wp-customize-cropped-image-control.php HTTP/1.1" 301 0 "-" "-"
185.215.232.194 - - [27/Aug/2026:01:15:39 +0330] "GET /wp-includes/customize/wp-includes/customize/class-wp-customize-cropped-image-control.php HTTP/1.1" 404 54959 "-" "-"
185.215.232.194 - - [27/Aug/2026:01:15:44 +0330] "GET /wp-includes/customize//wp-includes/customize/class-wp-customize-custom-css-setting.php HTTP/1.1" 301 0 "-" "-"
185.215.232.194 - - [27/Aug/2026:01:15:47 +0330] "GET /wp-includes/customize/wp-includes/customize/class-wp-customize-custom-css-setting.php HTTP/1.1" 404 54959 "-" "-"
185.215.232.193 - - [27/Aug/2026:01:15:48 +0330] "GET /vod/play/id/11894/sid/1/nid/1.html HTTP/1.1" 404 13731 "http://mahdetejarat.com/index.php/vod/play/id/6268/sid/1/nid/1.html" "Mozilla/5.0 (Linux; Android 7.0;) AppleWebKit/537.36 (HTML, like Gecko) Mobile Safari/537.36 (compatible; PetalBot;+https://webmaster.petalsearch.com/site/petalbot)"
185.215.232.194 - - [27/Aug/2026:01:15:51 +0330] "GET /wp-includes/customize//wp-includes/customize/class-wp-customize-date-time-control.php HTTP/1.1" 301 0 "-" "-"
94.101.182.6 - - [27/Aug/2026:01:15:57 +0330] "POST /wp-cron.php?doing_wp_cron=1787780757.5225319862365722656250 HTTP/1.1" 200 0 "-" "WordPress/6.9.1; https://mahdetejarat.com"
185.215.232.194 - - [27/Aug/2026:01:15:54 +0330] "GET /wp-includes/customize/wp-includes/customize/class-wp-customize-date-time-control.php HTTP/1.1" 404 54959 "-" "-"
185.215.232.194 - - [27/Aug/2026:01:16:01 +0330] "GET /wp-includes/customize/wp-includes/customize/class-wp-customize-filter-setting.php HTTP/1.1" 404 54959 "-" "-"
185.215.232.194 - - [27/Aug/2026:01:16:05 +0330] "GET /wp-includes/customize//wp-includes/customize/class-wp-customize-header-image-control.php HTTP/1.1" 301 0 "-" "-"
185.215.232.194 - - [27/Aug/2026:01:16:08 +0330] "GET /wp-includes/customize/wp-includes/customize/class-wp-customize-header-image-control.php HTTP/1.1" 404 54959 "-" "-"
185.215.232.194 - - [27/Aug/2026:01:16:12 +0330] "GET /wp-includes/customize//wp-includes/customize/class-wp-customize-header-image-setting.php HTTP/1.1" 301 0 "-" "-"
185.215.232.194 - - [27/Aug/2026:01:16:15 +0330] "GET /wp-includes/customize/wp-includes/customize/class-wp-customize-header-image-setting.php HTTP/1.1" 404 54959 "-" "-"
185.215.232.194 - - [27/Aug/2026:01:16:19 +0330] "GET /wp-includes/customize//wp-includes/customize/class-wp-customize-image-control.php HTTP/1.1" 301 0 "-" "-"
185.215.232.194 - - [27/Aug/2026:01:16:22 +0330] "GET /wp-includes/customize/wp-includes/customize/class-wp-customize-image-control.php HTTP/1.1" 404 54959 "-" "-"
185.215.232.194 - - [27/Aug/2026:01:16:26 +0330] "GET /wp-includes/customize//wp-includes/customize/class-wp-customize-media-control.php HTTP/1.1" 301 0 "-" "-"
185.215.232.194 - - [27/Aug/2026:01:16:29 +0330] "GET /wp-includes/customize/wp-includes/customize/class-wp-customize-media-control.php HTTP/1.1" 404 54959 "-" "-"
185.215.232.194 - - [27/Aug/2026:01:16:35 +0330] "GET /wp-includes/customize//wp-includes/customize/class-wp-customize-nav-menu-auto-add-control.php HTTP/1.1" 301 0 "-" "-"
185.215.232.194 - - [27/Aug/2026:01:16:38 +0330] "GET /wp-includes/customize/wp-includes/customize/class-wp-customize-nav-menu-auto-add-control.php HTTP/1.1" 404 54959 "-" "-"
185.215.232.194 - - [27/Aug/2026:01:16:46 +0330] "GET /wp-includes/customize/wp-includes/customize/class-wp-customize-nav-menu-control.php HTTP/1.1" 404 54959 "-" "-"
185.215.232.194 - - [27/Aug/2026:01:16:54 +0330] "GET /wp-includes/customize/wp-includes/customize/class-wp-customize-nav-menu-item-control.php HTTP/1.1" 404 54959 "-" "-"
185.215.232.194 - - [27/Aug/2026:01:16:59 +0330] "GET /wp-includes/customize//wp-includes/customize/class-wp-customize-nav-menu-item-setting.php HTTP/1.1" 301 0 "-" "-"
185.215.232.194 - - [27/Aug/2026:01:17:01 +0330] "GET /wp-includes/customize/wp-includes/customize/class-wp-customize-nav-menu-item-setting.php HTTP/1.1" 404 54959 "-" "-"
94.101.182.6 - - [27/Aug/2026:01:17:08 +0330] "POST /wp-cron.php?doing_wp_cron=1787780828.4389460086822509765625 HTTP/1.1" 200 0 "-" "WordPress/6.9.1; https://mahdetejarat.com"
185.215.232.193 - - [27/Aug/2026:01:17:08 +0330] "GET /index.php/vod/play/id/11619/sid/1/nid/1.html HTTP/1.1" 301 0 "http://mahdetejarat.com/index.php/vod/search.html?wd=cos" "Mozilla/5.0 (Linux; Android 7.0;) AppleWebKit/537.36 (HTML, like Gecko) Mobile Safari/537.36 (compatible; PetalBot;+https://webmaster.petalsearch.com/site/petalbot)"
185.215.232.193 - - [27/Aug/2026:01:17:12 +0330] "GET /vod/play/id/11619/sid/1/nid/1.html HTTP/1.1" 404 13731 "http://mahdetejarat.com/index.php/vod/search.html?wd=cos" "Mozilla/5.0 (Linux; Android 7.0;) AppleWebKit/537.36 (HTML, like Gecko) Mobile Safari/537.36 (compatible; PetalBot;+https://webmaster.petalsearch.com/site/petalbot)"
185.215.232.194 - - [27/Aug/2026:01:17:13 +0330] "GET /wp-includes/customize//wp-includes/customize/class-wp-customize-nav-menu-locations-control.php HTTP/1.1" 301 0 "-" "-"
185.215.232.194 - - [27/Aug/2026:01:17:24 +0330] "GET /wp-includes/customize/wp-includes/customize/class-wp-customize-nav-menu-name-control.php HTTP/1.1" 404 54959 "-" "-"
185.215.232.194 - - [27/Aug/2026:01:17:28 +0330] "GET /wp-includes/customize//wp-includes/customize/class-wp-customize-nav-menu-section.php HTTP/1.1" 301 0 "-" "-"
185.215.232.194 - - [27/Aug/2026:01:17:31 +0330] "GET /wp-includes/customize/wp-includes/customize/class-wp-customize-nav-menu-section.php HTTP/1.1" 404 54959 "-" "-"
185.215.232.194 - - [27/Aug/2026:01:17:35 +0330] "GET /wp-includes/customize//wp-includes/customize/class-wp-customize-nav-menu-setting.php HTTP/1.1" 301 0 "-" "-"
185.215.232.194 - - [27/Aug/2026:01:17:46 +0330] "GET /wp-includes/customize/wp-includes/customize/class-wp-customize-nav-menus-panel.php HTTP/1.1" 404 54959 "-" "-"
185.215.232.194 - - [27/Aug/2026:01:17:51 +0330] "GET /wp-includes/customize//wp-includes/customize/class-wp-customize-new-menu-control.php HTTP/1.1" 301 0 "-" "-"
94.101.182.6 - - [27/Aug/2026:01:18:00 +0330] "POST /wp-cron.php?doing_wp_cron=1787780880.5087850093841552734375 HTTP/1.1" 200 0 "-" "WordPress/6.9.1; https://mahdetejarat.com"
185.215.232.193 - - [27/Aug/2026:01:17:57 +0330] "GET /wp-content/uploads/2024/09/cropped- HTTP/1.1" 404 15257 "-" "Mozilla/5.0 (iPhone; CPU iPhone OS 13_2_3 like Mac OS X) AppleWebKit/605.1.15 (KHTML, like Gecko) Version/13.0.3 Mobile/15E148 Safari/604.1"
185.215.232.194 - - [27/Aug/2026:01:17:58 +0330] "GET /wp-includes/customize//wp-includes/customize/class-wp-customize-new-menu-section.php HTTP/1.1" 301 0 "-" "-"
185.215.232.194 - - [27/Aug/2026:01:18:01 +0330] "GET /wp-includes/customize/wp-includes/customize/class-wp-customize-new-menu-section.php HTTP/1.1" 404 54959 "-" "-"
185.215.232.194 - - [27/Aug/2026:01:18:06 +0330] "GET /wp-includes/customize//wp-includes/customize/class-wp-customize-partial.php HTTP/1.1" 301 0 "-" "-"
185.215.232.193 - - [27/Aug/2026:01:15:44 +0330] "GET /index.php/vod/play/id/11894/sid/1/nid/1.html HTTP/1.1" 301 0 "http://mahdetejarat.com/index.php/vod/play/id/6268/sid/1/nid/1.html" "Mozilla/5.0 (Linux; Android 7.0;) AppleWebKit/537.36 (HTML, like Gecko) Mobile Safari/537.36 (compatible; PetalBot;+https://webmaster.petalsearch.com/site/petalbot)"
185.215.232.194 - - [27/Aug/2026:01:15:58 +0330] "GET /wp-includes/customize//wp-includes/customize/class-wp-customize-filter-setting.php HTTP/1.1" 301 0 "-" "-"
94.101.182.6 - - [27/Aug/2026:01:16:11 +0330] "POST /wp-cron.php?doing_wp_cron=1787780771.7939960956573486328125 HTTP/1.1" 200 0 "-" "WordPress/6.9.1; https://mahdetejarat.com"
185.215.232.194 - - [27/Aug/2026:01:16:43 +0330] "GET /wp-includes/customize//wp-includes/customize/class-wp-customize-nav-menu-control.php HTTP/1.1" 301 0 "-" "-"
185.215.232.194 - - [27/Aug/2026:01:16:51 +0330] "GET /wp-includes/customize//wp-includes/customize/class-wp-customize-nav-menu-item-control.php HTTP/1.1" 301 0 "-" "-"
94.101.182.6 - - [27/Aug/2026:01:16:57 +0330] "POST /wp-cron.php?doing_wp_cron=1787780817.4353649616241455078125 HTTP/1.1" 200 0 "-" "WordPress/6.9.1; https://mahdetejarat.com"
185.215.232.194 - - [27/Aug/2026:01:17:05 +0330] "GET /wp-includes/customize//wp-includes/customize/class-wp-customize-nav-menu-location-control.php HTTP/1.1" 301 0 "-" "-"
185.215.232.194 - - [27/Aug/2026:01:17:09 +0330] "GET /wp-includes/customize/wp-includes/customize/class-wp-customize-nav-menu-location-control.php HTTP/1.1" 404 54959 "-" "-"
185.215.232.194 - - [27/Aug/2026:01:17:17 +0330] "GET /wp-includes/customize/wp-includes/customize/class-wp-customize-nav-menu-locations-control.php HTTP/1.1" 404 54959 "-" "-"
185.215.232.194 - - [27/Aug/2026:01:17:21 +0330] "GET /wp-includes/customize//wp-includes/customize/class-wp-customize-nav-menu-name-control.php HTTP/1.1" 301 0 "-" "-"
185.215.232.194 - - [27/Aug/2026:01:17:38 +0330] "GET /wp-includes/customize/wp-includes/customize/class-wp-customize-nav-menu-setting.php HTTP/1.1" 404 54959 "-" "-"
185.215.232.194 - - [27/Aug/2026:01:17:43 +0330] "GET /wp-includes/customize//wp-includes/customize/class-wp-customize-nav-menus-panel.php HTTP/1.1" 301 0 "-" "-"
94.101.182.6 - - [27/Aug/2026:01:17:57 +0330] "POST /wp-cron.php?doing_wp_cron=1787780877.7418498992919921875000 HTTP/1.1" 200 0 "-" "WordPress/6.9.1; https://mahdetejarat.com"
185.215.232.194 - - [27/Aug/2026:01:17:54 +0330] "GET /wp-includes/customize/wp-includes/customize/class-wp-customize-new-menu-control.php HTTP/1.1" 404 54959 "-" "-"
185.215.232.194 - - [27/Aug/2026:01:18:09 +0330] "GET /wp-includes/customize/wp-includes/customize/class-wp-customize-partial.php HTTP/1.1" 404 54959 "-" "-"
185.215.232.194 - - [27/Aug/2026:01:18:14 +0330] "GET /wp-includes/customize//wp-includes/customize/class-wp-customize-selective-refresh.php HTTP/1.1" 301 0 "-" "-"
185.215.232.194 - - [27/Aug/2026:01:18:17 +0330] "GET /wp-includes/customize/wp-includes/customize/class-wp-customize-selective-refresh.php HTTP/1.1" 404 54959 "-" "-"
185.215.232.194 - - [27/Aug/2026:01:18:24 +0330] "GET /wp-includes/customize/wp-includes/customize/class-wp-customize-sidebar-section.php HTTP/1.1" 404 54959 "-" "-"
94.101.182.6 - - [27/Aug/2026:01:18:32 +0330] "GET /.well-known/acme-challenge/Q0MBMXG0FW4MX7R3A4X87COV6RP3E1RN HTTP/1.1" 200 64 "-" "Cpanel-HTTP-Client/1.0"
94.101.182.6 - - [27/Aug/2026:01:18:32 +0330] "GET /.well-known/acme-challenge/8E_3SI242Z98BUCPUTXUB67XOZFZQ8S0 HTTP/1.1" 200 64 "-" "Cpanel-HTTP-Client/1.0"
94.101.182.6 - - [27/Aug/2026:01:18:33 +0330] "GET /.well-known/acme-challenge/P4G3_GBY4_YM8MSC7TZTXEDCQ2D3GSA8 HTTP/1.1" 404 5749 "-" "Cpanel-HTTP-Client/1.0"
94.101.182.6 - - [27/Aug/2026:01:18:33 +0330] "GET /.well-known/acme-challenge/C67V0XJS1MVJ5KFMKJT-RE_CV6-XT1RZ HTTP/1.1" 404 5750 "-" "Cpanel-HTTP-Client/1.0"
185.215.232.194 - - [27/Aug/2026:01:18:21 +0330] "GET /wp-includes/customize//wp-includes/customize/class-wp-customize-sidebar-section.php HTTP/1.1" 301 0 "-" "-"
185.215.232.194 - - [27/Aug/2026:01:18:29 +0330] "GET /wp-includes/customize//wp-includes/customize/class-wp-customize-site-icon-control.php HTTP/1.1" 301 0 "-" "-"
94.101.183.3 - - [27/Aug/2026:01:18:32 +0330] "GET /.well-known/acme-challenge/P4EZ-43X3_GBP854FYWSNCEAWN7CF9RF HTTP/1.1" 200 64 "-" "Cpanel-HTTP-Client/1.0"
94.101.183.3 - - [27/Aug/2026:01:18:33 +0330] "GET /.well-known/acme-challenge/HVOPCGQFV_752IKI_LKBLOER39XJ3UU2 HTTP/1.1" 401 36 "-" "Cpanel-HTTP-Client/1.0"
94.101.182.6 - - [27/Aug/2026:01:18:33 +0330] "GET /.well-known/acme-challenge/P-4KEZMDKA2ZE9K_VSEOHU4H0SJ3HOBN HTTP/1.1" 200 886 "-" "Cpanel-HTTP-Client/1.0"
94.101.182.6 - - [27/Aug/2026:01:18:33 +0330] "GET /.well-known/acme-challenge/FLF3T3ZE0J-9YGCCDHMGH3_I4-N56ON3 HTTP/1.1" 401 36 "-" "Cpanel-HTTP-Client/1.0"
94.101.183.3 - - [27/Aug/2026:01:18:33 +0330] "GET /.well-known/acme-challenge/--8BDH-9B3MVT6J21Z3KAUA6I1U7YC2D HTTP/1.1" 401 36 "-" "Cpanel-HTTP-Client/1.0"
94.101.183.3 - - [27/Aug/2026:01:18:33 +0330] "GET /.well-known/acme-challenge/F1GCH7R5AHF9Q6UOI715WEKOQOFCBVT6 HTTP/1.1" 400 52 "-" "Cpanel-HTTP-Client/1.0"
185.215.232.194 - - [27/Aug/2026:01:18:32 +0330] "GET /wp-includes/customize/wp-includes/customize/class-wp-customize-site-icon-control.php HTTP/1.1" 404 54959 "-" "-"
185.215.232.193 - - [27/Aug/2026:01:18:35 +0330] "GET /vod/play/id/27289/sid/1/nid/1.html HTTP/1.1" 404 13731 "https://www.mahdetejarat.com/index.php/vod/play/id/34918/sid/1/nid/1.html" "Mozilla/5.0 (Linux; Android 7.0;) AppleWebKit/537.36 (HTML, like Gecko) Mobile Safari/537.36 (compatible; PetalBot;+https://webmaster.petalsearch.com/site/petalbot)"
185.215.232.194 - - [27/Aug/2026:01:18:40 +0330] "GET /wp-includes/customize/wp-includes/customize/class-wp-customize-theme-control.php HTTP/1.1" 404 54959 "-" "-"
185.215.232.194 - - [27/Aug/2026:01:18:53 +0330] "GET /wp-includes/customize//wp-includes/customize/class-wp-customize-themes-section.php HTTP/1.1" 301 0 "-" "-"
