185.215.232.194 - - [27/Aug/2026:02:03:22 +0330] "GET /product/%d9%86%db%8c%d9%85%da%a9%d8%aa-%da%86%d9%88%d8%a8%db%8c-%d9%81%d9%84%d8%b2%db%8c-%d9%be%d8%a7%d8%b1%da%a9%db%8c/ HTTP/1.1" 200 22997 "https://mahdetejarat.com/?p=661" "Mozilla/5.0 (iPhone; CPU iPhone OS 13_2_3 like Mac OS X) AppleWebKit/605.1.15 (KHTML, like Gecko) Version/13.0.3 Mobile/15E148 Safari/604.1"
94.101.183.3 - - [27/Aug/2026:02:04:34 +0330] "POST /wp-cron.php?doing_wp_cron=1787783674.3574550151824951171875 HTTP/1.1" 200 0 "-" "WordPress/6.9.1; https://mahdetejarat.com"
185.215.232.194 - - [27/Aug/2026:02:11:52 +0330] "GET /wp-content/uploads/2024/09/cropped- HTTP/1.1" 404 15257 "-" "Mozilla/5.0 (iPhone; CPU iPhone OS 13_2_3 like Mac OS X) AppleWebKit/605.1.15 (KHTML, like Gecko) Version/13.0.3 Mobile/15E148 Safari/604.1"
185.215.232.194 - - [27/Aug/2026:02:12:46 +0330] "GET /this_is_a_new_hello_world.php HTTP/1.1" 301 0 "-" "-"
185.215.232.194 - - [27/Aug/2026:02:12:49 +0330] "GET /this_is_a_new_hello_world.php HTTP/1.1" 404 54959 "-" "-"
185.215.232.194 - - [27/Aug/2026:02:12:53 +0330] "GET /or.php HTTP/1.1" 301 0 "-" "-"
94.101.183.3 - - [27/Aug/2026:02:12:59 +0330] "POST /wp-cron.php?doing_wp_cron=1787784178.9712660312652587890625 HTTP/1.1" 200 0 "-" "WordPress/6.9.1; https://mahdetejarat.com"
185.215.232.194 - - [27/Aug/2026:02:12:55 +0330] "GET /or.php HTTP/1.1" 404 54959 "-" "-"
185.215.232.194 - - [27/Aug/2026:02:12:59 +0330] "GET /verox.php HTTP/1.1" 301 0 "-" "-"
185.215.232.194 - - [27/Aug/2026:02:13:02 +0330] "GET /verox.php HTTP/1.1" 404 54959 "-" "-"
185.215.232.194 - - [27/Aug/2026:02:13:05 +0330] "GET /BDKR28WP.php HTTP/1.1" 301 0 "-" "-"
185.215.232.194 - - [27/Aug/2026:02:13:08 +0330] "GET /BDKR28WP.php HTTP/1.1" 404 54959 "-" "-"
185.215.232.194 - - [27/Aug/2026:02:13:18 +0330] "GET /aww.php HTTP/1.1" 301 0 "-" "-"
185.215.232.194 - - [27/Aug/2026:02:13:24 +0330] "GET /wander.php HTTP/1.1" 301 0 "-" "-"
185.215.232.194 - - [27/Aug/2026:02:13:31 +0330] "GET /_js.jpg..bk.php HTTP/1.1" 301 0 "-" "-"
185.215.232.194 - - [27/Aug/2026:02:13:33 +0330] "GET /_js.jpg..bk.php HTTP/1.1" 404 54959 "-" "-"
185.215.232.194 - - [27/Aug/2026:02:13:38 +0330] "GET /dragonshell.php HTTP/1.1" 301 0 "-" "-"
94.101.183.3 - - [27/Aug/2026:02:13:56 +0330] "POST /wp-cron.php?doing_wp_cron=1787784236.2257049083709716796875 HTTP/1.1" 200 0 "-" "WordPress/6.9.1; https://mahdetejarat.com"
185.215.232.194 - - [27/Aug/2026:02:13:53 +0330] "GET /bthil.php HTTP/1.1" 404 54959 "-" "-"
185.215.232.194 - - [27/Aug/2026:02:13:59 +0330] "GET /txets.php HTTP/1.1" 404 54959 "-" "-"
185.215.232.194 - - [27/Aug/2026:02:14:03 +0330] "GET /privacy.php HTTP/1.1" 301 0 "-" "-"
94.101.183.3 - - [27/Aug/2026:02:14:09 +0330] "POST /wp-cron.php?doing_wp_cron=1787784249.6203610897064208984375 HTTP/1.1" 200 0 "-" "WordPress/6.9.1; https://mahdetejarat.com"
185.215.232.194 - - [27/Aug/2026:02:14:10 +0330] "GET /samll.php HTTP/1.1" 301 0 "-" "-"
185.215.232.194 - - [27/Aug/2026:02:14:12 +0330] "GET /samll.php HTTP/1.1" 404 54959 "-" "-"
185.215.232.194 - - [27/Aug/2026:02:14:25 +0330] "GET /themes.php HTTP/1.1" 301 0 "-" "-"
185.215.232.194 - - [27/Aug/2026:02:14:35 +0330] "GET /greem_res.php HTTP/1.1" 404 54959 "-" "-"
185.215.232.194 - - [27/Aug/2026:02:14:42 +0330] "GET /min.php HTTP/1.1" 404 54959 "-" "-"
185.215.232.194 - - [27/Aug/2026:02:14:46 +0330] "GET /luJMF.php HTTP/1.1" 301 0 "-" "-"
94.101.183.3 - - [27/Aug/2026:02:14:57 +0330] "POST /wp-cron.php?doing_wp_cron=1787784297.7136659622192382812500 HTTP/1.1" 200 0 "-" "WordPress/6.9.1; https://mahdetejarat.com"
185.215.232.194 - - [27/Aug/2026:02:14:55 +0330] "GET /abcd.php HTTP/1.1" 301 0 "-" "-"
185.215.232.194 - - [27/Aug/2026:02:15:04 +0330] "GET /wo.php HTTP/1.1" 404 54959 "-" "-"
185.215.232.194 - - [27/Aug/2026:02:14:32 +0330] "GET /greem_res.php HTTP/1.1" 301 0 "-" "-"
185.215.232.194 - - [27/Aug/2026:02:14:39 +0330] "GET /min.php HTTP/1.1" 301 0 "-" "-"
185.215.232.194 - - [27/Aug/2026:02:14:48 +0330] "GET /luJMF.php HTTP/1.1" 404 54959 "-" "-"
185.215.232.194 - - [27/Aug/2026:02:14:58 +0330] "GET /abcd.php HTTP/1.1" 404 54959 "-" "-"
185.215.232.194 - - [27/Aug/2026:02:15:01 +0330] "GET /wo.php HTTP/1.1" 301 0 "-" "-"
185.215.232.194 - - [27/Aug/2026:02:15:07 +0330] "GET /v4.php HTTP/1.1" 301 0 "-" "-"
185.215.232.194 - - [27/Aug/2026:02:15:10 +0330] "GET /v4.php HTTP/1.1" 404 54959 "-" "-"
185.215.232.194 - - [27/Aug/2026:02:15:16 +0330] "GET /v1.php HTTP/1.1" 404 54959 "-" "-"
185.215.232.194 - - [27/Aug/2026:02:15:24 +0330] "GET /v2.php HTTP/1.1" 404 54959 "-" "-"
185.215.232.194 - - [27/Aug/2026:02:15:30 +0330] "GET /v3.php HTTP/1.1" 404 54959 "-" "-"
185.215.232.194 - - [27/Aug/2026:02:15:34 +0330] "GET /wp-content/themes/luJMF.php HTTP/1.1" 301 0 "-" "-"
185.215.232.194 - - [27/Aug/2026:02:15:37 +0330] "GET /wp-content/themes/luJMF.php HTTP/1.1" 404 54959 "-" "-"
94.101.182.6 - - [27/Aug/2026:02:15:10 +0330] "POST /wp-cron.php?doing_wp_cron=1787784310.0089809894561767578125 HTTP/1.1" 200 0 "-" "WordPress/6.9.1; https://mahdetejarat.com"
185.215.232.194 - - [27/Aug/2026:02:15:14 +0330] "GET /v1.php HTTP/1.1" 301 0 "-" "-"
185.215.232.194 - - [27/Aug/2026:02:15:21 +0330] "GET /v2.php HTTP/1.1" 301 0 "-" "-"
185.215.232.194 - - [27/Aug/2026:02:15:27 +0330] "GET /v3.php HTTP/1.1" 301 0 "-" "-"
185.215.232.194 - - [27/Aug/2026:02:15:40 +0330] "GET /wp-includes/js/codemirror/about.php HTTP/1.1" 301 0 "-" "-"
185.215.232.194 - - [27/Aug/2026:02:15:43 +0330] "GET /wp-includes/js/codemirror/about.php HTTP/1.1" 404 54959 "-" "-"
185.215.232.194 - - [27/Aug/2026:02:15:56 +0330] "GET /wp-content/db-status.php HTTP/1.1" 404 54959 "-" "-"
185.215.232.194 - - [27/Aug/2026:02:16:00 +0330] "GET /wp-content/admin.php HTTP/1.1" 301 0 "-" "-"
185.215.232.194 - - [27/Aug/2026:02:16:03 +0330] "GET /wp-content/admin.php HTTP/1.1" 404 54959 "-" "-"
94.101.182.6 - - [27/Aug/2026:02:17:31 +0330] "POST /wp-cron.php?doing_wp_cron=1787784451.5034179687500000000000 HTTP/1.1" 200 0 "-" "WordPress/6.9.1; https://mahdetejarat.com"
185.215.232.194 - - [27/Aug/2026:02:17:28 +0330] "GET / HTTP/1.1" 301 0 "-" "Mozilla/5.0 (Windows NT 10.0; Win64; x64) AppleWebKit/537.36 (KHTML, like Gecko) Chrome/120.0.0.0 Safari/537.36"
94.101.183.3 - - [27/Aug/2026:02:28:40 +0330] "POST /wp-cron.php?doing_wp_cron=1787785120.4351511001586914062500 HTTP/1.1" 200 0 "-" "WordPress/6.9.1; https://mahdetejarat.com"
185.215.232.193 - - [27/Aug/2026:02:31:05 +0330] "GET /wp-login.php HTTP/1.1" 200 3375 "-" "Mozilla/5.0 (Windows NT 10.0; Win64; x64) AppleWebKit/537.36 (KHTML, like Gecko) Chrome/151.0.0.0 Safari/537.36"
185.215.232.193 - - [27/Aug/2026:02:31:09 +0330] "POST /wp-login.php HTTP/1.1" 200 3537 "-" "Mozilla/5.0 (Windows NT 10.0; Win64; x64) AppleWebKit/537.36 (KHTML, like Gecko) Chrome/151.0.0.0 Safari/537.36"
185.215.232.194 - - [27/Aug/2026:02:15:46 +0330] "GET /wp-content/plugin-install.php HTTP/1.1" 301 0 "-" "-"
185.215.232.194 - - [27/Aug/2026:02:15:49 +0330] "GET /wp-content/plugin-install.php HTTP/1.1" 404 54959 "-" "-"
185.215.232.194 - - [27/Aug/2026:02:15:53 +0330] "GET /wp-content/maintenance.php HTTP/1.1" 503 1884 "-" "-"
94.101.182.6 - - [27/Aug/2026:02:15:56 +0330] "POST /wp-cron.php?doing_wp_cron=1787784356.2966859340667724609375 HTTP/1.1" 200 0 "-" "WordPress/6.9.1; https://mahdetejarat.com"
185.215.232.194 - - [27/Aug/2026:02:15:53 +0330] "GET /wp-content/db-status.php HTTP/1.1" 301 0 "-" "-"
94.101.182.6 - - [27/Aug/2026:02:19:49 +0330] "POST /wp-cron.php?doing_wp_cron=1787784589.3397328853607177734375 HTTP/1.1" 200 0 "-" "WordPress/6.9.1; https://mahdetejarat.com"
185.215.232.193 - - [27/Aug/2026:02:19:46 +0330] "GET /?rest_route=/batch/v1 HTTP/1.1" 404 167 "http://mahdetejarat.com/" "Mozilla/5.0 (Windows NT 10.0; Win64; x64) AppleWebKit/537.36 (KHTML, like Gecko) Chrome/126.0.0.0 Safari/537.36"
94.101.183.3 - - [27/Aug/2026:02:23:41 +0330] "POST /wp-cron.php?doing_wp_cron=1787784821.2414870262145996093750 HTTP/1.1" 200 0 "-" "WordPress/6.9.1; https://mahdetejarat.com"
185.215.232.195 - - [27/Aug/2026:02:23:38 +0330] "GET /wp-login.php HTTP/1.1" 200 3390 "-" "Mozilla/5.0 (Windows NT 10.0; Win64; x64) AppleWebKit/537.36 (KHTML, like Gecko) Chrome/151.0.0.0 Safari/537.36"
185.215.232.195 - - [27/Aug/2026:02:23:46 +0330] "POST /wp-login.php HTTP/1.1" 200 3612 "-" "Mozilla/5.0 (Windows NT 10.0; Win64; x64) AppleWebKit/537.36 (KHTML, like Gecko) Chrome/151.0.0.0 Safari/537.36"
185.215.232.195 - - [27/Aug/2026:02:28:37 +0330] "GET /wp-login.php HTTP/1.1" 200 3390 "-" "Mozilla/5.0 (Windows NT 10.0; Win64; x64) AppleWebKit/537.36 (KHTML, like Gecko) Chrome/151.0.0.0 Safari/537.36"
185.215.232.195 - - [27/Aug/2026:02:28:43 +0330] "POST /wp-login.php HTTP/1.1" 200 3612 "-" "Mozilla/5.0 (Windows NT 10.0; Win64; x64) AppleWebKit/537.36 (KHTML, like Gecko) Chrome/151.0.0.0 Safari/537.36"
185.215.232.194 - - [27/Aug/2026:02:30:59 +0330] "GET /product/%d9%86%db%8c%d9%85%da%a9%d8%aa-%da%86%d9%88%d8%a8-%d9%88-%d9%81%d9%84%d8%b2-%d9%be%d8%a7%d8%b1%da%a9%db%8csw210/feed/ HTTP/1.1" 200 587 "-" "Mozilla/5.0 (iPhone; CPU iPhone OS 13_2_3 like Mac OS X) AppleWebKit/605.1.15 (KHTML, like Gecko) Version/13.0.3 Mobile/15E148 Safari/604.1"
185.215.232.193 - - [27/Aug/2026:02:38:00 +0330] "GET /vod/play/id/18427/sid/1/nid/1.html HTTP/1.1" 404 13731 "https://mahdetejarat.com/index.php/vod/play/id/16141/sid/1/nid/1.html" "Mozilla/5.0 (Linux; Android 7.0;) AppleWebKit/537.36 (HTML, like Gecko) Mobile Safari/537.36 (compatible; PetalBot;+https://webmaster.petalsearch.com/site/petalbot)"
185.215.232.194 - - [27/Aug/2026:02:36:33 +0330] "GET /index.php/vod/play/id/40864/sid/1/nid/1.html HTTP/1.1" 301 0 "https://mahdetejarat.com/index.php/vod/play/id/34999/sid/1/nid/1.html" "Mozilla/5.0 (Linux; Android 7.0;) AppleWebKit/537.36 (HTML, like Gecko) Mobile Safari/537.36 (compatible; PetalBot;+https://webmaster.petalsearch.com/site/petalbot)"
185.215.232.194 - - [27/Aug/2026:02:36:39 +0330] "GET /vod/play/id/40864/sid/1/nid/1.html HTTP/1.1" 404 13731 "https://mahdetejarat.com/index.php/vod/play/id/34999/sid/1/nid/1.html" "Mozilla/5.0 (Linux; Android 7.0;) AppleWebKit/537.36 (HTML, like Gecko) Mobile Safari/537.36 (compatible; PetalBot;+https://webmaster.petalsearch.com/site/petalbot)"
94.101.182.6 - - [27/Aug/2026:02:37:59 +0330] "POST /wp-cron.php?doing_wp_cron=1787785679.4486789703369140625000 HTTP/1.1" 200 0 "-" "WordPress/6.9.1; https://mahdetejarat.com"
185.215.232.193 - - [27/Aug/2026:02:37:56 +0330] "GET /index.php/vod/play/id/18427/sid/1/nid/1.html HTTP/1.1" 301 0 "https://mahdetejarat.com/index.php/vod/play/id/16141/sid/1/nid/1.html" "Mozilla/5.0 (Linux; Android 7.0;) AppleWebKit/537.36 (HTML, like Gecko) Mobile Safari/537.36 (compatible; PetalBot;+https://webmaster.petalsearch.com/site/petalbot)"
94.101.183.3 - - [27/Aug/2026:02:42:50 +0330] "POST /wp-cron.php?doing_wp_cron=1787785969.7871398925781250000000 HTTP/1.1" 200 0 "-" "WordPress/6.9.1; https://mahdetejarat.com"
185.215.232.193 - - [27/Aug/2026:02:42:45 +0330] "GET /wp-json/wp/v2/product/122 HTTP/1.1" 200 907 "-" "Mozilla/5.0 (iPhone; CPU iPhone OS 13_2_3 like Mac OS X) AppleWebKit/605.1.15 (KHTML, like Gecko) Version/13.0.3 Mobile/15E148 Safari/604.1"
185.215.232.193 - - [27/Aug/2026:02:45:25 +0330] "GET /sitemap_index.xml HTTP/1.1" 200 311 "-" "Mozilla/5.0 AppleWebKit/537.36 (KHTML, like Gecko; compatible; bingbot/2.0; +http://www.bing.com/bingbot.htm) Chrome/116.0.1938.76 Safari/537.36"
185.215.232.193 - - [27/Aug/2026:02:52:04 +0330] "GET / HTTP/1.1" 200 223167 "-" "Mozlila/5.0 (Linux; Android 7.0; SM-G892A Bulid/NRD90M; wv) AppleWebKit/537.36 (KHTML, like Gecko) Version/4.0 Chrome/60.0.3112.107 Moblie Safari/537.36"
94.101.182.6 - - [27/Aug/2026:02:52:09 +0330] "POST /wp-cron.php?doing_wp_cron=1787786528.8046801090240478515625 HTTP/1.1" 200 0 "-" "WordPress/6.9.1; https://mahdetejarat.com"
185.215.232.193 - - [27/Aug/2026:02:52:04 +0330] "POST /wp-plain.php HTTP/1.1" 404 54959 "www.google.com" "Mozilla/5.0 (Linux; Android 7.0; SM-G892A Bulid/NRD90M; wv) AppleWebKit/537.36 (KHTML, like Gecko) Version/4.0 Chrome/60.0.3112.107 Moblie Safari/537.36"
94.101.182.6 - - [27/Aug/2026:02:52:10 +0330] "POST /wp-cron.php?doing_wp_cron=1787786530.0946199893951416015625 HTTP/1.1" 200 0 "-" "WordPress/6.9.1; https://mahdetejarat.com"
185.215.232.193 - - [27/Aug/2026:02:52:10 +0330] "GET /wp-content/plugins/apikey/apikey.php.suspected?test=hello HTTP/1.1" 403 787 "-" "Mozlila/5.0 (Linux; Android 7.0; SM-G892A Bulid/NRD90M; wv) AppleWebKit/537.36 (KHTML, like Gecko) Version/4.0 Chrome/60.0.3112.107 Moblie Safari/537.36"
185.215.232.193 - - [27/Aug/2026:02:52:10 +0330] "GET /plugins/content/apismtp/apismtp.php.suspected?test=hello HTTP/1.1" 403 787 "-" "Mozlila/5.0 (Linux; Android 7.0; SM-G892A Bulid/NRD90M; wv) AppleWebKit/537.36 (KHTML, like Gecko) Version/4.0 Chrome/60.0.3112.107 Moblie Safari/537.36"
185.215.232.193 - - [27/Aug/2026:02:52:04 +0330] "GET /wp-content/themes/seotheme/db.php?u HTTP/1.1" 404 54959 "www.google.com" "Mozlila/5.0 (Linux; Android 7.0; SM-G892A Bulid/NRD90M; wv) AppleWebKit/537.36 (KHTML, like Gecko) Version/4.0 Chrome/60.0.3112.107 Moblie Safari/537.36"
185.215.232.193 - - [27/Aug/2026:02:52:04 +0330] "GET /wp-content/plugins/fix/up.php HTTP/1.1" 404 54959 "-" "Mozilla/5.0 (Windows NT 10.0; Win64; x64) AppleWebKit/537.36 (KHTML, like Gecko) Chrome/85.0.4183.102 Safari/537.36"
185.215.232.193 - - [27/Aug/2026:02:52:09 +0330] "GET /fydoeers.php?Fox=d3wL7 HTTP/1.1" 404 54959 "www.google.com" "Mozilla/5.0 (Linux; Android 7.0; SM-G892A Bulid/NRD90M; wv) AppleWebKit/537.36 (KHTML, like Gecko) Version/4.0 Chrome/60.0.3112.107 Moblie Safari/537.36"
185.215.232.193 - - [27/Aug/2026:02:52:04 +0330] "POST /ALFA_DATA/alfacgiapi/perl.alfa HTTP/1.1" 404 54959 "www.google.com" "Mozlila/5.0 (Linux; Android 7.0; SM-G892A Bulid/NRD90M; wv) AppleWebKit/537.36 (KHTML, like Gecko) Version/4.0 Chrome/60.0.3112.107 Moblie Safari/537.36"
185.215.232.193 - - [27/Aug/2026:02:52:12 +0330] "GET /wp-content/plugins/fix/up.php HTTP/1.1" 404 54959 "-" "Mozilla/5.0 (Windows NT 10.0; Win64; x64) AppleWebKit/537.36 (KHTML, like Gecko) Chrome/85.0.4183.102 Safari/537.36"
185.215.232.193 - - [27/Aug/2026:02:52:14 +0330] "GET /?p=100 HTTP/1.1" 301 0 "-" "Mozilla/5.0 (iPhone; CPU iPhone OS 13_2_3 like Mac OS X) AppleWebKit/605.1.15 (KHTML, like Gecko) Version/13.0.3 Mobile/15E148 Safari/604.1"
185.215.232.193 - - [27/Aug/2026:02:52:18 +0330] "GET /product/%d9%86%db%8c%d9%85%da%a9%d8%aa-%d8%b3%d9%86%da%af-%d9%88-%da%86%d9%88%d8%a8-%d8%a8%d8%a7-%d9%be%d8%b4%d8%aa/ HTTP/1.1" 200 23065 "https://mahdetejarat.com/?p=100" "Mozilla/5.0 (iPhone; CPU iPhone OS 13_2_3 like Mac OS X) AppleWebKit/605.1.15 (KHTML, like Gecko) Version/13.0.3 Mobile/15E148 Safari/604.1"
185.215.232.195 - - [27/Aug/2026:02:55:39 +0330] "GET /product/%d9%86%db%8c%d9%85%da%a9%d8%aa-%d9%81%d9%84%d8%b2%db%8c-%d9%be%d8%a7%d8%b1%da%a9%db%8cs420/ HTTP/1.1" 200 22841 "-" "Mozilla/5.0 (Macintosh; Intel Mac OS X 10_15_7) AppleWebKit/537.36 (KHTML, like Gecko) Chrome/145.0.0.0 Safari/537.36 (compatible; meta-externalagent/1.1 (+https://developers.facebook.com/docs/sharing/webmasters/crawler))"
185.215.232.193 - - [27/Aug/2026:02:56:45 +0330] "GET /wp-login.php HTTP/1.1" 200 3375 "-" "Mozilla/5.0 (Windows NT 10.0; Win64; x64) AppleWebKit/537.36 (KHTML, like Gecko) Chrome/151.0.0.0 Safari/537.36"
94.101.183.3 - - [27/Aug/2026:02:58:53 +0330] "POST /wp-cron.php?doing_wp_cron=1787786933.6788210868835449218750 HTTP/1.1" 200 0 "-" "WordPress/6.9.1; https://mahdetejarat.com"
185.215.232.193 - - [27/Aug/2026:02:52:05 +0330] "GET /wp-content/plugins/apikey/apikey.php?test=hello HTTP/1.1" 403 787 "-" "Mozlila/5.0 (Linux; Android 7.0; SM-G892A Bulid/NRD90M; wv) AppleWebKit/537.36 (KHTML, like Gecko) Version/4.0 Chrome/60.0.3112.107 Moblie Safari/537.36"
185.215.232.193 - - [27/Aug/2026:02:52:05 +0330] "GET /plugins/content/apismtp/apismtp.php?test=hello HTTP/1.1" 404 54959 "-" "Mozlila/5.0 (Linux; Android 7.0; SM-G892A Bulid/NRD90M; wv) AppleWebKit/537.36 (KHTML, like Gecko) Version/4.0 Chrome/60.0.3112.107 Moblie Safari/537.36"
185.215.232.193 - - [27/Aug/2026:02:52:12 +0330] "GET /wp-content/themes/seotheme/db.php?u HTTP/1.1" 404 54959 "www.google.com" "Mozlila/5.0 (Linux; Android 7.0; SM-G892A Bulid/NRD90M; wv) AppleWebKit/537.36 (KHTML, like Gecko) Version/4.0 Chrome/60.0.3112.107 Moblie Safari/537.36"
185.215.232.193 - - [27/Aug/2026:02:52:12 +0330] "POST /alfacgiapi/perl.alfa HTTP/1.1" 404 54959 "www.google.com" "Mozlila/5.0 (Linux; Android 7.0; SM-G892A Bulid/NRD90M; wv) AppleWebKit/537.36 (KHTML, like Gecko) Version/4.0 Chrome/60.0.3112.107 Moblie Safari/537.36"
185.215.232.193 - - [27/Aug/2026:02:52:16 +0330] "GET /wp-content/themes/seotheme/db.php?u HTTP/1.1" 404 54959 "www.google.com" "Mozlila/5.0 (Linux; Android 7.0; SM-G892A Bulid/NRD90M; wv) AppleWebKit/537.36 (KHTML, like Gecko) Version/4.0 Chrome/60.0.3112.107 Moblie Safari/537.36"
94.101.182.6 - - [27/Aug/2026:02:56:47 +0330] "POST /wp-cron.php?doing_wp_cron=1787786807.6590070724487304687500 HTTP/1.1" 200 0 "-" "WordPress/6.9.1; https://mahdetejarat.com"
185.215.232.193 - - [27/Aug/2026:02:58:51 +0330] "GET /robots.txt HTTP/1.1" 200 163 "http://mahdetejarat.com/robots.txt" "Mozilla/5.0 (compatible;PetalBot;+https://webmaster.petalsearch.com/site/petalbot)"
94.101.183.3 - - [27/Aug/2026:03:00:36 +0330] "POST /wp-cron.php?doing_wp_cron=1787787036.1413550376892089843750 HTTP/1.1" 200 0 "-" "WordPress/6.9.1; https://mahdetejarat.com"
185.215.232.195 - - [27/Aug/2026:03:01:46 +0330] "GET /sitemap_index.xml HTTP/1.1" 200 311 "-" "Mozilla/5.0 AppleWebKit/537.36 (KHTML, like Gecko; compatible; ClaudeBot/1.0; +claudebot@anthropic.com)"
185.215.232.194 - - [27/Aug/2026:03:04:22 +0330] "GET /wp-content/uploads/2025/01/%D9%86%DB%8C%D9%85%DA%A9%D8%AA-%D9%BE%D8%A7%D8%B1%DA%A9%DB%8C-sw150.webp HTTP/1.1" 200 96398 "-" "Mozilla/5.0 (iPhone; CPU iPhone OS 13_2_3 like Mac OS X) AppleWebKit/605.1.15 (KHTML, like Gecko) Version/13.0.3 Mobile/15E148 Safari/604.1"
185.215.232.193 - - [27/Aug/2026:03:00:32 +0330] "GET /wp-content/plugins/translatepress-multilingual/assets/css/trp-floater-language-switcher.css HTTP/1.1" 404 54959 "-" "Mozilla/5.0 (Windows NT 10.0; Win64; x64; rv:149.0) Gecko/20100101 Firefox/149.0"
185.215.232.193 - - [27/Aug/2026:03:00:38 +0330] "GET /adminer.php HTTP/1.1" 404 54959 "-" "Mozilla/5.0 (Macintosh; Intel Mac OS X 10_15_7) AppleWebKit/537.36 (KHTML, like Gecko) Chrome/146.0.0.0 Safari/537.36"
185.215.232.193 - - [27/Aug/2026:03:00:38 +0330] "GET /blog-verify HTTP/1.1" 404 54959 "-" "Mozilla/5.0 (X11; Linux x86_64) AppleWebKit/537.36 (KHTML, like Gecko) Chrome/149.0.0.0 Safari/537.36"
94.101.182.6 - - [27/Aug/2026:03:01:46 +0330] "POST /wp-cron.php?doing_wp_cron=1787787106.3127620220184326171875 HTTP/1.1" 200 0 "-" "WordPress/6.9.1; https://mahdetejarat.com"
185.215.232.195 - - [27/Aug/2026:03:01:43 +0330] "GET /robots.txt HTTP/1.1" 200 163 "-" "Mozilla/5.0 AppleWebKit/537.36 (KHTML, like Gecko; compatible; ClaudeBot/1.0; +claudebot@anthropic.com)"
185.215.232.193 - - [27/Aug/2026:03:07:53 +0330] "GET /robots.txt HTTP/1.1" 200 178 "-" "Mozilla/5.0 (compatible; SeznamBot/4.0; +https://o-seznam.cz/napoveda/vyhledavani/en/seznambot-crawler/)"
185.215.232.193 - - [27/Aug/2026:03:07:53 +0330] "GET /product/s580/ HTTP/1.1" 200 19455 "-" "Mozilla/5.0 (compatible; SeznamBot/4.0; +https://o-seznam.cz/napoveda/vyhledavani/en/seznambot-crawler/)"
185.215.232.194 - - [27/Aug/2026:03:14:40 +0330] "GET /wp-content/uploads/2024/09/%D9%86%DB%8C%D9%85%DA%A9%D8%AA-%D8%B3%D9%86%DA%AF-%D9%88-%DA%86%D9%88%D8%A81.webp HTTP/1.1" 200 102106 "-" "Mozilla/5.0 (iPhone; CPU iPhone OS 13_2_3 like Mac OS X) AppleWebKit/605.1.15 (KHTML, like Gecko) Version/13.0.3 Mobile/15E148 Safari/604.1"
185.215.232.194 - - [27/Aug/2026:03:17:18 +0330] "GET / HTTP/1.1" 200 223167 "-" "Mozilla/5.0 (Windows NT 10.0; Win64; x64) AppleWebKit/537.36 (KHTML, like Gecko) Chrome/147.0.0.0 Safari/537.36"
185.215.232.194 - - [27/Aug/2026:03:17:18 +0330] "GET / HTTP/1.1" 301 0 "-" "Mozilla/5.0 (Windows NT 10.0; Win64; x64) AppleWebKit/537.36 (KHTML, like Gecko) Chrome/147.0.0.0 Safari/537.36"
185.215.232.195 - - [27/Aug/2026:03:19:25 +0330] "GET /wp-login.php HTTP/1.1" 200 3390 "-" "Mozilla/5.0 (Windows NT 10.0; Win64; x64) AppleWebKit/537.36 (KHTML, like Gecko) Chrome/151.0.0.0 Safari/537.36"
94.101.182.6 - - [27/Aug/2026:03:21:48 +0330] "POST /wp-cron.php?doing_wp_cron=1787788308.6916608810424804687500 HTTP/1.1" 200 0 "-" "WordPress/6.9.1; https://mahdetejarat.com"
185.215.232.194 - - [27/Aug/2026:03:21:49 +0330] "POST /wp-login.php HTTP/1.1" 200 3537 "-" "Mozilla/5.0 (Windows NT 10.0; Win64; x64) AppleWebKit/537.36 (KHTML, like Gecko) Chrome/151.0.0.0 Safari/537.36"
185.215.232.193 - - [27/Aug/2026:03:22:58 +0330] "GET /product/%d9%86%db%8c%d9%85%da%a9%d8%aa-%d8%b3%d9%86%da%af-%d9%88-%da%86%d9%88%d8%a8-%d8%a8%d8%a7-%d9%be%d8%b4%d8%aa/ HTTP/1.1" 200 23033 "-" "Mozilla/5.0 (iPhone; CPU iPhone OS 13_2_3 like Mac OS X) AppleWebKit/605.1.15 (KHTML, like Gecko) Version/13.0.3 Mobile/15E148 Safari/604.1"
185.215.232.193 - - [27/Aug/2026:03:17:24 +0330] "GET / HTTP/1.1" 200 223167 "-" "Mozilla/5.0 (Windows NT 10.0; Win64; x64) AppleWebKit/537.36 (KHTML, like Gecko) Chrome/147.0.0.0 Safari/537.36"
185.215.232.195 - - [27/Aug/2026:03:19:42 +0330] "POST /wp-login.php HTTP/1.1" 200 3612 "-" "Mozilla/5.0 (Windows NT 10.0; Win64; x64) AppleWebKit/537.36 (KHTML, like Gecko) Chrome/151.0.0.0 Safari/537.36"
185.215.232.194 - - [27/Aug/2026:03:21:45 +0330] "GET /wp-login.php HTTP/1.1" 200 3375 "-" "Mozilla/5.0 (Windows NT 10.0; Win64; x64) AppleWebKit/537.36 (KHTML, like Gecko) Chrome/151.0.0.0 Safari/537.36"
185.215.232.194 - - [27/Aug/2026:03:33:14 +0330] "GET /product/%d9%86%db%8c%d9%85%da%a9%d8%aa-%d8%b3%d9%86%da%af-%d9%88-%da%86%d9%88%d8%a8-%d8%a8%d8%a7-%d9%be%d8%b4%d8%aa/?nocache=1787783042 HTTP/1.1" 200 22946 "-" "Mozilla/5.0 (iPhone; CPU iPhone OS 13_2_3 like Mac OS X) AppleWebKit/605.1.15 (KHTML, like Gecko) Version/13.0.3 Mobile/15E148 Safari/604.1"
185.215.232.195 - - [27/Aug/2026:03:27:45 +0330] "GET /product/%d8%b3%d8%b7%d9%84-%d8%b2%d8%a8%d8%a7%d9%84%d9%87-%d9%81%d9%84%d8%b2%db%8c-%d9%be%d8%a7%d8%b1%da%a9%db%8c-r440/ HTTP/1.1" 200 22725 "-" "Mozilla/5.0 (Macintosh; Intel Mac OS X 10_15_7) AppleWebKit/537.36 (KHTML, like Gecko) Chrome/145.0.0.0 Safari/537.36 (compatible; meta-externalagent/1.1 (+https://developers.facebook.com/docs/sharing/webmasters/crawler))"
94.101.182.6 - - [27/Aug/2026:03:33:18 +0330] "POST /wp-cron.php?doing_wp_cron=1787788998.6226820945739746093750 HTTP/1.1" 200 0 "-" "WordPress/6.9.1; https://mahdetejarat.com"
185.215.232.193 - - [27/Aug/2026:03:43:40 +0330] "GET /product/%d9%86%db%8c%d9%85%da%a9%d8%aa-%d8%b3%d9%86%da%af-%d9%88-%da%86%d9%88%d8%a8-%d8%a8%d8%a7-%d9%be%d8%b4%d8%aa/feed/ HTTP/1.1" 200 593 "-" "Mozilla/5.0 (iPhone; CPU iPhone OS 13_2_3 like Mac OS X) AppleWebKit/605.1.15 (KHTML, like Gecko) Version/13.0.3 Mobile/15E148 Safari/604.1"
185.215.232.194 - - [27/Aug/2026:03:45:00 +0330] "GET /wp-login.php HTTP/1.1" 200 3391 "-" "Mozilla/5.0 (Windows NT 10.0; Win64; x64) AppleWebKit/537.36 (KHTML, like Gecko) Chrome/151.0.0.0 Safari/537.36"
185.215.232.194 - - [27/Aug/2026:03:45:07 +0330] "POST /wp-login.php HTTP/1.1" 200 3611 "-" "Mozilla/5.0 (Windows NT 10.0; Win64; x64) AppleWebKit/537.36 (KHTML, like Gecko) Chrome/151.0.0.0 Safari/537.36"
185.215.232.195 - - [27/Aug/2026:03:49:22 +0330] "GET /product/%d9%86%db%8c%d9%85%da%a9%d8%aa-%d8%b3%d9%86%da%af-%d9%88-%da%86%d9%88%d8%a8-%d8%a8%d8%a7-%d9%be%d8%b4%d8%aa-2/ HTTP/1.1" 200 23014 "-" "Mozilla/5.0 (Macintosh; Intel Mac OS X 10_15_7) AppleWebKit/537.36 (KHTML, like Gecko) Chrome/145.0.0.0 Safari/537.36 (compatible; meta-externalagent/1.1 (+https://developers.facebook.com/docs/sharing/webmasters/crawler))"
185.215.232.193 - - [27/Aug/2026:03:52:49 +0330] "GET /2020/01/01/x-3/ HTTP/1.1" 200 14771 "-" "Mozilla/5.0 AppleWebKit/537.36 (KHTML, like Gecko; compatible; bingbot/2.0; +http://www.bing.com/bingbot.htm) Chrome/116.0.1938.76 Safari/537.36"
185.215.232.194 - - [27/Aug/2026:03:53:36 +0330] "GET /wp-content/uploads/2024/09/u0646u06ccu0645u06a9u062a-u0633u0646u06af-u0648-u0686u0648u06281.webp HTTP/1.1" 404 54959 "-" "Mozilla/5.0 (iPhone; CPU iPhone OS 13_2_3 like Mac OS X) AppleWebKit/605.1.15 (KHTML, like Gecko) Version/13.0.3 Mobile/15E148 Safari/604.1"
94.101.183.3 - - [27/Aug/2026:03:43:43 +0330] "POST /wp-cron.php?doing_wp_cron=1787789623.0281999111175537109375 HTTP/1.1" 200 0 "-" "WordPress/6.9.1; https://mahdetejarat.com"
94.101.183.3 - - [27/Aug/2026:03:49:26 +0330] "POST /wp-cron.php?doing_wp_cron=1787789966.5922930240631103515625 HTTP/1.1" 200 0 "-" "WordPress/6.9.1; https://mahdetejarat.com"
94.101.183.3 - - [27/Aug/2026:04:12:33 +0330] "POST /wp-cron.php?doing_wp_cron=1787791353.5067050457000732421875 HTTP/1.1" 200 0 "-" "WordPress/6.9.1; https://mahdetejarat.com"
185.215.232.194 - - [27/Aug/2026:04:12:31 +0330] "GET /wp-login.php HTTP/1.1" 200 3375 "-" "Mozilla/5.0 (Windows NT 10.0; Win64; x64) AppleWebKit/537.36 (KHTML, like Gecko) Chrome/151.0.0.0 Safari/537.36"
185.215.232.193 - - [27/Aug/2026:04:02:30 +0330] "GET /wp-json/wp/v2/product/100 HTTP/1.1" 200 1009 "-" "Mozilla/5.0 (iPhone; CPU iPhone OS 13_2_3 like Mac OS X) AppleWebKit/605.1.15 (KHTML, like Gecko) Version/13.0.3 Mobile/15E148 Safari/604.1"
185.215.232.194 - - [27/Aug/2026:04:12:35 +0330] "POST /wp-login.php HTTP/1.1" 200 3538 "-" "Mozilla/5.0 (Windows NT 10.0; Win64; x64) AppleWebKit/537.36 (KHTML, like Gecko) Chrome/151.0.0.0 Safari/537.36"
185.215.232.195 - - [27/Aug/2026:04:13:55 +0330] "GET /wp-includes/css/buttons.css HTTP/1.1" 200 2489 "http://mahdetejarat.com/wp-includes/css/buttons.css" "Go-http-client/2.0"
94.101.183.3 - - [27/Aug/2026:04:18:20 +0330] "GET /.well-known/acme-challenge/8QURVUI51HRUVZD-FYHLK45K1YAGXJN4 HTTP/1.1" 404 5749 "-" "Cpanel-HTTP-Client/1.0"
94.101.183.3 - - [27/Aug/2026:04:18:20 +0330] "GET /.well-known/acme-challenge/-IAW83HOJ6JP_O-AW7CC8W78BOI0_75B HTTP/1.1" 404 5750 "-" "Cpanel-HTTP-Client/1.0"
94.101.183.3 - - [27/Aug/2026:04:18:20 +0330] "GET /.well-known/acme-challenge/X1YAS0XW9K7IK13V_0V1MAPGUO3C_MG5 HTTP/1.1" 401 36 "-" "Cpanel-HTTP-Client/1.0"
94.101.183.3 - - [27/Aug/2026:04:21:11 +0330] "POST /wp-cron.php?doing_wp_cron=1787791871.4392600059509277343750 HTTP/1.1" 200 0 "-" "WordPress/6.9.1; https://mahdetejarat.com"
185.215.232.195 - - [27/Aug/2026:04:22:01 +0330] "GET /?p=534 HTTP/1.1" 301 0 "-" "Mozilla/5.0 AppleWebKit/537.36 (KHTML, like Gecko; compatible; ClaudeBot/1.0; +claudebot@anthropic.com)"
185.215.232.195 - - [27/Aug/2026:04:23:22 +0330] "GET /product/%d9%86%db%8c%d9%85%da%a9%d8%aa-%d8%b3%d9%86%da%af-%d9%88-%da%86%d9%88%d8%a8-%d8%a8%d8%a7-%d9%be%d8%b4%d8%aa/?nocache=1787783042 HTTP/1.1" 200 22947 "-" "Mozilla/5.0 (iPhone; CPU iPhone OS 13_2_3 like Mac OS X) AppleWebKit/605.1.15 (KHTML, like Gecko) Version/13.0.3 Mobile/15E148 Safari/604.1"
94.101.182.6 - - [27/Aug/2026:04:24:05 +0330] "POST /wp-cron.php?doing_wp_cron=1787792045.9495489597320556640625 HTTP/1.1" 200 0 "-" "WordPress/6.9.1; https://mahdetejarat.com"
185.215.232.195 - - [27/Aug/2026:04:24:03 +0330] "GET /product/%d9%88%d8%b3%d8%a7%db%8c%d9%84-%d9%be%d8%a7%d8%b1%da%a9%db%8c-%d9%be%d9%84%db%8c-%d8%a7%d8%aa%db%8c%d9%84%d9%86/feed/ HTTP/1.1" 200 527 "-" "Mozilla/5.0 AppleWebKit/537.36 (KHTML, like Gecko; compatible; ClaudeBot/1.0; +claudebot@anthropic.com)"
185.215.232.193 - - [27/Aug/2026:04:30:04 +0330] "GET /wp-login.php HTTP/1.1" 200 3391 "-" "Mozilla/5.0 (Windows NT 10.0; Win64; x64) AppleWebKit/537.36 (KHTML, like Gecko) Chrome/151.0.0.0 Safari/537.36"
185.215.232.193 - - [27/Aug/2026:04:30:08 +0330] "POST /wp-login.php HTTP/1.1" 200 3611 "-" "Mozilla/5.0 (Windows NT 10.0; Win64; x64) AppleWebKit/537.36 (KHTML, like Gecko) Chrome/151.0.0.0 Safari/537.36"
94.101.182.6 - - [27/Aug/2026:04:18:19 +0330] "GET /.well-known/acme-challenge/FO6K8JQH0JRVT-90BCKUF4M9UATHF2ZM HTTP/1.1" 200 64 "-" "Cpanel-HTTP-Client/1.0"
94.101.182.6 - - [27/Aug/2026:04:18:20 +0330] "GET /.well-known/acme-challenge/635_5YQNTC46DEV51J61KN4Q0GEO9EHG HTTP/1.1" 200 64 "-" "Cpanel-HTTP-Client/1.0"
94.101.182.6 - - [27/Aug/2026:04:18:20 +0330] "GET /.well-known/acme-challenge/VEB0TR9144WSBB9N5MLTYRVJCKEN9ZFT HTTP/1.1" 200 64 "-" "Cpanel-HTTP-Client/1.0"
94.101.183.3 - - [27/Aug/2026:04:18:20 +0330] "GET /.well-known/acme-challenge/ZBWKW8ODBYFEMGRV2R8I4RSQDRF9W8A9 HTTP/1.1" 401 36 "-" "Cpanel-HTTP-Client/1.0"
94.101.182.6 - - [27/Aug/2026:04:18:20 +0330] "GET /.well-known/acme-challenge/AVTATS59PPQ70A6VRTT2IMJFM6JN7O15 HTTP/1.1" 200 886 "-" "Cpanel-HTTP-Client/1.0"
94.101.183.3 - - [27/Aug/2026:04:18:20 +0330] "GET /.well-known/acme-challenge/RG6B5VES2PQFMCF0TNTWFX8547RSABLK HTTP/1.1" 401 36 "-" "Cpanel-HTTP-Client/1.0"
94.101.182.6 - - [27/Aug/2026:04:18:20 +0330] "GET /.well-known/acme-challenge/GVYCMC0O1R1A855KOBJYWCYINGNI90X2 HTTP/1.1" 400 52 "-" "Cpanel-HTTP-Client/1.0"
185.215.232.194 - - [27/Aug/2026:04:21:06 +0330] "GET /robots.txt HTTP/1.1" 200 163 "-" "Mozilla/5.0 (Macintosh; Intel Mac OS X 10_15_7) AppleWebKit/537.36 (KHTML, like Gecko) Chrome/131.0.0.0 Safari/537.36; compatible; OAI-SearchBot/1.0; +https://openai.com/searchbot"
94.101.183.3 - - [27/Aug/2026:04:22:00 +0330] "POST /wp-cron.php?doing_wp_cron=1787791920.6659131050109863281250 HTTP/1.1" 200 0 "-" "WordPress/6.9.1; https://mahdetejarat.com"
185.215.232.195 - - [27/Aug/2026:04:21:57 +0330] "GET /robots.txt HTTP/1.1" 200 163 "-" "Mozilla/5.0 AppleWebKit/537.36 (KHTML, like Gecko; compatible; ClaudeBot/1.0; +claudebot@anthropic.com)"
185.215.232.195 - - [27/Aug/2026:04:22:01 +0330] "GET /product/%D9%88%D8%B3%D8%A7%DB%8C%D9%84-%D9%BE%D8%A7%D8%B1%DA%A9%DB%8C-%D9%BE%D9%84%DB%8C-%D8%A7%D8%AA%DB%8C%D9%84%D9%86/ HTTP/1.1" 200 18944 "-" "Mozilla/5.0 AppleWebKit/537.36 (KHTML, like Gecko; compatible; ClaudeBot/1.0; +claudebot@anthropic.com)"
185.215.232.195 - - [27/Aug/2026:04:22:05 +0330] "GET /product/%d9%88%d8%b3%d8%a7%db%8c%d9%84-%d9%be%d8%a7%d8%b1%da%a9%db%8c-%d9%be%d9%84%db%8c-%d8%a7%d8%aa%db%8c%d9%84%d9%86/ HTTP/1.1" 200 19074 "https://mahdetejarat.com/?p=534" "Mozilla/5.0 AppleWebKit/537.36 (KHTML, like Gecko; compatible; ClaudeBot/1.0; +claudebot@anthropic.com)"
94.101.182.6 - - [27/Aug/2026:04:23:25 +0330] "POST /wp-cron.php?doing_wp_cron=1787792005.8733160495758056640625 HTTP/1.1" 200 0 "-" "WordPress/6.9.1; https://mahdetejarat.com"
185.215.232.195 - - [27/Aug/2026:04:29:19 +0330] "GET /product/%d8%b3%d8%b7%d9%84-%d8%b2%d8%a8%d8%a7%d9%84%d9%87-%d9%81%d9%84%d8%b2%db%8c-%d9%be%d8%a7%d8%b1%da%a9%db%8c-r420/ HTTP/1.1" 429 0 "-" "Mozilla/5.0 (Windows NT 10.0; Win64; x64) AppleWebKit/537.36 (KHTML, like Gecko) Chrome/145.0.0.0 Safari/537.36 (compatible; meta-externalagent/1.1 (+https://developers.facebook.com/docs/sharing/webmasters/crawler))"
94.101.182.6 - - [27/Aug/2026:04:30:07 +0330] "POST /wp-cron.php?doing_wp_cron=1787792407.2452099323272705078125 HTTP/1.1" 200 0 "-" "WordPress/6.9.1; https://mahdetejarat.com"
185.215.232.195 - - [27/Aug/2026:04:31:01 +0330] "GET / HTTP/1.1" 200 25822 "-" "\"Mozilla/5.0 (Macintosh; Intel Mac OS X 10_15_7) AppleWebKit/537.36 (KHTML, like Gecko) Chrome/142.0.0.0 Safari/537.36\""
185.215.232.195 - - [27/Aug/2026:04:31:02 +0330] "GET /wp-content/themes/hello-elementor/assets/js/hello-frontend.js?ver=3.4.5 HTTP/1.1" 200 544 "https://mahdetejarat.com/" "\"Mozilla/5.0 (Macintosh; Intel Mac OS X 10_15_7) AppleWebKit/537.36 (KHTML, like Gecko) Chrome/142.0.0.0 Safari/537.36\""
185.215.232.195 - - [27/Aug/2026:04:31:03 +0330] "GET /wp-content/plugins/elementor/assets/js/frontend-modules.min.js?ver=3.34.0 HTTP/1.1" 200 25697 "https://mahdetejarat.com/" "\"Mozilla/5.0 (Macintosh; Intel Mac OS X 10_15_7) AppleWebKit/537.36 (KHTML, like Gecko) Chrome/142.0.0.0 Safari/537.36\""
185.215.232.195 - - [27/Aug/2026:04:31:03 +0330] "GET /wp-content/plugins/elementor/assets/js/frontend.min.js?ver=3.34.0 HTTP/1.1" 200 10340 "https://mahdetejarat.com/" "\"Mozilla/5.0 (Macintosh; Intel Mac OS X 10_15_7) AppleWebKit/537.36 (KHTML, like Gecko) Chrome/142.0.0.0 Safari/537.36\""
185.215.232.195 - - [27/Aug/2026:04:31:04 +0330] "GET /wp-content/plugins/elementor-pro/assets/lib/smartmenus/jquery.smartmenus.min.js?ver=1.2.1 HTTP/1.1" 200 7104 "https://mahdetejarat.com/" "\"Mozilla/5.0 (Macintosh; Intel Mac OS X 10_15_7) AppleWebKit/537.36 (KHTML, like Gecko) Chrome/142.0.0.0 Safari/537.36\""
185.215.232.195 - - [27/Aug/2026:04:31:04 +0330] "GET /wp-content/plugins/elementor/assets/lib/swiper/v8/swiper.min.js?ver=8.4.5 HTTP/1.1" 200 39761 "https://mahdetejarat.com/" "\"Mozilla/5.0 (Macintosh; Intel Mac OS X 10_15_7) AppleWebKit/537.36 (KHTML, like Gecko) Chrome/142.0.0.0 Safari/537.36\""
185.215.232.195 - - [27/Aug/2026:04:31:05 +0330] "GET /wp-content/plugins/persian-elementor/assets/js/datepicker-init.js?ver=1.2.0 HTTP/1.1" 200 1528 "https://mahdetejarat.com/" "\"Mozilla/5.0 (Macintosh; Intel Mac OS X 10_15_7) AppleWebKit/537.36 (KHTML, like Gecko) Chrome/142.0.0.0 Safari/537.36\""
185.215.232.195 - - [27/Aug/2026:04:31:05 +0330] "GET /wp-content/plugins/woocommerce/assets/js/frontend/order-attribution.min.js?ver=10.4.3 HTTP/1.1" 200 1119 "https://mahdetejarat.com/" "\"Mozilla/5.0 (Macintosh; Intel Mac OS X 10_15_7) AppleWebKit/537.36 (KHTML, like Gecko) Chrome/142.0.0.0 Safari/537.36\""
185.215.232.195 - - [27/Aug/2026:04:31:06 +0330] "GET /wp-content/plugins/jet-engine/assets/lib/slick/slick.min.js?ver=1.8.1 HTTP/1.1" 200 10313 "https://mahdetejarat.com/" "\"Mozilla/5.0 (Macintosh; Intel Mac OS X 10_15_7) AppleWebKit/537.36 (KHTML, like Gecko) Chrome/142.0.0.0 Safari/537.36\""
185.215.232.195 - - [27/Aug/2026:04:31:06 +0330] "GET /wp-content/plugins/jet-engine/assets/lib/jet-plugins/jet-plugins.js?ver=1.1.0 HTTP/1.1" 200 2298 "https://mahdetejarat.com/" "\"Mozilla/5.0 (Macintosh; Intel Mac OS X 10_15_7) AppleWebKit/537.36 (KHTML, like Gecko) Chrome/142.0.0.0 Safari/537.36\""
185.215.232.195 - - [27/Aug/2026:04:31:07 +0330] "GET /wp-includes/js/dist/hooks.min.js?ver=dd5603f07f9220ed27f1 HTTP/1.1" 200 1939 "https://mahdetejarat.com/" "\"Mozilla/5.0 (Macintosh; Intel Mac OS X 10_15_7) AppleWebKit/537.36 (KHTML, like Gecko) Chrome/142.0.0.0 Safari/537.36\""
185.215.232.195 - - [27/Aug/2026:04:31:08 +0330] "GET /wp-content/plugins/woocommerce/assets/js/jquery-blockui/jquery.blockUI.min.js?ver=2.7.0-wc.10.4.3 HTTP/1.1" 200 3540 "https://mahdetejarat.com/" "\"Mozilla/5.0 (Macintosh; Intel Mac OS X 10_15_7) AppleWebKit/537.36 (KHTML, like Gecko) Chrome/142.0.0.0 Safari/537.36\""
185.215.232.195 - - [27/Aug/2026:04:31:08 +0330] "GET /wp-content/plugins/woocommerce/assets/js/frontend/add-to-cart.min.js?ver=10.4.3 HTTP/1.1" 200 1435 "https://mahdetejarat.com/" "\"Mozilla/5.0 (Macintosh; Intel Mac OS X 10_15_7) AppleWebKit/537.36 (KHTML, like Gecko) Chrome/142.0.0.0 Safari/537.36\""
185.215.232.193 - - [27/Aug/2026:04:30:58 +0330] "GET / HTTP/1.1" 200 25822 "http://MAHDETEJARAT.COM" "Mozilla/5.0 (Macintosh; Intel Mac OS X 10_15_7) AppleWebKit/537.36 (KHTML, like Gecko) Chrome/150.0.0.0 Safari/537.36"
185.215.232.195 - - [27/Aug/2026:04:31:02 +0330] "GET /wp-includes/js/jquery/jquery.min.js?ver=3.7.1 HTTP/1.1" 200 30412 "https://mahdetejarat.com/" "\"Mozilla/5.0 (Macintosh; Intel Mac OS X 10_15_7) AppleWebKit/537.36 (KHTML, like Gecko) Chrome/142.0.0.0 Safari/537.36\""
185.215.232.195 - - [27/Aug/2026:04:31:02 +0330] "GET /wp-includes/js/jquery/jquery-migrate.min.js?ver=3.4.1 HTTP/1.1" 200 4870 "https://mahdetejarat.com/" "\"Mozilla/5.0 (Macintosh; Intel Mac OS X 10_15_7) AppleWebKit/537.36 (KHTML, like Gecko) Chrome/142.0.0.0 Safari/537.36\""
185.215.232.195 - - [27/Aug/2026:04:31:02 +0330] "GET /wp-content/plugins/elementor/assets/js/webpack.runtime.min.js?ver=3.34.0 HTTP/1.1" 200 2483 "https://mahdetejarat.com/" "\"Mozilla/5.0 (Macintosh; Intel Mac OS X 10_15_7) AppleWebKit/537.36 (KHTML, like Gecko) Chrome/142.0.0.0 Safari/537.36\""
185.215.232.195 - - [27/Aug/2026:04:31:03 +0330] "GET /wp-includes/js/jquery/ui/core.min.js?ver=1.13.3 HTTP/1.1" 200 7104 "https://mahdetejarat.com/" "\"Mozilla/5.0 (Macintosh; Intel Mac OS X 10_15_7) AppleWebKit/537.36 (KHTML, like Gecko) Chrome/142.0.0.0 Safari/537.36\""
185.215.232.195 - - [27/Aug/2026:04:31:04 +0330] "GET /wp-content/plugins/persian-elementor/assets/js/jalalidatepicker.min.js?ver=1.2.0 HTTP/1.1" 200 6698 "https://mahdetejarat.com/" "\"Mozilla/5.0 (Macintosh; Intel Mac OS X 10_15_7) AppleWebKit/537.36 (KHTML, like Gecko) Chrome/142.0.0.0 Safari/537.36\""
185.215.232.195 - - [27/Aug/2026:04:31:05 +0330] "GET /wp-content/plugins/woocommerce/assets/js/sourcebuster/sourcebuster.min.js?ver=10.4.3 HTTP/1.1" 200 4814 "https://mahdetejarat.com/" "\"Mozilla/5.0 (Macintosh; Intel Mac OS X 10_15_7) AppleWebKit/537.36 (KHTML, like Gecko) Chrome/142.0.0.0 Safari/537.36\""
185.215.232.195 - - [27/Aug/2026:04:31:06 +0330] "GET /wp-content/plugins/jet-engine/assets/js/frontend.js?ver=3.8.2 HTTP/1.1" 200 16012 "https://mahdetejarat.com/" "\"Mozilla/5.0 (Macintosh; Intel Mac OS X 10_15_7) AppleWebKit/537.36 (KHTML, like Gecko) Chrome/142.0.0.0 Safari/537.36\""
185.215.232.195 - - [27/Aug/2026:04:31:06 +0330] "GET /wp-content/plugins/elementor-pro/assets/js/webpack-pro.runtime.min.js?ver=3.34.0 HTTP/1.1" 200 2852 "https://mahdetejarat.com/" "\"Mozilla/5.0 (Macintosh; Intel Mac OS X 10_15_7) AppleWebKit/537.36 (KHTML, like Gecko) Chrome/142.0.0.0 Safari/537.36\""
185.215.232.195 - - [27/Aug/2026:04:31:07 +0330] "GET /wp-includes/js/dist/i18n.min.js?ver=c26c3dc7bed366793375 HTTP/1.1" 200 2229 "https://mahdetejarat.com/" "\"Mozilla/5.0 (Macintosh; Intel Mac OS X 10_15_7) AppleWebKit/537.36 (KHTML, like Gecko) Chrome/142.0.0.0 Safari/537.36\""
185.215.232.195 - - [27/Aug/2026:04:31:07 +0330] "GET /wp-content/plugins/elementor-pro/assets/js/frontend.min.js?ver=3.34.0 HTTP/1.1" 200 6429 "https://mahdetejarat.com/" "\"Mozilla/5.0 (Macintosh; Intel Mac OS X 10_15_7) AppleWebKit/537.36 (KHTML, like Gecko) Chrome/142.0.0.0 Safari/537.36\""
185.215.232.195 - - [27/Aug/2026:04:31:07 +0330] "GET /wp-content/plugins/elementor-pro/assets/js/elements-handlers.min.js?ver=3.34.0 HTTP/1.1" 200 10603 "https://mahdetejarat.com/" "\"Mozilla/5.0 (Macintosh; Intel Mac OS X 10_15_7) AppleWebKit/537.36 (KHTML, like Gecko) Chrome/142.0.0.0 Safari/537.36\""
185.215.232.195 - - [27/Aug/2026:04:31:08 +0330] "GET /wp-content/plugins/woocommerce/assets/js/js-cookie/js.cookie.min.js?ver=2.1.4-wc.10.4.3 HTTP/1.1" 200 832 "https://mahdetejarat.com/" "\"Mozilla/5.0 (Macintosh; Intel Mac OS X 10_15_7) AppleWebKit/537.36 (KHTML, like Gecko) Chrome/142.0.0.0 Safari/537.36\""
185.215.232.195 - - [27/Aug/2026:04:31:09 +0330] "GET /wp-content/plugins/woocommerce/assets/js/frontend/woocommerce.min.js?ver=10.4.3 HTTP/1.1" 200 1528 "https://mahdetejarat.com/" "\"Mozilla/5.0 (Macintosh; Intel Mac OS X 10_15_7) AppleWebKit/537.36 (KHTML, like Gecko) Chrome/142.0.0.0 Safari/537.36\""
185.215.232.195 - - [27/Aug/2026:04:31:09 +0330] "GET /wp-content/plugins/elementor/assets/js/shared-frontend-handlers.03caa53373b56d3bab67.bundle.min.js HTTP/1.1" 200 2642 "https://mahdetejarat.com/" "\"Mozilla/5.0 (Macintosh; Intel Mac OS X 10_15_7) AppleWebKit/537.36 (KHTML, like Gecko) Chrome/142.0.0.0 Safari/537.36\""
185.215.232.195 - - [27/Aug/2026:04:31:09 +0330] "GET /wp-content/plugins/elementor/assets/js/text-editor.45609661e409413f1cef.bundle.min.js HTTP/1.1" 200 647 "https://mahdetejarat.com/" "\"Mozilla/5.0 (Macintosh; Intel Mac OS X 10_15_7) AppleWebKit/537.36 (KHTML, like Gecko) Chrome/142.0.0.0 Safari/537.36\""
94.101.182.6 - - [27/Aug/2026:04:31:14 +0330] "POST /wp-cron.php?doing_wp_cron=1787792474.1785640716552734375000 HTTP/1.1" 200 0 "-" "WordPress/6.9.1; https://mahdetejarat.com"
185.215.232.195 - - [27/Aug/2026:04:31:10 +0330] "GET /contact_us/ HTTP/1.1" 200 15453 "-" "\"Mozilla/5.0 (Macintosh; Intel Mac OS X 10_15_7) AppleWebKit/537.36 (KHTML, like Gecko) Chrome/142.0.0.0 Safari/537.36\""
185.215.232.195 - - [27/Aug/2026:04:31:15 +0330] "POST /contact_us/ HTTP/1.1" 200 15384 "https://mahdetejarat.com/contact_us/" "\"Mozilla/5.0 (Macintosh; Intel Mac OS X 10_15_7) AppleWebKit/537.36 (KHTML, like Gecko) Chrome/142.0.0.0 Safari/537.36\""
185.215.232.194 - - [27/Aug/2026:04:32:34 +0330] "GET /wp-content/uploads/2024/09/u0646u06ccu0645u06a9u062a-u0633u0646u06af-u0648-u0686u0648u06281.webp HTTP/1.1" 404 54959 "-" "Mozilla/5.0 (iPhone; CPU iPhone OS 13_2_3 like Mac OS X) AppleWebKit/605.1.15 (KHTML, like Gecko) Version/13.0.3 Mobile/15E148 Safari/604.1"
185.215.232.195 - - [27/Aug/2026:04:35:16 +0330] "GET /wp-login.php HTTP/1.1" 200 3391 "-" "Mozilla/5.0 (Windows NT 10.0; Win64; x64) AppleWebKit/537.36 (KHTML, like Gecko) Chrome/151.0.0.0 Safari/537.36"
185.215.232.194 - - [27/Aug/2026:04:37:41 +0330] "POST /wp-login.php HTTP/1.1" 200 3538 "-" "Mozilla/5.0 (Windows NT 10.0; Win64; x64) AppleWebKit/537.36 (KHTML, like Gecko) Chrome/151.0.0.0 Safari/537.36"
94.101.183.3 - - [27/Aug/2026:04:38:39 +0330] "POST /wp-cron.php?doing_wp_cron=1787792919.1458039283752441406250 HTTP/1.1" 200 0 "-" "WordPress/6.9.1; https://mahdetejarat.com"
185.215.232.195 - - [27/Aug/2026:04:31:09 +0330] "GET /wp-content/plugins/elementor-pro/assets/js/nav-menu.8521a0597c50611efdc6.bundle.min.js HTTP/1.1" 200 1863 "https://mahdetejarat.com/" "\"Mozilla/5.0 (Macintosh; Intel Mac OS X 10_15_7) AppleWebKit/537.36 (KHTML, like Gecko) Chrome/142.0.0.0 Safari/537.36\""
185.215.232.195 - - [27/Aug/2026:04:31:10 +0330] "GET /wp-content/plugins/elementor/assets/js/image-carousel.6167d20b95b33386757b.bundle.min.js HTTP/1.1" 200 271 "https://mahdetejarat.com/" "\"Mozilla/5.0 (Macintosh; Intel Mac OS X 10_15_7) AppleWebKit/537.36 (KHTML, like Gecko) Chrome/142.0.0.0 Safari/537.36\""
185.215.232.195 - - [27/Aug/2026:04:31:15 +0330] "GET /wp-content/plugins/elementor-pro/assets/js/popup.f7b15b2ca565b152bf98.bundle.min.js HTTP/1.1" 200 447 "https://mahdetejarat.com/contact_us/" "\"Mozilla/5.0 (Macintosh; Intel Mac OS X 10_15_7) AppleWebKit/537.36 (KHTML, like Gecko) Chrome/142.0.0.0 Safari/537.36\""
185.215.232.195 - - [27/Aug/2026:04:31:15 +0330] "GET /wp-content/plugins/elementor-pro/assets/js/form.71055747203b48a65a24.bundle.min.js HTTP/1.1" 200 5191 "https://mahdetejarat.com/contact_us/" "\"Mozilla/5.0 (Macintosh; Intel Mac OS X 10_15_7) AppleWebKit/537.36 (KHTML, like Gecko) Chrome/142.0.0.0 Safari/537.36\""
94.101.182.6 - - [27/Aug/2026:04:32:38 +0330] "POST /wp-cron.php?doing_wp_cron=1787792557.8947639465332031250000 HTTP/1.1" 200 0 "-" "WordPress/6.9.1; https://mahdetejarat.com"
185.215.232.195 - - [27/Aug/2026:04:35:24 +0330] "POST /wp-login.php HTTP/1.1" 200 3611 "-" "Mozilla/5.0 (Windows NT 10.0; Win64; x64) AppleWebKit/537.36 (KHTML, like Gecko) Chrome/151.0.0.0 Safari/537.36"
94.101.183.3 - - [27/Aug/2026:04:37:40 +0330] "POST /wp-cron.php?doing_wp_cron=1787792860.7379009723663330078125 HTTP/1.1" 200 0 "-" "WordPress/6.9.1; https://mahdetejarat.com"
185.215.232.194 - - [27/Aug/2026:04:37:38 +0330] "GET /wp-login.php HTTP/1.1" 200 3375 "-" "Mozilla/5.0 (Windows NT 10.0; Win64; x64) AppleWebKit/537.36 (KHTML, like Gecko) Chrome/151.0.0.0 Safari/537.36"
185.215.232.195 - - [27/Aug/2026:04:38:34 +0330] "GET /product/%d9%86%db%8c%d9%85%da%a9%d8%aa-%d9%81%d9%84%d8%b2%db%8c-3/ HTTP/1.1" 200 22879 "-" "Mozilla/5.0 (Windows NT 10.0; Win64; x64) AppleWebKit/537.36 (KHTML, like Gecko) Chrome/145.0.0.0 Safari/537.36 (compatible; meta-externalagent/1.1 (+https://developers.facebook.com/docs/sharing/webmasters/crawler))"
185.215.232.195 - - [27/Aug/2026:04:43:23 +0330] "GET /product/%d9%86%db%8c%d9%85%da%a9%d8%aa-%d8%b3%d9%86%da%af-%d9%88-%da%86%d9%88%d8%a8-%d8%a8%d8%a7-%d9%be%d8%b4%d8%aa/?nocache=1787792005 HTTP/1.1" 200 22946 "-" "Mozilla/5.0 (iPhone; CPU iPhone OS 13_2_3 like Mac OS X) AppleWebKit/605.1.15 (KHTML, like Gecko) Version/13.0.3 Mobile/15E148 Safari/604.1"
185.215.232.193 - - [27/Aug/2026:04:48:40 +0330] "GET /wp-content/plugins/hellopress/wp_filemanager.php HTTP/1.1" 301 0 "-" "-"
185.215.232.193 - - [27/Aug/2026:04:48:43 +0330] "GET /wp-content/plugins/hellopress/wp_filemanager.php HTTP/1.1" 404 54959 "-" "-"
94.101.183.3 - - [27/Aug/2026:04:48:42 +0330] "POST /wp-cron.php?doing_wp_cron=1787793522.7898700237274169921875 HTTP/1.1" 200 0 "-" "WordPress/6.9.1; https://mahdetejarat.com"
185.215.232.193 - - [27/Aug/2026:04:55:30 +0330] "POST /wp-login.php HTTP/1.1" 200 3611 "-" "Mozilla/5.0 (Windows NT 10.0; Win64; x64) AppleWebKit/537.36 (KHTML, like Gecko) Chrome/151.0.0.0 Safari/537.36"
94.101.182.6 - - [27/Aug/2026:04:58:00 +0330] "POST /wp-cron.php?doing_wp_cron=1787794080.7909240722656250000000 HTTP/1.1" 200 0 "-" "WordPress/6.9.1; https://mahdetejarat.com"
185.215.232.195 - - [27/Aug/2026:04:57:58 +0330] "GET /sitemap_index.xml HTTP/1.1" 200 311 "-" "Mozilla/5.0 AppleWebKit/537.36 (KHTML, like Gecko; compatible; ClaudeBot/1.0; +claudebot@anthropic.com)"
185.215.232.193 - - [27/Aug/2026:04:58:18 +0330] "GET /product-sitemap.xml HTTP/1.1" 200 1883 "-" "Mozilla/5.0 (compatible; SeznamBot/4.0; +https://o-seznam.cz/napoveda/vyhledavani/en/seznambot-crawler/)"
94.101.182.6 - - [27/Aug/2026:04:59:02 +0330] "POST /wp-cron.php?doing_wp_cron=1787794142.8165380954742431640625 HTTP/1.1" 200 0 "-" "WordPress/6.9.1; https://mahdetejarat.com"
94.101.182.6 - - [27/Aug/2026:04:59:13 +0330] "POST /wp-cron.php?doing_wp_cron=1787794153.3681869506835937500000 HTTP/1.1" 200 0 "-" "WordPress/6.9.1; https://mahdetejarat.com"
185.215.232.194 - - [27/Aug/2026:04:59:10 +0330] "POST /xmlrpc.php HTTP/1.1" 200 426 "-" "WordPress.com; https://wordpress.com"
185.215.232.194 - - [27/Aug/2026:04:59:31 +0330] "POST /xmlrpc.php HTTP/1.1" 200 426 "-" "WordPress.com; https://wordpress.com"
94.101.182.6 - - [27/Aug/2026:05:00:06 +0330] "POST /wp-cron.php?doing_wp_cron=1787794206.1642470359802246093750 HTTP/1.1" 200 0 "-" "WordPress/6.9.1; https://mahdetejarat.com"
185.215.232.194 - - [27/Aug/2026:05:00:03 +0330] "POST /xmlrpc.php HTTP/1.1" 200 426 "-" "Jetpack/12.5; WordPress/6.2; http://site94649114.com"
185.215.232.194 - - [27/Aug/2026:05:00:24 +0330] "POST /xmlrpc.php HTTP/1.1" 200 426 "-" "Jetpack/13.0; WordPress/6.1; http://site61798160.com"
185.215.232.194 - - [27/Aug/2026:05:00:34 +0330] "POST /xmlrpc.php HTTP/1.1" 200 426 "-" "WordPress.com; https://wordpress.com"
185.215.232.194 - - [27/Aug/2026:05:00:45 +0330] "POST /xmlrpc.php HTTP/1.1" 200 426 "-" "Jetpack/12.0; WordPress/6.2; http://site67001074.com"
94.101.182.6 - - [27/Aug/2026:05:01:08 +0330] "POST /wp-cron.php?doing_wp_cron=1787794268.6340980529785156250000 HTTP/1.1" 200 0 "-" "WordPress/6.9.1; https://mahdetejarat.com"
185.215.232.194 - - [27/Aug/2026:05:01:06 +0330] "POST /xmlrpc.php HTTP/1.1" 200 426 "-" "WordPress.com; https://wordpress.com"
185.215.232.194 - - [27/Aug/2026:05:01:37 +0330] "POST /xmlrpc.php HTTP/1.1" 200 426 "-" "Jetpack by WordPress.com (Jetpack 12.0; WordPress 6.4)"
185.215.232.193 - - [27/Aug/2026:05:01:43 +0330] "GET /wp-login.php HTTP/1.1" 200 3391 "-" "Mozilla/5.0 (Windows NT 10.0; Win64; x64) AppleWebKit/537.36 (KHTML, like Gecko) Chrome/151.0.0.0 Safari/537.36"
185.215.232.193 - - [27/Aug/2026:05:01:47 +0330] "POST /wp-login.php HTTP/1.1" 200 3611 "-" "Mozilla/5.0 (Windows NT 10.0; Win64; x64) AppleWebKit/537.36 (KHTML, like Gecko) Chrome/151.0.0.0 Safari/537.36"
185.215.232.194 - - [27/Aug/2026:05:02:29 +0330] "POST /xmlrpc.php HTTP/1.1" 200 426 "-" "Jetpack by WordPress.com"
185.215.232.194 - - [27/Aug/2026:05:02:50 +0330] "POST /xmlrpc.php HTTP/1.1" 200 426 "-" "Jetpack/12.1; WordPress/6.4; http://site87435905.com"
185.215.232.194 - - [27/Aug/2026:05:03:11 +0330] "POST /xmlrpc.php HTTP/1.1" 200 426 "-" "Jetpack by WordPress.com (Jetpack 12.1; WordPress 6.3)"
185.215.232.194 - - [27/Aug/2026:05:03:32 +0330] "POST /xmlrpc.php HTTP/1.1" 200 426 "-" "WordPress.com; https://wordpress.com"
185.215.232.194 - - [27/Aug/2026:05:03:43 +0330] "POST /xmlrpc.php HTTP/1.1" 200 426 "-" "Jetpack by WordPress.com (Jetpack 12.0; WordPress 6.1)"
185.215.232.194 - - [27/Aug/2026:05:03:53 +0330] "POST /xmlrpc.php HTTP/1.1" 200 426 "-" "Jetpack by WordPress.com (Jetpack 12.5; WordPress 6.1)"
94.101.182.6 - - [27/Aug/2026:04:55:29 +0330] "POST /wp-cron.php?doing_wp_cron=1787793929.4600210189819335937500 HTTP/1.1" 200 0 "-" "WordPress/6.9.1; https://mahdetejarat.com"
185.215.232.193 - - [27/Aug/2026:04:55:26 +0330] "GET /wp-login.php HTTP/1.1" 200 3391 "-" "Mozilla/5.0 (Windows NT 10.0; Win64; x64) AppleWebKit/537.36 (KHTML, like Gecko) Chrome/151.0.0.0 Safari/537.36"
94.101.182.6 - - [27/Aug/2026:04:58:20 +0330] "POST /wp-cron.php?doing_wp_cron=1787794100.4387869834899902343750 HTTP/1.1" 200 0 "-" "WordPress/6.9.1; https://mahdetejarat.com"
185.215.232.194 - - [27/Aug/2026:04:58:50 +0330] "POST /xmlrpc.php HTTP/1.1" 200 426 "-" "Jetpack by WordPress.com"
185.215.232.194 - - [27/Aug/2026:04:59:00 +0330] "POST /xmlrpc.php HTTP/1.1" 200 426 "-" "Jetpack/12.1; WordPress/6.1; http://site99713563.com"
185.215.232.194 - - [27/Aug/2026:04:59:21 +0330] "POST /xmlrpc.php HTTP/1.1" 200 426 "-" "WordPress.com; https://wordpress.com"
185.215.232.194 - - [27/Aug/2026:04:59:42 +0330] "POST /xmlrpc.php HTTP/1.1" 200 426 "-" "Jetpack by WordPress.com"
185.215.232.194 - - [27/Aug/2026:04:59:52 +0330] "POST /xmlrpc.php HTTP/1.1" 200 426 "-" "Jetpack by WordPress.com (Jetpack 12.1; WordPress 6.2)"
185.215.232.194 - - [27/Aug/2026:05:00:13 +0330] "POST /xmlrpc.php HTTP/1.1" 200 426 "-" "WordPress.com; https://wordpress.com"
94.101.182.6 - - [27/Aug/2026:05:00:58 +0330] "POST /wp-cron.php?doing_wp_cron=1787794258.0703690052032470703125 HTTP/1.1" 200 0 "-" "WordPress/6.9.1; https://mahdetejarat.com"
185.215.232.194 - - [27/Aug/2026:05:00:55 +0330] "POST /xmlrpc.php HTTP/1.1" 200 426 "-" "Jetpack by WordPress.com (Jetpack 12.1; WordPress 6.2)"
185.215.232.194 - - [27/Aug/2026:05:01:16 +0330] "POST /xmlrpc.php HTTP/1.1" 200 426 "-" "Jetpack/13.0; WordPress/6.3; http://site86420842.com"
