185.215.232.193 - - [26/Aug/2026:20:42:26 +0330] "GET /vod/play/id/29132/sid/1/nid/1.html HTTP/1.1" 404 13731 "https://www.mahdetejarat.com/index.php/vod/play/id/24646/sid/1/nid/1.html" "Mozilla/5.0 (Linux; Android 7.0;) AppleWebKit/537.36 (HTML, like Gecko) Mobile Safari/537.36 (compatible; PetalBot;+https://webmaster.petalsearch.com/site/petalbot)"
185.215.232.194 - - [26/Aug/2026:20:42:47 +0330] "GET /robots.txt HTTP/1.1" 200 178 "-" "Mozilla/5.0 (compatible; SemrushBot/7~bl; +http://www.semrush.com/bot.html)"
185.215.232.194 - - [26/Aug/2026:20:42:51 +0330] "GET /product/%D9%88%D8%B3%D8%A7%DB%8C%D9%84-%D8%A8%D8%A7%D8%B2%DB%8C-%D9%BE%D9%84%DB%8C-%D8%A7%D8%AA%DB%8C%D9%84%D9%86-13/ HTTP/1.1" 200 21894 "-" "Mozilla/5.0 (compatible; SemrushBot/7~bl; +http://www.semrush.com/bot.html)"
94.101.183.3 - - [26/Aug/2026:20:43:29 +0330] "POST /wp-cron.php?doing_wp_cron=1787764409.2707879543304443359375 HTTP/1.1" 200 0 "-" "WordPress/6.9.1; https://mahdetejarat.com"
185.215.232.193 - - [26/Aug/2026:20:45:10 +0330] "GET /vod/search.html?wd=jk HTTP/1.1" 404 13731 "https://www.mahdetejarat.com/index.php/art/type/id/22.html" "Mozilla/5.0 (Linux; Android 7.0;) AppleWebKit/537.36 (HTML, like Gecko) Mobile Safari/537.36 (compatible; PetalBot;+https://webmaster.petalsearch.com/site/petalbot)"
94.101.183.3 - - [26/Aug/2026:20:46:33 +0330] "POST /wp-cron.php?doing_wp_cron=1787764593.4645419120788574218750 HTTP/1.1" 200 0 "-" "WordPress/6.9.1; https://mahdetejarat.com"
185.215.232.193 - - [26/Aug/2026:20:46:30 +0330] "GET /index.php/vod/search.html?wd=%E9%98%BF%E5%A7%A8 HTTP/1.1" 301 0 "https://www.mahdetejarat.com/index.php/art/type/id/22.html" "Mozilla/5.0 (Linux; Android 7.0;) AppleWebKit/537.36 (HTML, like Gecko) Mobile Safari/537.36 (compatible; PetalBot;+https://webmaster.petalsearch.com/site/petalbot)"
185.215.232.194 - - [26/Aug/2026:20:46:31 +0330] "GET /txets.php HTTP/1.1" 404 15257 "www.google.com" "Mozlila/5.0 (Linux; Android 7.0; SM-G892A Bulid/NRD90M; wv) AppleWebKit/537.36 (KHTML, like Gecko) Version/4.0 Chrome/60.0.3112.107 Moblie Safari/537.36"
185.215.232.194 - - [26/Aug/2026:20:46:42 +0330] "GET /wp-content/txets.php HTTP/1.1" 404 15257 "www.google.com" "Mozlila/5.0 (Linux; Android 7.0; SM-G892A Bulid/NRD90M; wv) AppleWebKit/537.36 (KHTML, like Gecko) Version/4.0 Chrome/60.0.3112.107 Moblie Safari/537.36"
185.215.232.194 - - [26/Aug/2026:20:46:52 +0330] "GET /wp-content/txets.php HTTP/1.1" 404 15257 "www.google.com" "Mozlila/5.0 (Linux; Android 7.0; SM-G892A Bulid/NRD90M; wv) AppleWebKit/537.36 (KHTML, like Gecko) Version/4.0 Chrome/60.0.3112.107 Moblie Safari/537.36"
185.215.232.193 - - [26/Aug/2026:20:47:30 +0330] "GET /4PJcpMFsD8B.php HTTP/1.1" 301 0 "-" "-"
185.215.232.193 - - [26/Aug/2026:20:47:32 +0330] "GET /4PJcpMFsD8B.php HTTP/1.1" 404 54959 "-" "-"
185.215.232.193 - - [26/Aug/2026:20:47:44 +0330] "GET /bulet.php HTTP/1.1" 301 0 "-" "-"
185.215.232.193 - - [26/Aug/2026:20:47:52 +0330] "GET //av.php HTTP/1.1" 301 0 "-" "-"
185.215.232.193 - - [26/Aug/2026:20:47:59 +0330] "GET /vod/search.html?wd=%E7%8C%AB%E5%85%88%E7%94%9F HTTP/1.1" 404 13731 "https://www.mahdetejarat.com/index.php/art/type/id/22.html" "Mozilla/5.0 (Linux; Android 7.0;) AppleWebKit/537.36 (HTML, like Gecko) Mobile Safari/537.36 (compatible; PetalBot;+https://webmaster.petalsearch.com/site/petalbot)"
185.215.232.193 - - [26/Aug/2026:20:48:00 +0330] "GET /images.php HTTP/1.1" 404 54959 "-" "-"
185.215.232.193 - - [26/Aug/2026:20:48:04 +0330] "GET /ops.php HTTP/1.1" 301 0 "-" "-"
185.215.232.195 - - [26/Aug/2026:20:48:15 +0330] "GET /2020/01/01/x-5/ HTTP/1.1" 200 16417 "-" "Mozilla/5.0 (Macintosh; Intel Mac OS X 10_15_7) AppleWebKit/537.36 (KHTML, like Gecko) Chrome/145.0.0.0 Safari/537.36 (compatible; meta-externalagent/1.1 (+https://developers.facebook.com/docs/sharing/webmasters/crawler))"
185.215.232.193 - - [26/Aug/2026:20:47:26 +0330] "GET /3PJcpMFsD8B.php HTTP/1.1" 404 54959 "-" "-"
185.215.232.193 - - [26/Aug/2026:20:47:36 +0330] "GET /wsd.php HTTP/1.1" 301 0 "-" "-"
185.215.232.193 - - [26/Aug/2026:20:47:39 +0330] "GET /wsd.php HTTP/1.1" 404 54959 "-" "-"
185.215.232.193 - - [26/Aug/2026:20:47:47 +0330] "GET /bulet.php HTTP/1.1" 404 54959 "-" "-"
94.101.183.3 - - [26/Aug/2026:20:47:57 +0330] "POST /wp-cron.php?doing_wp_cron=1787764677.3653900623321533203125 HTTP/1.1" 200 0 "-" "WordPress/6.9.1; https://mahdetejarat.com"
185.215.232.193 - - [26/Aug/2026:20:47:54 +0330] "GET /index.php/vod/search.html?wd=%E7%8C%AB%E5%85%88%E7%94%9F HTTP/1.1" 301 0 "https://www.mahdetejarat.com/index.php/art/type/id/22.html" "Mozilla/5.0 (Linux; Android 7.0;) AppleWebKit/537.36 (HTML, like Gecko) Mobile Safari/537.36 (compatible; PetalBot;+https://webmaster.petalsearch.com/site/petalbot)"
185.215.232.193 - - [26/Aug/2026:20:47:54 +0330] "GET /av.php HTTP/1.1" 404 54959 "-" "-"
185.215.232.193 - - [26/Aug/2026:20:47:58 +0330] "GET /images.php HTTP/1.1" 301 0 "-" "-"
94.101.183.3 - - [26/Aug/2026:20:48:09 +0330] "POST /wp-cron.php?doing_wp_cron=1787764689.7248659133911132812500 HTTP/1.1" 200 0 "-" "WordPress/6.9.1; https://mahdetejarat.com"
185.215.232.193 - - [26/Aug/2026:20:48:06 +0330] "GET /ops.php HTTP/1.1" 404 54959 "-" "-"
185.215.232.193 - - [26/Aug/2026:20:48:10 +0330] "GET /BDKR28WP.php HTTP/1.1" 301 0 "-" "-"
185.215.232.193 - - [26/Aug/2026:20:48:13 +0330] "GET /BDKR28WP.php HTTP/1.1" 404 54959 "-" "-"
185.215.232.193 - - [26/Aug/2026:20:48:19 +0330] "GET /k.php HTTP/1.1" 404 54959 "-" "-"
185.215.232.193 - - [26/Aug/2026:20:48:23 +0330] "GET /222.php HTTP/1.1" 301 0 "-" "-"
185.215.232.193 - - [26/Aug/2026:20:48:29 +0330] "GET /chosen.php HTTP/1.1" 301 0 "-" "-"
185.215.232.193 - - [26/Aug/2026:20:48:42 +0330] "GET /samll.php HTTP/1.1" 301 0 "-" "-"
185.215.232.193 - - [26/Aug/2026:20:48:54 +0330] "GET /fling.php?p= HTTP/1.1" 301 0 "-" "-"
185.215.232.193 - - [26/Aug/2026:20:49:13 +0330] "GET /one.php HTTP/1.1" 301 0 "-" "-"
185.215.232.193 - - [26/Aug/2026:20:49:17 +0330] "GET /index.php/vod/play/id/8804/sid/1/nid/1.html HTTP/1.1" 301 0 "https://www.mahdetejarat.com/index.php/vod/play/id/40950/sid/1/nid/1.html" "Mozilla/5.0 (Linux; Android 7.0;) AppleWebKit/537.36 (HTML, like Gecko) Mobile Safari/537.36 (compatible; PetalBot;+https://webmaster.petalsearch.com/site/petalbot)"
185.215.232.193 - - [26/Aug/2026:20:49:21 +0330] "GET /vod/play/id/8804/sid/1/nid/1.html HTTP/1.1" 404 13731 "https://www.mahdetejarat.com/index.php/vod/play/id/40950/sid/1/nid/1.html" "Mozilla/5.0 (Linux; Android 7.0;) AppleWebKit/537.36 (HTML, like Gecko) Mobile Safari/537.36 (compatible; PetalBot;+https://webmaster.petalsearch.com/site/petalbot)"
185.215.232.193 - - [26/Aug/2026:20:49:25 +0330] "GET /mac.php HTTP/1.1" 301 0 "-" "-"
185.215.232.193 - - [26/Aug/2026:20:49:28 +0330] "GET /mac.php HTTP/1.1" 404 54959 "-" "-"
185.215.232.193 - - [26/Aug/2026:20:49:31 +0330] "GET /simple.php HTTP/1.1" 301 0 "-" "-"
185.215.232.193 - - [26/Aug/2026:20:49:34 +0330] "GET /simple.php HTTP/1.1" 404 54959 "-" "-"
185.215.232.193 - - [26/Aug/2026:20:49:38 +0330] "GET /sallu.php HTTP/1.1" 301 0 "-" "-"
185.215.232.193 - - [26/Aug/2026:20:49:45 +0330] "GET /biufile.php HTTP/1.1" 301 0 "-" "-"
185.215.232.193 - - [26/Aug/2026:20:49:51 +0330] "GET //abcd.php HTTP/1.1" 301 0 "-" "-"
185.215.232.193 - - [26/Aug/2026:20:49:55 +0330] "GET /abcd.php HTTP/1.1" 404 54959 "-" "-"
185.215.232.193 - - [26/Aug/2026:20:49:59 +0330] "GET /33.php HTTP/1.1" 301 0 "-" "-"
185.215.232.193 - - [26/Aug/2026:20:50:01 +0330] "GET /33.php HTTP/1.1" 404 54959 "-" "-"
185.215.232.193 - - [26/Aug/2026:20:50:05 +0330] "GET /xa.php HTTP/1.1" 301 0 "-" "-"
185.215.232.193 - - [26/Aug/2026:20:50:08 +0330] "GET /xa.php HTTP/1.1" 404 54959 "-" "-"
185.215.232.193 - - [26/Aug/2026:20:50:12 +0330] "GET /ccc.php?p= HTTP/1.1" 301 0 "-" "-"
185.215.232.193 - - [26/Aug/2026:20:50:14 +0330] "GET /ccc.php HTTP/1.1" 404 54959 "-" "-"
185.215.232.193 - - [26/Aug/2026:20:48:17 +0330] "GET /k.php?p= HTTP/1.1" 301 0 "-" "-"
185.215.232.193 - - [26/Aug/2026:20:48:26 +0330] "GET /222.php HTTP/1.1" 404 54959 "-" "-"
185.215.232.193 - - [26/Aug/2026:20:48:32 +0330] "GET /chosen.php HTTP/1.1" 404 54959 "-" "-"
185.215.232.193 - - [26/Aug/2026:20:48:35 +0330] "GET /1.php?p= HTTP/1.1" 301 0 "-" "-"
185.215.232.193 - - [26/Aug/2026:20:48:38 +0330] "GET /1.php HTTP/1.1" 404 54959 "-" "-"
185.215.232.193 - - [26/Aug/2026:20:48:44 +0330] "GET /samll.php HTTP/1.1" 404 54959 "-" "-"
185.215.232.193 - - [26/Aug/2026:20:48:48 +0330] "GET /m.php?p= HTTP/1.1" 301 0 "-" "-"
185.215.232.193 - - [26/Aug/2026:20:48:50 +0330] "GET /m.php HTTP/1.1" 404 54959 "-" "-"
94.101.183.3 - - [26/Aug/2026:20:48:56 +0330] "POST /wp-cron.php?doing_wp_cron=1787764736.7305459976196289062500 HTTP/1.1" 200 0 "-" "WordPress/6.9.1; https://mahdetejarat.com"
185.215.232.193 - - [26/Aug/2026:20:48:57 +0330] "GET /fling.php HTTP/1.1" 404 54959 "-" "-"
185.215.232.193 - - [26/Aug/2026:20:49:00 +0330] "GET /btyuio.php HTTP/1.1" 301 0 "-" "-"
185.215.232.193 - - [26/Aug/2026:20:49:03 +0330] "GET /btyuio.php HTTP/1.1" 404 54959 "-" "-"
94.101.183.3 - - [26/Aug/2026:20:49:09 +0330] "POST /wp-cron.php?doing_wp_cron=1787764749.3416678905487060546875 HTTP/1.1" 200 0 "-" "WordPress/6.9.1; https://mahdetejarat.com"
185.215.232.193 - - [26/Aug/2026:20:49:07 +0330] "GET /zoo2.php HTTP/1.1" 301 0 "-" "-"
185.215.232.193 - - [26/Aug/2026:20:49:09 +0330] "GET /zoo2.php HTTP/1.1" 404 54959 "-" "-"
185.215.232.193 - - [26/Aug/2026:20:49:15 +0330] "GET /one.php HTTP/1.1" 404 54959 "-" "-"
185.215.232.193 - - [26/Aug/2026:20:49:19 +0330] "GET /ano.php HTTP/1.1" 301 0 "-" "-"
185.215.232.193 - - [26/Aug/2026:20:49:22 +0330] "GET /ano.php HTTP/1.1" 404 54959 "-" "-"
185.215.232.193 - - [26/Aug/2026:20:49:41 +0330] "GET /sallu.php HTTP/1.1" 404 54959 "-" "-"
185.215.232.193 - - [26/Aug/2026:20:49:48 +0330] "GET /biufile.php HTTP/1.1" 404 54959 "-" "-"
94.101.183.3 - - [26/Aug/2026:20:49:58 +0330] "POST /wp-cron.php?doing_wp_cron=1787764798.4775431156158447265625 HTTP/1.1" 200 0 "-" "WordPress/6.9.1; https://mahdetejarat.com"
94.101.183.3 - - [26/Aug/2026:20:50:08 +0330] "POST /wp-cron.php?doing_wp_cron=1787764808.1364459991455078125000 HTTP/1.1" 200 0 "-" "WordPress/6.9.1; https://mahdetejarat.com"
185.215.232.193 - - [26/Aug/2026:20:50:42 +0330] "GET /index.php/vod/search.html?wd=%E6%8E%A8%E6%B2%B9 HTTP/1.1" 301 0 "https://www.mahdetejarat.com/" "Mozilla/5.0 (Linux; Android 7.0;) AppleWebKit/537.36 (HTML, like Gecko) Mobile Safari/537.36 (compatible; PetalBot;+https://webmaster.petalsearch.com/site/petalbot)"
94.101.183.3 - - [26/Aug/2026:20:51:07 +0330] "POST /wp-cron.php?doing_wp_cron=1787764867.2687931060791015625000 HTTP/1.1" 200 0 "-" "WordPress/6.9.1; https://mahdetejarat.com"
185.215.232.195 - - [26/Aug/2026:20:51:03 +0330] "GET /product/%d9%86%db%8c%d9%85%da%a9%d8%aa-%d8%b3%d8%a7%d9%84%d9%86-%d8%a7%d9%86%d8%aa%d8%b8%d8%a7%d8%b1-%d8%af%d9%88-%d9%86%d9%81%d8%b1%d9%87/ HTTP/1.1" 200 23139 "-" "Mozilla/5.0 (Windows NT 10.0; Win64; x64) AppleWebKit/537.36 (KHTML, like Gecko) Chrome/145.0.0.0 Safari/537.36 (compatible; meta-externalagent/1.1 (+https://developers.facebook.com/docs/sharing/webmasters/crawler))"
185.215.232.193 - - [26/Aug/2026:20:52:05 +0330] "GET /index.php/vod/play/id/7867/sid/1/nid/1.html HTTP/1.1" 301 0 "https://www.mahdetejarat.com/index.php/vod/play/id/6606/sid/1/nid/1.html" "Mozilla/5.0 (Linux; Android 7.0;) AppleWebKit/537.36 (HTML, like Gecko) Mobile Safari/537.36 (compatible; PetalBot;+https://webmaster.petalsearch.com/site/petalbot)"
185.215.232.193 - - [26/Aug/2026:20:52:11 +0330] "GET /vod/play/id/7867/sid/1/nid/1.html HTTP/1.1" 404 13731 "https://www.mahdetejarat.com/index.php/vod/play/id/6606/sid/1/nid/1.html" "Mozilla/5.0 (Linux; Android 7.0;) AppleWebKit/537.36 (HTML, like Gecko) Mobile Safari/537.36 (compatible; PetalBot;+https://webmaster.petalsearch.com/site/petalbot)"
185.215.232.193 - - [26/Aug/2026:20:53:29 +0330] "GET /index.php/vod/play/id/4723/sid/1/nid/1.html HTTP/1.1" 301 0 "https://www.mahdetejarat.com/index.php/vod/play/id/6435/sid/1/nid/1.html" "Mozilla/5.0 (Linux; Android 7.0;) AppleWebKit/537.36 (HTML, like Gecko) Mobile Safari/537.36 (compatible; PetalBot;+https://webmaster.petalsearch.com/site/petalbot)"
185.215.232.193 - - [26/Aug/2026:20:53:34 +0330] "GET /vod/play/id/4723/sid/1/nid/1.html HTTP/1.1" 404 13731 "https://www.mahdetejarat.com/index.php/vod/play/id/6435/sid/1/nid/1.html" "Mozilla/5.0 (Linux; Android 7.0;) AppleWebKit/537.36 (HTML, like Gecko) Mobile Safari/537.36 (compatible; PetalBot;+https://webmaster.petalsearch.com/site/petalbot)"
185.215.232.195 - - [26/Aug/2026:20:53:45 +0330] "GET /shop/ HTTP/1.1" 200 17196 "-" "Mozilla/5.0 (compatible; Baiduspider/2.0; +http://www.baidu.com/search/spider.html)"
185.215.232.195 - - [26/Aug/2026:20:53:51 +0330] "GET /wp-content/uploads/2024/09/photo_2024-09-16_12-51-30.png HTTP/1.1" 200 75165 "https://mahdetejarat.com/shop/" "Mozilla/5.0 (compatible; Baiduspider-render/2.0; +http://www.baidu.com/search/spider.html)"
185.215.232.195 - - [26/Aug/2026:20:53:52 +0330] "GET /wp-content/plugins/elementor/assets/lib/animations/styles/e-animation-shrink.min.css?ver=3.34.0 HTTP/1.1" 200 118 "https://mahdetejarat.com/shop/" "Mozilla/5.0 (compatible; Baiduspider-render/2.0; +http://www.baidu.com/search/spider.html)"
185.215.232.195 - - [26/Aug/2026:20:53:54 +0330] "GET /wp-content/uploads/2024/09/vasail-varzeshi.png HTTP/1.1" 200 25868 "https://mahdetejarat.com/shop/" "Mozilla/5.0 (compatible; Baiduspider-render/2.0; +http://www.baidu.com/search/spider.html)"
185.215.232.195 - - [26/Aug/2026:20:53:54 +0330] "GET /wp-content/uploads/2024/09/eleman-shahri.png HTTP/1.1" 200 60419 "https://mahdetejarat.com/shop/" "Mozilla/5.0 (compatible; Baiduspider-render/2.0; +http://www.baidu.com/search/spider.html)"
185.215.232.195 - - [26/Aug/2026:20:53:56 +0330] "GET /wp-content/uploads/2024/09/PeydaWeb-Medium.woff2 HTTP/1.1" 200 42708 "https://mahdetejarat.com/wp-content/uploads/elementor/css/post-166.css?ver=1787597737" "Mozilla/5.0 (compatible; Baiduspider-render/2.0; +http://www.baidu.com/search/spider.html)"
185.215.232.193 - - [26/Aug/2026:20:54:56 +0330] "GET /vod/play/id/6272/sid/1/nid/1.html HTTP/1.1" 404 13731 "https://www.mahdetejarat.com/index.php/vod/play/id/12567/sid/1/nid/1.html" "Mozilla/5.0 (Linux; Android 7.0;) AppleWebKit/537.36 (HTML, like Gecko) Mobile Safari/537.36 (compatible; PetalBot;+https://webmaster.petalsearch.com/site/petalbot)"
185.215.232.194 - - [26/Aug/2026:20:56:15 +0330] "GET /index.php/vod/play/id/38518/sid/1/nid/1.html HTTP/1.1" 301 0 "https://www.mahdetejarat.com/index.php/vod/play/id/6023/sid/1/nid/1.html" "Mozilla/5.0 (Linux; Android 7.0;) AppleWebKit/537.36 (HTML, like Gecko) Mobile Safari/537.36 (compatible; PetalBot;+https://webmaster.petalsearch.com/site/petalbot)"
185.215.232.194 - - [26/Aug/2026:20:56:20 +0330] "GET /vod/play/id/38518/sid/1/nid/1.html HTTP/1.1" 404 13731 "https://www.mahdetejarat.com/index.php/vod/play/id/6023/sid/1/nid/1.html" "Mozilla/5.0 (Linux; Android 7.0;) AppleWebKit/537.36 (HTML, like Gecko) Mobile Safari/537.36 (compatible; PetalBot;+https://webmaster.petalsearch.com/site/petalbot)"
185.215.232.193 - - [26/Aug/2026:20:50:18 +0330] "GET /133.php HTTP/1.1" 301 0 "-" "-"
185.215.232.193 - - [26/Aug/2026:20:50:20 +0330] "GET /133.php HTTP/1.1" 404 54959 "-" "-"
185.215.232.193 - - [26/Aug/2026:20:50:45 +0330] "GET /vod/search.html?wd=%E6%8E%A8%E6%B2%B9 HTTP/1.1" 404 13731 "https://www.mahdetejarat.com/" "Mozilla/5.0 (Linux; Android 7.0;) AppleWebKit/537.36 (HTML, like Gecko) Mobile Safari/537.36 (compatible; PetalBot;+https://webmaster.petalsearch.com/site/petalbot)"
94.101.182.6 - - [26/Aug/2026:20:53:32 +0330] "POST /wp-cron.php?doing_wp_cron=1787765012.3428490161895751953125 HTTP/1.1" 200 0 "-" "WordPress/6.9.1; https://mahdetejarat.com"
185.215.232.195 - - [26/Aug/2026:20:53:52 +0330] "GET /wp-content/uploads/elementor/css/post-181.css?ver=1787627869 HTTP/1.1" 200 2003 "https://mahdetejarat.com/shop/" "Mozilla/5.0 (compatible; Baiduspider-render/2.0; +http://www.baidu.com/search/spider.html)"
185.215.232.195 - - [26/Aug/2026:20:53:54 +0330] "GET /wp-content/uploads/2024/09/back-pattern.png HTTP/1.1" 200 5978 "https://mahdetejarat.com/wp-content/uploads/elementor/css/post-181.css?ver=1787627869" "Mozilla/5.0 (compatible; Baiduspider-render/2.0; +http://www.baidu.com/search/spider.html)"
185.215.232.195 - - [26/Aug/2026:20:53:54 +0330] "GET /wp-content/uploads/2024/09/polyetiln.png HTTP/1.1" 200 49699 "https://mahdetejarat.com/shop/" "Mozilla/5.0 (compatible; Baiduspider-render/2.0; +http://www.baidu.com/search/spider.html)"
185.215.232.195 - - [26/Aug/2026:20:53:56 +0330] "GET /wp-content/uploads/2024/09/other-product.png HTTP/1.1" 200 104415 "https://mahdetejarat.com/shop/" "Mozilla/5.0 (compatible; Baiduspider-render/2.0; +http://www.baidu.com/search/spider.html)"
94.101.182.6 - - [26/Aug/2026:20:54:54 +0330] "POST /wp-cron.php?doing_wp_cron=1787765094.4526119232177734375000 HTTP/1.1" 200 0 "-" "WordPress/6.9.1; https://mahdetejarat.com"
185.215.232.193 - - [26/Aug/2026:20:54:51 +0330] "GET /index.php/vod/play/id/6272/sid/1/nid/1.html HTTP/1.1" 301 0 "https://www.mahdetejarat.com/index.php/vod/play/id/12567/sid/1/nid/1.html" "Mozilla/5.0 (Linux; Android 7.0;) AppleWebKit/537.36 (HTML, like Gecko) Mobile Safari/537.36 (compatible; PetalBot;+https://webmaster.petalsearch.com/site/petalbot)"
94.101.183.3 - - [26/Aug/2026:20:56:18 +0330] "POST /wp-cron.php?doing_wp_cron=1787765178.7620079517364501953125 HTTP/1.1" 200 0 "-" "WordPress/6.9.1; https://mahdetejarat.com"
94.101.183.3 - - [26/Aug/2026:20:57:41 +0330] "POST /wp-cron.php?doing_wp_cron=1787765261.4242050647735595703125 HTTP/1.1" 200 0 "-" "WordPress/6.9.1; https://mahdetejarat.com"
185.215.232.193 - - [26/Aug/2026:20:57:38 +0330] "GET /wp-login.php HTTP/1.1" 200 3729 "http://mahdetejarat.com/wp-login.php" "Mozilla/5.0 (Linux; Android 15; Pixel 8) AppleWebKit/537.36 (KHTML, like Gecko) Chrome/146.0.0.0 Mobile Safari/537.36"
185.215.232.193 - - [26/Aug/2026:20:57:41 +0330] "POST /wp-login.php HTTP/1.1" 200 3956 "https://mahdetejarat.com/wp-login.php" "Mozilla/5.0 (Linux; Android 15; Pixel 8) AppleWebKit/537.36 (KHTML, like Gecko) Chrome/146.0.0.0 Mobile Safari/537.36"
185.215.232.193 - - [26/Aug/2026:20:57:42 +0330] "GET /index.php/vod/play/id/37340/sid/1/nid/1.html HTTP/1.1" 301 0 "https://www.mahdetejarat.com/index.php/vod/play/id/31331/sid/1/nid/1.html" "Mozilla/5.0 (Linux; Android 7.0;) AppleWebKit/537.36 (HTML, like Gecko) Mobile Safari/537.36 (compatible; PetalBot;+https://webmaster.petalsearch.com/site/petalbot)"
185.215.232.193 - - [26/Aug/2026:20:57:44 +0330] "POST /wp-login.php HTTP/1.1" 200 3956 "https://mahdetejarat.com/wp-login.php" "Mozilla/5.0 (Linux; Android 15; Pixel 8) AppleWebKit/537.36 (KHTML, like Gecko) Chrome/146.0.0.0 Mobile Safari/537.36"
185.215.232.193 - - [26/Aug/2026:20:59:04 +0330] "GET /index.php/vod/play/id/35996/sid/1/nid/1.html HTTP/1.1" 301 0 "https://www.mahdetejarat.com/index.php/vod/play/id/39063/sid/1/nid/1.html" "Mozilla/5.0 (Linux; Android 7.0;) AppleWebKit/537.36 (HTML, like Gecko) Mobile Safari/537.36 (compatible; PetalBot;+https://webmaster.petalsearch.com/site/petalbot)"
94.101.183.3 - - [26/Aug/2026:21:00:29 +0330] "POST /wp-cron.php?doing_wp_cron=1787765428.9591341018676757812500 HTTP/1.1" 200 0 "-" "WordPress/6.9.1; https://mahdetejarat.com"
94.101.182.6 - - [26/Aug/2026:21:01:52 +0330] "POST /wp-cron.php?doing_wp_cron=1787765512.4868569374084472656250 HTTP/1.1" 200 0 "-" "WordPress/6.9.1; https://mahdetejarat.com"
185.215.232.193 - - [26/Aug/2026:21:01:50 +0330] "GET /index.php/vod/play/id/28996/sid/1/nid/1.html HTTP/1.1" 301 0 "https://www.mahdetejarat.com/index.php/vod/play/id/27599/sid/1/nid/1.html" "Mozilla/5.0 (Linux; Android 7.0;) AppleWebKit/537.36 (HTML, like Gecko) Mobile Safari/537.36 (compatible; PetalBot;+https://webmaster.petalsearch.com/site/petalbot)"
185.215.232.193 - - [26/Aug/2026:21:01:53 +0330] "GET /vod/play/id/28996/sid/1/nid/1.html HTTP/1.1" 404 13731 "https://www.mahdetejarat.com/index.php/vod/play/id/27599/sid/1/nid/1.html" "Mozilla/5.0 (Linux; Android 7.0;) AppleWebKit/537.36 (HTML, like Gecko) Mobile Safari/537.36 (compatible; PetalBot;+https://webmaster.petalsearch.com/site/petalbot)"
185.215.232.195 - - [26/Aug/2026:21:02:09 +0330] "GET /sitemap_index.xml HTTP/1.1" 200 311 "-" "Mozilla/5.0 AppleWebKit/537.36 (KHTML, like Gecko; compatible; ClaudeBot/1.0; +claudebot@anthropic.com)"
94.101.182.6 - - [26/Aug/2026:21:03:23 +0330] "POST /wp-cron.php?doing_wp_cron=1787765603.9451029300689697265625 HTTP/1.1" 200 0 "-" "WordPress/6.9.1; https://mahdetejarat.com"
185.215.232.193 - - [26/Aug/2026:21:03:21 +0330] "GET /index.php/vod/play/id/26230/sid/1/nid/1.html HTTP/1.1" 301 0 "https://www.mahdetejarat.com/index.php/vod/play/id/7420/sid/1/nid/1.html" "Mozilla/5.0 (Linux; Android 7.0;) AppleWebKit/537.36 (HTML, like Gecko) Mobile Safari/537.36 (compatible; PetalBot;+https://webmaster.petalsearch.com/site/petalbot)"
185.215.232.193 - - [26/Aug/2026:21:03:25 +0330] "GET /vod/play/id/26230/sid/1/nid/1.html HTTP/1.1" 404 13731 "https://www.mahdetejarat.com/index.php/vod/play/id/7420/sid/1/nid/1.html" "Mozilla/5.0 (Linux; Android 7.0;) AppleWebKit/537.36 (HTML, like Gecko) Mobile Safari/537.36 (compatible; PetalBot;+https://webmaster.petalsearch.com/site/petalbot)"
185.215.232.194 - - [26/Aug/2026:21:03:42 +0330] "GET /product/%D9%88%D8%B3%D8%A7%DB%8C%D9%84-%D9%BE%D9%84%DB%8C-%D8%A7%D8%AA%DB%8C%D9%84%D9%86/ HTTP/1.1" 200 18935 "-" "Mozilla/5.0 (compatible; AhrefsBot/7.0; +http://ahrefs.com/robot/)"
185.215.232.193 - - [26/Aug/2026:20:57:49 +0330] "GET /vod/play/id/37340/sid/1/nid/1.html HTTP/1.1" 404 13731 "https://www.mahdetejarat.com/index.php/vod/play/id/31331/sid/1/nid/1.html" "Mozilla/5.0 (Linux; Android 7.0;) AppleWebKit/537.36 (HTML, like Gecko) Mobile Safari/537.36 (compatible; PetalBot;+https://webmaster.petalsearch.com/site/petalbot)"
94.101.183.3 - - [26/Aug/2026:20:59:09 +0330] "POST /wp-cron.php?doing_wp_cron=1787765348.7089788913726806640625 HTTP/1.1" 200 0 "-" "WordPress/6.9.1; https://mahdetejarat.com"
185.215.232.193 - - [26/Aug/2026:20:59:11 +0330] "GET /vod/play/id/35996/sid/1/nid/1.html HTTP/1.1" 404 13731 "https://www.mahdetejarat.com/index.php/vod/play/id/39063/sid/1/nid/1.html" "Mozilla/5.0 (Linux; Android 7.0;) AppleWebKit/537.36 (HTML, like Gecko) Mobile Safari/537.36 (compatible; PetalBot;+https://webmaster.petalsearch.com/site/petalbot)"
185.215.232.193 - - [26/Aug/2026:21:00:26 +0330] "GET /index.php/vod/play/id/30966/sid/1/nid/1.html HTTP/1.1" 301 0 "https://www.mahdetejarat.com/index.php/vod/search/page/3/wd/%E5%AD%A6%E5%A6%B9.html" "Mozilla/5.0 (Linux; Android 7.0;) AppleWebKit/537.36 (HTML, like Gecko) Mobile Safari/537.36 (compatible; PetalBot;+https://webmaster.petalsearch.com/site/petalbot)"
185.215.232.193 - - [26/Aug/2026:21:00:29 +0330] "GET /vod/play/id/30966/sid/1/nid/1.html HTTP/1.1" 404 13731 "https://www.mahdetejarat.com/index.php/vod/search/page/3/wd/%E5%AD%A6%E5%A6%B9.html" "Mozilla/5.0 (Linux; Android 7.0;) AppleWebKit/537.36 (HTML, like Gecko) Mobile Safari/537.36 (compatible; PetalBot;+https://webmaster.petalsearch.com/site/petalbot)"
94.101.182.6 - - [26/Aug/2026:21:02:08 +0330] "POST /wp-cron.php?doing_wp_cron=1787765528.8929529190063476562500 HTTP/1.1" 200 0 "-" "WordPress/6.9.1; https://mahdetejarat.com"
185.215.232.195 - - [26/Aug/2026:21:02:05 +0330] "GET /robots.txt HTTP/1.1" 200 163 "-" "Mozilla/5.0 AppleWebKit/537.36 (KHTML, like Gecko; compatible; ClaudeBot/1.0; +claudebot@anthropic.com)"
94.101.182.6 - - [26/Aug/2026:21:04:31 +0330] "POST /wp-cron.php?doing_wp_cron=1787765671.0943069458007812500000 HTTP/1.1" 200 0 "-" "WordPress/6.9.1; https://mahdetejarat.com"
185.215.232.193 - - [26/Aug/2026:21:04:46 +0330] "GET /index.php/vod/play/id/21520/sid/1/nid/1.html HTTP/1.1" 301 0 "https://www.mahdetejarat.com/index.php/vod/play/id/31845/sid/1/nid/1.html" "Mozilla/5.0 (Linux; Android 7.0;) AppleWebKit/537.36 (HTML, like Gecko) Mobile Safari/537.36 (compatible; PetalBot;+https://webmaster.petalsearch.com/site/petalbot)"
94.101.182.6 - - [26/Aug/2026:21:04:59 +0330] "POST /wp-cron.php?doing_wp_cron=1787765699.2043490409851074218750 HTTP/1.1" 200 0 "-" "WordPress/6.9.1; https://mahdetejarat.com"
94.101.182.6 - - [26/Aug/2026:21:06:06 +0330] "POST /wp-cron.php?doing_wp_cron=1787765766.3355889320373535156250 HTTP/1.1" 200 0 "-" "WordPress/6.9.1; https://mahdetejarat.com"
185.215.232.194 - - [26/Aug/2026:21:06:07 +0330] "GET /vod/play/id/1915/sid/1/nid/1.html HTTP/1.1" 404 13731 "https://www.mahdetejarat.com/index.php/vod/search/page/3/wd/%E6%88%B7%E5%A4%96.html" "Mozilla/5.0 (Linux; Android 7.0;) AppleWebKit/537.36 (HTML, like Gecko) Mobile Safari/537.36 (compatible; PetalBot;+https://webmaster.petalsearch.com/site/petalbot)"
185.215.232.194 - - [26/Aug/2026:21:06:29 +0330] "GET / HTTP/1.1" 200 25822 "-" "Mozilla/5.0 (Windows NT 10.0; Win64; x64) AppleWebKit/537.36 (KHTML, like Gecko) Chrome/120.0.0.0 Safari/537.36"
185.215.232.194 - - [26/Aug/2026:21:06:30 +0330] "GET /class.php HTTP/1.1" 404 13731 "-" "Mozilla/5.0 (Windows NT 10.0; Win64; x64) AppleWebKit/537.36 (KHTML, like Gecko) Chrome/120.0.0.0 Safari/537.36"
185.215.232.194 - - [26/Aug/2026:21:06:49 +0330] "GET /content.php HTTP/1.1" 404 13731 "-" "Mozilla/5.0 (Windows NT 10.0; Win64; x64) AppleWebKit/537.36 (KHTML, like Gecko) Chrome/120.0.0.0 Safari/537.36"
185.215.232.194 - - [26/Aug/2026:21:06:56 +0330] "GET /cron.php HTTP/1.1" 404 13731 "-" "Mozilla/5.0 (Windows NT 10.0; Win64; x64) AppleWebKit/537.36 (KHTML, like Gecko) Chrome/120.0.0.0 Safari/537.36"
185.215.232.195 - - [26/Aug/2026:21:04:27 +0330] "GET /wp-login.php HTTP/1.1" 200 3390 "-" "Mozilla/5.0 (Windows NT 10.0; Win64; x64) AppleWebKit/537.36 (KHTML, like Gecko) Chrome/151.0.0.0 Safari/537.36"
185.215.232.195 - - [26/Aug/2026:21:04:32 +0330] "POST /wp-login.php HTTP/1.1" 200 3612 "-" "Mozilla/5.0 (Windows NT 10.0; Win64; x64) AppleWebKit/537.36 (KHTML, like Gecko) Chrome/151.0.0.0 Safari/537.36"
185.215.232.193 - - [26/Aug/2026:21:04:55 +0330] "GET /vod/play/id/21520/sid/1/nid/1.html HTTP/1.1" 404 13731 "https://www.mahdetejarat.com/index.php/vod/play/id/31845/sid/1/nid/1.html" "Mozilla/5.0 (Linux; Android 7.0;) AppleWebKit/537.36 (HTML, like Gecko) Mobile Safari/537.36 (compatible; PetalBot;+https://webmaster.petalsearch.com/site/petalbot)"
185.215.232.194 - - [26/Aug/2026:21:06:03 +0330] "GET /index.php/vod/play/id/1915/sid/1/nid/1.html HTTP/1.1" 301 0 "https://www.mahdetejarat.com/index.php/vod/search/page/3/wd/%E6%88%B7%E5%A4%96.html" "Mozilla/5.0 (Linux; Android 7.0;) AppleWebKit/537.36 (HTML, like Gecko) Mobile Safari/537.36 (compatible; PetalBot;+https://webmaster.petalsearch.com/site/petalbot)"
185.215.232.193 - - [26/Aug/2026:21:06:18 +0330] "GET /product/%D9%86%DB%8C%D9%85%DA%A9%D8%AA-%D9%81%D9%84%D8%B2%DB%8C-%D9%BE%D8%A7%D8%B1%DA%A9%DB%8Cs280/ HTTP/1.1" 200 19797 "-" "Mozilla/5.0 (compatible; AhrefsBot/7.0; +http://ahrefs.com/robot/)"
185.215.232.194 - - [26/Aug/2026:21:06:36 +0330] "GET /cloud.php HTTP/1.1" 404 13731 "-" "Mozilla/5.0 (Windows NT 10.0; Win64; x64) AppleWebKit/537.36 (KHTML, like Gecko) Chrome/120.0.0.0 Safari/537.36"
185.215.232.194 - - [26/Aug/2026:21:06:40 +0330] "GET /configs.php HTTP/1.1" 404 13731 "-" "Mozilla/5.0 (Windows NT 10.0; Win64; x64) AppleWebKit/537.36 (KHTML, like Gecko) Chrome/120.0.0.0 Safari/537.36"
185.215.232.194 - - [26/Aug/2026:21:06:44 +0330] "GET /cong.php HTTP/1.1" 404 13731 "-" "Mozilla/5.0 (Windows NT 10.0; Win64; x64) AppleWebKit/537.36 (KHTML, like Gecko) Chrome/120.0.0.0 Safari/537.36"
94.101.182.6 - - [26/Aug/2026:21:06:56 +0330] "POST /wp-cron.php?doing_wp_cron=1787765816.0634200572967529296875 HTTP/1.1" 200 0 "-" "WordPress/6.9.1; https://mahdetejarat.com"
185.215.232.194 - - [26/Aug/2026:21:06:52 +0330] "GET /core.php HTTP/1.1" 404 13731 "-" "Mozilla/5.0 (Windows NT 10.0; Win64; x64) AppleWebKit/537.36 (KHTML, like Gecko) Chrome/120.0.0.0 Safari/537.36"
94.101.182.6 - - [26/Aug/2026:21:07:08 +0330] "POST /wp-cron.php?doing_wp_cron=1787765828.7473089694976806640625 HTTP/1.1" 200 0 "-" "WordPress/6.9.1; https://mahdetejarat.com"
185.215.232.194 - - [26/Aug/2026:21:07:05 +0330] "GET /css/item.php HTTP/1.1" 404 13731 "-" "Mozilla/5.0 (Windows NT 10.0; Win64; x64) AppleWebKit/537.36 (KHTML, like Gecko) Chrome/120.0.0.0 Safari/537.36"
185.215.232.194 - - [26/Aug/2026:21:07:09 +0330] "GET /db.php HTTP/1.1" 404 13731 "-" "Mozilla/5.0 (Windows NT 10.0; Win64; x64) AppleWebKit/537.36 (KHTML, like Gecko) Chrome/120.0.0.0 Safari/537.36"
185.215.232.194 - - [26/Aug/2026:21:07:12 +0330] "GET /default.php HTTP/1.1" 404 13731 "-" "Mozilla/5.0 (Windows NT 10.0; Win64; x64) AppleWebKit/537.36 (KHTML, like Gecko) Chrome/120.0.0.0 Safari/537.36"
185.215.232.194 - - [26/Aug/2026:21:07:23 +0330] "GET /edit.php HTTP/1.1" 404 13731 "-" "Mozilla/5.0 (Windows NT 10.0; Win64; x64) AppleWebKit/537.36 (KHTML, like Gecko) Chrome/120.0.0.0 Safari/537.36"
185.215.232.194 - - [26/Aug/2026:21:07:26 +0330] "GET /favicon.php HTTP/1.1" 404 13731 "-" "Mozilla/5.0 (Windows NT 10.0; Win64; x64) AppleWebKit/537.36 (KHTML, like Gecko) Chrome/120.0.0.0 Safari/537.36"
185.215.232.193 - - [26/Aug/2026:21:07:28 +0330] "GET /index.php/vod/play/id/1596/sid/1/nid/1.html HTTP/1.1" 301 0 "https://www.mahdetejarat.com/index.php/vod/play/id/41993/sid/1/nid/1.html" "Mozilla/5.0 (Linux; Android 7.0;) AppleWebKit/537.36 (HTML, like Gecko) Mobile Safari/537.36 (compatible; PetalBot;+https://webmaster.petalsearch.com/site/petalbot)"
185.215.232.193 - - [26/Aug/2026:21:07:31 +0330] "GET /vod/play/id/1596/sid/1/nid/1.html HTTP/1.1" 404 13731 "https://www.mahdetejarat.com/index.php/vod/play/id/41993/sid/1/nid/1.html" "Mozilla/5.0 (Linux; Android 7.0;) AppleWebKit/537.36 (HTML, like Gecko) Mobile Safari/537.36 (compatible; PetalBot;+https://webmaster.petalsearch.com/site/petalbot)"
185.215.232.194 - - [26/Aug/2026:21:07:41 +0330] "GET /file5.php HTTP/1.1" 404 13731 "-" "Mozilla/5.0 (Windows NT 10.0; Win64; x64) AppleWebKit/537.36 (KHTML, like Gecko) Chrome/120.0.0.0 Safari/537.36"
185.215.232.194 - - [26/Aug/2026:21:07:55 +0330] "GET /fix.php HTTP/1.1" 404 13731 "-" "Mozilla/5.0 (Windows NT 10.0; Win64; x64) AppleWebKit/537.36 (KHTML, like Gecko) Chrome/120.0.0.0 Safari/537.36"
185.215.232.194 - - [26/Aug/2026:21:08:02 +0330] "GET /functions.php HTTP/1.1" 404 13731 "-" "Mozilla/5.0 (Windows NT 10.0; Win64; x64) AppleWebKit/537.36 (KHTML, like Gecko) Chrome/120.0.0.0 Safari/537.36"
94.101.183.3 - - [26/Aug/2026:21:08:10 +0330] "POST /wp-cron.php?doing_wp_cron=1787765890.0934109687805175781250 HTTP/1.1" 200 0 "-" "WordPress/6.9.1; https://mahdetejarat.com"
185.215.232.194 - - [26/Aug/2026:21:08:14 +0330] "GET /gg.php HTTP/1.1" 404 13731 "-" "Mozilla/5.0 (Windows NT 10.0; Win64; x64) AppleWebKit/537.36 (KHTML, like Gecko) Chrome/120.0.0.0 Safari/537.36"
185.215.232.194 - - [26/Aug/2026:21:08:17 +0330] "GET /images/about.php HTTP/1.1" 404 13731 "-" "Mozilla/5.0 (Windows NT 10.0; Win64; x64) AppleWebKit/537.36 (KHTML, like Gecko) Chrome/120.0.0.0 Safari/537.36"
185.215.232.194 - - [26/Aug/2026:21:08:23 +0330] "GET /images/alfa-rex.php HTTP/1.1" 404 13731 "-" "Mozilla/5.0 (Windows NT 10.0; Win64; x64) AppleWebKit/537.36 (KHTML, like Gecko) Chrome/120.0.0.0 Safari/537.36"
185.215.232.194 - - [26/Aug/2026:21:08:26 +0330] "GET /images/photo.php HTTP/1.1" 404 13731 "-" "Mozilla/5.0 (Windows NT 10.0; Win64; x64) AppleWebKit/537.36 (KHTML, like Gecko) Chrome/120.0.0.0 Safari/537.36"
185.215.232.194 - - [26/Aug/2026:21:08:31 +0330] "GET /img//classwithtostring.php HTTP/1.1" 301 0 "-" "Mozilla/5.0 (Windows NT 10.0; Win64; x64) AppleWebKit/537.36 (KHTML, like Gecko) Chrome/120.0.0.0 Safari/537.36"
185.215.232.194 - - [26/Aug/2026:21:08:33 +0330] "GET /img/post.php HTTP/1.1" 404 13731 "-" "Mozilla/5.0 (Windows NT 10.0; Win64; x64) AppleWebKit/537.36 (KHTML, like Gecko) Chrome/120.0.0.0 Safari/537.36"
185.215.232.194 - - [26/Aug/2026:21:08:38 +0330] "GET /img/wp-admin/class.php HTTP/1.1" 404 13731 "-" "Mozilla/5.0 (Windows NT 10.0; Win64; x64) AppleWebKit/537.36 (KHTML, like Gecko) Chrome/120.0.0.0 Safari/537.36"
185.215.232.194 - - [26/Aug/2026:21:08:48 +0330] "GET /item.php HTTP/1.1" 404 13731 "-" "Mozilla/5.0 (Windows NT 10.0; Win64; x64) AppleWebKit/537.36 (KHTML, like Gecko) Chrome/120.0.0.0 Safari/537.36"
185.215.232.193 - - [26/Aug/2026:21:08:50 +0330] "GET /index.php/vod/play/id/15028/sid/1/nid/1.html HTTP/1.1" 301 0 "https://www.mahdetejarat.com/index.php/vod/play/id/8523/sid/1/nid/1.html" "Mozilla/5.0 (Linux; Android 7.0;) AppleWebKit/537.36 (HTML, like Gecko) Mobile Safari/537.36 (compatible; PetalBot;+https://webmaster.petalsearch.com/site/petalbot)"
185.215.232.194 - - [26/Aug/2026:21:08:55 +0330] "GET /k.php HTTP/1.1" 404 13731 "-" "Mozilla/5.0 (Windows NT 10.0; Win64; x64) AppleWebKit/537.36 (KHTML, like Gecko) Chrome/120.0.0.0 Safari/537.36"
185.215.232.193 - - [26/Aug/2026:21:08:55 +0330] "GET /vod/play/id/15028/sid/1/nid/1.html HTTP/1.1" 404 13731 "https://www.mahdetejarat.com/index.php/vod/play/id/8523/sid/1/nid/1.html" "Mozilla/5.0 (Linux; Android 7.0;) AppleWebKit/537.36 (HTML, like Gecko) Mobile Safari/537.36 (compatible; PetalBot;+https://webmaster.petalsearch.com/site/petalbot)"
185.215.232.194 - - [26/Aug/2026:21:08:58 +0330] "GET /product/s580/ HTTP/1.1" 200 19492 "-" "Mozilla/5.0 (compatible; AhrefsBot/7.0; +http://ahrefs.com/robot/)"
185.215.232.194 - - [26/Aug/2026:21:07:00 +0330] "GET /css.php HTTP/1.1" 404 13731 "-" "Mozilla/5.0 (Windows NT 10.0; Win64; x64) AppleWebKit/537.36 (KHTML, like Gecko) Chrome/120.0.0.0 Safari/537.36"
185.215.232.194 - - [26/Aug/2026:21:07:16 +0330] "GET /doc.php HTTP/1.1" 404 13731 "-" "Mozilla/5.0 (Windows NT 10.0; Win64; x64) AppleWebKit/537.36 (KHTML, like Gecko) Chrome/120.0.0.0 Safari/537.36"
185.215.232.194 - - [26/Aug/2026:21:07:19 +0330] "GET /dropdown.php HTTP/1.1" 404 13731 "-" "Mozilla/5.0 (Windows NT 10.0; Win64; x64) AppleWebKit/537.36 (KHTML, like Gecko) Chrome/120.0.0.0 Safari/537.36"
185.215.232.194 - - [26/Aug/2026:21:07:30 +0330] "GET /file/function.php HTTP/1.1" 404 13731 "-" "Mozilla/5.0 (Windows NT 10.0; Win64; x64) AppleWebKit/537.36 (KHTML, like Gecko) Chrome/120.0.0.0 Safari/537.36"
185.215.232.194 - - [26/Aug/2026:21:07:34 +0330] "GET /file2.php HTTP/1.1" 404 13731 "-" "Mozilla/5.0 (Windows NT 10.0; Win64; x64) AppleWebKit/537.36 (KHTML, like Gecko) Chrome/120.0.0.0 Safari/537.36"
185.215.232.194 - - [26/Aug/2026:21:07:37 +0330] "GET /k.php HTTP/1.1" 404 13731 "-" "Mozilla/5.0 (Windows NT 10.0; Win64; x64) AppleWebKit/537.36 (KHTML, like Gecko) Chrome/120.0.0.0 Safari/537.36"
185.215.232.194 - - [26/Aug/2026:21:07:44 +0330] "GET /atomlib.php HTTP/1.1" 404 13731 "-" "Mozilla/5.0 (Windows NT 10.0; Win64; x64) AppleWebKit/537.36 (KHTML, like Gecko) Chrome/120.0.0.0 Safari/537.36"
185.215.232.194 - - [26/Aug/2026:21:07:48 +0330] "GET /files.php HTTP/1.1" 404 13731 "-" "Mozilla/5.0 (Windows NT 10.0; Win64; x64) AppleWebKit/537.36 (KHTML, like Gecko) Chrome/120.0.0.0 Safari/537.36"
185.215.232.194 - - [26/Aug/2026:21:07:52 +0330] "GET /files/berlin.php HTTP/1.1" 404 13731 "-" "Mozilla/5.0 (Windows NT 10.0; Win64; x64) AppleWebKit/537.36 (KHTML, like Gecko) Chrome/120.0.0.0 Safari/537.36"
94.101.183.3 - - [26/Aug/2026:21:07:58 +0330] "POST /wp-cron.php?doing_wp_cron=1787765878.2088639736175537109375 HTTP/1.1" 200 0 "-" "WordPress/6.9.1; https://mahdetejarat.com"
185.215.232.194 - - [26/Aug/2026:21:07:58 +0330] "GET /flower.php HTTP/1.1" 404 13731 "-" "Mozilla/5.0 (Windows NT 10.0; Win64; x64) AppleWebKit/537.36 (KHTML, like Gecko) Chrome/120.0.0.0 Safari/537.36"
185.215.232.194 - - [26/Aug/2026:21:08:06 +0330] "GET /gecko.php HTTP/1.1" 404 13731 "-" "Mozilla/5.0 (Windows NT 10.0; Win64; x64) AppleWebKit/537.36 (KHTML, like Gecko) Chrome/120.0.0.0 Safari/537.36"
185.215.232.194 - - [26/Aug/2026:21:08:10 +0330] "GET /gelay.php HTTP/1.1" 404 13731 "-" "Mozilla/5.0 (Windows NT 10.0; Win64; x64) AppleWebKit/537.36 (KHTML, like Gecko) Chrome/120.0.0.0 Safari/537.36"
185.215.232.194 - - [26/Aug/2026:21:08:41 +0330] "GET /index/admin.php HTTP/1.1" 404 13731 "-" "Mozilla/5.0 (Windows NT 10.0; Win64; x64) AppleWebKit/537.36 (KHTML, like Gecko) Chrome/120.0.0.0 Safari/537.36"
185.215.232.194 - - [26/Aug/2026:21:08:45 +0330] "GET /install.php HTTP/1.1" 404 13731 "-" "Mozilla/5.0 (Windows NT 10.0; Win64; x64) AppleWebKit/537.36 (KHTML, like Gecko) Chrome/120.0.0.0 Safari/537.36"
185.215.232.194 - - [26/Aug/2026:21:08:51 +0330] "GET /jquery.php HTTP/1.1" 404 13731 "-" "Mozilla/5.0 (Windows NT 10.0; Win64; x64) AppleWebKit/537.36 (KHTML, like Gecko) Chrome/120.0.0.0 Safari/537.36"
94.101.183.3 - - [26/Aug/2026:21:09:01 +0330] "POST /wp-cron.php?doing_wp_cron=1787765941.3721110820770263671875 HTTP/1.1" 200 0 "-" "WordPress/6.9.1; https://mahdetejarat.com"
185.215.232.194 - - [26/Aug/2026:21:09:01 +0330] "GET /ku.php HTTP/1.1" 404 13731 "-" "Mozilla/5.0 (Windows NT 10.0; Win64; x64) AppleWebKit/537.36 (KHTML, like Gecko) Chrome/120.0.0.0 Safari/537.36"
94.101.183.3 - - [26/Aug/2026:21:10:18 +0330] "POST /wp-cron.php?doing_wp_cron=1787766018.2262051105499267578125 HTTP/1.1" 200 0 "-" "WordPress/6.9.1; https://mahdetejarat.com"
185.215.232.193 - - [26/Aug/2026:21:10:19 +0330] "GET /vod/play/id/12119/sid/1/nid/1.html HTTP/1.1" 404 13731 "https://www.mahdetejarat.com/index.php/vod/play/id/29200/sid/1/nid/1.html" "Mozilla/5.0 (Linux; Android 7.0;) AppleWebKit/537.36 (HTML, like Gecko) Mobile Safari/537.36 (compatible; PetalBot;+https://webmaster.petalsearch.com/site/petalbot)"
185.215.232.193 - - [26/Aug/2026:21:11:30 +0330] "GET / HTTP/1.1" 200 25822 "-" "Mozilla/5.0 (Windows NT 10.0; Win64; x64) AppleWebKit/537.36 (KHTML, like Gecko) Chrome/120.0.0.0 Safari/537.36"
185.215.232.193 - - [26/Aug/2026:21:11:36 +0330] "GET /admin.php HTTP/1.1" 404 13731 "-" "Mozilla/5.0 (Windows NT 10.0; Win64; x64) AppleWebKit/537.36 (KHTML, like Gecko) Chrome/120.0.0.0 Safari/537.36"
185.215.232.193 - - [26/Aug/2026:21:11:39 +0330] "GET /index.php/vod/play/id/10450/sid/1/nid/1.html HTTP/1.1" 301 0 "https://www.mahdetejarat.com/index.php/vod/play/id/25641/sid/1/nid/1.html" "Mozilla/5.0 (Linux; Android 7.0;) AppleWebKit/537.36 (HTML, like Gecko) Mobile Safari/537.36 (compatible; PetalBot;+https://webmaster.petalsearch.com/site/petalbot)"
185.215.232.193 - - [26/Aug/2026:21:11:39 +0330] "GET /config.php HTTP/1.1" 404 13731 "-" "Mozilla/5.0 (Windows NT 10.0; Win64; x64) AppleWebKit/537.36 (KHTML, like Gecko) Chrome/120.0.0.0 Safari/537.36"
185.215.232.193 - - [26/Aug/2026:21:11:43 +0330] "GET /about/function.php HTTP/1.1" 404 13731 "-" "Mozilla/5.0 (Windows NT 10.0; Win64; x64) AppleWebKit/537.36 (KHTML, like Gecko) Chrome/120.0.0.0 Safari/537.36"
185.215.232.193 - - [26/Aug/2026:21:11:46 +0330] "GET /lock.php HTTP/1.1" 404 13731 "-" "Mozilla/5.0 (Windows NT 10.0; Win64; x64) AppleWebKit/537.36 (KHTML, like Gecko) Chrome/120.0.0.0 Safari/537.36"
185.215.232.193 - - [26/Aug/2026:21:12:00 +0330] "GET /wp-content/post.php HTTP/1.1" 404 13731 "-" "Mozilla/5.0 (Windows NT 10.0; Win64; x64) AppleWebKit/537.36 (KHTML, like Gecko) Chrome/120.0.0.0 Safari/537.36"
185.215.232.193 - - [26/Aug/2026:21:12:13 +0330] "GET /wp-content/plugins/post.php HTTP/1.1" 404 13731 "-" "Mozilla/5.0 (Windows NT 10.0; Win64; x64) AppleWebKit/537.36 (KHTML, like Gecko) Chrome/120.0.0.0 Safari/537.36"
185.215.232.193 - - [26/Aug/2026:21:12:17 +0330] "GET /text.php HTTP/1.1" 404 13731 "-" "Mozilla/5.0 (Windows NT 10.0; Win64; x64) AppleWebKit/537.36 (KHTML, like Gecko) Chrome/120.0.0.0 Safari/537.36"
185.215.232.193 - - [26/Aug/2026:21:12:29 +0330] "GET /item.php HTTP/1.1" 404 13731 "-" "Mozilla/5.0 (Windows NT 10.0; Win64; x64) AppleWebKit/537.36 (KHTML, like Gecko) Chrome/120.0.0.0 Safari/537.36"
185.215.232.193 - - [26/Aug/2026:21:12:33 +0330] "GET /file.php HTTP/1.1" 404 13731 "-" "Mozilla/5.0 (Windows NT 10.0; Win64; x64) AppleWebKit/537.36 (KHTML, like Gecko) Chrome/120.0.0.0 Safari/537.36"
185.215.232.193 - - [26/Aug/2026:21:12:36 +0330] "GET /wp-includes/blocks/post.php HTTP/1.1" 404 13731 "-" "Mozilla/5.0 (Windows NT 10.0; Win64; x64) AppleWebKit/537.36 (KHTML, like Gecko) Chrome/120.0.0.0 Safari/537.36"
185.215.232.193 - - [26/Aug/2026:21:12:40 +0330] "GET /mah.php HTTP/1.1" 404 13731 "-" "Mozilla/5.0 (Windows NT 10.0; Win64; x64) AppleWebKit/537.36 (KHTML, like Gecko) Chrome/120.0.0.0 Safari/537.36"
185.215.232.193 - - [26/Aug/2026:21:12:43 +0330] "GET /themes/zMousse/otuz1.php HTTP/1.1" 404 13731 "-" "Mozilla/5.0 (Windows NT 10.0; Win64; x64) AppleWebKit/537.36 (KHTML, like Gecko) Chrome/120.0.0.0 Safari/537.36"
94.101.183.3 - - [26/Aug/2026:21:12:56 +0330] "POST /wp-cron.php?doing_wp_cron=1787766176.6147789955139160156250 HTTP/1.1" 200 0 "-" "WordPress/6.9.1; https://mahdetejarat.com"
185.215.232.193 - - [26/Aug/2026:21:13:01 +0330] "GET /index.php/vod/play/id/37491/sid/1/nid/1.html HTTP/1.1" 301 0 "https://mahdetejarat.com/index.php/vod/play/id/31625/sid/1/nid/1.html" "Mozilla/5.0 (Linux; Android 7.0;) AppleWebKit/537.36 (HTML, like Gecko) Mobile Safari/537.36 (compatible; PetalBot;+https://webmaster.petalsearch.com/site/petalbot)"
185.215.232.193 - - [26/Aug/2026:21:10:15 +0330] "GET /index.php/vod/play/id/12119/sid/1/nid/1.html HTTP/1.1" 301 0 "https://www.mahdetejarat.com/index.php/vod/play/id/29200/sid/1/nid/1.html" "Mozilla/5.0 (Linux; Android 7.0;) AppleWebKit/537.36 (HTML, like Gecko) Mobile Safari/537.36 (compatible; PetalBot;+https://webmaster.petalsearch.com/site/petalbot)"
185.215.232.193 - - [26/Aug/2026:21:11:31 +0330] "GET /admin/function.php HTTP/1.1" 404 13731 "-" "Mozilla/5.0 (Windows NT 10.0; Win64; x64) AppleWebKit/537.36 (KHTML, like Gecko) Chrome/120.0.0.0 Safari/537.36"
185.215.232.193 - - [26/Aug/2026:21:11:43 +0330] "GET /vod/play/id/10450/sid/1/nid/1.html HTTP/1.1" 404 13731 "https://www.mahdetejarat.com/index.php/vod/play/id/25641/sid/1/nid/1.html" "Mozilla/5.0 (Linux; Android 7.0;) AppleWebKit/537.36 (HTML, like Gecko) Mobile Safari/537.36 (compatible; PetalBot;+https://webmaster.petalsearch.com/site/petalbot)"
185.215.232.193 - - [26/Aug/2026:21:11:50 +0330] "GET /simple.php HTTP/1.1" 404 13731 "-" "Mozilla/5.0 (Windows NT 10.0; Win64; x64) AppleWebKit/537.36 (KHTML, like Gecko) Chrome/120.0.0.0 Safari/537.36"
185.215.232.193 - - [26/Aug/2026:21:11:54 +0330] "GET /radio.php HTTP/1.1" 404 13731 "-" "Mozilla/5.0 (Windows NT 10.0; Win64; x64) AppleWebKit/537.36 (KHTML, like Gecko) Chrome/120.0.0.0 Safari/537.36"
185.215.232.193 - - [26/Aug/2026:21:11:57 +0330] "GET /wp-mail.php HTTP/1.1" 403 1033 "-" "Mozilla/5.0 (Windows NT 10.0; Win64; x64) AppleWebKit/537.36 (KHTML, like Gecko) Chrome/120.0.0.0 Safari/537.36"
185.215.232.193 - - [26/Aug/2026:21:12:04 +0330] "GET /alfa.php HTTP/1.1" 404 13731 "-" "Mozilla/5.0 (Windows NT 10.0; Win64; x64) AppleWebKit/537.36 (KHTML, like Gecko) Chrome/120.0.0.0 Safari/537.36"
185.215.232.193 - - [26/Aug/2026:21:12:07 +0330] "GET /.well-known/acme-challenge/post.php HTTP/1.1" 404 13731 "-" "Mozilla/5.0 (Windows NT 10.0; Win64; x64) AppleWebKit/537.36 (KHTML, like Gecko) Chrome/120.0.0.0 Safari/537.36"
185.215.232.193 - - [26/Aug/2026:21:12:20 +0330] "GET /autoload_classmap.php HTTP/1.1" 404 13731 "-" "Mozilla/5.0 (Windows NT 10.0; Win64; x64) AppleWebKit/537.36 (KHTML, like Gecko) Chrome/120.0.0.0 Safari/537.36"
185.215.232.193 - - [26/Aug/2026:21:12:25 +0330] "GET /wp-includes/autoload_classmap.php HTTP/1.1" 404 13731 "-" "Mozilla/5.0 (Windows NT 10.0; Win64; x64) AppleWebKit/537.36 (KHTML, like Gecko) Chrome/120.0.0.0 Safari/537.36"
94.101.183.3 - - [26/Aug/2026:21:12:36 +0330] "POST /wp-cron.php?doing_wp_cron=1787766156.4541299343109130859375 HTTP/1.1" 200 0 "-" "WordPress/6.9.1; https://mahdetejarat.com"
185.215.232.193 - - [26/Aug/2026:21:12:47 +0330] "GET /lv.php HTTP/1.1" 404 13731 "-" "Mozilla/5.0 (Windows NT 10.0; Win64; x64) AppleWebKit/537.36 (KHTML, like Gecko) Chrome/120.0.0.0 Safari/537.36"
185.215.232.193 - - [26/Aug/2026:21:12:50 +0330] "GET /inputs.php HTTP/1.1" 404 13731 "-" "Mozilla/5.0 (Windows NT 10.0; Win64; x64) AppleWebKit/537.36 (KHTML, like Gecko) Chrome/120.0.0.0 Safari/537.36"
185.215.232.193 - - [26/Aug/2026:21:12:53 +0330] "GET /wp-content/languages/post.php HTTP/1.1" 404 13731 "-" "Mozilla/5.0 (Windows NT 10.0; Win64; x64) AppleWebKit/537.36 (KHTML, like Gecko) Chrome/120.0.0.0 Safari/537.36"
185.215.232.193 - - [26/Aug/2026:21:12:57 +0330] "GET /wp-admin/includes/post.php HTTP/1.1" 200 0 "-" "Mozilla/5.0 (Windows NT 10.0; Win64; x64) AppleWebKit/537.36 (KHTML, like Gecko) Chrome/120.0.0.0 Safari/537.36"
185.215.232.193 - - [26/Aug/2026:21:12:57 +0330] "GET /css/post.php HTTP/1.1" 404 13731 "-" "Mozilla/5.0 (Windows NT 10.0; Win64; x64) AppleWebKit/537.36 (KHTML, like Gecko) Chrome/120.0.0.0 Safari/537.36"
185.215.232.193 - - [26/Aug/2026:21:13:00 +0330] "GET /makeasmtp.php HTTP/1.1" 404 13731 "-" "Mozilla/5.0 (Windows NT 10.0; Win64; x64) AppleWebKit/537.36 (KHTML, like Gecko) Chrome/120.0.0.0 Safari/537.36"
185.215.232.193 - - [26/Aug/2026:21:13:04 +0330] "GET /vod/play/id/37491/sid/1/nid/1.html HTTP/1.1" 404 13731 "https://mahdetejarat.com/index.php/vod/play/id/31625/sid/1/nid/1.html" "Mozilla/5.0 (Linux; Android 7.0;) AppleWebKit/537.36 (HTML, like Gecko) Mobile Safari/537.36 (compatible; PetalBot;+https://webmaster.petalsearch.com/site/petalbot)"
94.101.183.3 - - [26/Aug/2026:21:13:10 +0330] "POST /wp-cron.php?doing_wp_cron=1787766190.2632861137390136718750 HTTP/1.1" 200 0 "-" "WordPress/6.9.1; https://mahdetejarat.com"
185.215.232.193 - - [26/Aug/2026:21:13:07 +0330] "GET /wp-includes/IXR/post.php HTTP/1.1" 404 13731 "-" "Mozilla/5.0 (Windows NT 10.0; Win64; x64) AppleWebKit/537.36 (KHTML, like Gecko) Chrome/120.0.0.0 Safari/537.36"
185.215.232.193 - - [26/Aug/2026:21:13:10 +0330] "GET /wp-links.php HTTP/1.1" 404 13731 "-" "Mozilla/5.0 (Windows NT 10.0; Win64; x64) AppleWebKit/537.36 (KHTML, like Gecko) Chrome/120.0.0.0 Safari/537.36"
185.215.232.193 - - [26/Aug/2026:21:13:25 +0330] "GET /alfanew.php HTTP/1.1" 404 13731 "-" "Mozilla/5.0 (Windows NT 10.0; Win64; x64) AppleWebKit/537.36 (KHTML, like Gecko) Chrome/120.0.0.0 Safari/537.36"
185.215.232.193 - - [26/Aug/2026:21:13:31 +0330] "GET /cong.php HTTP/1.1" 404 13731 "-" "Mozilla/5.0 (Windows NT 10.0; Win64; x64) AppleWebKit/537.36 (KHTML, like Gecko) Chrome/120.0.0.0 Safari/537.36"
185.215.232.193 - - [26/Aug/2026:21:13:44 +0330] "GET /wp-includes/images/post.php HTTP/1.1" 404 13731 "-" "Mozilla/5.0 (Windows NT 10.0; Win64; x64) AppleWebKit/537.36 (KHTML, like Gecko) Chrome/120.0.0.0 Safari/537.36"
185.215.232.193 - - [26/Aug/2026:21:13:58 +0330] "GET /wp-admin/images/post.php HTTP/1.1" 404 13731 "-" "Mozilla/5.0 (Windows NT 10.0; Win64; x64) AppleWebKit/537.36 (KHTML, like Gecko) Chrome/120.0.0.0 Safari/537.36"
185.215.232.193 - - [26/Aug/2026:21:14:02 +0330] "GET /post.php HTTP/1.1" 404 13731 "-" "Mozilla/5.0 (Windows NT 10.0; Win64; x64) AppleWebKit/537.36 (KHTML, like Gecko) Chrome/120.0.0.0 Safari/537.36"
185.215.232.193 - - [26/Aug/2026:21:13:04 +0330] "GET /wp-content/radio.php HTTP/1.1" 404 13731 "-" "Mozilla/5.0 (Windows NT 10.0; Win64; x64) AppleWebKit/537.36 (KHTML, like Gecko) Chrome/120.0.0.0 Safari/537.36"
185.215.232.193 - - [26/Aug/2026:21:13:14 +0330] "GET /wp-content/cong.php HTTP/1.1" 404 13731 "-" "Mozilla/5.0 (Windows NT 10.0; Win64; x64) AppleWebKit/537.36 (KHTML, like Gecko) Chrome/120.0.0.0 Safari/537.36"
185.215.232.193 - - [26/Aug/2026:21:13:18 +0330] "GET /1.php HTTP/1.1" 404 13731 "-" "Mozilla/5.0 (Windows NT 10.0; Win64; x64) AppleWebKit/537.36 (KHTML, like Gecko) Chrome/120.0.0.0 Safari/537.36"
185.215.232.193 - - [26/Aug/2026:21:13:21 +0330] "GET /.well-known/post.php HTTP/1.1" 404 13731 "-" "Mozilla/5.0 (Windows NT 10.0; Win64; x64) AppleWebKit/537.36 (KHTML, like Gecko) Chrome/120.0.0.0 Safari/537.36"
185.215.232.193 - - [26/Aug/2026:21:13:28 +0330] "GET /wp-content/themes/twenty/twenty.php HTTP/1.1" 404 13731 "-" "Mozilla/5.0 (Windows NT 10.0; Win64; x64) AppleWebKit/537.36 (KHTML, like Gecko) Chrome/120.0.0.0 Safari/537.36"
185.215.232.193 - - [26/Aug/2026:21:13:35 +0330] "GET /as.php HTTP/1.1" 404 13731 "-" "Mozilla/5.0 (Windows NT 10.0; Win64; x64) AppleWebKit/537.36 (KHTML, like Gecko) Chrome/120.0.0.0 Safari/537.36"
185.215.232.193 - - [26/Aug/2026:21:13:38 +0330] "GET /wp-content/themes/post.php HTTP/1.1" 404 13731 "-" "Mozilla/5.0 (Windows NT 10.0; Win64; x64) AppleWebKit/537.36 (KHTML, like Gecko) Chrome/120.0.0.0 Safari/537.36"
185.215.232.193 - - [26/Aug/2026:21:13:41 +0330] "GET /wp-includes/Requests/post.php HTTP/1.1" 404 13731 "-" "Mozilla/5.0 (Windows NT 10.0; Win64; x64) AppleWebKit/537.36 (KHTML, like Gecko) Chrome/120.0.0.0 Safari/537.36"
185.215.232.193 - - [26/Aug/2026:21:13:48 +0330] "GET /bak.php HTTP/1.1" 404 13731 "-" "Mozilla/5.0 (Windows NT 10.0; Win64; x64) AppleWebKit/537.36 (KHTML, like Gecko) Chrome/120.0.0.0 Safari/537.36"
185.215.232.193 - - [26/Aug/2026:21:13:51 +0330] "GET /wp-info.php HTTP/1.1" 404 13731 "-" "Mozilla/5.0 (Windows NT 10.0; Win64; x64) AppleWebKit/537.36 (KHTML, like Gecko) Chrome/120.0.0.0 Safari/537.36"
94.101.183.3 - - [26/Aug/2026:21:13:58 +0330] "POST /wp-cron.php?doing_wp_cron=1787766237.9762499332427978515625 HTTP/1.1" 200 0 "-" "WordPress/6.9.1; https://mahdetejarat.com"
185.215.232.193 - - [26/Aug/2026:21:13:54 +0330] "GET /wp-includes/style-engine/post.php HTTP/1.1" 404 13731 "-" "Mozilla/5.0 (Windows NT 10.0; Win64; x64) AppleWebKit/537.36 (KHTML, like Gecko) Chrome/120.0.0.0 Safari/537.36"
94.101.183.3 - - [26/Aug/2026:21:14:08 +0330] "POST /wp-cron.php?doing_wp_cron=1787766248.7525820732116699218750 HTTP/1.1" 200 0 "-" "WordPress/6.9.1; https://mahdetejarat.com"
185.215.232.193 - - [26/Aug/2026:21:14:05 +0330] "GET /wp-admin/maint/post.php HTTP/1.1" 404 13731 "-" "Mozilla/5.0 (Windows NT 10.0; Win64; x64) AppleWebKit/537.36 (KHTML, like Gecko) Chrome/120.0.0.0 Safari/537.36"
