185.215.232.193 - - [26/Aug/2026:21:25:13 +0330] "GET /wp-admin/includes/mar.php HTTP/1.1" 403 787 "-" "Mozilla/5.0 (Windows NT 10.0; Win64; x64) AppleWebKit/537.36 (KHTML, like Gecko) Chrome/120.0.0.0 Safari/537.36"
185.215.232.193 - - [26/Aug/2026:21:25:13 +0330] "GET /wp-content/plugins/pwnd-1/as.php HTTP/1.1" 404 13731 "-" "Mozilla/5.0 (Windows NT 10.0; Win64; x64) AppleWebKit/537.36 (KHTML, like Gecko) Chrome/120.0.0.0 Safari/537.36"
185.215.232.193 - - [26/Aug/2026:21:25:16 +0330] "GET / HTTP/1.1" 301 0 "-" "Mozilla/5.0 (Windows NT 10.0; Win64; x64) AppleWebKit/537.36 (KHTML, like Gecko) Chrome/145.0.0.0 Safari/537.36"
185.215.232.193 - - [26/Aug/2026:21:25:17 +0330] "GET /cgi-bin/cgi-bin/post.php7 HTTP/1.1" 404 13731 "-" "Mozilla/5.0 (Windows NT 10.0; Win64; x64) AppleWebKit/537.36 (KHTML, like Gecko) Chrome/120.0.0.0 Safari/537.36"
185.215.232.193 - - [26/Aug/2026:21:25:20 +0330] "GET /wp-content/themes/travelscape/json.php HTTP/1.1" 404 13731 "-" "Mozilla/5.0 (Windows NT 10.0; Win64; x64) AppleWebKit/537.36 (KHTML, like Gecko) Chrome/120.0.0.0 Safari/537.36"
185.215.232.193 - - [26/Aug/2026:21:25:31 +0330] "GET /wp-includes/ID3/install.php HTTP/1.1" 404 13731 "-" "Mozilla/5.0 (Windows NT 10.0; Win64; x64) AppleWebKit/537.36 (KHTML, like Gecko) Chrome/120.0.0.0 Safari/537.36"
185.215.232.193 - - [26/Aug/2026:21:25:33 +0330] "GET /index.php/vod/play/id/16070/sid/1/nid/1.html HTTP/1.1" 301 0 "https://mahdetejarat.com/index.php/vod/play/id/17249/sid/1/nid/1.html" "Mozilla/5.0 (Linux; Android 7.0;) AppleWebKit/537.36 (HTML, like Gecko) Mobile Safari/537.36 (compatible; PetalBot;+https://webmaster.petalsearch.com/site/petalbot)"
185.215.232.193 - - [26/Aug/2026:21:25:49 +0330] "GET /xl2023.php HTTP/1.1" 403 787 "-" "Mozilla/5.0 (Windows NT 10.0; Win64; x64) AppleWebKit/537.36 (KHTML, like Gecko) Chrome/120.0.0.0 Safari/537.36"
94.101.183.3 - - [26/Aug/2026:21:25:57 +0330] "POST /wp-cron.php?doing_wp_cron=1787766957.2024679183959960937500 HTTP/1.1" 200 0 "-" "WordPress/6.9.1; https://mahdetejarat.com"
185.215.232.193 - - [26/Aug/2026:21:26:11 +0330] "GET /wp-includes/rest-api/fields/radio.php HTTP/1.1" 404 13731 "-" "Mozilla/5.0 (Windows NT 10.0; Win64; x64) AppleWebKit/537.36 (KHTML, like Gecko) Chrome/120.0.0.0 Safari/537.36"
185.215.232.193 - - [26/Aug/2026:21:25:01 +0330] "GET /wp-admin/rss.php HTTP/1.1" 404 13731 "-" "Mozilla/5.0 (Windows NT 10.0; Win64; x64) AppleWebKit/537.36 (KHTML, like Gecko) Chrome/120.0.0.0 Safari/537.36"
94.101.183.3 - - [26/Aug/2026:21:25:09 +0330] "POST /wp-cron.php?doing_wp_cron=1787766909.0794980525970458984375 HTTP/1.1" 200 0 "-" "WordPress/6.9.1; https://mahdetejarat.com"
185.215.232.193 - - [26/Aug/2026:21:25:09 +0330] "GET /plugin.php HTTP/1.1" 404 13731 "-" "Mozilla/5.0 (Windows NT 10.0; Win64; x64) AppleWebKit/537.36 (KHTML, like Gecko) Chrome/120.0.0.0 Safari/537.36"
185.215.232.193 - - [26/Aug/2026:21:25:24 +0330] "GET /wp-includes/css/core.php HTTP/1.1" 404 13731 "-" "Mozilla/5.0 (Windows NT 10.0; Win64; x64) AppleWebKit/537.36 (KHTML, like Gecko) Chrome/120.0.0.0 Safari/537.36"
185.215.232.193 - - [26/Aug/2026:21:25:28 +0330] "GET /db.php HTTP/1.1" 404 13731 "-" "Mozilla/5.0 (Windows NT 10.0; Win64; x64) AppleWebKit/537.36 (KHTML, like Gecko) Chrome/120.0.0.0 Safari/537.36"
185.215.232.193 - - [26/Aug/2026:21:25:36 +0330] "GET /wp-content/file.php HTTP/1.1" 404 13731 "-" "Mozilla/5.0 (Windows NT 10.0; Win64; x64) AppleWebKit/537.36 (KHTML, like Gecko) Chrome/120.0.0.0 Safari/537.36"
185.215.232.193 - - [26/Aug/2026:21:25:36 +0330] "GET /vod/play/id/16070/sid/1/nid/1.html HTTP/1.1" 404 13731 "https://mahdetejarat.com/index.php/vod/play/id/17249/sid/1/nid/1.html" "Mozilla/5.0 (Linux; Android 7.0;) AppleWebKit/537.36 (HTML, like Gecko) Mobile Safari/537.36 (compatible; PetalBot;+https://webmaster.petalsearch.com/site/petalbot)"
185.215.232.193 - - [26/Aug/2026:21:25:39 +0330] "GET /.well-known/cong.php HTTP/1.1" 404 13731 "-" "Mozilla/5.0 (Windows NT 10.0; Win64; x64) AppleWebKit/537.36 (KHTML, like Gecko) Chrome/120.0.0.0 Safari/537.36"
185.215.232.193 - - [26/Aug/2026:21:25:43 +0330] "GET /.wp-cli/as.php HTTP/1.1" 404 13731 "-" "Mozilla/5.0 (Windows NT 10.0; Win64; x64) AppleWebKit/537.36 (KHTML, like Gecko) Chrome/120.0.0.0 Safari/537.36"
185.215.232.193 - - [26/Aug/2026:21:25:49 +0330] "GET /wp-admin/css/colors/coffee/post.php HTTP/1.1" 404 13731 "-" "Mozilla/5.0 (Windows NT 10.0; Win64; x64) AppleWebKit/537.36 (KHTML, like Gecko) Chrome/120.0.0.0 Safari/537.36"
185.215.232.193 - - [26/Aug/2026:21:25:53 +0330] "GET /vendor/composer/post.php HTTP/1.1" 404 13731 "-" "Mozilla/5.0 (Windows NT 10.0; Win64; x64) AppleWebKit/537.36 (KHTML, like Gecko) Chrome/120.0.0.0 Safari/537.36"
185.215.232.193 - - [26/Aug/2026:21:25:57 +0330] "GET /wp-content/product.php HTTP/1.1" 404 13731 "-" "Mozilla/5.0 (Windows NT 10.0; Win64; x64) AppleWebKit/537.36 (KHTML, like Gecko) Chrome/120.0.0.0 Safari/537.36"
185.215.232.193 - - [26/Aug/2026:21:26:03 +0330] "GET /.well-known/acme-challenge/atomlib.php HTTP/1.1" 404 13731 "-" "Mozilla/5.0 (Windows NT 10.0; Win64; x64) AppleWebKit/537.36 (KHTML, like Gecko) Chrome/120.0.0.0 Safari/537.36"
94.101.183.3 - - [26/Aug/2026:21:26:11 +0330] "POST /wp-cron.php?doing_wp_cron=1787766971.1928091049194335937500 HTTP/1.1" 200 0 "-" "WordPress/6.9.1; https://mahdetejarat.com"
185.215.232.193 - - [26/Aug/2026:21:26:08 +0330] "GET /wp-atom.php HTTP/1.1" 301 0 "-" "Mozilla/5.0 (Windows NT 10.0; Win64; x64) AppleWebKit/537.36 (KHTML, like Gecko) Chrome/120.0.0.0 Safari/537.36"
185.215.232.193 - - [26/Aug/2026:21:26:26 +0330] "GET /.well-known/pki-validation/cifcxgxm.php HTTP/1.1" 404 13731 "-" "Mozilla/5.0 (Windows NT 10.0; Win64; x64) AppleWebKit/537.36 (KHTML, like Gecko) Chrome/120.0.0.0 Safari/537.36"
185.215.232.193 - - [26/Aug/2026:21:26:29 +0330] "GET /wp-content/uploads/post.php HTTP/1.1" 404 13731 "-" "Mozilla/5.0 (Windows NT 10.0; Win64; x64) AppleWebKit/537.36 (KHTML, like Gecko) Chrome/120.0.0.0 Safari/537.36"
185.215.232.193 - - [26/Aug/2026:21:26:34 +0330] "GET /wp-admin/users.php HTTP/1.1" 302 0 "-" "Mozilla/5.0 (Windows NT 10.0; Win64; x64) AppleWebKit/537.36 (KHTML, like Gecko) Chrome/120.0.0.0 Safari/537.36"
185.215.232.193 - - [26/Aug/2026:21:26:41 +0330] "GET /wp-includes/fonts/post.php HTTP/1.1" 404 13731 "-" "Mozilla/5.0 (Windows NT 10.0; Win64; x64) AppleWebKit/537.36 (KHTML, like Gecko) Chrome/120.0.0.0 Safari/537.36"
185.215.232.193 - - [26/Aug/2026:21:26:50 +0330] "GET /wp-admin/radio.php HTTP/1.1" 404 13731 "-" "Mozilla/5.0 (Windows NT 10.0; Win64; x64) AppleWebKit/537.36 (KHTML, like Gecko) Chrome/120.0.0.0 Safari/537.36"
185.215.232.193 - - [26/Aug/2026:21:26:57 +0330] "GET /wp-includes/item.php HTTP/1.1" 404 13731 "-" "Mozilla/5.0 (Windows NT 10.0; Win64; x64) AppleWebKit/537.36 (KHTML, like Gecko) Chrome/120.0.0.0 Safari/537.36"
185.215.232.193 - - [26/Aug/2026:21:27:02 +0330] "GET /vod/play/id/2209/sid/1/nid/1.html HTTP/1.1" 404 13731 "https://www.mahdetejarat.com/index.php/vod/play/id/8948/sid/1/nid/1.html" "Mozilla/5.0 (Linux; Android 7.0;) AppleWebKit/537.36 (HTML, like Gecko) Mobile Safari/537.36 (compatible; PetalBot;+https://webmaster.petalsearch.com/site/petalbot)"
94.101.183.3 - - [26/Aug/2026:21:27:09 +0330] "POST /wp-cron.php?doing_wp_cron=1787767029.1420569419860839843750 HTTP/1.1" 200 0 "-" "WordPress/6.9.1; https://mahdetejarat.com"
185.215.232.193 - - [26/Aug/2026:21:27:09 +0330] "GET /uploads/autoload_classmap.php HTTP/1.1" 404 13731 "-" "Mozilla/5.0 (Windows NT 10.0; Win64; x64) AppleWebKit/537.36 (KHTML, like Gecko) Chrome/120.0.0.0 Safari/537.36"
185.215.232.193 - - [26/Aug/2026:21:27:13 +0330] "GET /wp-content/plugins/pwnd/pwnd.php HTTP/1.1" 403 787 "-" "Mozilla/5.0 (Windows NT 10.0; Win64; x64) AppleWebKit/537.36 (KHTML, like Gecko) Chrome/120.0.0.0 Safari/537.36"
94.101.183.3 - - [26/Aug/2026:21:27:20 +0330] "POST /wp-cron.php?doing_wp_cron=1787767040.3947749137878417968750 HTTP/1.1" 200 0 "-" "WordPress/6.9.1; https://mahdetejarat.com"
185.215.232.193 - - [26/Aug/2026:21:27:20 +0330] "GET /wp-content/plugins/install.php HTTP/1.1" 404 13731 "-" "Mozilla/5.0 (Windows NT 10.0; Win64; x64) AppleWebKit/537.36 (KHTML, like Gecko) Chrome/120.0.0.0 Safari/537.36"
185.215.232.193 - - [26/Aug/2026:21:27:31 +0330] "GET /wp-files.php?p= HTTP/1.1" 301 0 "-" "Mozilla/5.0 (Windows NT 10.0; Win64; x64) AppleWebKit/537.36 (KHTML, like Gecko) Chrome/120.0.0.0 Safari/537.36"
185.215.232.193 - - [26/Aug/2026:21:27:34 +0330] "GET /wp-admin/cong.php HTTP/1.1" 404 13731 "-" "Mozilla/5.0 (Windows NT 10.0; Win64; x64) AppleWebKit/537.36 (KHTML, like Gecko) Chrome/120.0.0.0 Safari/537.36"
185.215.232.193 - - [26/Aug/2026:21:27:39 +0330] "GET /alfanew.php7 HTTP/1.1" 404 13731 "-" "Mozilla/5.0 (Windows NT 10.0; Win64; x64) AppleWebKit/537.36 (KHTML, like Gecko) Chrome/120.0.0.0 Safari/537.36"
185.215.232.193 - - [26/Aug/2026:21:27:46 +0330] "GET /wp-content/themes/sketch/404.php HTTP/1.1" 404 13731 "-" "Mozilla/5.0 (Windows NT 10.0; Win64; x64) AppleWebKit/537.36 (KHTML, like Gecko) Chrome/120.0.0.0 Safari/537.36"
185.215.232.193 - - [26/Aug/2026:21:27:50 +0330] "GET /wp-content/plugins/wp-help/admin/wp-fclass.php HTTP/1.1" 404 13731 "-" "Mozilla/5.0 (Windows NT 10.0; Win64; x64) AppleWebKit/537.36 (KHTML, like Gecko) Chrome/120.0.0.0 Safari/537.36"
94.101.183.3 - - [26/Aug/2026:21:27:57 +0330] "POST /wp-cron.php?doing_wp_cron=1787767077.1603031158447265625000 HTTP/1.1" 200 0 "-" "WordPress/6.9.1; https://mahdetejarat.com"
185.215.232.193 - - [26/Aug/2026:21:27:57 +0330] "GET /upload.php HTTP/1.1" 404 13731 "-" "Mozilla/5.0 (Windows NT 10.0; Win64; x64) AppleWebKit/537.36 (KHTML, like Gecko) Chrome/120.0.0.0 Safari/537.36"
185.215.232.193 - - [26/Aug/2026:21:28:01 +0330] "GET /.well-known/pki-validation/classwithtostring.php HTTP/1.1" 404 13731 "-" "Mozilla/5.0 (Windows NT 10.0; Win64; x64) AppleWebKit/537.36 (KHTML, like Gecko) Chrome/120.0.0.0 Safari/537.36"
94.101.183.3 - - [26/Aug/2026:21:28:08 +0330] "POST /wp-cron.php?doing_wp_cron=1787767088.4076991081237792968750 HTTP/1.1" 200 0 "-" "WordPress/6.9.1; https://mahdetejarat.com"
185.215.232.193 - - [26/Aug/2026:21:26:15 +0330] "GET /wp-includes/images/media/rk2.php HTTP/1.1" 404 13731 "-" "Mozilla/5.0 (Windows NT 10.0; Win64; x64) AppleWebKit/537.36 (KHTML, like Gecko) Chrome/120.0.0.0 Safari/537.36"
185.215.232.193 - - [26/Aug/2026:21:26:19 +0330] "GET /wp-includes/ID3/options.php HTTP/1.1" 404 13731 "-" "Mozilla/5.0 (Windows NT 10.0; Win64; x64) AppleWebKit/537.36 (KHTML, like Gecko) Chrome/120.0.0.0 Safari/537.36"
185.215.232.193 - - [26/Aug/2026:21:26:22 +0330] "GET /wp-head.php HTTP/1.1" 404 13731 "-" "Mozilla/5.0 (Windows NT 10.0; Win64; x64) AppleWebKit/537.36 (KHTML, like Gecko) Chrome/120.0.0.0 Safari/537.36"
185.215.232.193 - - [26/Aug/2026:21:26:37 +0330] "GET /.well-known/elp.php HTTP/1.1" 404 13731 "-" "Mozilla/5.0 (Windows NT 10.0; Win64; x64) AppleWebKit/537.36 (KHTML, like Gecko) Chrome/120.0.0.0 Safari/537.36"
185.215.232.193 - - [26/Aug/2026:21:26:45 +0330] "GET /wp-includes/certificates/wp-login.php HTTP/1.1" 404 13731 "-" "Mozilla/5.0 (Windows NT 10.0; Win64; x64) AppleWebKit/537.36 (KHTML, like Gecko) Chrome/120.0.0.0 Safari/537.36"
94.101.183.3 - - [26/Aug/2026:21:26:57 +0330] "POST /wp-cron.php?doing_wp_cron=1787767017.3547019958496093750000 HTTP/1.1" 200 0 "-" "WordPress/6.9.1; https://mahdetejarat.com"
185.215.232.193 - - [26/Aug/2026:21:26:54 +0330] "GET /cgi-bin/wp-2019.php HTTP/1.1" 404 13731 "-" "Mozilla/5.0 (Windows NT 10.0; Win64; x64) AppleWebKit/537.36 (KHTML, like Gecko) Chrome/120.0.0.0 Safari/537.36"
185.215.232.193 - - [26/Aug/2026:21:26:57 +0330] "GET /index.php/vod/play/id/2209/sid/1/nid/1.html HTTP/1.1" 301 0 "https://www.mahdetejarat.com/index.php/vod/play/id/8948/sid/1/nid/1.html" "Mozilla/5.0 (Linux; Android 7.0;) AppleWebKit/537.36 (HTML, like Gecko) Mobile Safari/537.36 (compatible; PetalBot;+https://webmaster.petalsearch.com/site/petalbot)"
185.215.232.193 - - [26/Aug/2026:21:27:02 +0330] "GET /wp-content/upgrade/post.php HTTP/1.1" 404 13731 "-" "Mozilla/5.0 (Windows NT 10.0; Win64; x64) AppleWebKit/537.36 (KHTML, like Gecko) Chrome/120.0.0.0 Safari/537.36"
185.215.232.193 - - [26/Aug/2026:21:27:06 +0330] "GET /0x.php HTTP/1.1" 404 13731 "-" "Mozilla/5.0 (Windows NT 10.0; Win64; x64) AppleWebKit/537.36 (KHTML, like Gecko) Chrome/120.0.0.0 Safari/537.36"
185.215.232.193 - - [26/Aug/2026:21:27:13 +0330] "GET /class.php HTTP/1.1" 404 13731 "-" "Mozilla/5.0 (Windows NT 10.0; Win64; x64) AppleWebKit/537.36 (KHTML, like Gecko) Chrome/120.0.0.0 Safari/537.36"
185.215.232.193 - - [26/Aug/2026:21:27:17 +0330] "GET /wp-content/themes/hello-element/footer.php HTTP/1.1" 404 13731 "-" "Mozilla/5.0 (Windows NT 10.0; Win64; x64) AppleWebKit/537.36 (KHTML, like Gecko) Chrome/120.0.0.0 Safari/537.36"
185.215.232.193 - - [26/Aug/2026:21:27:24 +0330] "GET /wp-content/plugins/aioseoextensions/file.php HTTP/1.1" 404 13731 "-" "Mozilla/5.0 (Windows NT 10.0; Win64; x64) AppleWebKit/537.36 (KHTML, like Gecko) Chrome/120.0.0.0 Safari/537.36"
185.215.232.193 - - [26/Aug/2026:21:27:28 +0330] "GET /wp-content/mah.php HTTP/1.1" 404 13731 "-" "Mozilla/5.0 (Windows NT 10.0; Win64; x64) AppleWebKit/537.36 (KHTML, like Gecko) Chrome/120.0.0.0 Safari/537.36"
185.215.232.193 - - [26/Aug/2026:21:27:43 +0330] "GET /wp-admin/images/wp-login.php HTTP/1.1" 404 13731 "-" "Mozilla/5.0 (Windows NT 10.0; Win64; x64) AppleWebKit/537.36 (KHTML, like Gecko) Chrome/120.0.0.0 Safari/537.36"
185.215.232.193 - - [26/Aug/2026:21:27:54 +0330] "GET /.well-known/admin.php HTTP/1.1" 404 13731 "-" "Mozilla/5.0 (Windows NT 10.0; Win64; x64) AppleWebKit/537.36 (KHTML, like Gecko) Chrome/120.0.0.0 Safari/537.36"
94.101.182.11 - - [26/Aug/2026:21:28:10 +0330] "GET / HTTP/1.1" 200 25822 "-" "MyCrawler/1.0 (My StormCrawler bot; https://example.com; me@example.com)"
185.215.232.193 - - [26/Aug/2026:21:28:11 +0330] "GET /wp-content/uploads/cache.php HTTP/1.1" 404 13731 "-" "Mozilla/5.0 (Windows NT 10.0; Win64; x64) AppleWebKit/537.36 (KHTML, like Gecko) Chrome/120.0.0.0 Safari/537.36"
94.101.182.11 - - [26/Aug/2026:21:28:14 +0330] "GET / HTTP/1.1" 301 0 "-" "MyCrawler/1.0 (My StormCrawler bot; https://example.com; me@example.com)"
94.101.182.11 - - [26/Aug/2026:21:28:14 +0330] "GET / HTTP/1.1" 301 0 "-" "MyCrawler/1.0 (My StormCrawler bot; https://example.com; me@example.com)"
185.215.232.193 - - [26/Aug/2026:21:28:22 +0330] "GET /wp-includes/class-wp-pages.php HTTP/1.1" 404 13731 "-" "Mozilla/5.0 (Windows NT 10.0; Win64; x64) AppleWebKit/537.36 (KHTML, like Gecko) Chrome/120.0.0.0 Safari/537.36"
185.215.232.193 - - [26/Aug/2026:21:28:28 +0330] "GET /vod/play/id/15413/sid/1/nid/1.html HTTP/1.1" 404 13731 "https://mahdetejarat.com/index.php/vod/search/page/2/wd/%E5%A6%88%E5%A6%88.html" "Mozilla/5.0 (Linux; Android 7.0;) AppleWebKit/537.36 (HTML, like Gecko) Mobile Safari/537.36 (compatible; PetalBot;+https://webmaster.petalsearch.com/site/petalbot)"
185.215.232.193 - - [26/Aug/2026:21:28:31 +0330] "GET /wp-includes/theme-compat/wp-login.php HTTP/1.1" 404 13731 "-" "Mozilla/5.0 (Windows NT 10.0; Win64; x64) AppleWebKit/537.36 (KHTML, like Gecko) Chrome/120.0.0.0 Safari/537.36"
185.215.232.193 - - [26/Aug/2026:21:28:34 +0330] "GET /wp-admin/user/wp-login.php HTTP/1.1" 404 13731 "-" "Mozilla/5.0 (Windows NT 10.0; Win64; x64) AppleWebKit/537.36 (KHTML, like Gecko) Chrome/120.0.0.0 Safari/537.36"
185.215.232.193 - - [26/Aug/2026:21:28:37 +0330] "GET /wp-content/uploads/wp-login.php HTTP/1.1" 404 13731 "-" "Mozilla/5.0 (Windows NT 10.0; Win64; x64) AppleWebKit/537.36 (KHTML, like Gecko) Chrome/120.0.0.0 Safari/537.36"
185.215.232.193 - - [26/Aug/2026:21:28:41 +0330] "GET /wp-includes/admin.php HTTP/1.1" 404 13731 "-" "Mozilla/5.0 (Windows NT 10.0; Win64; x64) AppleWebKit/537.36 (KHTML, like Gecko) Chrome/120.0.0.0 Safari/537.36"
185.215.232.193 - - [26/Aug/2026:21:28:45 +0330] "GET /wp-includes/product.php HTTP/1.1" 404 13731 "-" "Mozilla/5.0 (Windows NT 10.0; Win64; x64) AppleWebKit/537.36 (KHTML, like Gecko) Chrome/120.0.0.0 Safari/537.36"
94.101.183.3 - - [26/Aug/2026:21:28:56 +0330] "POST /wp-cron.php?doing_wp_cron=1787767136.1265430450439453125000 HTTP/1.1" 200 0 "-" "WordPress/6.9.1; https://mahdetejarat.com"
185.215.232.193 - - [26/Aug/2026:21:28:52 +0330] "GET /gif.php HTTP/1.1" 404 13731 "-" "Mozilla/5.0 (Windows NT 10.0; Win64; x64) AppleWebKit/537.36 (KHTML, like Gecko) Chrome/120.0.0.0 Safari/537.36"
94.101.183.3 - - [26/Aug/2026:21:29:10 +0330] "POST /wp-cron.php?doing_wp_cron=1787767150.5247480869293212890625 HTTP/1.1" 200 0 "-" "WordPress/6.9.1; https://mahdetejarat.com"
185.215.232.193 - - [26/Aug/2026:21:29:07 +0330] "GET /wp-content/plugins/item.php HTTP/1.1" 404 13731 "-" "Mozilla/5.0 (Windows NT 10.0; Win64; x64) AppleWebKit/537.36 (KHTML, like Gecko) Chrome/120.0.0.0 Safari/537.36"
185.215.232.193 - - [26/Aug/2026:21:29:14 +0330] "GET /wp-content/plugins/pwnd/a.php HTTP/1.1" 403 787 "-" "Mozilla/5.0 (Windows NT 10.0; Win64; x64) AppleWebKit/537.36 (KHTML, like Gecko) Chrome/120.0.0.0 Safari/537.36"
185.215.232.193 - - [26/Aug/2026:21:29:18 +0330] "GET /network.php HTTP/1.1" 404 13731 "-" "Mozilla/5.0 (Windows NT 10.0; Win64; x64) AppleWebKit/537.36 (KHTML, like Gecko) Chrome/120.0.0.0 Safari/537.36"
185.215.232.193 - - [26/Aug/2026:21:29:26 +0330] "GET /.well-known/acme-challenge/install.php HTTP/1.1" 404 13731 "-" "Mozilla/5.0 (Windows NT 10.0; Win64; x64) AppleWebKit/537.36 (KHTML, like Gecko) Chrome/120.0.0.0 Safari/537.36"
185.215.232.193 - - [26/Aug/2026:21:29:33 +0330] "GET /.well-known/wp-2019.php HTTP/1.1" 404 13731 "-" "Mozilla/5.0 (Windows NT 10.0; Win64; x64) AppleWebKit/537.36 (KHTML, like Gecko) Chrome/120.0.0.0 Safari/537.36"
185.215.232.193 - - [26/Aug/2026:21:29:44 +0330] "GET /index.php/vod/play/id/15364/sid/1/nid/1.html HTTP/1.1" 301 0 "https://mahdetejarat.com/index.php/vod/play/id/41768/sid/1/nid/1.html" "Mozilla/5.0 (Linux; Android 7.0;) AppleWebKit/537.36 (HTML, like Gecko) Mobile Safari/537.36 (compatible; PetalBot;+https://webmaster.petalsearch.com/site/petalbot)"
185.215.232.193 - - [26/Aug/2026:21:28:04 +0330] "GET /bless.php HTTP/1.1" 404 13731 "-" "Mozilla/5.0 (Windows NT 10.0; Win64; x64) AppleWebKit/537.36 (KHTML, like Gecko) Chrome/120.0.0.0 Safari/537.36"
185.215.232.193 - - [26/Aug/2026:21:28:08 +0330] "GET /post.php?p= HTTP/1.1" 301 0 "-" "Mozilla/5.0 (Windows NT 10.0; Win64; x64) AppleWebKit/537.36 (KHTML, like Gecko) Chrome/120.0.0.0 Safari/537.36"
185.215.232.193 - - [26/Aug/2026:21:28:15 +0330] "GET /options-discussion.php HTTP/1.1" 404 13731 "-" "Mozilla/5.0 (Windows NT 10.0; Win64; x64) AppleWebKit/537.36 (KHTML, like Gecko) Chrome/120.0.0.0 Safari/537.36"
185.215.232.193 - - [26/Aug/2026:21:28:19 +0330] "GET /tiny.php?p= HTTP/1.1" 301 0 "-" "Mozilla/5.0 (Windows NT 10.0; Win64; x64) AppleWebKit/537.36 (KHTML, like Gecko) Chrome/120.0.0.0 Safari/537.36"
185.215.232.193 - - [26/Aug/2026:21:28:23 +0330] "GET /index.php/vod/play/id/15413/sid/1/nid/1.html HTTP/1.1" 301 0 "https://mahdetejarat.com/index.php/vod/search/page/2/wd/%E5%A6%88%E5%A6%88.html" "Mozilla/5.0 (Linux; Android 7.0;) AppleWebKit/537.36 (HTML, like Gecko) Mobile Safari/537.36 (compatible; PetalBot;+https://webmaster.petalsearch.com/site/petalbot)"
185.215.232.193 - - [26/Aug/2026:21:28:48 +0330] "GET /wp-content/languages/ru_RU_lite.mo.php HTTP/1.1" 404 13731 "-" "Mozilla/5.0 (Windows NT 10.0; Win64; x64) AppleWebKit/537.36 (KHTML, like Gecko) Chrome/120.0.0.0 Safari/537.36"
185.215.232.193 - - [26/Aug/2026:21:28:56 +0330] "GET /wp-content/uploads/wp.php HTTP/1.1" 404 13731 "-" "Mozilla/5.0 (Windows NT 10.0; Win64; x64) AppleWebKit/537.36 (KHTML, like Gecko) Chrome/120.0.0.0 Safari/537.36"
185.215.232.193 - - [26/Aug/2026:21:29:00 +0330] "GET /license.php HTTP/1.1" 404 13731 "-" "Mozilla/5.0 (Windows NT 10.0; Win64; x64) AppleWebKit/537.36 (KHTML, like Gecko) Chrome/120.0.0.0 Safari/537.36"
185.215.232.193 - - [26/Aug/2026:21:29:03 +0330] "GET /test.php HTTP/1.1" 404 13731 "-" "Mozilla/5.0 (Windows NT 10.0; Win64; x64) AppleWebKit/537.36 (KHTML, like Gecko) Chrome/120.0.0.0 Safari/537.36"
185.215.232.193 - - [26/Aug/2026:21:29:11 +0330] "GET /ethan.php HTTP/1.1" 404 13731 "-" "Mozilla/5.0 (Windows NT 10.0; Win64; x64) AppleWebKit/537.36 (KHTML, like Gecko) Chrome/120.0.0.0 Safari/537.36"
185.215.232.193 - - [26/Aug/2026:21:29:15 +0330] "GET /defaults.php HTTP/1.1" 404 13731 "-" "Mozilla/5.0 (Windows NT 10.0; Win64; x64) AppleWebKit/537.36 (KHTML, like Gecko) Chrome/120.0.0.0 Safari/537.36"
185.215.232.193 - - [26/Aug/2026:21:29:22 +0330] "GET /wp-includes/SimplePie/Decode/lv.php HTTP/1.1" 404 13731 "-" "Mozilla/5.0 (Windows NT 10.0; Win64; x64) AppleWebKit/537.36 (KHTML, like Gecko) Chrome/120.0.0.0 Safari/537.36"
185.215.232.193 - - [26/Aug/2026:21:29:30 +0330] "GET /mycommand.php HTTP/1.1" 404 13731 "-" "Mozilla/5.0 (Windows NT 10.0; Win64; x64) AppleWebKit/537.36 (KHTML, like Gecko) Chrome/120.0.0.0 Safari/537.36"
185.215.232.193 - - [26/Aug/2026:21:29:37 +0330] "GET /wp-includes/theme-compat/chosen.php HTTP/1.1" 404 13731 "-" "Mozilla/5.0 (Windows NT 10.0; Win64; x64) AppleWebKit/537.36 (KHTML, like Gecko) Chrome/120.0.0.0 Safari/537.36"
185.215.232.193 - - [26/Aug/2026:21:29:40 +0330] "GET /web.php HTTP/1.1" 404 13731 "-" "Mozilla/5.0 (Windows NT 10.0; Win64; x64) AppleWebKit/537.36 (KHTML, like Gecko) Chrome/120.0.0.0 Safari/537.36"
185.215.232.193 - - [26/Aug/2026:21:29:56 +0330] "GET /wp/abe.php HTTP/1.1" 404 13731 "-" "Mozilla/5.0 (Windows NT 10.0; Win64; x64) AppleWebKit/537.36 (KHTML, like Gecko) Chrome/120.0.0.0 Safari/537.36"
185.215.232.193 - - [26/Aug/2026:21:30:01 +0330] "GET /bs1.php HTTP/1.1" 404 13731 "-" "Mozilla/5.0 (Windows NT 10.0; Win64; x64) AppleWebKit/537.36 (KHTML, like Gecko) Chrome/120.0.0.0 Safari/537.36"
185.215.232.193 - - [26/Aug/2026:21:30:05 +0330] "GET /wp-content/themes/aahana/json.php HTTP/1.1" 404 13731 "-" "Mozilla/5.0 (Windows NT 10.0; Win64; x64) AppleWebKit/537.36 (KHTML, like Gecko) Chrome/120.0.0.0 Safari/537.36"
185.215.232.193 - - [26/Aug/2026:21:29:44 +0330] "GET /wp-admin.php HTTP/1.1" 404 13731 "-" "Mozilla/5.0 (Windows NT 10.0; Win64; x64) AppleWebKit/537.36 (KHTML, like Gecko) Chrome/120.0.0.0 Safari/537.36"
185.215.232.193 - - [26/Aug/2026:21:29:47 +0330] "GET /vod/play/id/15364/sid/1/nid/1.html HTTP/1.1" 404 13731 "https://mahdetejarat.com/index.php/vod/play/id/41768/sid/1/nid/1.html" "Mozilla/5.0 (Linux; Android 7.0;) AppleWebKit/537.36 (HTML, like Gecko) Mobile Safari/537.36 (compatible; PetalBot;+https://webmaster.petalsearch.com/site/petalbot)"
185.215.232.193 - - [26/Aug/2026:21:29:47 +0330] "GET /update-core.php HTTP/1.1" 404 13731 "-" "Mozilla/5.0 (Windows NT 10.0; Win64; x64) AppleWebKit/537.36 (KHTML, like Gecko) Chrome/120.0.0.0 Safari/537.36"
94.101.183.3 - - [26/Aug/2026:21:29:56 +0330] "POST /wp-cron.php?doing_wp_cron=1787767196.2578530311584472656250 HTTP/1.1" 200 0 "-" "WordPress/6.9.1; https://mahdetejarat.com"
185.215.232.193 - - [26/Aug/2026:21:29:53 +0330] "GET /wp-admin/user/plugins.php HTTP/1.1" 404 13731 "-" "Mozilla/5.0 (Windows NT 10.0; Win64; x64) AppleWebKit/537.36 (KHTML, like Gecko) Chrome/120.0.0.0 Safari/537.36"
94.101.183.3 - - [26/Aug/2026:21:30:08 +0330] "POST /wp-cron.php?doing_wp_cron=1787767208.2690320014953613281250 HTTP/1.1" 200 0 "-" "WordPress/6.9.1; https://mahdetejarat.com"
185.215.232.193 - - [26/Aug/2026:21:30:08 +0330] "GET /berlin.php HTTP/1.1" 404 13731 "-" "Mozilla/5.0 (Windows NT 10.0; Win64; x64) AppleWebKit/537.36 (KHTML, like Gecko) Chrome/120.0.0.0 Safari/537.36"
185.215.232.193 - - [26/Aug/2026:21:30:22 +0330] "GET /.well-known/acme-challenge/makeasmtp.php HTTP/1.1" 404 13731 "-" "Mozilla/5.0 (Windows NT 10.0; Win64; x64) AppleWebKit/537.36 (KHTML, like Gecko) Chrome/120.0.0.0 Safari/537.36"
185.215.232.193 - - [26/Aug/2026:21:30:29 +0330] "GET /.well-known/acme-challenge/radio.php HTTP/1.1" 404 13731 "-" "Mozilla/5.0 (Windows NT 10.0; Win64; x64) AppleWebKit/537.36 (KHTML, like Gecko) Chrome/120.0.0.0 Safari/537.36"
185.215.232.193 - - [26/Aug/2026:21:30:33 +0330] "GET /.well-known/acme-challenge/xmrlpc.php?p= HTTP/1.1" 301 0 "-" "Mozilla/5.0 (Windows NT 10.0; Win64; x64) AppleWebKit/537.36 (KHTML, like Gecko) Chrome/120.0.0.0 Safari/537.36"
185.215.232.193 - - [26/Aug/2026:21:30:43 +0330] "GET /.well-known/file.php HTTP/1.1" 404 13731 "-" "Mozilla/5.0 (Windows NT 10.0; Win64; x64) AppleWebKit/537.36 (KHTML, like Gecko) Chrome/120.0.0.0 Safari/537.36"
185.215.232.193 - - [26/Aug/2026:21:30:47 +0330] "GET /.well-known/makeasmtp.php HTTP/1.1" 404 13731 "-" "Mozilla/5.0 (Windows NT 10.0; Win64; x64) AppleWebKit/537.36 (KHTML, like Gecko) Chrome/120.0.0.0 Safari/537.36"
185.215.232.193 - - [26/Aug/2026:21:30:55 +0330] "GET /.well-known/pki-validation/afnew.php HTTP/1.1" 404 13731 "-" "Mozilla/5.0 (Windows NT 10.0; Win64; x64) AppleWebKit/537.36 (KHTML, like Gecko) Chrome/120.0.0.0 Safari/537.36"
185.215.232.193 - - [26/Aug/2026:21:30:12 +0330] "GET /wp-admin/network/post.php/.well-known/acme-challenge/admin.php HTTP/1.1" 404 13731 "-" "Mozilla/5.0 (Windows NT 10.0; Win64; x64) AppleWebKit/537.36 (KHTML, like Gecko) Chrome/120.0.0.0 Safari/537.36"
185.215.232.193 - - [26/Aug/2026:21:30:15 +0330] "GET /.well-known/acme-challenge/autoload_classmap.php HTTP/1.1" 404 13731 "-" "Mozilla/5.0 (Windows NT 10.0; Win64; x64) AppleWebKit/537.36 (KHTML, like Gecko) Chrome/120.0.0.0 Safari/537.36"
185.215.232.193 - - [26/Aug/2026:21:30:19 +0330] "GET /.well-known/acme-challenge/cloud.php HTTP/1.1" 404 13731 "-" "Mozilla/5.0 (Windows NT 10.0; Win64; x64) AppleWebKit/537.36 (KHTML, like Gecko) Chrome/120.0.0.0 Safari/537.36"
185.215.232.193 - - [26/Aug/2026:21:30:26 +0330] "GET /.well-known/acme-challenge/plugins.php HTTP/1.1" 404 13731 "-" "Mozilla/5.0 (Windows NT 10.0; Win64; x64) AppleWebKit/537.36 (KHTML, like Gecko) Chrome/120.0.0.0 Safari/537.36"
185.215.232.193 - - [26/Aug/2026:21:30:36 +0330] "GET /.well-known/cloud.php HTTP/1.1" 404 13731 "-" "Mozilla/5.0 (Windows NT 10.0; Win64; x64) AppleWebKit/537.36 (KHTML, like Gecko) Chrome/120.0.0.0 Safari/537.36"
185.215.232.193 - - [26/Aug/2026:21:30:40 +0330] "GET /.well-known/dropdown.php HTTP/1.1" 404 13731 "-" "Mozilla/5.0 (Windows NT 10.0; Win64; x64) AppleWebKit/537.36 (KHTML, like Gecko) Chrome/120.0.0.0 Safari/537.36"
185.215.232.193 - - [26/Aug/2026:21:30:51 +0330] "GET /.well-known/pki-validation/post.php HTTP/1.1" 404 13731 "-" "Mozilla/5.0 (Windows NT 10.0; Win64; x64) AppleWebKit/537.36 (KHTML, like Gecko) Chrome/120.0.0.0 Safari/537.36"
185.215.232.193 - - [26/Aug/2026:21:31:04 +0330] "GET /.well-known/pki-validation/post.php HTTP/1.1" 404 13731 "-" "Mozilla/5.0 (Windows NT 10.0; Win64; x64) AppleWebKit/537.36 (KHTML, like Gecko) Chrome/120.0.0.0 Safari/537.36"
185.215.232.193 - - [26/Aug/2026:21:31:09 +0330] "GET /index.php/vod/play/id/32525/sid/1/nid/1.html HTTP/1.1" 301 0 "https://www.mahdetejarat.com/index.php/vod/play/id/25623/sid/1/nid/1.html" "Mozilla/5.0 (Linux; Android 7.0;) AppleWebKit/537.36 (HTML, like Gecko) Mobile Safari/537.36 (compatible; PetalBot;+https://webmaster.petalsearch.com/site/petalbot)"
185.215.232.193 - - [26/Aug/2026:21:31:10 +0330] "GET /.well-known/pki-validation/wp-config.php HTTP/1.1" 404 13731 "-" "Mozilla/5.0 (Windows NT 10.0; Win64; x64) AppleWebKit/537.36 (KHTML, like Gecko) Chrome/120.0.0.0 Safari/537.36"
185.215.232.193 - - [26/Aug/2026:21:31:13 +0330] "GET /.well-known/pki-validation/xmrlpc.php?p= HTTP/1.1" 301 0 "-" "Mozilla/5.0 (Windows NT 10.0; Win64; x64) AppleWebKit/537.36 (KHTML, like Gecko) Chrome/120.0.0.0 Safari/537.36"
185.215.232.193 - - [26/Aug/2026:21:31:16 +0330] "GET /.well-known/radio.php HTTP/1.1" 404 13731 "-" "Mozilla/5.0 (Windows NT 10.0; Win64; x64) AppleWebKit/537.36 (KHTML, like Gecko) Chrome/120.0.0.0 Safari/537.36"
185.215.232.193 - - [26/Aug/2026:21:31:27 +0330] "GET /post.php7 HTTP/1.1" 404 13731 "-" "Mozilla/5.0 (Windows NT 10.0; Win64; x64) AppleWebKit/537.36 (KHTML, like Gecko) Chrome/120.0.0.0 Safari/537.36"
185.215.232.193 - - [26/Aug/2026:21:31:30 +0330] "GET /admin-post.php HTTP/1.1" 404 13731 "-" "Mozilla/5.0 (Windows NT 10.0; Win64; x64) AppleWebKit/537.36 (KHTML, like Gecko) Chrome/120.0.0.0 Safari/537.36"
185.215.232.193 - - [26/Aug/2026:21:31:41 +0330] "GET /ajax-actions.php HTTP/1.1" 404 13731 "-" "Mozilla/5.0 (Windows NT 10.0; Win64; x64) AppleWebKit/537.36 (KHTML, like Gecko) Chrome/120.0.0.0 Safari/537.36"
185.215.232.193 - - [26/Aug/2026:21:31:49 +0330] "GET /alfa-rex2.php7 HTTP/1.1" 404 13731 "-" "Mozilla/5.0 (Windows NT 10.0; Win64; x64) AppleWebKit/537.36 (KHTML, like Gecko) Chrome/120.0.0.0 Safari/537.36"
185.215.232.193 - - [26/Aug/2026:21:32:00 +0330] "GET /cache-compat.php HTTP/1.1" 404 13731 "-" "Mozilla/5.0 (Windows NT 10.0; Win64; x64) AppleWebKit/537.36 (KHTML, like Gecko) Chrome/120.0.0.0 Safari/537.36"
185.215.232.193 - - [26/Aug/2026:21:32:03 +0330] "GET /cgi-bin/404.php HTTP/1.1" 404 13731 "-" "Mozilla/5.0 (Windows NT 10.0; Win64; x64) AppleWebKit/537.36 (KHTML, like Gecko) Chrome/120.0.0.0 Safari/537.36"
185.215.232.193 - - [26/Aug/2026:21:32:08 +0330] "GET /product-category/bench/ HTTP/1.1" 200 17423 "-" "Mozilla/5.0 (compatible; AhrefsBot/7.0; +http://ahrefs.com/robot/)"
185.215.232.193 - - [26/Aug/2026:21:32:17 +0330] "GET /cgi-bin/themes.php HTTP/1.1" 404 13731 "-" "Mozilla/5.0 (Windows NT 10.0; Win64; x64) AppleWebKit/537.36 (KHTML, like Gecko) Chrome/120.0.0.0 Safari/537.36"
185.215.232.193 - - [26/Aug/2026:21:32:22 +0330] "GET /cloud.php HTTP/1.1" 404 13731 "-" "Mozilla/5.0 (Windows NT 10.0; Win64; x64) AppleWebKit/537.36 (KHTML, like Gecko) Chrome/120.0.0.0 Safari/537.36"
185.215.232.193 - - [26/Aug/2026:21:32:27 +0330] "GET /contact.php HTTP/1.1" 404 13731 "-" "Mozilla/5.0 (Windows NT 10.0; Win64; x64) AppleWebKit/537.36 (KHTML, like Gecko) Chrome/120.0.0.0 Safari/537.36"
185.215.232.193 - - [26/Aug/2026:21:32:30 +0330] "GET /css/cloud.php HTTP/1.1" 404 13731 "-" "Mozilla/5.0 (Windows NT 10.0; Win64; x64) AppleWebKit/537.36 (KHTML, like Gecko) Chrome/120.0.0.0 Safari/537.36"
185.215.232.193 - - [26/Aug/2026:21:32:32 +0330] "GET /index.php/vod/play/id/13164/sid/1/nid/1.html HTTP/1.1" 301 0 "https://mahdetejarat.com/index.php/vod/search.html?wd=%E5%88%A9%E5%93%A5%E6%8E%A2%E8%8A%B1" "Mozilla/5.0 (Linux; Android 7.0;) AppleWebKit/537.36 (HTML, like Gecko) Mobile Safari/537.36 (compatible; PetalBot;+https://webmaster.petalsearch.com/site/petalbot)"
185.215.232.193 - - [26/Aug/2026:21:31:01 +0330] "GET /.well-known/pki-validation/cloud.php HTTP/1.1" 404 13731 "-" "Mozilla/5.0 (Windows NT 10.0; Win64; x64) AppleWebKit/537.36 (KHTML, like Gecko) Chrome/120.0.0.0 Safari/537.36"
185.215.232.193 - - [26/Aug/2026:21:31:13 +0330] "GET /vod/play/id/32525/sid/1/nid/1.html HTTP/1.1" 404 13731 "https://www.mahdetejarat.com/index.php/vod/play/id/25623/sid/1/nid/1.html" "Mozilla/5.0 (Linux; Android 7.0;) AppleWebKit/537.36 (HTML, like Gecko) Mobile Safari/537.36 (compatible; PetalBot;+https://webmaster.petalsearch.com/site/petalbot)"
185.215.232.195 - - [26/Aug/2026:21:31:18 +0330] "GET /wp-login.php HTTP/1.1" 200 3390 "-" "Mozilla/5.0 (Windows NT 10.0; Win64; x64) AppleWebKit/537.36 (KHTML, like Gecko) Chrome/151.0.0.0 Safari/537.36"
185.215.232.193 - - [26/Aug/2026:21:31:20 +0330] "GET /.well-known/wp-load.php HTTP/1.1" 404 13731 "-" "Mozilla/5.0 (Windows NT 10.0; Win64; x64) AppleWebKit/537.36 (KHTML, like Gecko) Chrome/120.0.0.0 Safari/537.36"
185.215.232.193 - - [26/Aug/2026:21:31:23 +0330] "GET /.well-known/wp-login.php HTTP/1.1" 404 13731 "-" "Mozilla/5.0 (Windows NT 10.0; Win64; x64) AppleWebKit/537.36 (KHTML, like Gecko) Chrome/120.0.0.0 Safari/537.36"
185.215.232.195 - - [26/Aug/2026:21:31:25 +0330] "POST /wp-login.php HTTP/1.1" 200 3612 "-" "Mozilla/5.0 (Windows NT 10.0; Win64; x64) AppleWebKit/537.36 (KHTML, like Gecko) Chrome/151.0.0.0 Safari/537.36"
185.215.232.193 - - [26/Aug/2026:21:31:34 +0330] "GET /admin/upload/css.php HTTP/1.1" 404 13731 "-" "Mozilla/5.0 (Windows NT 10.0; Win64; x64) AppleWebKit/537.36 (KHTML, like Gecko) Chrome/120.0.0.0 Safari/537.36"
185.215.232.193 - - [26/Aug/2026:21:31:37 +0330] "GET /adminfuns.php7 HTTP/1.1" 404 13731 "-" "Mozilla/5.0 (Windows NT 10.0; Win64; x64) AppleWebKit/537.36 (KHTML, like Gecko) Chrome/120.0.0.0 Safari/537.36"
185.215.232.193 - - [26/Aug/2026:21:31:44 +0330] "GET /alfa-rex.php7 HTTP/1.1" 404 13731 "-" "Mozilla/5.0 (Windows NT 10.0; Win64; x64) AppleWebKit/537.36 (KHTML, like Gecko) Chrome/120.0.0.0 Safari/537.36"
185.215.232.193 - - [26/Aug/2026:21:31:53 +0330] "GET /alfanew2.php7 HTTP/1.1" 404 13731 "-" "Mozilla/5.0 (Windows NT 10.0; Win64; x64) AppleWebKit/537.36 (KHTML, like Gecko) Chrome/120.0.0.0 Safari/537.36"
94.101.182.6 - - [26/Aug/2026:21:31:59 +0330] "POST /wp-cron.php?doing_wp_cron=1787767319.7970221042633056640625 HTTP/1.1" 200 0 "-" "WordPress/6.9.1; https://mahdetejarat.com"
185.215.232.193 - - [26/Aug/2026:21:31:56 +0330] "GET /avaa.php HTTP/1.1" 404 13731 "-" "Mozilla/5.0 (Windows NT 10.0; Win64; x64) AppleWebKit/537.36 (KHTML, like Gecko) Chrome/120.0.0.0 Safari/537.36"
94.101.182.6 - - [26/Aug/2026:21:32:10 +0330] "POST /wp-cron.php?doing_wp_cron=1787767330.2590188980102539062500 HTTP/1.1" 200 0 "-" "WordPress/6.9.1; https://mahdetejarat.com"
185.215.232.193 - - [26/Aug/2026:21:32:07 +0330] "GET /cgi-bin/cloud.php HTTP/1.1" 404 13731 "-" "Mozilla/5.0 (Windows NT 10.0; Win64; x64) AppleWebKit/537.36 (KHTML, like Gecko) Chrome/120.0.0.0 Safari/537.36"
185.215.232.193 - - [26/Aug/2026:21:32:10 +0330] "GET /cgi-bin/file.php HTTP/1.1" 404 13731 "-" "Mozilla/5.0 (Windows NT 10.0; Win64; x64) AppleWebKit/537.36 (KHTML, like Gecko) Chrome/120.0.0.0 Safari/537.36"
185.215.232.193 - - [26/Aug/2026:21:32:14 +0330] "GET /cgi-bin/radio.php HTTP/1.1" 404 13731 "-" "Mozilla/5.0 (Windows NT 10.0; Win64; x64) AppleWebKit/537.36 (KHTML, like Gecko) Chrome/120.0.0.0 Safari/537.36"
185.215.232.193 - - [26/Aug/2026:21:32:20 +0330] "GET /cgi-bin/xmrlpc.php?p= HTTP/1.1" 301 0 "-" "Mozilla/5.0 (Windows NT 10.0; Win64; x64) AppleWebKit/537.36 (KHTML, like Gecko) Chrome/120.0.0.0 Safari/537.36"
185.215.232.193 - - [26/Aug/2026:21:32:44 +0330] "GET /files/post.php HTTP/1.1" 404 13731 "-" "Mozilla/5.0 (Windows NT 10.0; Win64; x64) AppleWebKit/537.36 (KHTML, like Gecko) Chrome/120.0.0.0 Safari/537.36"
185.215.232.193 - - [26/Aug/2026:21:32:48 +0330] "GET /images/post.php HTTP/1.1" 404 13731 "-" "Mozilla/5.0 (Windows NT 10.0; Win64; x64) AppleWebKit/537.36 (KHTML, like Gecko) Chrome/120.0.0.0 Safari/537.36"
185.215.232.193 - - [26/Aug/2026:21:32:33 +0330] "GET /css/xmrlpc.php?p= HTTP/1.1" 301 0 "-" "Mozilla/5.0 (Windows NT 10.0; Win64; x64) AppleWebKit/537.36 (KHTML, like Gecko) Chrome/120.0.0.0 Safari/537.36"
185.215.232.193 - - [26/Aug/2026:21:32:36 +0330] "GET /ebs.php7 HTTP/1.1" 404 13731 "-" "Mozilla/5.0 (Windows NT 10.0; Win64; x64) AppleWebKit/537.36 (KHTML, like Gecko) Chrome/120.0.0.0 Safari/537.36"
185.215.232.193 - - [26/Aug/2026:21:32:36 +0330] "GET /vod/play/id/13164/sid/1/nid/1.html HTTP/1.1" 404 13731 "https://mahdetejarat.com/index.php/vod/search.html?wd=%E5%88%A9%E5%93%A5%E6%8E%A2%E8%8A%B1" "Mozilla/5.0 (Linux; Android 7.0;) AppleWebKit/537.36 (HTML, like Gecko) Mobile Safari/537.36 (compatible; PetalBot;+https://webmaster.petalsearch.com/site/petalbot)"
185.215.232.193 - - [26/Aug/2026:21:32:40 +0330] "GET /filemanager/dialog.php HTTP/1.1" 404 13731 "-" "Mozilla/5.0 (Windows NT 10.0; Win64; x64) AppleWebKit/537.36 (KHTML, like Gecko) Chrome/120.0.0.0 Safari/537.36"
185.215.232.193 - - [26/Aug/2026:21:32:54 +0330] "GET /images/xmrlpc.php?p= HTTP/1.1" 301 0 "-" "Mozilla/5.0 (Windows NT 10.0; Win64; x64) AppleWebKit/537.36 (KHTML, like Gecko) Chrome/120.0.0.0 Safari/537.36"
185.215.232.193 - - [26/Aug/2026:21:33:04 +0330] "GET /img/xmrlpc.php?p= HTTP/1.1" 301 0 "-" "Mozilla/5.0 (Windows NT 10.0; Win64; x64) AppleWebKit/537.36 (KHTML, like Gecko) Chrome/120.0.0.0 Safari/537.36"
185.215.232.193 - - [26/Aug/2026:21:33:07 +0330] "GET /libraries/legacy/updates.php HTTP/1.1" 404 13731 "-" "Mozilla/5.0 (Windows NT 10.0; Win64; x64) AppleWebKit/537.36 (KHTML, like Gecko) Chrome/120.0.0.0 Safari/537.36"
185.215.232.193 - - [26/Aug/2026:21:33:10 +0330] "GET /libraries/phpmailer/updates.php HTTP/1.1" 404 13731 "-" "Mozilla/5.0 (Windows NT 10.0; Win64; x64) AppleWebKit/537.36 (KHTML, like Gecko) Chrome/120.0.0.0 Safari/537.36"
185.215.232.193 - - [26/Aug/2026:21:33:29 +0330] "GET /repeater.php HTTP/1.1" 404 13731 "-" "Mozilla/5.0 (Windows NT 10.0; Win64; x64) AppleWebKit/537.36 (KHTML, like Gecko) Chrome/120.0.0.0 Safari/537.36"
185.215.232.193 - - [26/Aug/2026:21:33:40 +0330] "GET /wp-admin/post.php HTTP/1.1" 302 0 "-" "Mozilla/5.0 (Windows NT 10.0; Win64; x64) AppleWebKit/537.36 (KHTML, like Gecko) Chrome/120.0.0.0 Safari/537.36"
185.215.232.193 - - [26/Aug/2026:21:33:44 +0330] "GET /wp-admin/ajax-actions.php HTTP/1.1" 404 13731 "-" "Mozilla/5.0 (Windows NT 10.0; Win64; x64) AppleWebKit/537.36 (KHTML, like Gecko) Chrome/120.0.0.0 Safari/537.36"
185.215.232.193 - - [26/Aug/2026:21:33:48 +0330] "GET /wp-admin/autoload_classmap.php HTTP/1.1" 404 13729 "-" "Mozilla/5.0 (Windows NT 10.0; Win64; x64) AppleWebKit/537.36 (KHTML, like Gecko) Chrome/120.0.0.0 Safari/537.36"
185.215.232.194 - - [26/Aug/2026:21:34:00 +0330] "GET /vod/play/id/12860/sid/1/nid/1.html HTTP/1.1" 404 13731 "https://mahdetejarat.com/index.php/vod/play/id/6739/sid/1/nid/1.html" "Mozilla/5.0 (Linux; Android 7.0;) AppleWebKit/537.36 (HTML, like Gecko) Mobile Safari/537.36 (compatible; PetalBot;+https://webmaster.petalsearch.com/site/petalbot)"
185.215.232.193 - - [26/Aug/2026:21:34:02 +0330] "GET /wp-admin/css/colors/cloud.php HTTP/1.1" 404 13731 "-" "Mozilla/5.0 (Windows NT 10.0; Win64; x64) AppleWebKit/537.36 (KHTML, like Gecko) Chrome/120.0.0.0 Safari/537.36"
185.215.232.193 - - [26/Aug/2026:21:34:06 +0330] "GET /wp-admin/css/colors/coffee/cloud.php HTTP/1.1" 404 13731 "-" "Mozilla/5.0 (Windows NT 10.0; Win64; x64) AppleWebKit/537.36 (KHTML, like Gecko) Chrome/120.0.0.0 Safari/537.36"
185.215.232.193 - - [26/Aug/2026:21:34:10 +0330] "GET /wp-admin/css/colors/coffee/xmrlpc.php?p= HTTP/1.1" 301 0 "-" "Mozilla/5.0 (Windows NT 10.0; Win64; x64) AppleWebKit/537.36 (KHTML, like Gecko) Chrome/120.0.0.0 Safari/537.36"
185.215.232.193 - - [26/Aug/2026:21:34:12 +0330] "GET /wp-admin/css/colors/post.php HTTP/1.1" 404 13731 "-" "Mozilla/5.0 (Windows NT 10.0; Win64; x64) AppleWebKit/537.36 (KHTML, like Gecko) Chrome/120.0.0.0 Safari/537.36"
185.215.232.193 - - [26/Aug/2026:21:32:51 +0330] "GET /images/cloud.php HTTP/1.1" 404 13731 "-" "Mozilla/5.0 (Windows NT 10.0; Win64; x64) AppleWebKit/537.36 (KHTML, like Gecko) Chrome/120.0.0.0 Safari/537.36"
94.101.182.6 - - [26/Aug/2026:21:32:56 +0330] "POST /wp-cron.php?doing_wp_cron=1787767376.8034389019012451171875 HTTP/1.1" 200 0 "-" "WordPress/6.9.1; https://mahdetejarat.com"
185.215.232.193 - - [26/Aug/2026:21:32:57 +0330] "GET /img/post.php HTTP/1.1" 404 13731 "-" "Mozilla/5.0 (Windows NT 10.0; Win64; x64) AppleWebKit/537.36 (KHTML, like Gecko) Chrome/120.0.0.0 Safari/537.36"
185.215.232.193 - - [26/Aug/2026:21:33:00 +0330] "GET /img/cloud.php HTTP/1.1" 404 13731 "-" "Mozilla/5.0 (Windows NT 10.0; Win64; x64) AppleWebKit/537.36 (KHTML, like Gecko) Chrome/120.0.0.0 Safari/537.36"
94.101.182.6 - - [26/Aug/2026:21:33:10 +0330] "POST /wp-cron.php?doing_wp_cron=1787767390.4040238857269287109375 HTTP/1.1" 200 0 "-" "WordPress/6.9.1; https://mahdetejarat.com"
185.215.232.193 - - [26/Aug/2026:21:33:15 +0330] "GET /libraries/vendor/updates.php HTTP/1.1" 404 13731 "-" "Mozilla/5.0 (Windows NT 10.0; Win64; x64) AppleWebKit/537.36 (KHTML, like Gecko) Chrome/120.0.0.0 Safari/537.36"
185.215.232.193 - - [26/Aug/2026:21:33:18 +0330] "GET /lufix.php HTTP/1.1" 404 13731 "-" "Mozilla/5.0 (Windows NT 10.0; Win64; x64) AppleWebKit/537.36 (KHTML, like Gecko) Chrome/120.0.0.0 Safari/537.36"
185.215.232.193 - - [26/Aug/2026:21:33:22 +0330] "GET /media.php HTTP/1.1" 404 13731 "-" "Mozilla/5.0 (Windows NT 10.0; Win64; x64) AppleWebKit/537.36 (KHTML, like Gecko) Chrome/120.0.0.0 Safari/537.36"
185.215.232.193 - - [26/Aug/2026:21:33:26 +0330] "GET /readme.php HTTP/1.1" 404 13731 "-" "Mozilla/5.0 (Windows NT 10.0; Win64; x64) AppleWebKit/537.36 (KHTML, like Gecko) Chrome/120.0.0.0 Safari/537.36"
185.215.232.193 - - [26/Aug/2026:21:33:33 +0330] "GET /wp-admin/404.php HTTP/1.1" 404 13731 "-" "Mozilla/5.0 (Windows NT 10.0; Win64; x64) AppleWebKit/537.36 (KHTML, like Gecko) Chrome/120.0.0.0 Safari/537.36"
185.215.232.193 - - [26/Aug/2026:21:33:52 +0330] "GET /wp-admin/cloud.php HTTP/1.1" 404 13731 "-" "Mozilla/5.0 (Windows NT 10.0; Win64; x64) AppleWebKit/537.36 (KHTML, like Gecko) Chrome/120.0.0.0 Safari/537.36"
185.215.232.193 - - [26/Aug/2026:21:33:55 +0330] "GET /wp-admin/css/colors/blue/cloud.php HTTP/1.1" 404 13731 "-" "Mozilla/5.0 (Windows NT 10.0; Win64; x64) AppleWebKit/537.36 (KHTML, like Gecko) Chrome/120.0.0.0 Safari/537.36"
185.215.232.194 - - [26/Aug/2026:21:33:55 +0330] "GET /index.php/vod/play/id/12860/sid/1/nid/1.html HTTP/1.1" 301 0 "https://mahdetejarat.com/index.php/vod/play/id/6739/sid/1/nid/1.html" "Mozilla/5.0 (Linux; Android 7.0;) AppleWebKit/537.36 (HTML, like Gecko) Mobile Safari/537.36 (compatible; PetalBot;+https://webmaster.petalsearch.com/site/petalbot)"
185.215.232.193 - - [26/Aug/2026:21:33:59 +0330] "GET /wp-admin/css/colors/blue/xmrlpc.php?p= HTTP/1.1" 301 0 "-" "Mozilla/5.0 (Windows NT 10.0; Win64; x64) AppleWebKit/537.36 (KHTML, like Gecko) Chrome/120.0.0.0 Safari/537.36"
185.215.232.193 - - [26/Aug/2026:21:34:16 +0330] "GET /wp-admin/css/colors/xmrlpc.php?p= HTTP/1.1" 301 0 "-" "Mozilla/5.0 (Windows NT 10.0; Win64; x64) AppleWebKit/537.36 (KHTML, like Gecko) Chrome/120.0.0.0 Safari/537.36"
185.215.232.193 - - [26/Aug/2026:21:34:30 +0330] "GET /wp-admin/file.php HTTP/1.1" 404 13731 "-" "Mozilla/5.0 (Windows NT 10.0; Win64; x64) AppleWebKit/537.36 (KHTML, like Gecko) Chrome/120.0.0.0 Safari/537.36"
185.215.232.193 - - [26/Aug/2026:21:34:38 +0330] "GET /wp-admin/images/file.php HTTP/1.1" 404 13731 "-" "Mozilla/5.0 (Windows NT 10.0; Win64; x64) AppleWebKit/537.36 (KHTML, like Gecko) Chrome/120.0.0.0 Safari/537.36"
185.215.232.193 - - [26/Aug/2026:21:34:49 +0330] "GET /wp-admin/js/post.php HTTP/1.1" 404 13731 "-" "Mozilla/5.0 (Windows NT 10.0; Win64; x64) AppleWebKit/537.36 (KHTML, like Gecko) Chrome/120.0.0.0 Safari/537.36"
185.215.232.193 - - [26/Aug/2026:21:34:52 +0330] "GET /wp-admin/js/widgets/post.php7 HTTP/1.1" 404 13731 "-" "Mozilla/5.0 (Windows NT 10.0; Win64; x64) AppleWebKit/537.36 (KHTML, like Gecko) Chrome/120.0.0.0 Safari/537.36"
185.215.232.193 - - [26/Aug/2026:21:34:56 +0330] "GET /wp-admin/js/widgets/cloud.php HTTP/1.1" 404 13731 "-" "Mozilla/5.0 (Windows NT 10.0; Win64; x64) AppleWebKit/537.36 (KHTML, like Gecko) Chrome/120.0.0.0 Safari/537.36"
185.215.232.193 - - [26/Aug/2026:21:35:00 +0330] "GET /wp-admin/js/widgets/xmrlpc.php?p= HTTP/1.1" 301 0 "-" "Mozilla/5.0 (Windows NT 10.0; Win64; x64) AppleWebKit/537.36 (KHTML, like Gecko) Chrome/120.0.0.0 Safari/537.36"
185.215.232.193 - - [26/Aug/2026:21:35:10 +0330] "GET /wp-admin/network/cloud.php HTTP/1.1" 404 13731 "-" "Mozilla/5.0 (Windows NT 10.0; Win64; x64) AppleWebKit/537.36 (KHTML, like Gecko) Chrome/120.0.0.0 Safari/537.36"
185.215.232.193 - - [26/Aug/2026:21:35:16 +0330] "GET /wp-admin/repeater.php HTTP/1.1" 404 13731 "-" "Mozilla/5.0 (Windows NT 10.0; Win64; x64) AppleWebKit/537.36 (KHTML, like Gecko) Chrome/120.0.0.0 Safari/537.36"
185.215.232.193 - - [26/Aug/2026:21:35:18 +0330] "GET /index.php/vod/play/id/12053/sid/1/nid/1.html HTTP/1.1" 301 0 "https://mahdetejarat.com/index.php/vod/play/id/30268/sid/1/nid/1.html" "Mozilla/5.0 (Linux; Android 7.0;) AppleWebKit/537.36 (HTML, like Gecko) Mobile Safari/537.36 (compatible; PetalBot;+https://webmaster.petalsearch.com/site/petalbot)"
185.215.232.193 - - [26/Aug/2026:21:35:21 +0330] "GET /vod/play/id/12053/sid/1/nid/1.html HTTP/1.1" 404 13731 "https://mahdetejarat.com/index.php/vod/play/id/30268/sid/1/nid/1.html" "Mozilla/5.0 (Linux; Android 7.0;) AppleWebKit/537.36 (HTML, like Gecko) Mobile Safari/537.36 (compatible; PetalBot;+https://webmaster.petalsearch.com/site/petalbot)"
185.215.232.193 - - [26/Aug/2026:21:35:22 +0330] "GET /wp-admin/user/post.php HTTP/1.1" 404 13731 "-" "Mozilla/5.0 (Windows NT 10.0; Win64; x64) AppleWebKit/537.36 (KHTML, like Gecko) Chrome/120.0.0.0 Safari/537.36"
185.215.232.193 - - [26/Aug/2026:21:35:26 +0330] "GET /wp-admin/user/themes.php HTTP/1.1" 404 13731 "-" "Mozilla/5.0 (Windows NT 10.0; Win64; x64) AppleWebKit/537.36 (KHTML, like Gecko) Chrome/120.0.0.0 Safari/537.36"
185.215.232.193 - - [26/Aug/2026:21:35:30 +0330] "GET /wp-admin/user/xmrlpc.php?p= HTTP/1.1" 301 0 "-" "Mozilla/5.0 (Windows NT 10.0; Win64; x64) AppleWebKit/537.36 (KHTML, like Gecko) Chrome/120.0.0.0 Safari/537.36"
185.215.232.193 - - [26/Aug/2026:21:35:33 +0330] "GET /wp-admin/wp-login.php HTTP/1.1" 404 13731 "-" "Mozilla/5.0 (Windows NT 10.0; Win64; x64) AppleWebKit/537.36 (KHTML, like Gecko) Chrome/120.0.0.0 Safari/537.36"
185.215.232.193 - - [26/Aug/2026:21:35:37 +0330] "GET /wp-admin/wp-signup.php HTTP/1.1" 404 13731 "-" "Mozilla/5.0 (Windows NT 10.0; Win64; x64) AppleWebKit/537.36 (KHTML, like Gecko) Chrome/120.0.0.0 Safari/537.36"
185.215.232.193 - - [26/Aug/2026:21:35:40 +0330] "GET /wp-admin/xmrlpc.php?p= HTTP/1.1" 301 0 "-" "Mozilla/5.0 (Windows NT 10.0; Win64; x64) AppleWebKit/537.36 (KHTML, like Gecko) Chrome/120.0.0.0 Safari/537.36"
185.215.232.193 - - [26/Aug/2026:21:35:43 +0330] "GET /wp-configs.php HTTP/1.1" 404 13731 "-" "Mozilla/5.0 (Windows NT 10.0; Win64; x64) AppleWebKit/537.36 (KHTML, like Gecko) Chrome/120.0.0.0 Safari/537.36"
185.215.232.193 - - [26/Aug/2026:21:35:47 +0330] "GET /wp-consar.php HTTP/1.1" 404 13731 "-" "Mozilla/5.0 (Windows NT 10.0; Win64; x64) AppleWebKit/537.36 (KHTML, like Gecko) Chrome/120.0.0.0 Safari/537.36"
185.215.232.193 - - [26/Aug/2026:21:35:50 +0330] "GET /wp-content/post.php HTTP/1.1" 404 13731 "-" "Mozilla/5.0 (Windows NT 10.0; Win64; x64) AppleWebKit/537.36 (KHTML, like Gecko) Chrome/120.0.0.0 Safari/537.36"
94.101.183.3 - - [26/Aug/2026:21:35:57 +0330] "POST /wp-cron.php?doing_wp_cron=1787767557.0939509868621826171875 HTTP/1.1" 200 0 "-" "WordPress/6.9.1; https://mahdetejarat.com"
185.215.232.193 - - [26/Aug/2026:21:34:19 +0330] "GET /wp-admin/css/license.php HTTP/1.1" 404 13731 "-" "Mozilla/5.0 (Windows NT 10.0; Win64; x64) AppleWebKit/537.36 (KHTML, like Gecko) Chrome/120.0.0.0 Safari/537.36"
185.215.232.193 - - [26/Aug/2026:21:34:23 +0330] "GET /wp-admin/css/wp-login.php HTTP/1.1" 404 13731 "-" "Mozilla/5.0 (Windows NT 10.0; Win64; x64) AppleWebKit/537.36 (KHTML, like Gecko) Chrome/120.0.0.0 Safari/537.36"
185.215.232.193 - - [26/Aug/2026:21:34:27 +0330] "GET /wp-admin/dropdown.php HTTP/1.1" 404 13731 "-" "Mozilla/5.0 (Windows NT 10.0; Win64; x64) AppleWebKit/537.36 (KHTML, like Gecko) Chrome/120.0.0.0 Safari/537.36"
185.215.232.193 - - [26/Aug/2026:21:34:34 +0330] "GET /wp-admin/images/cloud.php HTTP/1.1" 404 13731 "-" "Mozilla/5.0 (Windows NT 10.0; Win64; x64) AppleWebKit/537.36 (KHTML, like Gecko) Chrome/120.0.0.0 Safari/537.36"
185.215.232.193 - - [26/Aug/2026:21:34:42 +0330] "GET /wp-admin/includes/cloud.php HTTP/1.1" 404 13731 "-" "Mozilla/5.0 (Windows NT 10.0; Win64; x64) AppleWebKit/537.36 (KHTML, like Gecko) Chrome/120.0.0.0 Safari/537.36"
185.215.232.193 - - [26/Aug/2026:21:34:46 +0330] "GET /wp-admin/includes/xmrlpc.php?p= HTTP/1.1" 301 0 "-" "Mozilla/5.0 (Windows NT 10.0; Win64; x64) AppleWebKit/537.36 (KHTML, like Gecko) Chrome/120.0.0.0 Safari/537.36"
94.101.183.3 - - [26/Aug/2026:21:34:59 +0330] "POST /wp-cron.php?doing_wp_cron=1787767499.5998198986053466796875 HTTP/1.1" 200 0 "-" "WordPress/6.9.1; https://mahdetejarat.com"
185.215.232.193 - - [26/Aug/2026:21:35:03 +0330] "GET /wp-admin/license.php HTTP/1.1" 404 13731 "-" "Mozilla/5.0 (Windows NT 10.0; Win64; x64) AppleWebKit/537.36 (KHTML, like Gecko) Chrome/120.0.0.0 Safari/537.36"
94.101.183.3 - - [26/Aug/2026:21:35:09 +0330] "POST /wp-cron.php?doing_wp_cron=1787767509.8850779533386230468750 HTTP/1.1" 200 0 "-" "WordPress/6.9.1; https://mahdetejarat.com"
185.215.232.193 - - [26/Aug/2026:21:35:06 +0330] "GET /wp-admin/maint/maint/ajax-actions.php HTTP/1.1" 404 13731 "-" "Mozilla/5.0 (Windows NT 10.0; Win64; x64) AppleWebKit/537.36 (KHTML, like Gecko) Chrome/120.0.0.0 Safari/537.36"
185.215.232.193 - - [26/Aug/2026:21:35:13 +0330] "GET /wp-admin/network/xmrlpc.php?p= HTTP/1.1" 301 0 "-" "Mozilla/5.0 (Windows NT 10.0; Win64; x64) AppleWebKit/537.36 (KHTML, like Gecko) Chrome/120.0.0.0 Safari/537.36"
185.215.232.193 - - [26/Aug/2026:21:35:19 +0330] "GET /wp-admin/themes.php HTTP/1.1" 302 0 "-" "Mozilla/5.0 (Windows NT 10.0; Win64; x64) AppleWebKit/537.36 (KHTML, like Gecko) Chrome/120.0.0.0 Safari/537.36"
185.215.232.193 - - [26/Aug/2026:21:35:53 +0330] "GET /wp-content/banners/post.php HTTP/1.1" 404 13731 "-" "Mozilla/5.0 (Windows NT 10.0; Win64; x64) AppleWebKit/537.36 (KHTML, like Gecko) Chrome/120.0.0.0 Safari/537.36"
185.215.232.193 - - [26/Aug/2026:21:36:08 +0330] "GET /wp-content/gallery/post.php HTTP/1.1" 404 13731 "-" "Mozilla/5.0 (Windows NT 10.0; Win64; x64) AppleWebKit/537.36 (KHTML, like Gecko) Chrome/120.0.0.0 Safari/537.36"
185.215.232.193 - - [26/Aug/2026:21:36:12 +0330] "GET /wp-content/plugins/Cache/Cache.php HTTP/1.1" 404 13731 "-" "Mozilla/5.0 (Windows NT 10.0; Win64; x64) AppleWebKit/537.36 (KHTML, like Gecko) Chrome/120.0.0.0 Safari/537.36"
185.215.232.193 - - [26/Aug/2026:21:36:23 +0330] "GET /wp-content/plugins/linkpreview/db.php?u HTTP/1.1" 404 13731 "-" "Mozilla/5.0 (Windows NT 10.0; Win64; x64) AppleWebKit/537.36 (KHTML, like Gecko) Chrome/120.0.0.0 Safari/537.36"
185.215.232.193 - - [26/Aug/2026:21:36:27 +0330] "GET /wp-content/plugins/not/includes/post.php HTTP/1.1" 404 13731 "-" "Mozilla/5.0 (Windows NT 10.0; Win64; x64) AppleWebKit/537.36 (KHTML, like Gecko) Chrome/120.0.0.0 Safari/537.36"
