185.215.232.193 - - [26/Aug/2026:17:29:31 +0330] "GET /view.php HTTP/1.1" 404 54959 "-" "-"
185.215.232.193 - - [26/Aug/2026:17:29:36 +0330] "GET /cache.php HTTP/1.1" 404 54959 "-" "-"
185.215.232.193 - - [26/Aug/2026:17:29:43 +0330] "GET //aws_auth.php HTTP/1.1" 301 0 "-" "-"
185.215.232.193 - - [26/Aug/2026:17:29:45 +0330] "GET /aws_auth.php HTTP/1.1" 404 54959 "-" "-"
185.215.232.193 - - [26/Aug/2026:17:29:49 +0330] "GET /de/o.php HTTP/1.1" 404 54959 "-" "-"
94.101.182.6 - - [26/Aug/2026:17:29:59 +0330] "POST /wp-cron.php?doing_wp_cron=1787752799.0069720745086669921875 HTTP/1.1" 200 0 "-" "WordPress/6.9.1; https://mahdetejarat.com"
185.215.232.193 - - [26/Aug/2026:17:30:02 +0330] "GET /samll.php HTTP/1.1" 404 54959 "-" "-"
94.101.182.6 - - [26/Aug/2026:17:30:09 +0330] "POST /wp-cron.php?doing_wp_cron=1787752809.8616690635681152343750 HTTP/1.1" 200 0 "-" "WordPress/6.9.1; https://mahdetejarat.com"
185.215.232.193 - - [26/Aug/2026:17:30:10 +0330] "GET /user.php HTTP/1.1" 404 54959 "-" "-"
185.215.232.193 - - [26/Aug/2026:17:30:14 +0330] "GET /blue.php HTTP/1.1" 404 54959 "-" "-"
185.215.232.193 - - [26/Aug/2026:17:30:18 +0330] "GET /haha.php HTTP/1.1" 404 54959 "-" "-"
185.215.232.193 - - [26/Aug/2026:17:30:35 +0330] "GET /wp-admin/css/index.php HTTP/1.1" 301 0 "-" "-"
185.215.232.193 - - [26/Aug/2026:17:30:38 +0330] "GET /wp-includes/Text/Diff/alfa-rex.php7 HTTP/1.1" 404 54959 "-" "-"
185.215.232.193 - - [26/Aug/2026:17:30:50 +0330] "GET /wp-admin/wp-conflg.php HTTP/1.1" 404 54959 "-" "-"
185.215.232.193 - - [26/Aug/2026:17:31:01 +0330] "GET /index.php/vod/play/id/37220/sid/1/nid/1.html HTTP/1.1" 301 0 "https://www.mahdetejarat.com/index.php/vod/play/id/29684/sid/1/nid/1.html" "Mozilla/5.0 (Linux; Android 7.0;) AppleWebKit/537.36 (HTML, like Gecko) Mobile Safari/537.36 (compatible; PetalBot;+https://webmaster.petalsearch.com/site/petalbot)"
185.215.232.193 - - [26/Aug/2026:17:31:02 +0330] "GET /gk.php HTTP/1.1" 404 54959 "-" "-"
94.101.183.3 - - [26/Aug/2026:17:31:08 +0330] "POST /wp-cron.php?doing_wp_cron=1787752868.6042869091033935546875 HTTP/1.1" 200 0 "-" "WordPress/6.9.1; https://mahdetejarat.com"
185.215.232.195 - - [26/Aug/2026:17:30:00 +0330] "GET / HTTP/1.1" 200 223167 "-" "Mozilla/5.0 (Windows NT 10.0; Win64; x64) AppleWebKit/537.36 (KHTML, like Gecko) Chrome/126.0 Safari/537.36"
185.215.232.193 - - [26/Aug/2026:17:29:59 +0330] "GET /wp-login.php?redirect_to=https%3A%2F%2Fmahdetejarat.com%2Fwp-admin%2Fnetwork%2Fplugins.php&reauth=1 HTTP/1.1" 200 11456 "-" "-"
185.215.232.193 - - [26/Aug/2026:17:30:06 +0330] "GET /wp-admin/css/colors/light/alfa-rex.php HTTP/1.1" 404 54959 "-" "-"
185.215.232.193 - - [26/Aug/2026:17:30:25 +0330] "GET /wp-admin/css/ HTTP/1.1" 200 29273 "-" "-"
185.215.232.193 - - [26/Aug/2026:17:30:26 +0330] "GET /wp-eix5uf.php HTTP/1.1" 404 54959 "-" "-"
185.215.232.193 - - [26/Aug/2026:17:30:38 +0330] "GET /wp-admin/css/ HTTP/1.1" 200 29273 "-" "-"
185.215.232.193 - - [26/Aug/2026:17:30:43 +0330] "GET /gdn.php HTTP/1.1" 404 54959 "-" "-"
94.101.182.6 - - [26/Aug/2026:17:30:57 +0330] "POST /wp-cron.php?doing_wp_cron=1787752857.3745911121368408203125 HTTP/1.1" 200 0 "-" "WordPress/6.9.1; https://mahdetejarat.com"
185.215.232.193 - - [26/Aug/2026:17:30:54 +0330] "GET /zolando.php HTTP/1.1" 404 54959 "-" "-"
185.215.232.193 - - [26/Aug/2026:17:30:57 +0330] "GET /wp-content/packed.php HTTP/1.1" 404 54959 "-" "-"
185.215.232.193 - - [26/Aug/2026:17:31:05 +0330] "GET /public/wp-blog.php HTTP/1.1" 404 54959 "-" "-"
185.215.232.193 - - [26/Aug/2026:17:31:09 +0330] "GET /file9.php HTTP/1.1" 404 54959 "-" "-"
185.215.232.193 - - [26/Aug/2026:17:31:12 +0330] "GET /csa.php HTTP/1.1" 404 54959 "-" "-"
185.215.232.193 - - [26/Aug/2026:17:31:16 +0330] "GET /dd.php HTTP/1.1" 404 54959 "-" "-"
185.215.232.193 - - [26/Aug/2026:17:31:25 +0330] "GET /xxx.php HTTP/1.1" 404 54959 "-" "-"
185.215.232.193 - - [26/Aug/2026:17:31:29 +0330] "GET /zwq13.php HTTP/1.1" 404 54959 "-" "-"
185.215.232.193 - - [26/Aug/2026:17:31:33 +0330] "GET /lock360.php HTTP/1.1" 404 54959 "-" "-"
185.215.232.193 - - [26/Aug/2026:17:31:47 +0330] "GET /admin.php/vaza.php HTTP/1.1" 404 54959 "-" "-"
185.215.232.193 - - [26/Aug/2026:17:31:50 +0330] "GET /sukce.php HTTP/1.1" 404 54959 "-" "-"
185.215.232.193 - - [26/Aug/2026:17:31:57 +0330] "GET /wp-includes/ HTTP/1.1" 200 78790 "-" "-"
185.215.232.193 - - [26/Aug/2026:17:32:01 +0330] "GET /jlex.php HTTP/1.1" 404 54959 "-" "-"
94.101.183.3 - - [26/Aug/2026:17:32:08 +0330] "POST /wp-cron.php?doing_wp_cron=1787752928.5735929012298583984375 HTTP/1.1" 200 0 "-" "WordPress/6.9.1; https://mahdetejarat.com"
185.215.232.193 - - [26/Aug/2026:17:32:16 +0330] "GET /.well-known/file.php HTTP/1.1" 404 54959 "-" "-"
185.215.232.193 - - [26/Aug/2026:17:32:35 +0330] "GET /wp-includes/ID3/about.php HTTP/1.1" 404 54959 "-" "-"
185.215.232.193 - - [26/Aug/2026:17:32:44 +0330] "GET /2x.php HTTP/1.1" 404 54959 "-" "-"
185.215.232.193 - - [26/Aug/2026:17:32:51 +0330] "GET //wp-includes/ID3/index.php HTTP/1.1" 301 0 "-" "-"
185.215.232.193 - - [26/Aug/2026:17:32:55 +0330] "GET /wp-includes/ID3/ HTTP/1.1" 200 7116 "-" "-"
94.101.183.3 - - [26/Aug/2026:17:32:59 +0330] "POST /wp-cron.php?doing_wp_cron=1787752979.1677889823913574218750 HTTP/1.1" 200 0 "-" "WordPress/6.9.1; https://mahdetejarat.com"
185.215.232.193 - - [26/Aug/2026:17:32:55 +0330] "GET /finny.php HTTP/1.1" 404 54959 "-" "-"
185.215.232.193 - - [26/Aug/2026:17:33:02 +0330] "GET /feed/ HTTP/1.1" 200 10485 "-" "-"
185.215.232.193 - - [26/Aug/2026:17:33:05 +0330] "GET /wp-includes/text.php HTTP/1.1" 404 54959 "-" "-"
185.215.232.193 - - [26/Aug/2026:17:33:22 +0330] "GET /jwrlvcp.php HTTP/1.1" 404 54959 "-" "-"
185.215.232.193 - - [26/Aug/2026:17:33:29 +0330] "GET /wp-includes/ID3/index.php HTTP/1.1" 301 0 "-" "-"
185.215.232.193 - - [26/Aug/2026:17:33:31 +0330] "GET /wp-includes/ID3/ HTTP/1.1" 200 7116 "-" "-"
185.215.232.193 - - [26/Aug/2026:17:33:32 +0330] "GET /tymi.php HTTP/1.1" 404 54959 "-" "-"
185.215.232.193 - - [26/Aug/2026:17:33:47 +0330] "GET /0xD.php HTTP/1.1" 404 54959 "-" "-"
185.215.232.193 - - [26/Aug/2026:17:34:01 +0330] "GET /wp-content/packed.php/mailer.php7 HTTP/1.1" 404 54959 "-" "-"
185.215.232.193 - - [26/Aug/2026:17:31:05 +0330] "GET /vod/play/id/37220/sid/1/nid/1.html HTTP/1.1" 404 13731 "https://www.mahdetejarat.com/index.php/vod/play/id/29684/sid/1/nid/1.html" "Mozilla/5.0 (Linux; Android 7.0;) AppleWebKit/537.36 (HTML, like Gecko) Mobile Safari/537.36 (compatible; PetalBot;+https://webmaster.petalsearch.com/site/petalbot)"
185.215.232.193 - - [26/Aug/2026:17:31:19 +0330] "GET /wolv.php HTTP/1.1" 404 54959 "-" "-"
185.215.232.193 - - [26/Aug/2026:17:31:23 +0330] "GET //xxx.php HTTP/1.1" 301 0 "-" "-"
185.215.232.193 - - [26/Aug/2026:17:31:36 +0330] "GET /click.php HTTP/1.1" 404 54959 "-" "-"
185.215.232.193 - - [26/Aug/2026:17:31:40 +0330] "GET /adm.php HTTP/1.1" 404 54959 "-" "-"
185.215.232.193 - - [26/Aug/2026:17:31:44 +0330] "GET /GA13.php HTTP/1.1" 404 54959 "-" "-"
94.101.183.3 - - [26/Aug/2026:17:31:57 +0330] "POST /wp-cron.php?doing_wp_cron=1787752917.1341960430145263671875 HTTP/1.1" 200 0 "-" "WordPress/6.9.1; https://mahdetejarat.com"
185.215.232.193 - - [26/Aug/2026:17:31:54 +0330] "GET /wp-includes/index.php HTTP/1.1" 301 0 "-" "-"
185.215.232.193 - - [26/Aug/2026:17:31:58 +0330] "GET /css/admin.php HTTP/1.1" 404 54959 "-" "-"
185.215.232.193 - - [26/Aug/2026:17:32:05 +0330] "GET /wp-content/themes/twentytwentyone/alfa-rex.php HTTP/1.1" 404 54959 "-" "-"
185.215.232.193 - - [26/Aug/2026:17:32:09 +0330] "GET /al.php HTTP/1.1" 404 54959 "-" "-"
185.215.232.193 - - [26/Aug/2026:17:32:12 +0330] "GET /elp.php HTTP/1.1" 404 54959 "-" "-"
185.215.232.193 - - [26/Aug/2026:17:32:20 +0330] "GET /info.php HTTP/1.1" 404 54959 "-" "-"
185.215.232.193 - - [26/Aug/2026:17:32:23 +0330] "GET /autoload_classmap/function.php HTTP/1.1" 404 54959 "-" "-"
185.215.232.193 - - [26/Aug/2026:17:32:27 +0330] "GET /index.php/vod/play/id/41852/sid/1/nid/1.html HTTP/1.1" 301 0 "https://mahdetejarat.com/index.php/vod/play/id/17011/sid/1/nid/1.html" "Mozilla/5.0 (Linux; Android 7.0;) AppleWebKit/537.36 (HTML, like Gecko) Mobile Safari/537.36 (compatible; PetalBot;+https://webmaster.petalsearch.com/site/petalbot)"
185.215.232.193 - - [26/Aug/2026:17:32:27 +0330] "GET /public/vx.php HTTP/1.1" 404 54959 "-" "-"
185.215.232.193 - - [26/Aug/2026:17:32:31 +0330] "GET /vod/play/id/41852/sid/1/nid/1.html HTTP/1.1" 404 13731 "https://mahdetejarat.com/index.php/vod/play/id/17011/sid/1/nid/1.html" "Mozilla/5.0 (Linux; Android 7.0;) AppleWebKit/537.36 (HTML, like Gecko) Mobile Safari/537.36 (compatible; PetalBot;+https://webmaster.petalsearch.com/site/petalbot)"
185.215.232.193 - - [26/Aug/2026:17:32:31 +0330] "GET /autoload_classmap.php/function.php HTTP/1.1" 404 54959 "-" "-"
185.215.232.193 - - [26/Aug/2026:17:32:40 +0330] "GET /sd.php HTTP/1.1" 404 54959 "-" "-"
185.215.232.193 - - [26/Aug/2026:17:32:48 +0330] "GET /wp-content/wsd.php HTTP/1.1" 404 54959 "-" "-"
185.215.232.193 - - [26/Aug/2026:17:32:59 +0330] "GET /wp-feed.php HTTP/1.1" 301 0 "-" "-"
185.215.232.193 - - [26/Aug/2026:17:33:11 +0330] "GET /zxin.php HTTP/1.1" 404 54959 "-" "-"
185.215.232.193 - - [26/Aug/2026:17:33:15 +0330] "GET /wp-mail.php/wp-includes/ID3/rnEPv9.php HTTP/1.1" 403 2581 "-" "-"
185.215.232.193 - - [26/Aug/2026:17:33:17 +0330] "GET /wp-admin/maint/wp-is.php HTTP/1.1" 404 54959 "-" "-"
185.215.232.193 - - [26/Aug/2026:17:33:25 +0330] "GET /rk2.php HTTP/1.1" 404 54959 "-" "-"
185.215.232.193 - - [26/Aug/2026:17:33:36 +0330] "GET /wp-conflg.php HTTP/1.1" 404 54959 "-" "-"
185.215.232.193 - - [26/Aug/2026:17:33:39 +0330] "GET /.well-known/edit.php HTTP/1.1" 404 54959 "-" "-"
185.215.232.193 - - [26/Aug/2026:17:33:43 +0330] "GET /ykewuql.php HTTP/1.1" 404 54959 "-" "-"
185.215.232.193 - - [26/Aug/2026:17:33:51 +0330] "GET /fekrut2.php HTTP/1.1" 404 54959 "-" "-"
185.215.232.193 - - [26/Aug/2026:17:33:55 +0330] "GET //asd67.php HTTP/1.1" 301 0 "-" "-"
185.215.232.193 - - [26/Aug/2026:17:33:57 +0330] "GET /asd67.php HTTP/1.1" 404 54959 "-" "-"
185.215.232.193 - - [26/Aug/2026:17:34:08 +0330] "GET /file18.php HTTP/1.1" 404 54959 "-" "-"
185.215.232.193 - - [26/Aug/2026:17:34:04 +0330] "GET /lo.php HTTP/1.1" 404 54959 "-" "-"
185.215.232.193 - - [26/Aug/2026:17:34:16 +0330] "GET /wp-admin/network/index.php HTTP/1.1" 302 0 "-" "-"
185.215.232.193 - - [26/Aug/2026:17:34:19 +0330] "GET /wp-login.php?redirect_to=https%3A%2F%2Fmahdetejarat.com%2Fwp-admin%2Fnetwork%2Findex.php&reauth=1 HTTP/1.1" 200 11452 "-" "-"
185.215.232.193 - - [26/Aug/2026:17:34:22 +0330] "GET /error1.php HTTP/1.1" 404 54959 "-" "-"
185.215.232.193 - - [26/Aug/2026:17:34:29 +0330] "GET /cgi-bin/cgi-bin/baxa1.phP8 HTTP/1.1" 404 54959 "-" "-"
185.215.232.193 - - [26/Aug/2026:17:34:37 +0330] "GET /222.php HTTP/1.1" 404 54959 "-" "-"
185.215.232.193 - - [26/Aug/2026:17:34:40 +0330] "GET /fr/ms.php HTTP/1.1" 404 54959 "-" "-"
185.215.232.193 - - [26/Aug/2026:17:34:58 +0330] "GET /wp-includes/class.php HTTP/1.1" 404 54959 "-" "-"
185.215.232.193 - - [26/Aug/2026:17:35:06 +0330] "GET /esp.php HTTP/1.1" 404 54959 "-" "-"
185.215.232.195 - - [26/Aug/2026:17:35:06 +0330] "GET /product/%d9%86%db%8c%d9%85%da%a9%d8%aa-%d8%b3%d8%a7%d9%84%d9%86-%d8%a7%d9%86%d8%aa%d8%b8%d8%a7%d8%b1%d8%b3%d9%87-%d9%86%d9%81%d8%b1%d9%87/ HTTP/1.1" 200 23491 "-" "Mozilla/5.0 (Windows NT 10.0; Win64; x64) AppleWebKit/537.36 (KHTML, like Gecko) Chrome/146.0.0.0 Safari/537.36 Edg/146.0.0.0 (compatible; meta-externalagent/1.1 (+https://developers.facebook.com/docs/sharing/webmasters/crawler))"
94.101.183.3 - - [26/Aug/2026:17:35:13 +0330] "POST /wp-cron.php?doing_wp_cron=1787753113.8659989833831787109375 HTTP/1.1" 200 0 "-" "WordPress/6.9.1; https://mahdetejarat.com"
185.215.232.193 - - [26/Aug/2026:17:35:10 +0330] "GET /wp-includes/js/tinymce/plugins/about.php HTTP/1.1" 404 54959 "-" "-"
185.215.232.193 - - [26/Aug/2026:17:35:18 +0330] "GET /base.php HTTP/1.1" 404 54959 "-" "-"
185.215.232.193 - - [26/Aug/2026:17:35:29 +0330] "GET /02.php HTTP/1.1" 404 54959 "-" "-"
185.215.232.193 - - [26/Aug/2026:17:35:33 +0330] "GET /2r.php HTTP/1.1" 404 54959 "-" "-"
185.215.232.193 - - [26/Aug/2026:17:35:36 +0330] "GET /ae.php HTTP/1.1" 404 54959 "-" "-"
185.215.232.193 - - [26/Aug/2026:17:35:40 +0330] "GET /gool.php HTTP/1.1" 404 54959 "-" "-"
185.215.232.193 - - [26/Aug/2026:17:35:47 +0330] "GET /667.php HTTP/1.1" 404 54959 "-" "-"
185.215.232.193 - - [26/Aug/2026:17:35:51 +0330] "GET /xty.php HTTP/1.1" 404 54959 "-" "-"
185.215.232.193 - - [26/Aug/2026:17:35:55 +0330] "GET /term.php HTTP/1.1" 404 54959 "-" "-"
185.215.232.193 - - [26/Aug/2026:17:35:59 +0330] "GET /wp-admin/sallu.php HTTP/1.1" 404 54959 "-" "-"
185.215.232.193 - - [26/Aug/2026:17:36:06 +0330] "GET /wp-admin/includes/about.php HTTP/1.1" 404 54959 "-" "-"
185.215.232.193 - - [26/Aug/2026:17:34:12 +0330] "GET /.well-known/gecko-litespeed.php HTTP/1.1" 404 54959 "-" "-"
185.215.232.193 - - [26/Aug/2026:17:34:26 +0330] "GET /core.php HTTP/1.1" 404 54959 "-" "-"
185.215.232.193 - - [26/Aug/2026:17:34:32 +0330] "GET /logo.png HTTP/1.1" 404 54959 "-" "-"
185.215.232.193 - - [26/Aug/2026:17:34:44 +0330] "GET /wp5.php HTTP/1.1" 404 54959 "-" "-"
185.215.232.193 - - [26/Aug/2026:17:34:48 +0330] "GET /iko.php HTTP/1.1" 404 54959 "-" "-"
185.215.232.193 - - [26/Aug/2026:17:34:51 +0330] "GET /wp-site.php HTTP/1.1" 404 54959 "-" "-"
185.215.232.193 - - [26/Aug/2026:17:34:55 +0330] "GET /wp-content/themes/twentytwentythree/patterns/hidden-404.php HTTP/1.1" 404 54959 "-" "-"
185.215.232.193 - - [26/Aug/2026:17:35:02 +0330] "GET /cgi-bin/cgi-bin/about.php7 HTTP/1.1" 404 54959 "-" "-"
185.215.232.193 - - [26/Aug/2026:17:35:14 +0330] "GET /wp-content/themes/cay-van-phong/filemanager.php HTTP/1.1" 404 54959 "-" "-"
185.215.232.193 - - [26/Aug/2026:17:35:21 +0330] "GET /sh3ll.php HTTP/1.1" 404 54959 "-" "-"
185.215.232.193 - - [26/Aug/2026:17:35:25 +0330] "GET /un.php HTTP/1.1" 404 54959 "-" "-"
185.215.232.193 - - [26/Aug/2026:17:35:44 +0330] "GET /sxo.php HTTP/1.1" 404 54959 "-" "-"
94.101.183.3 - - [26/Aug/2026:17:35:59 +0330] "POST /wp-cron.php?doing_wp_cron=1787753159.1545228958129882812500 HTTP/1.1" 200 0 "-" "WordPress/6.9.1; https://mahdetejarat.com"
185.215.232.193 - - [26/Aug/2026:17:36:03 +0330] "GET /ccs.php HTTP/1.1" 404 54959 "-" "-"
94.101.183.3 - - [26/Aug/2026:17:36:09 +0330] "POST /wp-cron.php?doing_wp_cron=1787753169.8633201122283935546875 HTTP/1.1" 200 0 "-" "WordPress/6.9.1; https://mahdetejarat.com"
185.215.232.194 - - [26/Aug/2026:17:36:37 +0330] "GET / HTTP/1.1" 301 0 "http://www.mahdetejarat.com" "Mozilla/5.0 (iPhone; CPU iPhone OS 13_2_3 like Mac OS X) AppleWebKit/605.1.15 (KHTML, like Gecko) Version/13.0.3 Mobile/15E148 Safari/604.1"
94.101.183.3 - - [26/Aug/2026:17:40:16 +0330] "POST /wp-cron.php?doing_wp_cron=1787753416.2502069473266601562500 HTTP/1.1" 200 0 "-" "WordPress/6.9.1; https://mahdetejarat.com"
185.215.232.195 - - [26/Aug/2026:17:40:16 +0330] "GET /2020/01/01/x-8/ HTTP/1.1" 200 16417 "-" "Mozilla/5.0 (X11; Linux x86_64; rv:147.0) Gecko/20100101 Firefox/147.0 (compatible; meta-externalagent/1.1 (+https://developers.facebook.com/docs/sharing/webmasters/crawler))"
185.215.232.195 - - [26/Aug/2026:17:40:20 +0330] "GET /wp-includes/css/dist/block-library/style-rtl.min.css?ver=6.9.1 HTTP/1.1" 200 15828 "https://mahdetejarat.com/2020/01/01/x-8/" "Mozilla/5.0 (X11; Linux x86_64; rv:147.0) Gecko/20100101 Firefox/147.0 (compatible; meta-externalagent/1.1 (+https://developers.facebook.com/docs/sharing/webmasters/crawler))"
185.215.232.195 - - [26/Aug/2026:17:40:20 +0330] "GET /wp-content/plugins/woocommerce/assets/client/blocks/wc-blocks-rtl.css?ver=wc-10.4.3 HTTP/1.1" 200 2601 "https://mahdetejarat.com/2020/01/01/x-8/" "Mozilla/5.0 (X11; Linux x86_64; rv:147.0) Gecko/20100101 Firefox/147.0 (compatible; meta-externalagent/1.1 (+https://developers.facebook.com/docs/sharing/webmasters/crawler))"
185.215.232.195 - - [26/Aug/2026:17:40:20 +0330] "GET /wp-content/uploads/elementor/css/post-6.css?ver=1787597737 HTTP/1.1" 200 587 "https://mahdetejarat.com/2020/01/01/x-8/" "Mozilla/5.0 (X11; Linux x86_64; rv:147.0) Gecko/20100101 Firefox/147.0 (compatible; meta-externalagent/1.1 (+https://developers.facebook.com/docs/sharing/webmasters/crawler))"
185.215.232.195 - - [26/Aug/2026:17:40:20 +0330] "GET /wp-content/plugins/jet-engine/assets/css/frontend.css?ver=3.8.2 HTTP/1.1" 200 8058 "https://mahdetejarat.com/2020/01/01/x-8/" "Mozilla/5.0 (X11; Linux x86_64; rv:147.0) Gecko/20100101 Firefox/147.0 (compatible; meta-externalagent/1.1 (+https://developers.facebook.com/docs/sharing/webmasters/crawler))"
185.215.232.195 - - [26/Aug/2026:17:40:20 +0330] "GET /wp-content/plugins/elementor/assets/css/widget-image-rtl.min.css?ver=3.34.0 HTTP/1.1" 200 134 "https://mahdetejarat.com/2020/01/01/x-8/" "Mozilla/5.0 (X11; Linux x86_64; rv:147.0) Gecko/20100101 Firefox/147.0 (compatible; meta-externalagent/1.1 (+https://developers.facebook.com/docs/sharing/webmasters/crawler))"
185.215.232.195 - - [26/Aug/2026:17:40:20 +0330] "GET /wp-content/plugins/woocommerce/assets/css/woocommerce-layout-rtl.css?ver=10.4.3 HTTP/1.1" 200 3425 "https://mahdetejarat.com/2020/01/01/x-8/" "Mozilla/5.0 (X11; Linux x86_64; rv:147.0) Gecko/20100101 Firefox/147.0 (compatible; meta-externalagent/1.1 (+https://developers.facebook.com/docs/sharing/webmasters/crawler))"
185.215.232.195 - - [26/Aug/2026:17:40:20 +0330] "GET /wp-content/plugins/elementor/assets/css/widget-divider-rtl.min.css?ver=3.34.0 HTTP/1.1" 200 740 "https://mahdetejarat.com/2020/01/01/x-8/" "Mozilla/5.0 (X11; Linux x86_64; rv:147.0) Gecko/20100101 Firefox/147.0 (compatible; meta-externalagent/1.1 (+https://developers.facebook.com/docs/sharing/webmasters/crawler))"
185.215.232.195 - - [26/Aug/2026:17:40:20 +0330] "GET /wp-content/plugins/persian-elementor/assets/css/datepicker-custom.css?ver=1.2.0 HTTP/1.1" 200 2140 "https://mahdetejarat.com/2020/01/01/x-8/" "Mozilla/5.0 (X11; Linux x86_64; rv:147.0) Gecko/20100101 Firefox/147.0 (compatible; meta-externalagent/1.1 (+https://developers.facebook.com/docs/sharing/webmasters/crawler))"
185.215.232.195 - - [26/Aug/2026:17:40:20 +0330] "GET /wp-content/plugins/persian-elementor/assets/css/font.css?ver=2.7.15 HTTP/1.1" 200 930 "https://mahdetejarat.com/2020/01/01/x-8/" "Mozilla/5.0 (X11; Linux x86_64; rv:147.0) Gecko/20100101 Firefox/147.0 (compatible; meta-externalagent/1.1 (+https://developers.facebook.com/docs/sharing/webmasters/crawler))"
185.215.232.194 - - [26/Aug/2026:17:36:42 +0330] "GET / HTTP/1.1" 200 25823 "https://www.mahdetejarat.com/" "Mozilla/5.0 (iPhone; CPU iPhone OS 13_2_3 like Mac OS X) AppleWebKit/605.1.15 (KHTML, like Gecko) Version/13.0.3 Mobile/15E148 Safari/604.1"
185.215.232.195 - - [26/Aug/2026:17:40:13 +0330] "GET /?p=824 HTTP/1.1" 301 0 "-" "Mozilla/5.0 (X11; Linux x86_64; rv:147.0) Gecko/20100101 Firefox/147.0 (compatible; meta-externalagent/1.1 (+https://developers.facebook.com/docs/sharing/webmasters/crawler))"
185.215.232.195 - - [26/Aug/2026:17:40:20 +0330] "GET /wp-content/uploads/2024/09/photo_2024-09-14_20-06-06.webp HTTP/1.1" 200 18258 "https://mahdetejarat.com/2020/01/01/x-8/" "Mozilla/5.0 (X11; Linux x86_64; rv:147.0) Gecko/20100101 Firefox/147.0 (compatible; meta-externalagent/1.1 (+https://developers.facebook.com/docs/sharing/webmasters/crawler))"
185.215.232.195 - - [26/Aug/2026:17:40:20 +0330] "GET /wp-content/uploads/elementor/css/post-141.css?ver=1787597737 HTTP/1.1" 200 1387 "https://mahdetejarat.com/2020/01/01/x-8/" "Mozilla/5.0 (X11; Linux x86_64; rv:147.0) Gecko/20100101 Firefox/147.0 (compatible; meta-externalagent/1.1 (+https://developers.facebook.com/docs/sharing/webmasters/crawler))"
185.215.232.195 - - [26/Aug/2026:17:40:20 +0330] "GET /wp-content/plugins/elementor-pro/assets/css/widget-nav-menu-rtl.min.css?ver=3.34.0 HTTP/1.1" 200 3446 "https://mahdetejarat.com/2020/01/01/x-8/" "Mozilla/5.0 (X11; Linux x86_64; rv:147.0) Gecko/20100101 Firefox/147.0 (compatible; meta-externalagent/1.1 (+https://developers.facebook.com/docs/sharing/webmasters/crawler))"
185.215.232.195 - - [26/Aug/2026:17:40:20 +0330] "GET /wp-content/uploads/elementor/css/post-166.css?ver=1787597737 HTTP/1.1" 200 1433 "https://mahdetejarat.com/2020/01/01/x-8/" "Mozilla/5.0 (X11; Linux x86_64; rv:147.0) Gecko/20100101 Firefox/147.0 (compatible; meta-externalagent/1.1 (+https://developers.facebook.com/docs/sharing/webmasters/crawler))"
185.215.232.195 - - [26/Aug/2026:17:40:20 +0330] "GET /wp-content/plugins/woocommerce/assets/css/woocommerce-rtl.css?ver=10.4.3 HTTP/1.1" 200 10979 "https://mahdetejarat.com/2020/01/01/x-8/" "Mozilla/5.0 (X11; Linux x86_64; rv:147.0) Gecko/20100101 Firefox/147.0 (compatible; meta-externalagent/1.1 (+https://developers.facebook.com/docs/sharing/webmasters/crawler))"
185.215.232.195 - - [26/Aug/2026:17:40:21 +0330] "GET /wp-content/plugins/elementor/assets/css/widget-google_maps-rtl.min.css?ver=3.34.0 HTTP/1.1" 200 137 "https://mahdetejarat.com/2020/01/01/x-8/" "Mozilla/5.0 (X11; Linux x86_64; rv:147.0) Gecko/20100101 Firefox/147.0 (compatible; meta-externalagent/1.1 (+https://developers.facebook.com/docs/sharing/webmasters/crawler))"
185.215.232.195 - - [26/Aug/2026:17:40:21 +0330] "GET /wp-content/plugins/elementor-pro/assets/lib/smartmenus/jquery.smartmenus.min.js?ver=1.2.1 HTTP/1.1" 200 7104 "https://mahdetejarat.com/2020/01/01/x-8/" "Mozilla/5.0 (X11; Linux x86_64; rv:147.0) Gecko/20100101 Firefox/147.0 (compatible; meta-externalagent/1.1 (+https://developers.facebook.com/docs/sharing/webmasters/crawler))"
185.215.232.195 - - [26/Aug/2026:17:40:21 +0330] "GET /wp-content/uploads/2024/09/PeydaWeb-SemiBold.woff2 HTTP/1.1" 200 42460 "https://mahdetejarat.com/wp-content/uploads/elementor/css/post-166.css?ver=1787597737" "Mozilla/5.0 (X11; Linux x86_64; rv:147.0) Gecko/20100101 Firefox/147.0 (compatible; meta-externalagent/1.1 (+https://developers.facebook.com/docs/sharing/webmasters/crawler))"
185.215.232.195 - - [26/Aug/2026:17:40:21 +0330] "GET /wp-content/plugins/persian-elementor/assets/css/font/IRANYekanX/IRANYekanX-Regular.woff2 HTTP/1.1" 200 35928 "https://mahdetejarat.com/wp-content/plugins/persian-elementor/assets/css/font.css?ver=2.7.15" "Mozilla/5.0 (X11; Linux x86_64; rv:147.0) Gecko/20100101 Firefox/147.0 (compatible; meta-externalagent/1.1 (+https://developers.facebook.com/docs/sharing/webmasters/crawler))"
185.215.232.195 - - [26/Aug/2026:17:40:21 +0330] "GET /2020/01/01/x-7/embed/ HTTP/1.1" 200 6874 "https://mahdetejarat.com/2020/01/01/x-8/" "Mozilla/5.0 (X11; Linux x86_64; rv:147.0) Gecko/20100101 Firefox/147.0 (compatible; meta-externalagent/1.1 (+https://developers.facebook.com/docs/sharing/webmasters/crawler))"
185.215.232.195 - - [26/Aug/2026:17:40:25 +0330] "GET /wp-content/uploads/2024/09/cropped-%D9%85%D9%87%D8%AF-%D8%AA%D8%AC%D8%A7%D8%B1%D8%AA-32x32.webp HTTP/1.1" 200 666 "-" "meta-externalagent/1.1 (+https://developers.facebook.com/docs/sharing/webmasters/crawler)"
185.215.232.195 - - [26/Aug/2026:17:40:20 +0330] "GET /wp-content/themes/hello-elementor/assets/css/theme.css?ver=3.4.5 HTTP/1.1" 200 1272 "https://mahdetejarat.com/2020/01/01/x-8/" "Mozilla/5.0 (X11; Linux x86_64; rv:147.0) Gecko/20100101 Firefox/147.0 (compatible; meta-externalagent/1.1 (+https://developers.facebook.com/docs/sharing/webmasters/crawler))"
185.215.232.195 - - [26/Aug/2026:17:40:21 +0330] "GET /wp-content/plugins/persian-elementor/assets/js/jalalidatepicker.min.js?ver=1.2.0 HTTP/1.1" 200 6698 "https://mahdetejarat.com/2020/01/01/x-8/" "Mozilla/5.0 (X11; Linux x86_64; rv:147.0) Gecko/20100101 Firefox/147.0 (compatible; meta-externalagent/1.1 (+https://developers.facebook.com/docs/sharing/webmasters/crawler))"
185.215.232.195 - - [26/Aug/2026:17:40:21 +0330] "GET /wp-content/plugins/elementor-pro/assets/js/webpack-pro.runtime.min.js?ver=3.34.0 HTTP/1.1" 304 0 "https://mahdetejarat.com/2020/01/01/x-8/" "Mozilla/5.0 (X11; Linux x86_64; rv:147.0) Gecko/20100101 Firefox/147.0 (compatible; meta-externalagent/1.1 (+https://developers.facebook.com/docs/sharing/webmasters/crawler))"
185.215.232.195 - - [26/Aug/2026:17:40:21 +0330] "GET /wp-content/plugins/woocommerce/assets/css/woocommerce-smallscreen-rtl.css?ver=10.4.3 HTTP/1.1" 200 1275 "https://mahdetejarat.com/2020/01/01/x-8/" "Mozilla/5.0 (X11; Linux x86_64; rv:147.0) Gecko/20100101 Firefox/147.0 (compatible; meta-externalagent/1.1 (+https://developers.facebook.com/docs/sharing/webmasters/crawler))"
185.215.232.195 - - [26/Aug/2026:17:40:21 +0330] "GET /wp-content/uploads/2024/09/PeydaWeb-Regular.woff2 HTTP/1.1" 200 42708 "https://mahdetejarat.com/wp-content/uploads/elementor/css/post-166.css?ver=1787597737" "Mozilla/5.0 (X11; Linux x86_64; rv:147.0) Gecko/20100101 Firefox/147.0 (compatible; meta-externalagent/1.1 (+https://developers.facebook.com/docs/sharing/webmasters/crawler))"
185.215.232.195 - - [26/Aug/2026:17:40:25 +0330] "GET /wp-includes/js/wp-emoji-release.min.js?ver=6.9.1 HTTP/1.1" 200 5385 "-" "meta-externalagent/1.1 (+https://developers.facebook.com/docs/sharing/webmasters/crawler)"
185.215.232.194 - - [26/Aug/2026:17:44:03 +0330] "POST /?rest_route=/batch/v1 HTTP/1.1" 403 787 "-" "wp2shell"
185.215.232.194 - - [26/Aug/2026:17:44:03 +0330] "GET /?rest_route=/batch/v1 HTTP/1.1" 404 270 "-" "wp2shell"
185.215.232.194 - - [26/Aug/2026:17:52:50 +0330] "GET / HTTP/1.1" 301 0 "-" "Mozilla/5.0 (Windows NT 10.0; Win64; x64) AppleWebKit/537.36 (KHTML, like Gecko) Chrome/120.0.0.0 Safari/537.36"
185.215.232.195 - - [26/Aug/2026:17:54:13 +0330] "GET /product/%d9%88%d8%b3%d8%a7%db%8c%d9%84-%d8%a8%d8%a7%d8%b2%db%8c-%d9%be%d9%84%db%8c-%d8%a7%d8%aa%db%8c%d9%84%d9%86-6/ HTTP/1.1" 429 0 "-" "Mozilla/5.0 (Windows NT 10.0; Win64; x64) AppleWebKit/537.36 (KHTML, like Gecko) Chrome/145.0.0.0 Safari/537.36 Edg/145.0.0.0 (compatible; meta-externalagent/1.1 (+https://developers.facebook.com/docs/sharing/webmasters/crawler))"
185.215.232.194 - - [26/Aug/2026:17:54:59 +0330] "GET / HTTP/1.1" 200 25823 "-" "Mozilla/5.0 (Windows NT 10.0; Win64; x64) AppleWebKit/537.36 (KHTML, like Gecko) Chrome/120.0.0.0 Safari/537.36"
185.215.232.194 - - [26/Aug/2026:17:55:03 +0330] "GET /wp-admin/maint/index.php HTTP/1.1" 403 787 "-" "Mozilla/5.0 (Windows NT 10.0; Win64; x64) AppleWebKit/537.36 (KHTML, like Gecko) Chrome/120.0.0.0 Safari/537.36"
185.215.232.194 - - [26/Aug/2026:17:55:03 +0330] "GET /wp-content/uploads/min.php HTTP/1.1" 404 13731 "-" "Mozilla/5.0 (Windows NT 10.0; Win64; x64) AppleWebKit/537.36 (KHTML, like Gecko) Chrome/120.0.0.0 Safari/537.36"
94.101.183.3 - - [26/Aug/2026:17:55:10 +0330] "POST /wp-cron.php?doing_wp_cron=1787754310.3566679954528808593750 HTTP/1.1" 200 0 "-" "WordPress/6.9.1; https://mahdetejarat.com"
185.215.232.194 - - [26/Aug/2026:17:55:10 +0330] "GET /lock360.php HTTP/1.1" 404 13731 "-" "Mozilla/5.0 (Windows NT 10.0; Win64; x64) AppleWebKit/537.36 (KHTML, like Gecko) Chrome/120.0.0.0 Safari/537.36"
185.215.232.194 - - [26/Aug/2026:17:55:21 +0330] "GET /t.php HTTP/1.1" 404 13731 "-" "Mozilla/5.0 (Windows NT 10.0; Win64; x64) AppleWebKit/537.36 (KHTML, like Gecko) Chrome/120.0.0.0 Safari/537.36"
185.215.232.194 - - [26/Aug/2026:17:55:24 +0330] "GET /7.php HTTP/1.1" 404 13731 "-" "Mozilla/5.0 (Windows NT 10.0; Win64; x64) AppleWebKit/537.36 (KHTML, like Gecko) Chrome/120.0.0.0 Safari/537.36"
185.215.232.194 - - [26/Aug/2026:17:55:27 +0330] "GET /b.php HTTP/1.1" 404 13731 "-" "Mozilla/5.0 (Windows NT 10.0; Win64; x64) AppleWebKit/537.36 (KHTML, like Gecko) Chrome/120.0.0.0 Safari/537.36"
185.215.232.194 - - [26/Aug/2026:17:55:36 +0330] "GET /num.php HTTP/1.1" 404 13731 "-" "Mozilla/5.0 (Windows NT 10.0; Win64; x64) AppleWebKit/537.36 (KHTML, like Gecko) Chrome/120.0.0.0 Safari/537.36"
185.215.232.194 - - [26/Aug/2026:17:55:43 +0330] "GET /vc.php HTTP/1.1" 404 13731 "-" "Mozilla/5.0 (Windows NT 10.0; Win64; x64) AppleWebKit/537.36 (KHTML, like Gecko) Chrome/120.0.0.0 Safari/537.36"
185.215.232.194 - - [26/Aug/2026:17:55:46 +0330] "GET /wp-content/plugins/admin.php HTTP/1.1" 404 13731 "-" "Mozilla/5.0 (Windows NT 10.0; Win64; x64) AppleWebKit/537.36 (KHTML, like Gecko) Chrome/120.0.0.0 Safari/537.36"
185.215.232.194 - - [26/Aug/2026:17:55:50 +0330] "GET /core.php HTTP/1.1" 404 13731 "-" "Mozilla/5.0 (Windows NT 10.0; Win64; x64) AppleWebKit/537.36 (KHTML, like Gecko) Chrome/120.0.0.0 Safari/537.36"
185.215.232.194 - - [26/Aug/2026:17:55:53 +0330] "GET /wp-admin/css/ HTTP/1.1" 200 3009 "-" "Mozilla/5.0 (Windows NT 10.0; Win64; x64) AppleWebKit/537.36 (KHTML, like Gecko) Chrome/120.0.0.0 Safari/537.36"
185.215.232.194 - - [26/Aug/2026:17:55:53 +0330] "GET /wp-admin/css/colors/blue/ HTTP/1.1" 200 732 "-" "Mozilla/5.0 (Windows NT 10.0; Win64; x64) AppleWebKit/537.36 (KHTML, like Gecko) Chrome/120.0.0.0 Safari/537.36"
94.101.183.3 - - [26/Aug/2026:17:55:56 +0330] "POST /wp-cron.php?doing_wp_cron=1787754356.7684850692749023437500 HTTP/1.1" 200 0 "-" "WordPress/6.9.1; https://mahdetejarat.com"
185.215.232.194 - - [26/Aug/2026:17:55:57 +0330] "GET /wp-content/plugins/beteng88/ws83.php HTTP/1.1" 404 13731 "-" "Mozilla/5.0 (Windows NT 10.0; Win64; x64) AppleWebKit/537.36 (KHTML, like Gecko) Chrome/120.0.0.0 Safari/537.36"
94.101.183.3 - - [26/Aug/2026:17:57:26 +0330] "POST /wp-cron.php?doing_wp_cron=1787754446.2083630561828613281250 HTTP/1.1" 200 0 "-" "WordPress/6.9.1; https://mahdetejarat.com"
185.215.232.195 - - [26/Aug/2026:17:57:23 +0330] "GET / HTTP/1.1" 301 0 "-" "Mozilla/5.0 (Macintosh; Intel Mac OS X 10_15_7) AppleWebKit/537.36 (KHTML, like Gecko) Chrome/121.0.0.0 Safari/537.36"
94.101.183.3 - - [26/Aug/2026:17:55:03 +0330] "POST /wp-cron.php?doing_wp_cron=1787754303.0373919010162353515625 HTTP/1.1" 200 0 "-" "WordPress/6.9.1; https://mahdetejarat.com"
185.215.232.194 - - [26/Aug/2026:17:54:59 +0330] "GET /test1.php HTTP/1.1" 404 13731 "-" "Mozilla/5.0 (Windows NT 10.0; Win64; x64) AppleWebKit/537.36 (KHTML, like Gecko) Chrome/120.0.0.0 Safari/537.36"
185.215.232.194 - - [26/Aug/2026:17:55:06 +0330] "GET /zoom1.php HTTP/1.1" 404 13731 "-" "Mozilla/5.0 (Windows NT 10.0; Win64; x64) AppleWebKit/537.36 (KHTML, like Gecko) Chrome/120.0.0.0 Safari/537.36"
185.215.232.194 - - [26/Aug/2026:17:55:14 +0330] "GET /r.php HTTP/1.1" 404 13731 "-" "Mozilla/5.0 (Windows NT 10.0; Win64; x64) AppleWebKit/537.36 (KHTML, like Gecko) Chrome/120.0.0.0 Safari/537.36"
185.215.232.194 - - [26/Aug/2026:17:55:17 +0330] "GET /sf.php HTTP/1.1" 404 13731 "-" "Mozilla/5.0 (Windows NT 10.0; Win64; x64) AppleWebKit/537.36 (KHTML, like Gecko) Chrome/120.0.0.0 Safari/537.36"
185.215.232.194 - - [26/Aug/2026:17:55:30 +0330] "GET /buy.php HTTP/1.1" 404 13731 "-" "Mozilla/5.0 (Windows NT 10.0; Win64; x64) AppleWebKit/537.36 (KHTML, like Gecko) Chrome/120.0.0.0 Safari/537.36"
185.215.232.194 - - [26/Aug/2026:17:55:33 +0330] "GET /config.php HTTP/1.1" 404 13731 "-" "Mozilla/5.0 (Windows NT 10.0; Win64; x64) AppleWebKit/537.36 (KHTML, like Gecko) Chrome/120.0.0.0 Safari/537.36"
185.215.232.194 - - [26/Aug/2026:17:55:40 +0330] "GET /areak1.php HTTP/1.1" 404 13731 "-" "Mozilla/5.0 (Windows NT 10.0; Win64; x64) AppleWebKit/537.36 (KHTML, like Gecko) Chrome/120.0.0.0 Safari/537.36"
185.215.232.194 - - [26/Aug/2026:17:55:53 +0330] "GET /wp-content/min.php HTTP/1.1" 404 13731 "-" "Mozilla/5.0 (Windows NT 10.0; Win64; x64) AppleWebKit/537.36 (KHTML, like Gecko) Chrome/120.0.0.0 Safari/537.36"
185.215.232.193 - - [26/Aug/2026:17:57:53 +0330] "GET / HTTP/1.1" 200 25823 "-" "Mozilla/5.0 (Macintosh; Intel Mac OS X 10_15_7) AppleWebKit/537.36 (KHTML, like Gecko) Chrome/121.0.0.0 Safari/537.36"
94.101.183.3 - - [26/Aug/2026:18:05:36 +0330] "POST /wp-cron.php?doing_wp_cron=1787754936.6799359321594238281250 HTTP/1.1" 200 0 "-" "WordPress/6.9.1; https://mahdetejarat.com"
185.215.232.193 - - [26/Aug/2026:18:05:33 +0330] "POST /wp-json/batch/v1 HTTP/1.1" 207 1469 "-" "Mozilla/5.0"
185.215.232.193 - - [26/Aug/2026:18:06:03 +0330] "POST /wp-json/batch/v1 HTTP/1.1" 207 3504 "-" "Mozilla/5.0"
185.215.232.193 - - [26/Aug/2026:18:06:18 +0330] "POST /wp-json/batch/v1 HTTP/1.1" 207 3504 "-" "Mozilla/5.0"
185.215.232.193 - - [26/Aug/2026:18:06:43 +0330] "POST /wp-json/batch/v1 HTTP/1.1" 207 3615 "-" "Mozilla/5.0"
94.101.183.3 - - [26/Aug/2026:18:08:01 +0330] "POST /wp-cron.php?doing_wp_cron=1787755081.8221230506896972656250 HTTP/1.1" 200 0 "-" "WordPress/6.9.1; https://mahdetejarat.com"
185.215.232.193 - - [26/Aug/2026:18:07:59 +0330] "POST /wp-json/batch/v1 HTTP/1.1" 207 3690 "-" "Mozilla/5.0"
185.215.232.193 - - [26/Aug/2026:18:08:30 +0330] "POST /wp-json/batch/v1 HTTP/1.1" 207 7141 "-" "Mozilla/5.0"
94.101.183.3 - - [26/Aug/2026:18:09:22 +0330] "POST /wp-cron.php?doing_wp_cron=1787755162.2165820598602294921875 HTTP/1.1" 200 0 "-" "WordPress/6.9.1; https://mahdetejarat.com"
185.215.232.193 - - [26/Aug/2026:18:09:19 +0330] "POST /wp-json/batch/v1 HTTP/1.1" 207 3624 "-" "Mozilla/5.0"
185.215.232.193 - - [26/Aug/2026:17:57:48 +0330] "GET / HTTP/1.1" 301 0 "-" "Mozilla/5.0 (Macintosh; Intel Mac OS X 10_15_7) AppleWebKit/537.36 (KHTML, like Gecko) Chrome/121.0.0.0 Safari/537.36"
185.215.232.193 - - [26/Aug/2026:17:57:57 +0330] "GET /about_us/ HTTP/1.1" 200 16046 "https://mahdetejarat.com/" "Mozilla/5.0 (Macintosh; Intel Mac OS X 10_15_7) AppleWebKit/537.36 (KHTML, like Gecko) Chrome/121.0.0.0 Safari/537.36"
94.101.183.3 - - [26/Aug/2026:18:06:06 +0330] "POST /wp-cron.php?doing_wp_cron=1787754966.3889520168304443359375 HTTP/1.1" 200 0 "-" "WordPress/6.9.1; https://mahdetejarat.com"
185.215.232.193 - - [26/Aug/2026:18:06:32 +0330] "POST /wp-json/batch/v1 HTTP/1.1" 207 3668 "-" "Mozilla/5.0"
94.101.183.3 - - [26/Aug/2026:18:06:56 +0330] "POST /wp-cron.php?doing_wp_cron=1787755016.2314820289611816406250 HTTP/1.1" 200 0 "-" "WordPress/6.9.1; https://mahdetejarat.com"
185.215.232.193 - - [26/Aug/2026:18:06:53 +0330] "POST /wp-json/batch/v1 HTTP/1.1" 207 3741 "-" "Mozilla/5.0"
94.101.183.3 - - [26/Aug/2026:18:07:27 +0330] "POST /wp-cron.php?doing_wp_cron=1787755047.1649401187896728515625 HTTP/1.1" 200 0 "-" "WordPress/6.9.1; https://mahdetejarat.com"
185.215.232.193 - - [26/Aug/2026:18:07:24 +0330] "POST /wp-json/batch/v1 HTTP/1.1" 207 3666 "-" "Mozilla/5.0"
185.215.232.193 - - [26/Aug/2026:18:07:40 +0330] "POST /wp-json/batch/v1 HTTP/1.1" 207 1662 "-" "Mozilla/5.0"
185.215.232.193 - - [26/Aug/2026:18:08:02 +0330] "POST /wp-json/batch/v1 HTTP/1.1" 207 3690 "-" "Mozilla/5.0"
94.101.183.3 - - [26/Aug/2026:18:08:29 +0330] "POST /wp-cron.php?doing_wp_cron=1787755109.1289160251617431640625 HTTP/1.1" 200 0 "-" "WordPress/6.9.1; https://mahdetejarat.com"
185.215.232.193 - - [26/Aug/2026:18:08:26 +0330] "POST /wp-json/batch/v1 HTTP/1.1" 207 3690 "-" "Mozilla/5.0"
94.101.183.3 - - [26/Aug/2026:18:10:28 +0330] "POST /wp-cron.php?doing_wp_cron=1787755228.6814301013946533203125 HTTP/1.1" 200 0 "-" "WordPress/6.9.1; https://mahdetejarat.com"
185.215.232.193 - - [26/Aug/2026:18:10:22 +0330] "GET / HTTP/1.1" 200 22783 "-" "Mozilla/5.0 (Windows NT 10.0; Win64; x64) AppleWebKit/537.36 (KHTML, like Gecko) Chrome/120.0.0.0 Safari/537.36"
185.215.232.193 - - [26/Aug/2026:18:10:29 +0330] "GET /inputs.php HTTP/1.1" 404 13731 "-" "Mozilla/5.0 (Windows NT 10.0; Win64; x64) AppleWebKit/537.36 (KHTML, like Gecko) Chrome/120.0.0.0 Safari/537.36"
185.215.232.193 - - [26/Aug/2026:18:10:35 +0330] "GET /goods.php HTTP/1.1" 404 13731 "-" "Mozilla/5.0 (Windows NT 10.0; Win64; x64) AppleWebKit/537.36 (KHTML, like Gecko) Chrome/120.0.0.0 Safari/537.36"
185.215.232.193 - - [26/Aug/2026:18:10:43 +0330] "GET /adminfuns.php HTTP/1.1" 404 13731 "-" "Mozilla/5.0 (Windows NT 10.0; Win64; x64) AppleWebKit/537.36 (KHTML, like Gecko) Chrome/120.0.0.0 Safari/537.36"
185.215.232.193 - - [26/Aug/2026:18:10:49 +0330] "GET /about.php HTTP/1.1" 404 13731 "-" "Mozilla/5.0 (Windows NT 10.0; Win64; x64) AppleWebKit/537.36 (KHTML, like Gecko) Chrome/120.0.0.0 Safari/537.36"
185.215.232.193 - - [26/Aug/2026:18:10:59 +0330] "GET /edit.php HTTP/1.1" 404 13731 "-" "Mozilla/5.0 (Windows NT 10.0; Win64; x64) AppleWebKit/537.36 (KHTML, like Gecko) Chrome/120.0.0.0 Safari/537.36"
185.215.232.193 - - [26/Aug/2026:18:11:02 +0330] "GET /elp.php HTTP/1.1" 404 13731 "-" "Mozilla/5.0 (Windows NT 10.0; Win64; x64) AppleWebKit/537.36 (KHTML, like Gecko) Chrome/120.0.0.0 Safari/537.36"
94.101.183.3 - - [26/Aug/2026:18:11:09 +0330] "POST /wp-cron.php?doing_wp_cron=1787755269.0777449607849121093750 HTTP/1.1" 200 0 "-" "WordPress/6.9.1; https://mahdetejarat.com"
185.215.232.193 - - [26/Aug/2026:18:11:15 +0330] "GET /xleet.php HTTP/1.1" 403 787 "-" "Mozilla/5.0 (Windows NT 10.0; Win64; x64) AppleWebKit/537.36 (KHTML, like Gecko) Chrome/120.0.0.0 Safari/537.36"
185.215.232.193 - - [26/Aug/2026:18:11:19 +0330] "GET /as.php HTTP/1.1" 404 13731 "-" "Mozilla/5.0 (Windows NT 10.0; Win64; x64) AppleWebKit/537.36 (KHTML, like Gecko) Chrome/120.0.0.0 Safari/537.36"
185.215.232.193 - - [26/Aug/2026:18:11:23 +0330] "GET /min.php HTTP/1.1" 404 13731 "-" "Mozilla/5.0 (Windows NT 10.0; Win64; x64) AppleWebKit/537.36 (KHTML, like Gecko) Chrome/120.0.0.0 Safari/537.36"
185.215.232.193 - - [26/Aug/2026:18:11:27 +0330] "GET /php8.php HTTP/1.1" 404 13729 "-" "Mozilla/5.0 (Windows NT 10.0; Win64; x64) AppleWebKit/537.36 (KHTML, like Gecko) Chrome/120.0.0.0 Safari/537.36"
185.215.232.193 - - [26/Aug/2026:18:11:30 +0330] "GET /wp-content/admin.php HTTP/1.1" 404 13731 "-" "Mozilla/5.0 (Windows NT 10.0; Win64; x64) AppleWebKit/537.36 (KHTML, like Gecko) Chrome/120.0.0.0 Safari/537.36"
185.215.232.193 - - [26/Aug/2026:18:11:33 +0330] "GET /222.php HTTP/1.1" 404 13731 "-" "Mozilla/5.0 (Windows NT 10.0; Win64; x64) AppleWebKit/537.36 (KHTML, like Gecko) Chrome/120.0.0.0 Safari/537.36"
185.215.232.193 - - [26/Aug/2026:18:11:39 +0330] "GET /info.php HTTP/1.1" 404 13731 "-" "Mozilla/5.0 (Windows NT 10.0; Win64; x64) AppleWebKit/537.36 (KHTML, like Gecko) Chrome/120.0.0.0 Safari/537.36"
185.215.232.193 - - [26/Aug/2026:18:11:50 +0330] "GET /wp-content/index.php HTTP/1.1" 200 0 "-" "Mozilla/5.0 (Windows NT 10.0; Win64; x64) AppleWebKit/537.36 (KHTML, like Gecko) Chrome/120.0.0.0 Safari/537.36"
94.101.183.3 - - [26/Aug/2026:18:11:56 +0330] "POST /wp-cron.php?doing_wp_cron=1787755316.7165219783782958984375 HTTP/1.1" 200 0 "-" "WordPress/6.9.1; https://mahdetejarat.com"
185.215.232.193 - - [26/Aug/2026:18:11:50 +0330] "GET /vx.php HTTP/1.1" 404 13731 "-" "Mozilla/5.0 (Windows NT 10.0; Win64; x64) AppleWebKit/537.36 (KHTML, like Gecko) Chrome/120.0.0.0 Safari/537.36"
185.215.232.193 - - [26/Aug/2026:18:12:01 +0330] "GET /wap.php HTTP/1.1" 404 13731 "-" "Mozilla/5.0 (Windows NT 10.0; Win64; x64) AppleWebKit/537.36 (KHTML, like Gecko) Chrome/120.0.0.0 Safari/537.36"
185.215.232.193 - - [26/Aug/2026:18:10:32 +0330] "GET /admin.php HTTP/1.1" 404 13731 "-" "Mozilla/5.0 (Windows NT 10.0; Win64; x64) AppleWebKit/537.36 (KHTML, like Gecko) Chrome/120.0.0.0 Safari/537.36"
185.215.232.193 - - [26/Aug/2026:18:10:39 +0330] "GET /file.php HTTP/1.1" 404 13731 "-" "Mozilla/5.0 (Windows NT 10.0; Win64; x64) AppleWebKit/537.36 (KHTML, like Gecko) Chrome/120.0.0.0 Safari/537.36"
185.215.232.193 - - [26/Aug/2026:18:10:46 +0330] "GET /404.php HTTP/1.1" 404 13731 "-" "Mozilla/5.0 (Windows NT 10.0; Win64; x64) AppleWebKit/537.36 (KHTML, like Gecko) Chrome/120.0.0.0 Safari/537.36"
185.215.232.193 - - [26/Aug/2026:18:10:52 +0330] "GET /1.php HTTP/1.1" 404 13731 "-" "Mozilla/5.0 (Windows NT 10.0; Win64; x64) AppleWebKit/537.36 (KHTML, like Gecko) Chrome/120.0.0.0 Safari/537.36"
94.101.183.3 - - [26/Aug/2026:18:10:59 +0330] "POST /wp-cron.php?doing_wp_cron=1787755258.9524219036102294921875 HTTP/1.1" 200 0 "-" "WordPress/6.9.1; https://mahdetejarat.com"
185.215.232.193 - - [26/Aug/2026:18:10:56 +0330] "GET /alfa.php HTTP/1.1" 404 13731 "-" "Mozilla/5.0 (Windows NT 10.0; Win64; x64) AppleWebKit/537.36 (KHTML, like Gecko) Chrome/120.0.0.0 Safari/537.36"
185.215.232.193 - - [26/Aug/2026:18:11:06 +0330] "GET /classwithtostring.php HTTP/1.1" 404 13731 "-" "Mozilla/5.0 (Windows NT 10.0; Win64; x64) AppleWebKit/537.36 (KHTML, like Gecko) Chrome/120.0.0.0 Safari/537.36"
185.215.232.193 - - [26/Aug/2026:18:11:09 +0330] "GET /wp-admin/ HTTP/1.1" 302 0 "-" "Mozilla/5.0 (Windows NT 10.0; Win64; x64) AppleWebKit/537.36 (KHTML, like Gecko) Chrome/120.0.0.0 Safari/537.36"
185.215.232.193 - - [26/Aug/2026:18:11:12 +0330] "GET /ws54.php HTTP/1.1" 404 13731 "-" "Mozilla/5.0 (Windows NT 10.0; Win64; x64) AppleWebKit/537.36 (KHTML, like Gecko) Chrome/120.0.0.0 Safari/537.36"
185.215.232.193 - - [26/Aug/2026:18:11:15 +0330] "GET /wp.php HTTP/1.1" 404 13731 "-" "Mozilla/5.0 (Windows NT 10.0; Win64; x64) AppleWebKit/537.36 (KHTML, like Gecko) Chrome/120.0.0.0 Safari/537.36"
185.215.232.193 - - [26/Aug/2026:18:11:26 +0330] "GET /.well-known/ HTTP/1.1" 200 615 "-" "Mozilla/5.0 (Windows NT 10.0; Win64; x64) AppleWebKit/537.36 (KHTML, like Gecko) Chrome/120.0.0.0 Safari/537.36"
185.215.232.193 - - [26/Aug/2026:18:11:36 +0330] "GET /wp-content/themes/pridmag/il.php HTTP/1.1" 404 13731 "-" "Mozilla/5.0 (Windows NT 10.0; Win64; x64) AppleWebKit/537.36 (KHTML, like Gecko) Chrome/120.0.0.0 Safari/537.36"
185.215.232.193 - - [26/Aug/2026:18:11:43 +0330] "GET /a.php HTTP/1.1" 404 13731 "-" "Mozilla/5.0 (Windows NT 10.0; Win64; x64) AppleWebKit/537.36 (KHTML, like Gecko) Chrome/120.0.0.0 Safari/537.36"
185.215.232.193 - - [26/Aug/2026:18:11:46 +0330] "GET /chosen.php HTTP/1.1" 404 13731 "-" "Mozilla/5.0 (Windows NT 10.0; Win64; x64) AppleWebKit/537.36 (KHTML, like Gecko) Chrome/120.0.0.0 Safari/537.36"
185.215.232.193 - - [26/Aug/2026:18:11:57 +0330] "GET /admin/controller/extension/ HTTP/1.1" 404 13731 "-" "Mozilla/5.0 (Windows NT 10.0; Win64; x64) AppleWebKit/537.36 (KHTML, like Gecko) Chrome/120.0.0.0 Safari/537.36"
185.215.232.193 - - [26/Aug/2026:18:12:05 +0330] "GET /wp-admin/wp.php HTTP/1.1" 404 13731 "-" "Mozilla/5.0 (Windows NT 10.0; Win64; x64) AppleWebKit/537.36 (KHTML, like Gecko) Chrome/120.0.0.0 Safari/537.36"
185.215.232.193 - - [26/Aug/2026:18:12:13 +0330] "GET /wp-mail.php HTTP/1.1" 403 1033 "-" "Mozilla/5.0 (Windows NT 10.0; Win64; x64) AppleWebKit/537.36 (KHTML, like Gecko) Chrome/120.0.0.0 Safari/537.36"
185.215.232.193 - - [26/Aug/2026:18:12:17 +0330] "GET /x.php HTTP/1.1" 404 13731 "-" "Mozilla/5.0 (Windows NT 10.0; Win64; x64) AppleWebKit/537.36 (KHTML, like Gecko) Chrome/120.0.0.0 Safari/537.36"
185.215.232.193 - - [26/Aug/2026:18:12:27 +0330] "GET /ms-edit.php HTTP/1.1" 404 13731 "-" "Mozilla/5.0 (Windows NT 10.0; Win64; x64) AppleWebKit/537.36 (KHTML, like Gecko) Chrome/120.0.0.0 Safari/537.36"
185.215.232.193 - - [26/Aug/2026:18:12:45 +0330] "GET /default.php HTTP/1.1" 404 13731 "-" "Mozilla/5.0 (Windows NT 10.0; Win64; x64) AppleWebKit/537.36 (KHTML, like Gecko) Chrome/120.0.0.0 Safari/537.36"
94.101.183.3 - - [26/Aug/2026:18:12:10 +0330] "POST /wp-cron.php?doing_wp_cron=1787755330.1154129505157470703125 HTTP/1.1" 200 0 "-" "WordPress/6.9.1; https://mahdetejarat.com"
185.215.232.193 - - [26/Aug/2026:18:12:10 +0330] "GET /aa.php HTTP/1.1" 404 13731 "-" "Mozilla/5.0 (Windows NT 10.0; Win64; x64) AppleWebKit/537.36 (KHTML, like Gecko) Chrome/120.0.0.0 Safari/537.36"
185.215.232.193 - - [26/Aug/2026:18:12:16 +0330] "GET /cgi-bin/ HTTP/1.1" 404 796 "-" "Mozilla/5.0 (Windows NT 10.0; Win64; x64) AppleWebKit/537.36 (KHTML, like Gecko) Chrome/120.0.0.0 Safari/537.36"
185.215.232.193 - - [26/Aug/2026:18:12:20 +0330] "GET /wp-content/themes/admin.php HTTP/1.1" 404 13731 "-" "Mozilla/5.0 (Windows NT 10.0; Win64; x64) AppleWebKit/537.36 (KHTML, like Gecko) Chrome/120.0.0.0 Safari/537.36"
185.215.232.193 - - [26/Aug/2026:18:12:24 +0330] "GET /h.php HTTP/1.1" 404 13731 "-" "Mozilla/5.0 (Windows NT 10.0; Win64; x64) AppleWebKit/537.36 (KHTML, like Gecko) Chrome/120.0.0.0 Safari/537.36"
185.215.232.193 - - [26/Aug/2026:18:12:30 +0330] "GET /a7.php HTTP/1.1" 404 13731 "-" "Mozilla/5.0 (Windows NT 10.0; Win64; x64) AppleWebKit/537.36 (KHTML, like Gecko) Chrome/120.0.0.0 Safari/537.36"
185.215.232.193 - - [26/Aug/2026:18:12:34 +0330] "GET /manager.php HTTP/1.1" 404 13731 "-" "Mozilla/5.0 (Windows NT 10.0; Win64; x64) AppleWebKit/537.36 (KHTML, like Gecko) Chrome/120.0.0.0 Safari/537.36"
185.215.232.193 - - [26/Aug/2026:18:12:38 +0330] "GET /w1.php HTTP/1.1" 404 13731 "-" "Mozilla/5.0 (Windows NT 10.0; Win64; x64) AppleWebKit/537.36 (KHTML, like Gecko) Chrome/120.0.0.0 Safari/537.36"
185.215.232.193 - - [26/Aug/2026:18:12:42 +0330] "GET /wp-login.php HTTP/1.1" 200 3375 "-" "Mozilla/5.0 (Windows NT 10.0; Win64; x64) AppleWebKit/537.36 (KHTML, like Gecko) Chrome/120.0.0.0 Safari/537.36"
185.215.232.193 - - [26/Aug/2026:18:12:48 +0330] "GET /i.php HTTP/1.1" 404 13731 "-" "Mozilla/5.0 (Windows NT 10.0; Win64; x64) AppleWebKit/537.36 (KHTML, like Gecko) Chrome/120.0.0.0 Safari/537.36"
94.101.183.3 - - [26/Aug/2026:18:12:59 +0330] "POST /wp-cron.php?doing_wp_cron=1787755378.7035789489746093750000 HTTP/1.1" 200 0 "-" "WordPress/6.9.1; https://mahdetejarat.com"
185.215.232.193 - - [26/Aug/2026:18:12:59 +0330] "GET /wp-admin/js/ HTTP/1.1" 200 3496 "-" "Mozilla/5.0 (Windows NT 10.0; Win64; x64) AppleWebKit/537.36 (KHTML, like Gecko) Chrome/120.0.0.0 Safari/537.36"
94.101.183.3 - - [26/Aug/2026:18:13:09 +0330] "POST /wp-cron.php?doing_wp_cron=1787755389.5448870658874511718750 HTTP/1.1" 200 0 "-" "WordPress/6.9.1; https://mahdetejarat.com"
185.215.232.193 - - [26/Aug/2026:18:13:06 +0330] "GET /atex1.php HTTP/1.1" 404 13731 "-" "Mozilla/5.0 (Windows NT 10.0; Win64; x64) AppleWebKit/537.36 (KHTML, like Gecko) Chrome/120.0.0.0 Safari/537.36"
185.215.232.193 - - [26/Aug/2026:18:13:13 +0330] "GET /w.php HTTP/1.1" 404 13731 "-" "Mozilla/5.0 (Windows NT 10.0; Win64; x64) AppleWebKit/537.36 (KHTML, like Gecko) Chrome/120.0.0.0 Safari/537.36"
185.215.232.193 - - [26/Aug/2026:18:13:24 +0330] "GET /wp-admin/js/index.php HTTP/1.1" 301 0 "-" "Mozilla/5.0 (Windows NT 10.0; Win64; x64) AppleWebKit/537.36 (KHTML, like Gecko) Chrome/120.0.0.0 Safari/537.36"
185.215.232.193 - - [26/Aug/2026:18:13:27 +0330] "GET /wso.php HTTP/1.1" 403 787 "-" "Mozilla/5.0 (Windows NT 10.0; Win64; x64) AppleWebKit/537.36 (KHTML, like Gecko) Chrome/120.0.0.0 Safari/537.36"
185.215.232.193 - - [26/Aug/2026:18:13:35 +0330] "GET /wp-admin/classwithtostring.php HTTP/1.1" 404 13731 "-" "Mozilla/5.0 (Windows NT 10.0; Win64; x64) AppleWebKit/537.36 (KHTML, like Gecko) Chrome/120.0.0.0 Safari/537.36"
185.215.232.193 - - [26/Aug/2026:18:13:42 +0330] "GET /rip.php HTTP/1.1" 404 13731 "-" "Mozilla/5.0 (Windows NT 10.0; Win64; x64) AppleWebKit/537.36 (KHTML, like Gecko) Chrome/120.0.0.0 Safari/537.36"
185.215.232.193 - - [26/Aug/2026:18:13:45 +0330] "GET /p.php HTTP/1.1" 404 13731 "-" "Mozilla/5.0 (Windows NT 10.0; Win64; x64) AppleWebKit/537.36 (KHTML, like Gecko) Chrome/120.0.0.0 Safari/537.36"
185.215.232.193 - - [26/Aug/2026:18:12:52 +0330] "GET /wp-includes/Requests/library/index.php HTTP/1.1" 301 0 "-" "Mozilla/5.0 (Windows NT 10.0; Win64; x64) AppleWebKit/537.36 (KHTML, like Gecko) Chrome/120.0.0.0 Safari/537.36"
185.215.232.193 - - [26/Aug/2026:18:12:54 +0330] "GET /wp-content/themes/index.php HTTP/1.1" 200 0 "-" "Mozilla/5.0 (Windows NT 10.0; Win64; x64) AppleWebKit/537.36 (KHTML, like Gecko) Chrome/120.0.0.0 Safari/537.36"
185.215.232.193 - - [26/Aug/2026:18:12:55 +0330] "GET /NewFile.php HTTP/1.1" 404 13731 "-" "Mozilla/5.0 (Windows NT 10.0; Win64; x64) AppleWebKit/537.36 (KHTML, like Gecko) Chrome/120.0.0.0 Safari/537.36"
185.215.232.193 - - [26/Aug/2026:18:13:00 +0330] "GET /wp-content/uploads/index.php HTTP/1.1" 301 0 "-" "Mozilla/5.0 (Windows NT 10.0; Win64; x64) AppleWebKit/537.36 (KHTML, like Gecko) Chrome/120.0.0.0 Safari/537.36"
185.215.232.193 - - [26/Aug/2026:18:13:02 +0330] "GET /ws83.php HTTP/1.1" 404 13731 "-" "Mozilla/5.0 (Windows NT 10.0; Win64; x64) AppleWebKit/537.36 (KHTML, like Gecko) Chrome/120.0.0.0 Safari/537.36"
185.215.232.193 - - [26/Aug/2026:18:13:09 +0330] "GET /class-t.api.php HTTP/1.1" 404 13731 "-" "Mozilla/5.0 (Windows NT 10.0; Win64; x64) AppleWebKit/537.36 (KHTML, like Gecko) Chrome/120.0.0.0 Safari/537.36"
185.215.232.193 - - [26/Aug/2026:18:13:16 +0330] "GET /archive.php HTTP/1.1" 404 13731 "-" "Mozilla/5.0 (Windows NT 10.0; Win64; x64) AppleWebKit/537.36 (KHTML, like Gecko) Chrome/120.0.0.0 Safari/537.36"
185.215.232.193 - - [26/Aug/2026:18:13:21 +0330] "GET /bless.php HTTP/1.1" 404 13731 "-" "Mozilla/5.0 (Windows NT 10.0; Win64; x64) AppleWebKit/537.36 (KHTML, like Gecko) Chrome/120.0.0.0 Safari/537.36"
185.215.232.193 - - [26/Aug/2026:18:13:27 +0330] "GET /k.php HTTP/1.1" 404 13731 "-" "Mozilla/5.0 (Windows NT 10.0; Win64; x64) AppleWebKit/537.36 (KHTML, like Gecko) Chrome/120.0.0.0 Safari/537.36"
185.215.232.193 - - [26/Aug/2026:18:13:32 +0330] "GET /2.php HTTP/1.1" 404 13731 "-" "Mozilla/5.0 (Windows NT 10.0; Win64; x64) AppleWebKit/537.36 (KHTML, like Gecko) Chrome/120.0.0.0 Safari/537.36"
185.215.232.193 - - [26/Aug/2026:18:13:39 +0330] "GET /atomlib.php HTTP/1.1" 404 13731 "-" "Mozilla/5.0 (Windows NT 10.0; Win64; x64) AppleWebKit/537.36 (KHTML, like Gecko) Chrome/120.0.0.0 Safari/537.36"
185.215.232.195 - - [26/Aug/2026:18:21:39 +0330] "GET / HTTP/1.1" 200 223167 "-" "Wget/1.25.0"
94.101.183.3 - - [26/Aug/2026:18:23:54 +0330] "POST /wp-cron.php?doing_wp_cron=1787756034.0237410068511962890625 HTTP/1.1" 200 0 "-" "WordPress/6.9.1; https://mahdetejarat.com"
185.215.232.193 - - [26/Aug/2026:18:24:15 +0330] "GET /product/%D8%B3%D8%B7%D9%84-%D8%B2%D8%A8%D8%A7%D9%84%D9%87-%D8%B4%D9%87%D8%B1%DB%8C-%D9%85%D8%AE%D8%B2%D9%86%DA%AF%D8%A7%D9%84%D9%88%D8%A7%D9%86%DB%8C%D8%B2%D9%87-660-%D9%84%DB%8C%D8%AA%D8%B1%DB%8C-%DA%A9/ HTTP/1.1" 200 19898 "-" "Mozilla/5.0 (compatible; MJ12bot/v1.4.8; http://mj12bot.com/)"
185.215.232.193 - - [26/Aug/2026:18:24:28 +0330] "GET /product/%D8%B3%D8%B7%D9%84-%D8%B2%D8%A8%D8%A7%D9%84%D9%87-%D9%81%D9%84%D8%B2%DB%8C-%D9%BE%D8%A7%D8%B1%DA%A9%DB%8C-r350/ HTTP/1.1" 200 19727 "-" "Mozilla/5.0 (compatible; MJ12bot/v1.4.8; http://mj12bot.com/)"
