185.215.232.193 - - [26/Aug/2026:16:22:56 +0330] "GET //av.php HTTP/1.1" 301 0 "-" "-"
185.215.232.193 - - [26/Aug/2026:16:22:59 +0330] "GET /av.php HTTP/1.1" 404 54959 "-" "-"
185.215.232.193 - - [26/Aug/2026:16:23:06 +0330] "GET /ops.php HTTP/1.1" 404 54959 "-" "-"
94.101.182.6 - - [26/Aug/2026:16:23:15 +0330] "POST /wp-cron.php?doing_wp_cron=1787748795.3894228935241699218750 HTTP/1.1" 200 0 "-" "WordPress/6.9.1; https://mahdetejarat.com"
185.215.232.193 - - [26/Aug/2026:16:23:12 +0330] "GET /index.php/vod/play/id/13223/sid/1/nid/1.html HTTP/1.1" 301 0 "https://mahdetejarat.com/index.php/vod/play/id/41898/sid/1/nid/1.html" "Mozilla/5.0 (Linux; Android 7.0;) AppleWebKit/537.36 (HTML, like Gecko) Mobile Safari/537.36 (compatible; PetalBot;+https://webmaster.petalsearch.com/site/petalbot)"
185.215.232.193 - - [26/Aug/2026:16:23:13 +0330] "GET /k.php?p= HTTP/1.1" 301 0 "-" "-"
185.215.232.193 - - [26/Aug/2026:16:23:17 +0330] "GET /vod/play/id/13223/sid/1/nid/1.html HTTP/1.1" 404 13731 "https://mahdetejarat.com/index.php/vod/play/id/41898/sid/1/nid/1.html" "Mozilla/5.0 (Linux; Android 7.0;) AppleWebKit/537.36 (HTML, like Gecko) Mobile Safari/537.36 (compatible; PetalBot;+https://webmaster.petalsearch.com/site/petalbot)"
185.215.232.193 - - [26/Aug/2026:16:23:23 +0330] "GET /chosen.php HTTP/1.1" 404 54959 "-" "-"
185.215.232.193 - - [26/Aug/2026:16:23:27 +0330] "GET /1.php?p= HTTP/1.1" 301 0 "-" "-"
185.215.232.193 - - [26/Aug/2026:16:23:33 +0330] "GET /samll.php HTTP/1.1" 404 54959 "-" "-"
185.215.232.193 - - [26/Aug/2026:16:23:36 +0330] "GET /m.php?p= HTTP/1.1" 301 0 "-" "-"
185.215.232.193 - - [26/Aug/2026:16:23:43 +0330] "GET /fling.php?p= HTTP/1.1" 301 0 "-" "-"
185.215.232.193 - - [26/Aug/2026:16:23:45 +0330] "GET /fling.php HTTP/1.1" 404 54959 "-" "-"
185.215.232.193 - - [26/Aug/2026:16:23:59 +0330] "GET /one.php HTTP/1.1" 404 54959 "-" "-"
185.215.232.193 - - [26/Aug/2026:16:24:03 +0330] "GET /ano.php HTTP/1.1" 404 54959 "-" "-"
185.215.232.193 - - [26/Aug/2026:16:24:10 +0330] "GET /simple.php HTTP/1.1" 404 54959 "-" "-"
185.215.232.193 - - [26/Aug/2026:16:24:22 +0330] "GET //abcd.php HTTP/1.1" 301 0 "-" "-"
185.215.232.193 - - [26/Aug/2026:16:24:25 +0330] "GET /abcd.php HTTP/1.1" 404 54959 "-" "-"
185.215.232.194 - - [26/Aug/2026:16:24:33 +0330] "GET /vod/play/id/27000/sid/1/nid/1.html HTTP/1.1" 404 13731 "https://mahdetejarat.com/index.php/vod/play/id/10828/sid/1/nid/1.html" "Mozilla/5.0 (Linux; Android 7.0;) AppleWebKit/537.36 (HTML, like Gecko) Mobile Safari/537.36 (compatible; PetalBot;+https://webmaster.petalsearch.com/site/petalbot)"
94.101.182.6 - - [26/Aug/2026:16:22:58 +0330] "POST /wp-cron.php?doing_wp_cron=1787748778.9601449966430664062500 HTTP/1.1" 200 0 "-" "WordPress/6.9.1; https://mahdetejarat.com"
185.215.232.193 - - [26/Aug/2026:16:23:02 +0330] "GET /images.php HTTP/1.1" 404 54959 "-" "-"
94.101.182.6 - - [26/Aug/2026:16:23:09 +0330] "POST /wp-cron.php?doing_wp_cron=1787748789.2881848812103271484375 HTTP/1.1" 200 0 "-" "WordPress/6.9.1; https://mahdetejarat.com"
185.215.232.193 - - [26/Aug/2026:16:23:09 +0330] "GET /BDKR28WP.php HTTP/1.1" 404 54959 "-" "-"
185.215.232.193 - - [26/Aug/2026:16:23:16 +0330] "GET /k.php HTTP/1.1" 404 54959 "-" "-"
185.215.232.193 - - [26/Aug/2026:16:23:19 +0330] "GET /222.php HTTP/1.1" 404 54959 "-" "-"
185.215.232.193 - - [26/Aug/2026:16:23:29 +0330] "GET /1.php HTTP/1.1" 404 54959 "-" "-"
185.215.232.193 - - [26/Aug/2026:16:23:39 +0330] "GET /m.php HTTP/1.1" 404 54959 "-" "-"
185.215.232.193 - - [26/Aug/2026:16:23:49 +0330] "GET /btyuio.php HTTP/1.1" 404 54959 "-" "-"
94.101.182.6 - - [26/Aug/2026:16:23:59 +0330] "POST /wp-cron.php?doing_wp_cron=1787748839.0042989253997802734375 HTTP/1.1" 200 0 "-" "WordPress/6.9.1; https://mahdetejarat.com"
185.215.232.193 - - [26/Aug/2026:16:23:55 +0330] "GET /zoo2.php HTTP/1.1" 404 54959 "-" "-"
94.101.182.6 - - [26/Aug/2026:16:24:10 +0330] "POST /wp-cron.php?doing_wp_cron=1787748850.1158869266510009765625 HTTP/1.1" 200 0 "-" "WordPress/6.9.1; https://mahdetejarat.com"
185.215.232.193 - - [26/Aug/2026:16:24:06 +0330] "GET /mac.php HTTP/1.1" 404 54959 "-" "-"
185.215.232.193 - - [26/Aug/2026:16:24:14 +0330] "GET /sallu.php HTTP/1.1" 404 54959 "-" "-"
185.215.232.193 - - [26/Aug/2026:16:24:18 +0330] "GET /biufile.php HTTP/1.1" 404 54959 "-" "-"
185.215.232.194 - - [26/Aug/2026:16:24:29 +0330] "GET /index.php/vod/play/id/27000/sid/1/nid/1.html HTTP/1.1" 301 0 "https://mahdetejarat.com/index.php/vod/play/id/10828/sid/1/nid/1.html" "Mozilla/5.0 (Linux; Android 7.0;) AppleWebKit/537.36 (HTML, like Gecko) Mobile Safari/537.36 (compatible; PetalBot;+https://webmaster.petalsearch.com/site/petalbot)"
185.215.232.193 - - [26/Aug/2026:16:24:29 +0330] "GET /33.php HTTP/1.1" 404 54959 "-" "-"
185.215.232.193 - - [26/Aug/2026:16:24:37 +0330] "GET /ccc.php?p= HTTP/1.1" 301 0 "-" "-"
185.215.232.193 - - [26/Aug/2026:16:24:40 +0330] "GET /ccc.php HTTP/1.1" 404 54959 "-" "-"
94.101.182.6 - - [26/Aug/2026:16:25:55 +0330] "POST /wp-cron.php?doing_wp_cron=1787748955.7768070697784423828125 HTTP/1.1" 200 0 "-" "WordPress/6.9.1; https://mahdetejarat.com"
185.215.232.193 - - [26/Aug/2026:16:25:53 +0330] "GET /index.php/vod/play/id/14020/sid/1/nid/1.html HTTP/1.1" 301 0 "http://mahdetejarat.com/index.php/vod/play/id/87/sid/1/nid/1.html" "Mozilla/5.0 (Linux; Android 7.0;) AppleWebKit/537.36 (HTML, like Gecko) Mobile Safari/537.36 (compatible; PetalBot;+https://webmaster.petalsearch.com/site/petalbot)"
185.215.232.193 - - [26/Aug/2026:16:25:56 +0330] "GET /vod/play/id/14020/sid/1/nid/1.html HTTP/1.1" 404 13731 "http://mahdetejarat.com/index.php/vod/play/id/87/sid/1/nid/1.html" "Mozilla/5.0 (Linux; Android 7.0;) AppleWebKit/537.36 (HTML, like Gecko) Mobile Safari/537.36 (compatible; PetalBot;+https://webmaster.petalsearch.com/site/petalbot)"
185.215.232.193 - - [26/Aug/2026:16:24:33 +0330] "GET /xa.php HTTP/1.1" 404 54959 "-" "-"
94.101.182.6 - - [26/Aug/2026:16:28:41 +0330] "POST /wp-cron.php?doing_wp_cron=1787749121.1711099147796630859375 HTTP/1.1" 200 0 "-" "WordPress/6.9.1; https://mahdetejarat.com"
94.101.182.6 - - [26/Aug/2026:16:27:18 +0330] "POST /wp-cron.php?doing_wp_cron=1787749037.9954140186309814453125 HTTP/1.1" 200 0 "-" "WordPress/6.9.1; https://mahdetejarat.com"
185.215.232.193 - - [26/Aug/2026:16:27:13 +0330] "GET /index.php/vod/play/id/40027/sid/1/nid/1.html HTTP/1.1" 301 0 "https://mahdetejarat.com/index.php/vod/play/id/18674/sid/1/nid/1.html" "Mozilla/5.0 (Linux; Android 7.0;) AppleWebKit/537.36 (HTML, like Gecko) Mobile Safari/537.36 (compatible; PetalBot;+https://webmaster.petalsearch.com/site/petalbot)"
185.215.232.193 - - [26/Aug/2026:16:27:18 +0330] "GET /vod/play/id/40027/sid/1/nid/1.html HTTP/1.1" 404 13731 "https://mahdetejarat.com/index.php/vod/play/id/18674/sid/1/nid/1.html" "Mozilla/5.0 (Linux; Android 7.0;) AppleWebKit/537.36 (HTML, like Gecko) Mobile Safari/537.36 (compatible; PetalBot;+https://webmaster.petalsearch.com/site/petalbot)"
185.215.232.193 - - [26/Aug/2026:16:28:38 +0330] "GET /index.php/vod/play/id/4989/sid/1/nid/1.html HTTP/1.1" 301 0 "https://mahdetejarat.com/index.php/vod/play/id/19284/sid/1/nid/1.html" "Mozilla/5.0 (Linux; Android 7.0;) AppleWebKit/537.36 (HTML, like Gecko) Mobile Safari/537.36 (compatible; PetalBot;+https://webmaster.petalsearch.com/site/petalbot)"
185.215.232.193 - - [26/Aug/2026:16:28:42 +0330] "GET /vod/play/id/4989/sid/1/nid/1.html HTTP/1.1" 404 13731 "https://mahdetejarat.com/index.php/vod/play/id/19284/sid/1/nid/1.html" "Mozilla/5.0 (Linux; Android 7.0;) AppleWebKit/537.36 (HTML, like Gecko) Mobile Safari/537.36 (compatible; PetalBot;+https://webmaster.petalsearch.com/site/petalbot)"
94.101.183.3 - - [26/Aug/2026:16:31:35 +0330] "POST /wp-cron.php?doing_wp_cron=1787749294.1215369701385498046875 HTTP/1.1" 200 0 "-" "WordPress/6.9.1; https://mahdetejarat.com"
185.215.232.193 - - [26/Aug/2026:16:31:31 +0330] "GET /index.php/vod/play/id/26096/sid/1/nid/1.html HTTP/1.1" 301 0 "https://mahdetejarat.com/index.php/vod/play/id/27688/sid/1/nid/1.html" "Mozilla/5.0 (Linux; Android 7.0;) AppleWebKit/537.36 (HTML, like Gecko) Mobile Safari/537.36 (compatible; PetalBot;+https://webmaster.petalsearch.com/site/petalbot)"
185.215.232.193 - - [26/Aug/2026:16:31:36 +0330] "GET /vod/play/id/26096/sid/1/nid/1.html HTTP/1.1" 404 13731 "https://mahdetejarat.com/index.php/vod/play/id/27688/sid/1/nid/1.html" "Mozilla/5.0 (Linux; Android 7.0;) AppleWebKit/537.36 (HTML, like Gecko) Mobile Safari/537.36 (compatible; PetalBot;+https://webmaster.petalsearch.com/site/petalbot)"
185.215.232.193 - - [26/Aug/2026:16:30:01 +0330] "GET /index.php/vod/search.html?wd=%E5%90%9E%E7%B2%BE HTTP/1.1" 301 0 "https://www.mahdetejarat.com/index.php/art/type/id/22.html" "Mozilla/5.0 (Linux; Android 7.0;) AppleWebKit/537.36 (HTML, like Gecko) Mobile Safari/537.36 (compatible; PetalBot;+https://webmaster.petalsearch.com/site/petalbot)"
185.215.232.193 - - [26/Aug/2026:16:30:08 +0330] "GET /vod/search.html?wd=%E5%90%9E%E7%B2%BE HTTP/1.1" 404 13731 "https://www.mahdetejarat.com/index.php/art/type/id/22.html" "Mozilla/5.0 (Linux; Android 7.0;) AppleWebKit/537.36 (HTML, like Gecko) Mobile Safari/537.36 (compatible; PetalBot;+https://webmaster.petalsearch.com/site/petalbot)"
94.101.183.3 - - [26/Aug/2026:16:32:54 +0330] "POST /wp-cron.php?doing_wp_cron=1787749374.2256610393524169921875 HTTP/1.1" 200 0 "-" "WordPress/6.9.1; https://mahdetejarat.com"
185.215.232.194 - - [26/Aug/2026:16:32:50 +0330] "GET /11xuan5pingtai/yp8myybgmc.html HTTP/1.1" 404 13731 "http://mahdetejarat.com/11xuan5pingtai/wwdr6hs3kb.html" "Mozilla/5.0 (Linux; Android 7.0;) AppleWebKit/537.36 (HTML, like Gecko) Mobile Safari/537.36 (compatible; PetalBot;+https://webmaster.petalsearch.com/site/petalbot)"
185.215.232.193 - - [26/Aug/2026:16:37:56 +0330] "GET /index.php/vod/play/id/23343/sid/1/nid/1.html HTTP/1.1" 301 0 "https://mahdetejarat.com/index.php/vod/play/id/35047/sid/1/nid/1.html" "Mozilla/5.0 (Linux; Android 7.0;) AppleWebKit/537.36 (HTML, like Gecko) Mobile Safari/537.36 (compatible; PetalBot;+https://webmaster.petalsearch.com/site/petalbot)"
185.215.232.193 - - [26/Aug/2026:16:44:26 +0330] "GET / HTTP/1.1" 200 25823 "http://mahdetejarat.com" "Mozilla/5.0 (iPhone; CPU iPhone OS 13_2_3 like Mac OS X) AppleWebKit/605.1.15 (KHTML, like Gecko) Version/13.0.3 Mobile/15E148 Safari/604.1"
185.215.232.193 - - [26/Aug/2026:16:38:02 +0330] "GET /vod/play/id/23343/sid/1/nid/1.html HTTP/1.1" 404 13731 "https://mahdetejarat.com/index.php/vod/play/id/35047/sid/1/nid/1.html" "Mozilla/5.0 (Linux; Android 7.0;) AppleWebKit/537.36 (HTML, like Gecko) Mobile Safari/537.36 (compatible; PetalBot;+https://webmaster.petalsearch.com/site/petalbot)"
185.215.232.193 - - [26/Aug/2026:16:56:13 +0330] "GET /index.php/vod/search.html?wd=Blessed HTTP/1.1" 301 0 "https://www.mahdetejarat.com/index.php/vod/search.html?wd=Blessed" "Mozilla/5.0 (Linux; Android 7.0;) AppleWebKit/537.36 (HTML, like Gecko) Mobile Safari/537.36 (compatible; PetalBot;+https://webmaster.petalsearch.com/site/petalbot)"
185.215.232.194 - - [26/Aug/2026:16:57:35 +0330] "GET /index.php/vod/play/id/36454/sid/1/nid/1.html HTTP/1.1" 301 0 "https://mahdetejarat.com/index.php/vod/play/id/33773/sid/1/nid/1.html" "Mozilla/5.0 (Linux; Android 7.0;) AppleWebKit/537.36 (HTML, like Gecko) Mobile Safari/537.36 (compatible; PetalBot;+https://webmaster.petalsearch.com/site/petalbot)"
94.101.183.3 - - [26/Aug/2026:16:59:02 +0330] "POST /wp-cron.php?doing_wp_cron=1787750942.1342759132385253906250 HTTP/1.1" 200 0 "-" "WordPress/6.9.1; https://mahdetejarat.com"
185.215.232.193 - - [26/Aug/2026:16:59:03 +0330] "GET /vod/play/id/34901/sid/1/nid/1.html HTTP/1.1" 404 13731 "https://mahdetejarat.com/index.php/vod/play/id/39665/sid/1/nid/1.html" "Mozilla/5.0 (Linux; Android 7.0;) AppleWebKit/537.36 (HTML, like Gecko) Mobile Safari/537.36 (compatible; PetalBot;+https://webmaster.petalsearch.com/site/petalbot)"
94.101.182.6 - - [26/Aug/2026:17:00:25 +0330] "POST /wp-cron.php?doing_wp_cron=1787751025.3298349380493164062500 HTTP/1.1" 200 0 "-" "WordPress/6.9.1; https://mahdetejarat.com"
185.215.232.193 - - [26/Aug/2026:17:00:22 +0330] "GET /index.php/vod/play/id/17022/sid/1/nid/1.html HTTP/1.1" 301 0 "https://mahdetejarat.com/index.php/vod/search/page/3/wd/%E7%BE%8E%E5%A5%B3.html" "Mozilla/5.0 (Linux; Android 7.0;) AppleWebKit/537.36 (HTML, like Gecko) Mobile Safari/537.36 (compatible; PetalBot;+https://webmaster.petalsearch.com/site/petalbot)"
94.101.182.6 - - [26/Aug/2026:17:01:50 +0330] "POST /wp-cron.php?doing_wp_cron=1787751110.2218270301818847656250 HTTP/1.1" 200 0 "-" "WordPress/6.9.1; https://mahdetejarat.com"
185.215.232.193 - - [26/Aug/2026:17:01:51 +0330] "GET /vod/play/id/31880/sid/1/nid/1.html HTTP/1.1" 404 13731 "https://www.mahdetejarat.com/index.php/vod/play/id/38436/sid/1/nid/1.html" "Mozilla/5.0 (Linux; Android 7.0;) AppleWebKit/537.36 (HTML, like Gecko) Mobile Safari/537.36 (compatible; PetalBot;+https://webmaster.petalsearch.com/site/petalbot)"
185.215.232.195 - - [26/Aug/2026:16:55:42 +0330] "GET /product/%d9%88%d8%b3%d8%a7%db%8c%d9%84-%d8%a8%d8%a7%d8%b2%db%8c-%d9%be%d9%84%db%8c-%d8%a7%d8%aa%db%8c%d9%84%d9%86-9/ HTTP/1.1" 200 21897 "-" "Mozilla/5.0 (Windows NT 10.0; Win64; x64) AppleWebKit/537.36 (KHTML, like Gecko) Chrome/145.0.0.0 Safari/537.36 (compatible; meta-externalagent/1.1 (+https://developers.facebook.com/docs/sharing/webmasters/crawler))"
185.215.232.193 - - [26/Aug/2026:16:56:17 +0330] "GET /vod/search.html?wd=Blessed HTTP/1.1" 404 13731 "https://www.mahdetejarat.com/index.php/vod/search.html?wd=Blessed" "Mozilla/5.0 (Linux; Android 7.0;) AppleWebKit/537.36 (HTML, like Gecko) Mobile Safari/537.36 (compatible; PetalBot;+https://webmaster.petalsearch.com/site/petalbot)"
94.101.183.3 - - [26/Aug/2026:16:57:38 +0330] "POST /wp-cron.php?doing_wp_cron=1787750858.3895449638366699218750 HTTP/1.1" 200 0 "-" "WordPress/6.9.1; https://mahdetejarat.com"
185.215.232.194 - - [26/Aug/2026:16:57:39 +0330] "GET /vod/play/id/36454/sid/1/nid/1.html HTTP/1.1" 404 13731 "https://mahdetejarat.com/index.php/vod/play/id/33773/sid/1/nid/1.html" "Mozilla/5.0 (Linux; Android 7.0;) AppleWebKit/537.36 (HTML, like Gecko) Mobile Safari/537.36 (compatible; PetalBot;+https://webmaster.petalsearch.com/site/petalbot)"
185.215.232.193 - - [26/Aug/2026:16:58:59 +0330] "GET /index.php/vod/play/id/34901/sid/1/nid/1.html HTTP/1.1" 301 0 "https://mahdetejarat.com/index.php/vod/play/id/39665/sid/1/nid/1.html" "Mozilla/5.0 (Linux; Android 7.0;) AppleWebKit/537.36 (HTML, like Gecko) Mobile Safari/537.36 (compatible; PetalBot;+https://webmaster.petalsearch.com/site/petalbot)"
185.215.232.193 - - [26/Aug/2026:17:00:26 +0330] "GET /vod/play/id/17022/sid/1/nid/1.html HTTP/1.1" 404 13731 "https://mahdetejarat.com/index.php/vod/search/page/3/wd/%E7%BE%8E%E5%A5%B3.html" "Mozilla/5.0 (Linux; Android 7.0;) AppleWebKit/537.36 (HTML, like Gecko) Mobile Safari/537.36 (compatible; PetalBot;+https://webmaster.petalsearch.com/site/petalbot)"
185.215.232.193 - - [26/Aug/2026:17:01:46 +0330] "GET /index.php/vod/play/id/31880/sid/1/nid/1.html HTTP/1.1" 301 0 "https://www.mahdetejarat.com/index.php/vod/play/id/38436/sid/1/nid/1.html" "Mozilla/5.0 (Linux; Android 7.0;) AppleWebKit/537.36 (HTML, like Gecko) Mobile Safari/537.36 (compatible; PetalBot;+https://webmaster.petalsearch.com/site/petalbot)"
185.215.232.194 - - [26/Aug/2026:17:03:12 +0330] "GET /index.php/vod/play/id/26626/sid/1/nid/1.html HTTP/1.1" 301 0 "https://www.mahdetejarat.com/index.php/vod/play/id/38747/sid/1/nid/1.html" "Mozilla/5.0 (Linux; Android 7.0;) AppleWebKit/537.36 (HTML, like Gecko) Mobile Safari/537.36 (compatible; PetalBot;+https://webmaster.petalsearch.com/site/petalbot)"
185.215.232.194 - - [26/Aug/2026:17:03:16 +0330] "GET /vod/play/id/26626/sid/1/nid/1.html HTTP/1.1" 404 13731 "https://www.mahdetejarat.com/index.php/vod/play/id/38747/sid/1/nid/1.html" "Mozilla/5.0 (Linux; Android 7.0;) AppleWebKit/537.36 (HTML, like Gecko) Mobile Safari/537.36 (compatible; PetalBot;+https://webmaster.petalsearch.com/site/petalbot)"
94.101.182.6 - - [26/Aug/2026:17:04:43 +0330] "POST /wp-cron.php?doing_wp_cron=1787751283.7820730209350585937500 HTTP/1.1" 200 0 "-" "WordPress/6.9.1; https://mahdetejarat.com"
185.215.232.193 - - [26/Aug/2026:17:04:40 +0330] "GET /index.php/vod/play/id/16011/sid/1/nid/1.html HTTP/1.1" 301 0 "https://www.mahdetejarat.com/index.php/vod/play/id/41820/sid/1/nid/1.html" "Mozilla/5.0 (Linux; Android 7.0;) AppleWebKit/537.36 (HTML, like Gecko) Mobile Safari/537.36 (compatible; PetalBot;+https://webmaster.petalsearch.com/site/petalbot)"
185.215.232.193 - - [26/Aug/2026:17:06:06 +0330] "GET /vod/play/id/13006/sid/1/nid/1.html HTTP/1.1" 404 13731 "https://mahdetejarat.com/index.php/vod/play/id/30900/sid/1/nid/1.html" "Mozilla/5.0 (Linux; Android 7.0;) AppleWebKit/537.36 (HTML, like Gecko) Mobile Safari/537.36 (compatible; PetalBot;+https://webmaster.petalsearch.com/site/petalbot)"
94.101.183.3 - - [26/Aug/2026:17:08:48 +0330] "POST /wp-cron.php?doing_wp_cron=1787751528.5160729885101318359375 HTTP/1.1" 200 0 "-" "WordPress/6.9.1; https://mahdetejarat.com"
185.215.232.193 - - [26/Aug/2026:17:08:45 +0330] "GET /index.php/vod/play/id/1518/sid/1/nid/1.html HTTP/1.1" 301 0 "http://mahdetejarat.com/index.php/vod/play/id/7024/sid/1/nid/1.html" "Mozilla/5.0 (Linux; Android 7.0;) AppleWebKit/537.36 (HTML, like Gecko) Mobile Safari/537.36 (compatible; PetalBot;+https://webmaster.petalsearch.com/site/petalbot)"
185.215.232.193 - - [26/Aug/2026:17:08:49 +0330] "GET /vod/play/id/1518/sid/1/nid/1.html HTTP/1.1" 404 13731 "http://mahdetejarat.com/index.php/vod/play/id/7024/sid/1/nid/1.html" "Mozilla/5.0 (Linux; Android 7.0;) AppleWebKit/537.36 (HTML, like Gecko) Mobile Safari/537.36 (compatible; PetalBot;+https://webmaster.petalsearch.com/site/petalbot)"
94.101.182.6 - - [26/Aug/2026:17:03:15 +0330] "POST /wp-cron.php?doing_wp_cron=1787751195.2473630905151367187500 HTTP/1.1" 200 0 "-" "WordPress/6.9.1; https://mahdetejarat.com"
185.215.232.193 - - [26/Aug/2026:17:04:45 +0330] "GET /vod/play/id/16011/sid/1/nid/1.html HTTP/1.1" 404 13731 "https://www.mahdetejarat.com/index.php/vod/play/id/41820/sid/1/nid/1.html" "Mozilla/5.0 (Linux; Android 7.0;) AppleWebKit/537.36 (HTML, like Gecko) Mobile Safari/537.36 (compatible; PetalBot;+https://webmaster.petalsearch.com/site/petalbot)"
94.101.183.3 - - [26/Aug/2026:17:06:05 +0330] "POST /wp-cron.php?doing_wp_cron=1787751365.5749969482421875000000 HTTP/1.1" 200 0 "-" "WordPress/6.9.1; https://mahdetejarat.com"
185.215.232.193 - - [26/Aug/2026:17:06:03 +0330] "GET /index.php/vod/play/id/13006/sid/1/nid/1.html HTTP/1.1" 301 0 "https://mahdetejarat.com/index.php/vod/play/id/30900/sid/1/nid/1.html" "Mozilla/5.0 (Linux; Android 7.0;) AppleWebKit/537.36 (HTML, like Gecko) Mobile Safari/537.36 (compatible; PetalBot;+https://webmaster.petalsearch.com/site/petalbot)"
94.101.183.3 - - [26/Aug/2026:17:07:24 +0330] "POST /wp-cron.php?doing_wp_cron=1787751444.6224479675292968750000 HTTP/1.1" 200 0 "-" "WordPress/6.9.1; https://mahdetejarat.com"
185.215.232.193 - - [26/Aug/2026:17:07:21 +0330] "GET /index.php/vod/play/id/8830/sid/1/nid/1.html HTTP/1.1" 301 0 "http://mahdetejarat.com/index.php/vod/play/id/8057/sid/1/nid/1.html" "Mozilla/5.0 (Linux; Android 7.0;) AppleWebKit/537.36 (HTML, like Gecko) Mobile Safari/537.36 (compatible; PetalBot;+https://webmaster.petalsearch.com/site/petalbot)"
185.215.232.193 - - [26/Aug/2026:17:07:25 +0330] "GET /vod/play/id/8830/sid/1/nid/1.html HTTP/1.1" 404 13731 "http://mahdetejarat.com/index.php/vod/play/id/8057/sid/1/nid/1.html" "Mozilla/5.0 (Linux; Android 7.0;) AppleWebKit/537.36 (HTML, like Gecko) Mobile Safari/537.36 (compatible; PetalBot;+https://webmaster.petalsearch.com/site/petalbot)"
185.215.232.193 - - [26/Aug/2026:17:11:21 +0330] "GET /wp-content/plugins/hellopress/wp_filemanager.php HTTP/1.1" 404 54959 "-" "-"
185.215.232.193 - - [26/Aug/2026:17:11:26 +0330] "GET /this_is_a_new_hello_world.php HTTP/1.1" 404 54959 "-" "-"
185.215.232.193 - - [26/Aug/2026:17:11:42 +0330] "GET /filemanager.php HTTP/1.1" 404 54959 "-" "-"
185.215.232.193 - - [26/Aug/2026:17:11:49 +0330] "GET /wp-mail.php HTTP/1.1" 403 2581 "-" "-"
94.101.183.3 - - [26/Aug/2026:17:11:56 +0330] "POST /wp-cron.php?doing_wp_cron=1787751716.6820490360260009765625 HTTP/1.1" 200 0 "-" "WordPress/6.9.1; https://mahdetejarat.com"
185.215.232.193 - - [26/Aug/2026:17:11:57 +0330] "GET /one.php HTTP/1.1" 404 54959 "-" "-"
185.215.232.193 - - [26/Aug/2026:17:12:01 +0330] "GET /khgdl.php HTTP/1.1" 404 54959 "-" "-"
185.215.232.193 - - [26/Aug/2026:17:12:17 +0330] "GET /pinfo.php HTTP/1.1" 404 54959 "-" "-"
185.215.232.193 - - [26/Aug/2026:17:12:21 +0330] "GET //485.php HTTP/1.1" 301 0 "-" "-"
185.215.232.193 - - [26/Aug/2026:17:12:24 +0330] "GET /485.php HTTP/1.1" 404 54959 "-" "-"
185.215.232.193 - - [26/Aug/2026:17:12:36 +0330] "GET /cong.php HTTP/1.1" 404 54959 "-" "-"
185.215.232.193 - - [26/Aug/2026:17:12:40 +0330] "GET /style.php HTTP/1.1" 404 54959 "-" "-"
185.215.232.193 - - [26/Aug/2026:17:12:44 +0330] "GET /file13.php HTTP/1.1" 404 54959 "-" "-"
94.101.183.3 - - [26/Aug/2026:17:12:56 +0330] "POST /wp-cron.php?doing_wp_cron=1787751776.6899609565734863281250 HTTP/1.1" 200 0 "-" "WordPress/6.9.1; https://mahdetejarat.com"
185.215.232.193 - - [26/Aug/2026:17:12:54 +0330] "GET //erty.php HTTP/1.1" 301 0 "-" "-"
185.215.232.193 - - [26/Aug/2026:17:12:57 +0330] "GET /erty.php HTTP/1.1" 404 54959 "-" "-"
185.215.232.193 - - [26/Aug/2026:17:13:00 +0330] "GET /ff1.php HTTP/1.1" 404 54959 "-" "-"
94.101.183.3 - - [26/Aug/2026:17:13:10 +0330] "POST /wp-cron.php?doing_wp_cron=1787751790.5701351165771484375000 HTTP/1.1" 200 0 "-" "WordPress/6.9.1; https://mahdetejarat.com"
185.215.232.193 - - [26/Aug/2026:17:13:07 +0330] "GET /gaza.php HTTP/1.1" 404 54959 "-" "-"
185.215.232.193 - - [26/Aug/2026:17:13:13 +0330] "GET /ccea.php HTTP/1.1" 404 54959 "-" "-"
185.215.232.193 - - [26/Aug/2026:17:13:20 +0330] "GET /aaf.php HTTP/1.1" 404 54959 "-" "-"
185.215.232.193 - - [26/Aug/2026:17:13:24 +0330] "GET /aa1.php HTTP/1.1" 404 54959 "-" "-"
185.215.232.193 - - [26/Aug/2026:17:13:32 +0330] "GET /sid4.php HTTP/1.1" 404 54959 "-" "-"
185.215.232.193 - - [26/Aug/2026:17:13:36 +0330] "GET /a2.php HTTP/1.1" 404 54959 "-" "-"
185.215.232.193 - - [26/Aug/2026:17:13:43 +0330] "GET /55.php HTTP/1.1" 404 54959 "-" "-"
185.215.232.193 - - [26/Aug/2026:17:13:52 +0330] "GET /pusher.php HTTP/1.1" 404 54959 "-" "-"
94.101.183.3 - - [26/Aug/2026:17:13:59 +0330] "POST /wp-cron.php?doing_wp_cron=1787751839.8334350585937500000000 HTTP/1.1" 200 0 "-" "WordPress/6.9.1; https://mahdetejarat.com"
185.215.232.193 - - [26/Aug/2026:17:13:56 +0330] "GET /hunter.php HTTP/1.1" 404 54959 "-" "-"
185.215.232.193 - - [26/Aug/2026:17:14:00 +0330] "GET /samll.php HTTP/1.1" 404 54959 "-" "-"
185.215.232.193 - - [26/Aug/2026:17:14:04 +0330] "GET /bless3.php HTTP/1.1" 404 54959 "-" "-"
185.215.232.193 - - [26/Aug/2026:17:14:09 +0330] "GET /red.php HTTP/1.1" 404 54959 "-" "-"
185.215.232.193 - - [26/Aug/2026:17:14:13 +0330] "GET /ans.php HTTP/1.1" 404 54959 "-" "-"
185.215.232.193 - - [26/Aug/2026:17:14:16 +0330] "GET /k2.php HTTP/1.1" 404 54959 "-" "-"
185.215.232.193 - - [26/Aug/2026:17:14:35 +0330] "GET /sd.php HTTP/1.1" 404 54959 "-" "-"
185.215.232.193 - - [26/Aug/2026:17:14:42 +0330] "GET /ot.php HTTP/1.1" 404 54959 "-" "-"
185.215.232.193 - - [26/Aug/2026:17:15:09 +0330] "GET /5index.php HTTP/1.1" 404 54959 "-" "-"
185.215.232.193 - - [26/Aug/2026:17:15:13 +0330] "GET /asasx.php HTTP/1.1" 404 54959 "-" "-"
185.215.232.193 - - [26/Aug/2026:17:15:17 +0330] "GET /contact.php HTTP/1.1" 404 54959 "-" "-"
185.215.232.193 - - [26/Aug/2026:17:15:27 +0330] "GET /niett.php HTTP/1.1" 404 54959 "-" "-"
185.215.232.193 - - [26/Aug/2026:17:15:46 +0330] "GET /alpa.php HTTP/1.1" 404 54959 "-" "-"
94.101.183.3 - - [26/Aug/2026:17:11:25 +0330] "POST /wp-cron.php?doing_wp_cron=1787751685.3246140480041503906250 HTTP/1.1" 200 0 "-" "WordPress/6.9.1; https://mahdetejarat.com"
185.215.232.193 - - [26/Aug/2026:17:11:30 +0330] "GET /secure.php HTTP/1.1" 404 54959 "-" "-"
185.215.232.193 - - [26/Aug/2026:17:11:34 +0330] "GET /mac.php HTTP/1.1" 404 54959 "-" "-"
185.215.232.193 - - [26/Aug/2026:17:11:37 +0330] "GET /cache.php HTTP/1.1" 404 54959 "-" "-"
185.215.232.193 - - [26/Aug/2026:17:11:45 +0330] "GET /wp-content/admin.php HTTP/1.1" 404 54959 "-" "-"
185.215.232.193 - - [26/Aug/2026:17:11:53 +0330] "GET /socket.php HTTP/1.1" 404 54959 "-" "-"
94.101.183.3 - - [26/Aug/2026:17:12:08 +0330] "POST /wp-cron.php?doing_wp_cron=1787751728.4173800945281982421875 HTTP/1.1" 200 0 "-" "WordPress/6.9.1; https://mahdetejarat.com"
185.215.232.193 - - [26/Aug/2026:17:12:05 +0330] "GET /a5.php HTTP/1.1" 404 54959 "-" "-"
185.215.232.193 - - [26/Aug/2026:17:12:08 +0330] "GET /pi.php HTTP/1.1" 404 54959 "-" "-"
185.215.232.193 - - [26/Aug/2026:17:12:12 +0330] "GET /byug.php HTTP/1.1" 404 54959 "-" "-"
185.215.232.193 - - [26/Aug/2026:17:12:28 +0330] "GET /nano.php HTTP/1.1" 404 54959 "-" "-"
185.215.232.193 - - [26/Aug/2026:17:12:32 +0330] "GET /orange3.php HTTP/1.1" 404 54959 "-" "-"
185.215.232.193 - - [26/Aug/2026:17:12:48 +0330] "GET //coffee.php HTTP/1.1" 301 0 "-" "-"
185.215.232.193 - - [26/Aug/2026:17:12:50 +0330] "GET /coffee.php HTTP/1.1" 404 54959 "-" "-"
185.215.232.193 - - [26/Aug/2026:17:13:16 +0330] "GET /cah.php HTTP/1.1" 404 54959 "-" "-"
185.215.232.193 - - [26/Aug/2026:17:13:28 +0330] "GET /asas.php HTTP/1.1" 404 54959 "-" "-"
185.215.232.193 - - [26/Aug/2026:17:13:40 +0330] "GET //55.php HTTP/1.1" 301 0 "-" "-"
185.215.232.193 - - [26/Aug/2026:17:13:48 +0330] "GET /last.php HTTP/1.1" 404 54959 "-" "-"
94.101.183.3 - - [26/Aug/2026:17:14:12 +0330] "POST /wp-cron.php?doing_wp_cron=1787751852.1782729625701904296875 HTTP/1.1" 200 0 "-" "WordPress/6.9.1; https://mahdetejarat.com"
185.215.232.193 - - [26/Aug/2026:17:14:20 +0330] "GET /inc.php HTTP/1.1" 404 54959 "-" "-"
185.215.232.193 - - [26/Aug/2026:17:14:24 +0330] "GET /file52.php HTTP/1.1" 404 54959 "-" "-"
185.215.232.193 - - [26/Aug/2026:17:14:29 +0330] "GET //aa.php HTTP/1.1" 301 0 "-" "-"
185.215.232.193 - - [26/Aug/2026:17:14:31 +0330] "GET /aa.php HTTP/1.1" 404 54959 "-" "-"
185.215.232.193 - - [26/Aug/2026:17:14:48 +0330] "GET /201.php HTTP/1.1" 404 54959 "-" "-"
185.215.232.193 - - [26/Aug/2026:17:14:53 +0330] "GET /op.php HTTP/1.1" 404 54959 "-" "-"
185.215.232.193 - - [26/Aug/2026:17:15:00 +0330] "GET /suu.php HTTP/1.1" 404 54959 "-" "-"
185.215.232.193 - - [26/Aug/2026:17:15:04 +0330] "GET /a1.php HTTP/1.1" 404 54959 "-" "-"
185.215.232.193 - - [26/Aug/2026:17:15:22 +0330] "GET /700.php HTTP/1.1" 404 54959 "-" "-"
185.215.232.193 - - [26/Aug/2026:17:15:30 +0330] "GET /pbck.php HTTP/1.1" 404 54959 "-" "-"
185.215.232.193 - - [26/Aug/2026:17:15:34 +0330] "GET /fde.php HTTP/1.1" 404 54959 "-" "-"
185.215.232.193 - - [26/Aug/2026:17:15:38 +0330] "GET /class629.php HTTP/1.1" 404 54959 "-" "-"
185.215.232.193 - - [26/Aug/2026:17:15:42 +0330] "GET /sa.php HTTP/1.1" 404 54959 "-" "-"
94.101.183.3 - - [26/Aug/2026:17:16:01 +0330] "POST /wp-cron.php?doing_wp_cron=1787751961.4164969921112060546875 HTTP/1.1" 200 0 "-" "WordPress/6.9.1; https://mahdetejarat.com"
185.215.232.193 - - [26/Aug/2026:17:16:02 +0330] "GET //desah.php HTTP/1.1" 301 0 "-" "-"
185.215.232.193 - - [26/Aug/2026:17:16:04 +0330] "GET /desah.php HTTP/1.1" 404 54959 "-" "-"
185.215.232.193 - - [26/Aug/2026:17:16:08 +0330] "GET //zaza.php HTTP/1.1" 301 0 "-" "-"
185.215.232.193 - - [26/Aug/2026:17:16:15 +0330] "GET /fffm.php HTTP/1.1" 404 54959 "-" "-"
185.215.232.193 - - [26/Aug/2026:17:16:23 +0330] "GET /AAAA.php HTTP/1.1" 404 54959 "-" "-"
185.215.232.193 - - [26/Aug/2026:17:16:36 +0330] "GET /file32.php HTTP/1.1" 404 54959 "-" "-"
185.215.232.193 - - [26/Aug/2026:17:16:39 +0330] "GET /bbn.php HTTP/1.1" 404 54959 "-" "-"
185.215.232.193 - - [26/Aug/2026:17:15:53 +0330] "GET /kao.php HTTP/1.1" 404 54959 "-" "-"
185.215.232.193 - - [26/Aug/2026:17:15:58 +0330] "GET /100.php HTTP/1.1" 404 54959 "-" "-"
94.101.183.3 - - [26/Aug/2026:17:16:11 +0330] "POST /wp-cron.php?doing_wp_cron=1787751971.1306080818176269531250 HTTP/1.1" 200 0 "-" "WordPress/6.9.1; https://mahdetejarat.com"
185.215.232.193 - - [26/Aug/2026:17:16:11 +0330] "GET /zaza.php HTTP/1.1" 404 54959 "-" "-"
185.215.232.193 - - [26/Aug/2026:17:16:19 +0330] "GET /file12.php HTTP/1.1" 404 54959 "-" "-"
185.215.232.193 - - [26/Aug/2026:17:16:27 +0330] "GET /ioxi002.PhP HTTP/1.1" 404 54959 "-" "-"
185.215.232.193 - - [26/Aug/2026:17:16:32 +0330] "GET /shl.php HTTP/1.1" 404 54959 "-" "-"
185.215.232.193 - - [26/Aug/2026:17:16:43 +0330] "GET /file18.php HTTP/1.1" 404 54959 "-" "-"
94.101.183.3 - - [26/Aug/2026:17:16:56 +0330] "POST /wp-cron.php?doing_wp_cron=1787752016.0733790397644042968750 HTTP/1.1" 200 0 "-" "WordPress/6.9.1; https://mahdetejarat.com"
185.215.232.193 - - [26/Aug/2026:17:16:56 +0330] "GET /qa.php HTTP/1.1" 404 54959 "-" "-"
185.215.232.193 - - [26/Aug/2026:17:17:03 +0330] "GET /finny.php HTTP/1.1" 404 54959 "-" "-"
185.215.232.193 - - [26/Aug/2026:17:17:09 +0330] "GET /panel.php HTTP/1.1" 404 54959 "-" "-"
185.215.232.193 - - [26/Aug/2026:17:17:14 +0330] "GET /bless8.php HTTP/1.1" 404 54959 "-" "-"
185.215.232.193 - - [26/Aug/2026:17:17:18 +0330] "GET /bfdnl.php HTTP/1.1" 404 54959 "-" "-"
185.215.232.193 - - [26/Aug/2026:17:17:22 +0330] "GET /kbfr.php HTTP/1.1" 404 54959 "-" "-"
185.215.232.193 - - [26/Aug/2026:17:17:40 +0330] "GET /aa2.php HTTP/1.1" 404 54959 "-" "-"
185.215.232.193 - - [26/Aug/2026:17:17:44 +0330] "GET /300.php HTTP/1.1" 404 54959 "-" "-"
185.215.232.193 - - [26/Aug/2026:17:17:49 +0330] "GET /pl.php HTTP/1.1" 404 54959 "-" "-"
94.101.183.3 - - [26/Aug/2026:17:17:56 +0330] "POST /wp-cron.php?doing_wp_cron=1787752076.0308749675750732421875 HTTP/1.1" 200 0 "-" "WordPress/6.9.1; https://mahdetejarat.com"
185.215.232.193 - - [26/Aug/2026:17:17:53 +0330] "GET //ip.php HTTP/1.1" 301 0 "-" "-"
185.215.232.193 - - [26/Aug/2026:17:17:56 +0330] "GET /ip.php HTTP/1.1" 404 54959 "-" "-"
185.215.232.193 - - [26/Aug/2026:17:18:00 +0330] "GET /index.php/vod/play/id/1163/sid/1/nid/1.html HTTP/1.1" 301 0 "http://mahdetejarat.com/index.php/vod/play/id/591/sid/1/nid/1.html" "Mozilla/5.0 (Linux; Android 7.0;) AppleWebKit/537.36 (HTML, like Gecko) Mobile Safari/537.36 (compatible; PetalBot;+https://webmaster.petalsearch.com/site/petalbot)"
185.215.232.193 - - [26/Aug/2026:17:18:02 +0330] "GET /sx.php HTTP/1.1" 404 54959 "-" "-"
94.101.183.3 - - [26/Aug/2026:17:18:10 +0330] "POST /wp-cron.php?doing_wp_cron=1787752090.8039579391479492187500 HTTP/1.1" 200 0 "-" "WordPress/6.9.1; https://mahdetejarat.com"
185.215.232.193 - - [26/Aug/2026:17:18:11 +0330] "GET /002.php HTTP/1.1" 404 54959 "-" "-"
94.101.182.6 - - [26/Aug/2026:17:19:05 +0330] "POST /wp-cron.php?doing_wp_cron=1787752145.7822680473327636718750 HTTP/1.1" 200 0 "-" "WordPress/6.9.1; https://mahdetejarat.com"
185.215.232.193 - - [26/Aug/2026:17:16:49 +0330] "GET /bless11.php HTTP/1.1" 404 54959 "-" "-"
185.215.232.193 - - [26/Aug/2026:17:16:52 +0330] "GET /cfile.php HTTP/1.1" 404 54959 "-" "-"
94.101.183.3 - - [26/Aug/2026:17:17:09 +0330] "POST /wp-cron.php?doing_wp_cron=1787752029.3582439422607421875000 HTTP/1.1" 200 0 "-" "WordPress/6.9.1; https://mahdetejarat.com"
185.215.232.193 - - [26/Aug/2026:17:17:26 +0330] "GET /discord.php HTTP/1.1" 404 54959 "-" "-"
185.215.232.193 - - [26/Aug/2026:17:17:35 +0330] "GET /map.php HTTP/1.1" 404 54959 "-" "-"
185.215.232.193 - - [26/Aug/2026:17:18:04 +0330] "GET /vod/play/id/1163/sid/1/nid/1.html HTTP/1.1" 404 13731 "http://mahdetejarat.com/index.php/vod/play/id/591/sid/1/nid/1.html" "Mozilla/5.0 (Linux; Android 7.0;) AppleWebKit/537.36 (HTML, like Gecko) Mobile Safari/537.36 (compatible; PetalBot;+https://webmaster.petalsearch.com/site/petalbot)"
185.215.232.193 - - [26/Aug/2026:17:18:07 +0330] "GET /core.php HTTP/1.1" 404 54959 "-" "-"
185.215.232.193 - - [26/Aug/2026:17:19:03 +0330] "GET /index.php/vod/play/id/10890/sid/1/nid/1.html HTTP/1.1" 301 0 "http://mahdetejarat.com/index.php/vod/search/page/1/wd/%E7%99%BD%E4%B8%9D.html" "Mozilla/5.0 (Linux; Android 7.0;) AppleWebKit/537.36 (HTML, like Gecko) Mobile Safari/537.36 (compatible; PetalBot;+https://webmaster.petalsearch.com/site/petalbot)"
185.215.232.193 - - [26/Aug/2026:17:19:10 +0330] "GET /vod/play/id/10890/sid/1/nid/1.html HTTP/1.1" 404 13731 "http://mahdetejarat.com/index.php/vod/search/page/1/wd/%E7%99%BD%E4%B8%9D.html" "Mozilla/5.0 (Linux; Android 7.0;) AppleWebKit/537.36 (HTML, like Gecko) Mobile Safari/537.36 (compatible; PetalBot;+https://webmaster.petalsearch.com/site/petalbot)"
94.101.182.6 - - [26/Aug/2026:17:20:00 +0330] "POST /wp-cron.php?doing_wp_cron=1787752200.1321470737457275390625 HTTP/1.1" 200 0 "-" "WordPress/6.9.1; https://mahdetejarat.com"
185.215.232.193 - - [26/Aug/2026:17:19:57 +0330] "GET /index.php/vod/play/id/3723/sid/1/nid/1.html HTTP/1.1" 301 0 "https://www.mahdetejarat.com/index.php/vod/play/id/546/sid/1/nid/1.html" "Mozilla/5.0 (Linux; Android 7.0;) AppleWebKit/537.36 (HTML, like Gecko) Mobile Safari/537.36 (compatible; PetalBot;+https://webmaster.petalsearch.com/site/petalbot)"
185.215.232.193 - - [26/Aug/2026:17:20:05 +0330] "GET /vod/play/id/3723/sid/1/nid/1.html HTTP/1.1" 404 13731 "https://www.mahdetejarat.com/index.php/vod/play/id/546/sid/1/nid/1.html" "Mozilla/5.0 (Linux; Android 7.0;) AppleWebKit/537.36 (HTML, like Gecko) Mobile Safari/537.36 (compatible; PetalBot;+https://webmaster.petalsearch.com/site/petalbot)"
94.101.182.6 - - [26/Aug/2026:17:21:44 +0330] "POST /wp-cron.php?doing_wp_cron=1787752304.8621199131011962890625 HTTP/1.1" 200 0 "-" "WordPress/6.9.1; https://mahdetejarat.com"
185.215.232.193 - - [26/Aug/2026:17:21:42 +0330] "GET /index.php/vod/play/id/2079/sid/1/nid/1.html HTTP/1.1" 301 0 "https://mahdetejarat.com/index.php/vod/play/id/37168/sid/1/nid/1.html" "Mozilla/5.0 (Linux; Android 7.0;) AppleWebKit/537.36 (HTML, like Gecko) Mobile Safari/537.36 (compatible; PetalBot;+https://webmaster.petalsearch.com/site/petalbot)"
185.215.232.193 - - [26/Aug/2026:17:22:39 +0330] "GET /index.php/vod/play/id/6067/sid/1/nid/1.html HTTP/1.1" 301 0 "http://mahdetejarat.com/index.php/vod/play/id/9297/sid/1/nid/1.html" "Mozilla/5.0 (Linux; Android 7.0;) AppleWebKit/537.36 (HTML, like Gecko) Mobile Safari/537.36 (compatible; PetalBot;+https://webmaster.petalsearch.com/site/petalbot)"
94.101.182.6 - - [26/Aug/2026:17:24:07 +0330] "POST /wp-cron.php?doing_wp_cron=1787752447.4302620887756347656250 HTTP/1.1" 200 0 "-" "WordPress/6.9.1; https://mahdetejarat.com"
185.215.232.193 - - [26/Aug/2026:17:24:04 +0330] "GET /index.php/vod/play/id/3757/sid/1/nid/1.html HTTP/1.1" 301 0 "http://mahdetejarat.com/index.php/vod/play/id/5393/sid/1/nid/1.html" "Mozilla/5.0 (Linux; Android 7.0;) AppleWebKit/537.36 (HTML, like Gecko) Mobile Safari/537.36 (compatible; PetalBot;+https://webmaster.petalsearch.com/site/petalbot)"
185.215.232.193 - - [26/Aug/2026:17:24:08 +0330] "GET /vod/play/id/3757/sid/1/nid/1.html HTTP/1.1" 404 13731 "http://mahdetejarat.com/index.php/vod/play/id/5393/sid/1/nid/1.html" "Mozilla/5.0 (Linux; Android 7.0;) AppleWebKit/537.36 (HTML, like Gecko) Mobile Safari/537.36 (compatible; PetalBot;+https://webmaster.petalsearch.com/site/petalbot)"
185.215.232.193 - - [26/Aug/2026:17:24:19 +0330] "GET /this_is_a_new_hello_world.php HTTP/1.1" 404 54959 "-" "-"
185.215.232.193 - - [26/Aug/2026:17:24:23 +0330] "GET /nex.php HTTP/1.1" 404 54959 "-" "-"
185.215.232.193 - - [26/Aug/2026:17:24:36 +0330] "GET /new.php HTTP/1.1" 404 54959 "-" "-"
185.215.232.193 - - [26/Aug/2026:17:24:39 +0330] "GET /wp-admin/css/about.php HTTP/1.1" 404 54959 "-" "-"
185.215.232.193 - - [26/Aug/2026:17:24:48 +0330] "GET /jok3r.php HTTP/1.1" 404 54959 "-" "-"
185.215.232.193 - - [26/Aug/2026:17:24:57 +0330] "GET /wp-mjfb.php HTTP/1.1" 404 54959 "-" "-"
185.215.232.193 - - [26/Aug/2026:17:25:04 +0330] "GET /wp-login.php?redirect_to=https%3A%2F%2Fmahdetejarat.com%2Fwp-admin%2Fuser%2Findex.php&reauth=1 HTTP/1.1" 200 11446 "-" "-"
94.101.182.6 - - [26/Aug/2026:17:25:11 +0330] "POST /wp-cron.php?doing_wp_cron=1787752511.1508409976959228515625 HTTP/1.1" 200 0 "-" "WordPress/6.9.1; https://mahdetejarat.com"
185.215.232.193 - - [26/Aug/2026:17:25:11 +0330] "GET /end.php HTTP/1.1" 404 54959 "-" "-"
185.215.232.193 - - [26/Aug/2026:17:25:15 +0330] "GET /0.php HTTP/1.1" 404 54959 "-" "-"
185.215.232.193 - - [26/Aug/2026:17:25:31 +0330] "GET /contacts.php HTTP/1.1" 404 54959 "-" "-"
94.101.182.6 - - [26/Aug/2026:17:20:08 +0330] "POST /wp-cron.php?doing_wp_cron=1787752208.3815400600433349609375 HTTP/1.1" 200 0 "-" "WordPress/6.9.1; https://mahdetejarat.com"
94.101.182.6 - - [26/Aug/2026:17:21:56 +0330] "POST /wp-cron.php?doing_wp_cron=1787752316.0699551105499267578125 HTTP/1.1" 200 0 "-" "WordPress/6.9.1; https://mahdetejarat.com"
185.215.232.193 - - [26/Aug/2026:17:21:52 +0330] "GET /vod/play/id/2079/sid/1/nid/1.html HTTP/1.1" 404 13731 "https://mahdetejarat.com/index.php/vod/play/id/37168/sid/1/nid/1.html" "Mozilla/5.0 (Linux; Android 7.0;) AppleWebKit/537.36 (HTML, like Gecko) Mobile Safari/537.36 (compatible; PetalBot;+https://webmaster.petalsearch.com/site/petalbot)"
94.101.182.6 - - [26/Aug/2026:17:22:42 +0330] "POST /wp-cron.php?doing_wp_cron=1787752362.1416530609130859375000 HTTP/1.1" 200 0 "-" "WordPress/6.9.1; https://mahdetejarat.com"
185.215.232.193 - - [26/Aug/2026:17:22:42 +0330] "GET /vod/play/id/6067/sid/1/nid/1.html HTTP/1.1" 404 13731 "http://mahdetejarat.com/index.php/vod/play/id/9297/sid/1/nid/1.html" "Mozilla/5.0 (Linux; Android 7.0;) AppleWebKit/537.36 (HTML, like Gecko) Mobile Safari/537.36 (compatible; PetalBot;+https://webmaster.petalsearch.com/site/petalbot)"
185.215.232.193 - - [26/Aug/2026:17:24:15 +0330] "GET /wp-content/plugins/hellopress/wp_filemanager.php HTTP/1.1" 404 54959 "-" "-"
185.215.232.193 - - [26/Aug/2026:17:24:28 +0330] "GET /wp-admin/images/about.php HTTP/1.1" 404 54959 "-" "-"
185.215.232.193 - - [26/Aug/2026:17:24:32 +0330] "GET /class.1.php HTTP/1.1" 404 54959 "-" "-"
185.215.232.193 - - [26/Aug/2026:17:24:44 +0330] "GET /wp-installer.php HTTP/1.1" 404 54959 "-" "-"
94.101.182.6 - - [26/Aug/2026:17:24:56 +0330] "POST /wp-cron.php?doing_wp_cron=1787752496.9183499813079833984375 HTTP/1.1" 200 0 "-" "WordPress/6.9.1; https://mahdetejarat.com"
185.215.232.193 - - [26/Aug/2026:17:24:53 +0330] "GET /mail.php HTTP/1.1" 404 54959 "-" "-"
185.215.232.193 - - [26/Aug/2026:17:25:00 +0330] "GET /wp-admin/user/index.php HTTP/1.1" 302 0 "-" "-"
185.215.232.193 - - [26/Aug/2026:17:25:07 +0330] "GET /55.php HTTP/1.1" 404 54959 "-" "-"
185.215.232.193 - - [26/Aug/2026:17:25:19 +0330] "GET /wp-includes/css/dist/edit-post/alfa-rex.php HTTP/1.1" 404 54959 "-" "-"
185.215.232.193 - - [26/Aug/2026:17:25:23 +0330] "GET /min.php HTTP/1.1" 404 54959 "-" "-"
185.215.232.193 - - [26/Aug/2026:17:25:27 +0330] "GET /file-manager-advanced.php HTTP/1.1" 404 54959 "-" "-"
185.215.232.193 - - [26/Aug/2026:17:25:34 +0330] "GET /hplfuns.php HTTP/1.1" 404 54959 "-" "-"
185.215.232.193 - - [26/Aug/2026:17:25:39 +0330] "GET /vod/search.html?wd=shadow94 HTTP/1.1" 404 13731 "https://www.mahdetejarat.com/index.php/art/type/id/22.html" "Mozilla/5.0 (Linux; Android 7.0;) AppleWebKit/537.36 (HTML, like Gecko) Mobile Safari/537.36 (compatible; PetalBot;+https://webmaster.petalsearch.com/site/petalbot)"
185.215.232.193 - - [26/Aug/2026:17:25:45 +0330] "GET /wp-includes/js/jcrop/atomlib.php HTTP/1.1" 404 54959 "-" "-"
94.101.182.6 - - [26/Aug/2026:17:25:56 +0330] "POST /wp-cron.php?doing_wp_cron=1787752556.5765359401702880859375 HTTP/1.1" 200 0 "-" "WordPress/6.9.1; https://mahdetejarat.com"
185.215.232.193 - - [26/Aug/2026:17:25:53 +0330] "GET /wp-admin/js/widgets/pepe.php HTTP/1.1" 404 54959 "-" "-"
185.215.232.193 - - [26/Aug/2026:17:25:57 +0330] "GET /wp-content/fm.php HTTP/1.1" 404 54959 "-" "-"
185.215.232.193 - - [26/Aug/2026:17:26:05 +0330] "GET /wp-includes/blocks/chosen.php HTTP/1.1" 404 54959 "-" "-"
185.215.232.193 - - [26/Aug/2026:17:26:12 +0330] "GET //test.php HTTP/1.1" 301 0 "-" "-"
185.215.232.193 - - [26/Aug/2026:17:26:22 +0330] "GET /qlex1.php HTTP/1.1" 404 54959 "-" "-"
185.215.232.193 - - [26/Aug/2026:17:26:26 +0330] "GET /radio.php HTTP/1.1" 404 54959 "-" "-"
94.101.182.6 - - [26/Aug/2026:17:26:59 +0330] "POST /wp-cron.php?doing_wp_cron=1787752619.3036239147186279296875 HTTP/1.1" 200 0 "-" "WordPress/6.9.1; https://mahdetejarat.com"
185.215.232.193 - - [26/Aug/2026:17:25:35 +0330] "GET /index.php/vod/search.html?wd=shadow94 HTTP/1.1" 301 0 "https://www.mahdetejarat.com/index.php/art/type/id/22.html" "Mozilla/5.0 (Linux; Android 7.0;) AppleWebKit/537.36 (HTML, like Gecko) Mobile Safari/537.36 (compatible; PetalBot;+https://webmaster.petalsearch.com/site/petalbot)"
185.215.232.193 - - [26/Aug/2026:17:25:38 +0330] "GET /.well-known/pki-validation/dropdown.php HTTP/1.1" 404 54959 "-" "-"
185.215.232.193 - - [26/Aug/2026:17:25:41 +0330] "GET /wp-content/mu-plugins/about.php HTTP/1.1" 404 54959 "-" "-"
185.215.232.193 - - [26/Aug/2026:17:25:49 +0330] "GET /byp.php HTTP/1.1" 404 54959 "-" "-"
185.215.232.193 - - [26/Aug/2026:17:26:01 +0330] "GET /file52.php HTTP/1.1" 404 54959 "-" "-"
94.101.182.6 - - [26/Aug/2026:17:26:08 +0330] "POST /wp-cron.php?doing_wp_cron=1787752568.4799170494079589843750 HTTP/1.1" 200 0 "-" "WordPress/6.9.1; https://mahdetejarat.com"
185.215.232.193 - - [26/Aug/2026:17:26:09 +0330] "GET /sta.php HTTP/1.1" 404 54959 "-" "-"
185.215.232.193 - - [26/Aug/2026:17:26:15 +0330] "GET /test.php HTTP/1.1" 404 54959 "-" "-"
185.215.232.193 - - [26/Aug/2026:17:26:18 +0330] "GET /raw.php HTTP/1.1" 404 54959 "-" "-"
185.215.232.193 - - [26/Aug/2026:17:26:30 +0330] "GET /zwso.php HTTP/1.1" 404 54959 "-" "-"
185.215.232.193 - - [26/Aug/2026:17:26:34 +0330] "GET /class-wp.php HTTP/1.1" 404 54959 "-" "-"
185.215.232.193 - - [26/Aug/2026:17:26:38 +0330] "GET /bypasbnget.php HTTP/1.1" 404 54959 "-" "-"
185.215.232.193 - - [26/Aug/2026:17:26:43 +0330] "GET /green.php HTTP/1.1" 404 54959 "-" "-"
185.215.232.193 - - [26/Aug/2026:17:26:47 +0330] "GET /aj.php HTTP/1.1" 404 54959 "-" "-"
185.215.232.193 - - [26/Aug/2026:17:26:52 +0330] "GET /bb.php HTTP/1.1" 404 54959 "-" "-"
185.215.232.193 - - [26/Aug/2026:17:26:55 +0330] "GET /wp-admin/includes/admin.php HTTP/1.1" 500 0 "-" "-"
185.215.232.193 - - [26/Aug/2026:17:26:56 +0330] "GET /wp-content/admin.php HTTP/1.1" 404 54959 "-" "-"
185.215.232.193 - - [26/Aug/2026:17:26:59 +0330] "GET /cgi-bin/about.php HTTP/1.1" 404 54959 "-" "-"
185.215.232.193 - - [26/Aug/2026:17:27:01 +0330] "GET /vod/play/id/30568/sid/1/nid/1.html HTTP/1.1" 404 13731 "https://mahdetejarat.com/index.php/vod/search/page/5/wd/%E7%BE%8E%E5%A5%B3.html" "Mozilla/5.0 (Linux; Android 7.0;) AppleWebKit/537.36 (HTML, like Gecko) Mobile Safari/537.36 (compatible; PetalBot;+https://webmaster.petalsearch.com/site/petalbot)"
185.215.232.193 - - [26/Aug/2026:17:27:03 +0330] "GET /wp-content/themes/twentytwentythree/assets/about.php HTTP/1.1" 404 54959 "-" "-"
185.215.232.193 - - [26/Aug/2026:17:27:07 +0330] "GET /ejrofgj.php HTTP/1.1" 404 54959 "-" "-"
185.215.232.193 - - [26/Aug/2026:17:27:11 +0330] "GET /ws45.php HTTP/1.1" 404 54959 "-" "-"
185.215.232.193 - - [26/Aug/2026:17:27:19 +0330] "GET /xwpg.php HTTP/1.1" 404 54959 "-" "-"
185.215.232.193 - - [26/Aug/2026:17:27:27 +0330] "GET /asasx.php HTTP/1.1" 404 54959 "-" "-"
185.215.232.193 - - [26/Aug/2026:17:27:31 +0330] "GET /mpxct.php HTTP/1.1" 404 54959 "-" "-"
185.215.232.193 - - [26/Aug/2026:17:27:35 +0330] "GET /marijuana.php HTTP/1.1" 404 54959 "-" "-"
185.215.232.193 - - [26/Aug/2026:17:27:38 +0330] "GET /chosen.php HTTP/1.1" 404 54959 "-" "-"
185.215.232.193 - - [26/Aug/2026:17:27:49 +0330] "GET /aaaa.php HTTP/1.1" 404 54959 "-" "-"
185.215.232.193 - - [26/Aug/2026:17:28:04 +0330] "GET /g.php HTTP/1.1" 404 54959 "-" "-"
185.215.232.193 - - [26/Aug/2026:17:28:08 +0330] "GET /wp-includes/css/index.php HTTP/1.1" 301 0 "-" "-"
185.215.232.193 - - [26/Aug/2026:17:28:10 +0330] "GET /wp-includes/css/ HTTP/1.1" 200 14035 "-" "-"
185.215.232.193 - - [26/Aug/2026:17:28:11 +0330] "GET /wp-bxroot.php HTTP/1.1" 404 54959 "-" "-"
185.215.232.193 - - [26/Aug/2026:17:28:14 +0330] "GET /wp-ws68.php HTTP/1.1" 404 54959 "-" "-"
185.215.232.193 - - [26/Aug/2026:17:26:58 +0330] "GET /index.php/vod/play/id/30568/sid/1/nid/1.html HTTP/1.1" 301 0 "https://mahdetejarat.com/index.php/vod/search/page/5/wd/%E7%BE%8E%E5%A5%B3.html" "Mozilla/5.0 (Linux; Android 7.0;) AppleWebKit/537.36 (HTML, like Gecko) Mobile Safari/537.36 (compatible; PetalBot;+https://webmaster.petalsearch.com/site/petalbot)"
94.101.182.6 - - [26/Aug/2026:17:27:10 +0330] "POST /wp-cron.php?doing_wp_cron=1787752630.8200049400329589843750 HTTP/1.1" 200 0 "-" "WordPress/6.9.1; https://mahdetejarat.com"
94.101.182.6 - - [26/Aug/2026:17:27:18 +0330] "POST /wp-cron.php?doing_wp_cron=1787752638.6507489681243896484375 HTTP/1.1" 200 0 "-" "WordPress/6.9.1; https://mahdetejarat.com"
185.215.232.193 - - [26/Aug/2026:17:27:15 +0330] "GET /wp-file.php HTTP/1.1" 404 54959 "-" "-"
185.215.232.193 - - [26/Aug/2026:17:27:23 +0330] "GET /hg.php HTTP/1.1" 404 54959 "-" "-"
185.215.232.193 - - [26/Aug/2026:17:27:45 +0330] "GET /ykdyxlo.php HTTP/1.1" 404 54959 "-" "-"
94.101.182.6 - - [26/Aug/2026:17:27:56 +0330] "POST /wp-cron.php?doing_wp_cron=1787752676.5875430107116699218750 HTTP/1.1" 200 0 "-" "WordPress/6.9.1; https://mahdetejarat.com"
185.215.232.193 - - [26/Aug/2026:17:27:53 +0330] "GET /keu.php HTTP/1.1" 404 54959 "-" "-"
185.215.232.193 - - [26/Aug/2026:17:27:57 +0330] "GET /sx.php HTTP/1.1" 404 54959 "-" "-"
185.215.232.193 - - [26/Aug/2026:17:28:00 +0330] "GET /options.php HTTP/1.1" 404 54959 "-" "-"
94.101.182.6 - - [26/Aug/2026:17:28:10 +0330] "POST /wp-cron.php?doing_wp_cron=1787752690.2468929290771484375000 HTTP/1.1" 200 0 "-" "WordPress/6.9.1; https://mahdetejarat.com"
185.215.232.193 - - [26/Aug/2026:17:28:22 +0330] "GET /wp-includes/html-api/ HTTP/1.1" 200 6496 "-" "-"
185.215.232.193 - - [26/Aug/2026:17:28:21 +0330] "GET /vod/play/id/12856/sid/1/nid/1.html HTTP/1.1" 404 13731 "https://mahdetejarat.com/index.php/vod/play/id/5896/sid/1/nid/1.html" "Mozilla/5.0 (Linux; Android 7.0;) AppleWebKit/537.36 (HTML, like Gecko) Mobile Safari/537.36 (compatible; PetalBot;+https://webmaster.petalsearch.com/site/petalbot)"
185.215.232.193 - - [26/Aug/2026:17:28:23 +0330] "GET /wp-content/plugins/alfa.php HTTP/1.1" 404 54959 "-" "-"
185.215.232.193 - - [26/Aug/2026:17:28:28 +0330] "GET /mg2.php HTTP/1.1" 404 54959 "-" "-"
185.215.232.193 - - [26/Aug/2026:17:28:34 +0330] "GET /hypo.php HTTP/1.1" 404 54959 "-" "-"
185.215.232.193 - - [26/Aug/2026:17:28:46 +0330] "GET /index.html HTTP/1.1" 404 54959 "-" "-"
94.101.182.6 - - [26/Aug/2026:17:29:10 +0330] "POST /wp-cron.php?doing_wp_cron=1787752750.2565140724182128906250 HTTP/1.1" 200 0 "-" "WordPress/6.9.1; https://mahdetejarat.com"
185.215.232.193 - - [26/Aug/2026:17:29:07 +0330] "GET /Ov-Simple1.php HTTP/1.1" 404 54959 "-" "-"
185.215.232.193 - - [26/Aug/2026:17:29:14 +0330] "GET /wp-includes/html-api/chosen.php HTTP/1.1" 404 54959 "-" "-"
185.215.232.193 - - [26/Aug/2026:17:29:18 +0330] "GET /nhj6t74aqmkde3hgpCdefault.php HTTP/1.1" 404 54959 "-" "-"
185.215.232.193 - - [26/Aug/2026:17:29:28 +0330] "GET /xleet HTTP/1.1" 404 54959 "-" "-"
185.215.232.193 - - [26/Aug/2026:17:29:39 +0330] "GET /index.php/vod/play/id/1459/sid/1/nid/1.html HTTP/1.1" 301 0 "http://mahdetejarat.com/index.php/vod/play/id/828/sid/1/nid/1.html" "Mozilla/5.0 (Linux; Android 7.0;) AppleWebKit/537.36 (HTML, like Gecko) Mobile Safari/537.36 (compatible; PetalBot;+https://webmaster.petalsearch.com/site/petalbot)"
185.215.232.193 - - [26/Aug/2026:17:29:39 +0330] "GET /an8.php HTTP/1.1" 404 54959 "-" "-"
185.215.232.193 - - [26/Aug/2026:17:29:42 +0330] "GET /vod/play/id/1459/sid/1/nid/1.html HTTP/1.1" 404 13731 "http://mahdetejarat.com/index.php/vod/play/id/828/sid/1/nid/1.html" "Mozilla/5.0 (Linux; Android 7.0;) AppleWebKit/537.36 (HTML, like Gecko) Mobile Safari/537.36 (compatible; PetalBot;+https://webmaster.petalsearch.com/site/petalbot)"
185.215.232.193 - - [26/Aug/2026:17:29:52 +0330] "GET /luxe.php HTTP/1.1" 404 54959 "-" "-"
185.215.232.193 - - [26/Aug/2026:17:29:56 +0330] "GET /wp-admin/network/plugins.php HTTP/1.1" 302 0 "-" "-"
185.215.232.193 - - [26/Aug/2026:17:28:18 +0330] "GET /index.php/vod/play/id/12856/sid/1/nid/1.html HTTP/1.1" 301 0 "https://mahdetejarat.com/index.php/vod/play/id/5896/sid/1/nid/1.html" "Mozilla/5.0 (Linux; Android 7.0;) AppleWebKit/537.36 (HTML, like Gecko) Mobile Safari/537.36 (compatible; PetalBot;+https://webmaster.petalsearch.com/site/petalbot)"
185.215.232.193 - - [26/Aug/2026:17:28:18 +0330] "GET /wp-includes/html-api/index.php HTTP/1.1" 301 0 "-" "-"
185.215.232.193 - - [26/Aug/2026:17:28:38 +0330] "GET /images/about.php HTTP/1.1" 404 54959 "-" "-"
185.215.232.193 - - [26/Aug/2026:17:28:42 +0330] "GET /menu.phphttps:/robertatimothy.com/wp-content/packed.php HTTP/1.1" 404 54959 "-" "-"
185.215.232.193 - - [26/Aug/2026:17:28:49 +0330] "GET /f22.php HTTP/1.1" 404 54959 "-" "-"
94.101.182.6 - - [26/Aug/2026:17:28:56 +0330] "POST /wp-cron.php?doing_wp_cron=1787752736.7104520797729492187500 HTTP/1.1" 200 0 "-" "WordPress/6.9.1; https://mahdetejarat.com"
185.215.232.193 - - [26/Aug/2026:17:28:53 +0330] "GET /te.php HTTP/1.1" 404 54959 "-" "-"
185.215.232.193 - - [26/Aug/2026:17:28:57 +0330] "GET /wp-includes/SimplePie/alfa-rex.php8 HTTP/1.1" 404 54959 "-" "-"
185.215.232.193 - - [26/Aug/2026:17:29:00 +0330] "GET /wp-content/themes/twentytwelve/alfa-rex.php8 HTTP/1.1" 404 54959 "-" "-"
185.215.232.193 - - [26/Aug/2026:17:29:04 +0330] "GET /wp-wpbak.php HTTP/1.1" 404 54959 "-" "-"
185.215.232.193 - - [26/Aug/2026:17:29:10 +0330] "GET /011i.php HTTP/1.1" 404 54959 "-" "-"
185.215.232.193 - - [26/Aug/2026:17:29:21 +0330] "GET //wp-content/about.php HTTP/1.1" 301 0 "-" "-"
185.215.232.193 - - [26/Aug/2026:17:29:24 +0330] "GET /wp-content/about.php HTTP/1.1" 404 54959 "-" "-"
