94.101.183.3 - - [27/Aug/2026:00:18:41 +0330] "POST /wp-cron.php?doing_wp_cron=1787777321.8418610095977783203125 HTTP/1.1" 200 0 "-" "WordPress/6.9.1; https://mahdetejarat.com"
185.215.232.194 - - [27/Aug/2026:00:18:39 +0330] "GET /index.php/vod/play/id/14227/sid/1/nid/1.html HTTP/1.1" 301 0 "https://mahdetejarat.com/index.php/vod/search.html?wd=%E5%A4%A7%E9%B8%A1" "Mozilla/5.0 (Linux; Android 7.0;) AppleWebKit/537.36 (HTML, like Gecko) Mobile Safari/537.36 (compatible; PetalBot;+https://webmaster.petalsearch.com/site/petalbot)"
185.215.232.194 - - [27/Aug/2026:00:18:42 +0330] "GET /vod/play/id/14227/sid/1/nid/1.html HTTP/1.1" 404 13731 "https://mahdetejarat.com/index.php/vod/search.html?wd=%E5%A4%A7%E9%B8%A1" "Mozilla/5.0 (Linux; Android 7.0;) AppleWebKit/537.36 (HTML, like Gecko) Mobile Safari/537.36 (compatible; PetalBot;+https://webmaster.petalsearch.com/site/petalbot)"
185.215.232.194 - - [27/Aug/2026:00:22:42 +0330] "GET /wp-login.php HTTP/1.1" 200 3375 "-" "Mozilla/5.0 (Windows NT 10.0; Win64; x64) AppleWebKit/537.36 (KHTML, like Gecko) Chrome/151.0.0.0 Safari/537.36"
185.215.232.194 - - [27/Aug/2026:00:22:46 +0330] "POST /wp-login.php HTTP/1.1" 200 3537 "-" "Mozilla/5.0 (Windows NT 10.0; Win64; x64) AppleWebKit/537.36 (KHTML, like Gecko) Chrome/151.0.0.0 Safari/537.36"
185.215.232.193 - - [27/Aug/2026:00:22:49 +0330] "GET /index.php/vod/play/id/5881/sid/1/nid/1.html HTTP/1.1" 301 0 "http://mahdetejarat.com/index.php/vod/play/id/3193/sid/1/nid/1.html" "Mozilla/5.0 (Linux; Android 7.0;) AppleWebKit/537.36 (HTML, like Gecko) Mobile Safari/537.36 (compatible; PetalBot;+https://webmaster.petalsearch.com/site/petalbot)"
94.101.182.6 - - [27/Aug/2026:00:22:57 +0330] "POST /wp-cron.php?doing_wp_cron=1787777577.7316699028015136718750 HTTP/1.1" 200 0 "-" "WordPress/6.9.1; https://mahdetejarat.com"
185.215.232.193 - - [27/Aug/2026:00:23:46 +0330] "GET /admin.php HTTP/1.1" 404 13731 "-" "Mozilla/5.0 (Windows NT 10.0; Win64; x64) AppleWebKit/537.36 (KHTML, like Gecko) Chrome/120.0.0.0 Safari/537.36"
185.215.232.193 - - [27/Aug/2026:00:23:57 +0330] "GET /elp.php HTTP/1.1" 404 13731 "-" "Mozilla/5.0 (Windows NT 10.0; Win64; x64) AppleWebKit/537.36 (KHTML, like Gecko) Chrome/120.0.0.0 Safari/537.36"
185.215.232.193 - - [27/Aug/2026:00:24:05 +0330] "GET /.tmb/cloud.php HTTP/1.1" 404 13731 "-" "Mozilla/5.0 (Windows NT 10.0; Win64; x64) AppleWebKit/537.36 (KHTML, like Gecko) Chrome/120.0.0.0 Safari/537.36"
185.215.232.193 - - [27/Aug/2026:00:24:08 +0330] "GET /php8.php HTTP/1.1" 404 13731 "-" "Mozilla/5.0 (Windows NT 10.0; Win64; x64) AppleWebKit/537.36 (KHTML, like Gecko) Chrome/120.0.0.0 Safari/537.36"
185.215.232.193 - - [27/Aug/2026:00:24:12 +0330] "GET /.well-known HTTP/1.1" 301 795 "-" "Mozilla/5.0 (Windows NT 10.0; Win64; x64) AppleWebKit/537.36 (KHTML, like Gecko) Chrome/120.0.0.0 Safari/537.36"
185.215.232.193 - - [27/Aug/2026:00:24:12 +0330] "GET /inputs.php HTTP/1.1" 404 13731 "-" "Mozilla/5.0 (Windows NT 10.0; Win64; x64) AppleWebKit/537.36 (KHTML, like Gecko) Chrome/120.0.0.0 Safari/537.36"
185.215.232.193 - - [27/Aug/2026:00:24:20 +0330] "GET /classwithtostring.php HTTP/1.1" 404 13731 "-" "Mozilla/5.0 (Windows NT 10.0; Win64; x64) AppleWebKit/537.36 (KHTML, like Gecko) Chrome/120.0.0.0 Safari/537.36"
185.215.232.194 - - [27/Aug/2026:00:24:26 +0330] "GET /vod/show/by/time/id/24.html HTTP/1.1" 404 13731 "https://www.mahdetejarat.com/index.php/vod/show/by/time/id/24/page/5.html" "Mozilla/5.0 (Linux; Android 7.0;) AppleWebKit/537.36 (HTML, like Gecko) Mobile Safari/537.36 (compatible; PetalBot;+https://webmaster.petalsearch.com/site/petalbot)"
185.215.232.193 - - [27/Aug/2026:00:24:27 +0330] "GET /wp-mail.php HTTP/1.1" 403 1033 "-" "Mozilla/5.0 (Windows NT 10.0; Win64; x64) AppleWebKit/537.36 (KHTML, like Gecko) Chrome/120.0.0.0 Safari/537.36"
185.215.232.193 - - [27/Aug/2026:00:24:33 +0330] "GET /1.php HTTP/1.1" 404 13731 "-" "Mozilla/5.0 (Windows NT 10.0; Win64; x64) AppleWebKit/537.36 (KHTML, like Gecko) Chrome/120.0.0.0 Safari/537.36"
185.215.232.193 - - [27/Aug/2026:00:24:16 +0330] "GET /goods.php HTTP/1.1" 404 13731 "-" "Mozilla/5.0 (Windows NT 10.0; Win64; x64) AppleWebKit/537.36 (KHTML, like Gecko) Chrome/120.0.0.0 Safari/537.36"
185.215.232.194 - - [27/Aug/2026:00:24:21 +0330] "GET /index.php/vod/show/by/time/id/24.html HTTP/1.1" 301 0 "https://www.mahdetejarat.com/index.php/vod/show/by/time/id/24/page/5.html" "Mozilla/5.0 (Linux; Android 7.0;) AppleWebKit/537.36 (HTML, like Gecko) Mobile Safari/537.36 (compatible; PetalBot;+https://webmaster.petalsearch.com/site/petalbot)"
185.215.232.193 - - [27/Aug/2026:00:24:24 +0330] "GET /simple.php HTTP/1.1" 404 13731 "-" "Mozilla/5.0 (Windows NT 10.0; Win64; x64) AppleWebKit/537.36 (KHTML, like Gecko) Chrome/120.0.0.0 Safari/537.36"
185.215.232.193 - - [27/Aug/2026:00:24:30 +0330] "GET /about.php HTTP/1.1" 404 13731 "-" "Mozilla/5.0 (Windows NT 10.0; Win64; x64) AppleWebKit/537.36 (KHTML, like Gecko) Chrome/120.0.0.0 Safari/537.36"
185.215.232.193 - - [27/Aug/2026:00:24:37 +0330] "GET /file.php HTTP/1.1" 404 13731 "-" "Mozilla/5.0 (Windows NT 10.0; Win64; x64) AppleWebKit/537.36 (KHTML, like Gecko) Chrome/120.0.0.0 Safari/537.36"
185.215.232.193 - - [27/Aug/2026:00:24:41 +0330] "GET /404.php HTTP/1.1" 404 13731 "-" "Mozilla/5.0 (Windows NT 10.0; Win64; x64) AppleWebKit/537.36 (KHTML, like Gecko) Chrome/120.0.0.0 Safari/537.36"
94.101.182.6 - - [27/Aug/2026:00:24:56 +0330] "POST /wp-cron.php?doing_wp_cron=1787777696.7271370887756347656250 HTTP/1.1" 200 0 "-" "WordPress/6.9.1; https://mahdetejarat.com"
185.215.232.193 - - [27/Aug/2026:00:24:51 +0330] "GET /php.php HTTP/1.1" 404 13731 "-" "Mozilla/5.0 (Windows NT 10.0; Win64; x64) AppleWebKit/537.36 (KHTML, like Gecko) Chrome/120.0.0.0 Safari/537.36"
185.215.232.193 - - [27/Aug/2026:00:25:01 +0330] "GET /wp-content/admin.php HTTP/1.1" 404 13731 "-" "Mozilla/5.0 (Windows NT 10.0; Win64; x64) AppleWebKit/537.36 (KHTML, like Gecko) Chrome/120.0.0.0 Safari/537.36"
94.101.182.6 - - [27/Aug/2026:00:25:08 +0330] "POST /wp-cron.php?doing_wp_cron=1787777708.6708779335021972656250 HTTP/1.1" 200 0 "-" "WordPress/6.9.1; https://mahdetejarat.com"
185.215.232.193 - - [27/Aug/2026:00:25:04 +0330] "GET /wp-content/themes/admin.php HTTP/1.1" 404 13731 "-" "Mozilla/5.0 (Windows NT 10.0; Win64; x64) AppleWebKit/537.36 (KHTML, like Gecko) Chrome/120.0.0.0 Safari/537.36"
185.215.232.193 - - [27/Aug/2026:00:25:13 +0330] "GET /wp-content/index.php HTTP/1.1" 200 0 "-" "Mozilla/5.0 (Windows NT 10.0; Win64; x64) AppleWebKit/537.36 (KHTML, like Gecko) Chrome/120.0.0.0 Safari/537.36"
185.215.232.193 - - [27/Aug/2026:00:25:13 +0330] "GET /.well-known/acme-challenge/index.php HTTP/1.1" 301 0 "-" "Mozilla/5.0 (Windows NT 10.0; Win64; x64) AppleWebKit/537.36 (KHTML, like Gecko) Chrome/120.0.0.0 Safari/537.36"
185.215.232.193 - - [27/Aug/2026:00:25:21 +0330] "GET /chosen.php HTTP/1.1" 404 13731 "-" "Mozilla/5.0 (Windows NT 10.0; Win64; x64) AppleWebKit/537.36 (KHTML, like Gecko) Chrome/120.0.0.0 Safari/537.36"
185.215.232.193 - - [27/Aug/2026:00:25:24 +0330] "GET /css.php HTTP/1.1" 404 13731 "-" "Mozilla/5.0 (Windows NT 10.0; Win64; x64) AppleWebKit/537.36 (KHTML, like Gecko) Chrome/120.0.0.0 Safari/537.36"
185.215.232.193 - - [27/Aug/2026:00:25:37 +0330] "GET /buy.php HTTP/1.1" 404 13731 "-" "Mozilla/5.0 (Windows NT 10.0; Win64; x64) AppleWebKit/537.36 (KHTML, like Gecko) Chrome/120.0.0.0 Safari/537.36"
185.215.232.193 - - [27/Aug/2026:00:25:40 +0330] "GET /vod/play/id/539/sid/1/nid/1.html HTTP/1.1" 404 13731 "http://mahdetejarat.com/index.php/vod/play/id/5051/sid/1/nid/1.html" "Mozilla/5.0 (Linux; Android 7.0;) AppleWebKit/537.36 (HTML, like Gecko) Mobile Safari/537.36 (compatible; PetalBot;+https://webmaster.petalsearch.com/site/petalbot)"
185.215.232.193 - - [27/Aug/2026:00:25:40 +0330] "GET /info.php HTTP/1.1" 404 13731 "-" "Mozilla/5.0 (Windows NT 10.0; Win64; x64) AppleWebKit/537.36 (KHTML, like Gecko) Chrome/120.0.0.0 Safari/537.36"
185.215.232.193 - - [27/Aug/2026:00:24:45 +0330] "GET /wp-login.php HTTP/1.1" 200 3375 "-" "Mozilla/5.0 (Windows NT 10.0; Win64; x64) AppleWebKit/537.36 (KHTML, like Gecko) Chrome/120.0.0.0 Safari/537.36"
185.215.232.193 - - [27/Aug/2026:00:24:48 +0330] "GET /index.php/feed/atom HTTP/1.1" 301 0 "-" "Mozilla/5.0 (Windows NT 10.0; Win64; x64) AppleWebKit/537.36 (KHTML, like Gecko) Chrome/120.0.0.0 Safari/537.36"
185.215.232.193 - - [27/Aug/2026:00:24:57 +0330] "GET /wp-includes/Text/Diff/Engine.php HTTP/1.1" 404 13731 "-" "Mozilla/5.0 (Windows NT 10.0; Win64; x64) AppleWebKit/537.36 (KHTML, like Gecko) Chrome/120.0.0.0 Safari/537.36"
185.215.232.193 - - [27/Aug/2026:00:25:09 +0330] "GET /7.php HTTP/1.1" 404 13731 "-" "Mozilla/5.0 (Windows NT 10.0; Win64; x64) AppleWebKit/537.36 (KHTML, like Gecko) Chrome/120.0.0.0 Safari/537.36"
185.215.232.193 - - [27/Aug/2026:00:25:16 +0330] "GET /atomlib.php HTTP/1.1" 404 13731 "-" "Mozilla/5.0 (Windows NT 10.0; Win64; x64) AppleWebKit/537.36 (KHTML, like Gecko) Chrome/120.0.0.0 Safari/537.36"
185.215.232.193 - - [27/Aug/2026:00:25:28 +0330] "GET /files.php HTTP/1.1" 404 13731 "-" "Mozilla/5.0 (Windows NT 10.0; Win64; x64) AppleWebKit/537.36 (KHTML, like Gecko) Chrome/120.0.0.0 Safari/537.36"
185.215.232.193 - - [27/Aug/2026:00:25:32 +0330] "GET /index/function.php HTTP/1.1" 404 13731 "-" "Mozilla/5.0 (Windows NT 10.0; Win64; x64) AppleWebKit/537.36 (KHTML, like Gecko) Chrome/120.0.0.0 Safari/537.36"
185.215.232.193 - - [27/Aug/2026:00:25:37 +0330] "GET /index.php/vod/play/id/539/sid/1/nid/1.html HTTP/1.1" 301 0 "http://mahdetejarat.com/index.php/vod/play/id/5051/sid/1/nid/1.html" "Mozilla/5.0 (Linux; Android 7.0;) AppleWebKit/537.36 (HTML, like Gecko) Mobile Safari/537.36 (compatible; PetalBot;+https://webmaster.petalsearch.com/site/petalbot)"
185.215.232.193 - - [27/Aug/2026:00:25:52 +0330] "GET /wp-config-sample.php HTTP/1.1" 500 984 "-" "Mozilla/5.0 (Windows NT 10.0; Win64; x64) AppleWebKit/537.36 (KHTML, like Gecko) Chrome/120.0.0.0 Safari/537.36"
185.215.232.193 - - [27/Aug/2026:00:25:52 +0330] "GET /wp-content/themes/x/bypass.php HTTP/1.1" 404 13731 "-" "Mozilla/5.0 (Windows NT 10.0; Win64; x64) AppleWebKit/537.36 (KHTML, like Gecko) Chrome/120.0.0.0 Safari/537.36"
185.215.232.193 - - [27/Aug/2026:00:26:00 +0330] "GET /bgymj.php HTTP/1.1" 404 13731 "-" "Mozilla/5.0 (Windows NT 10.0; Win64; x64) AppleWebKit/537.36 (KHTML, like Gecko) Chrome/120.0.0.0 Safari/537.36"
185.215.232.193 - - [27/Aug/2026:00:26:04 +0330] "GET /control.php HTTP/1.1" 404 13731 "-" "Mozilla/5.0 (Windows NT 10.0; Win64; x64) AppleWebKit/537.36 (KHTML, like Gecko) Chrome/120.0.0.0 Safari/537.36"
94.101.182.6 - - [27/Aug/2026:00:26:11 +0330] "POST /wp-cron.php?doing_wp_cron=1787777771.5956680774688720703125 HTTP/1.1" 200 0 "-" "WordPress/6.9.1; https://mahdetejarat.com"
185.215.232.193 - - [27/Aug/2026:00:26:08 +0330] "GET /randkeyword.PhP7 HTTP/1.1" 404 13731 "-" "Mozilla/5.0 (Windows NT 10.0; Win64; x64) AppleWebKit/537.36 (KHTML, like Gecko) Chrome/120.0.0.0 Safari/537.36"
185.215.232.193 - - [27/Aug/2026:00:26:12 +0330] "GET /wp-content/plugins/core-plugin/include.php HTTP/1.1" 404 13731 "-" "Mozilla/5.0 (Windows NT 10.0; Win64; x64) AppleWebKit/537.36 (KHTML, like Gecko) Chrome/120.0.0.0 Safari/537.36"
185.215.232.193 - - [27/Aug/2026:00:26:19 +0330] "GET /file61.php HTTP/1.1" 404 13731 "-" "Mozilla/5.0 (Windows NT 10.0; Win64; x64) AppleWebKit/537.36 (KHTML, like Gecko) Chrome/120.0.0.0 Safari/537.36"
185.215.232.193 - - [27/Aug/2026:00:26:26 +0330] "GET /ms-edit.php HTTP/1.1" 404 13731 "-" "Mozilla/5.0 (Windows NT 10.0; Win64; x64) AppleWebKit/537.36 (KHTML, like Gecko) Chrome/120.0.0.0 Safari/537.36"
185.215.232.193 - - [27/Aug/2026:00:26:34 +0330] "GET /cgi-bin HTTP/1.1" 301 795 "-" "Mozilla/5.0 (Windows NT 10.0; Win64; x64) AppleWebKit/537.36 (KHTML, like Gecko) Chrome/120.0.0.0 Safari/537.36"
185.215.232.193 - - [27/Aug/2026:00:26:44 +0330] "GET /doc.php HTTP/1.1" 404 13731 "-" "Mozilla/5.0 (Windows NT 10.0; Win64; x64) AppleWebKit/537.36 (KHTML, like Gecko) Chrome/120.0.0.0 Safari/537.36"
185.215.232.193 - - [27/Aug/2026:00:25:45 +0330] "GET /wp.php HTTP/1.1" 404 13731 "-" "Mozilla/5.0 (Windows NT 10.0; Win64; x64) AppleWebKit/537.36 (KHTML, like Gecko) Chrome/120.0.0.0 Safari/537.36"
185.215.232.193 - - [27/Aug/2026:00:25:48 +0330] "GET /wp-content/uploads/index.php HTTP/1.1" 301 0 "-" "Mozilla/5.0 (Windows NT 10.0; Win64; x64) AppleWebKit/537.36 (KHTML, like Gecko) Chrome/120.0.0.0 Safari/537.36"
94.101.182.6 - - [27/Aug/2026:00:25:56 +0330] "POST /wp-cron.php?doing_wp_cron=1787777756.4637138843536376953125 HTTP/1.1" 200 0 "-" "WordPress/6.9.1; https://mahdetejarat.com"
185.215.232.193 - - [27/Aug/2026:00:25:56 +0330] "GET /666.php HTTP/1.1" 404 13731 "-" "Mozilla/5.0 (Windows NT 10.0; Win64; x64) AppleWebKit/537.36 (KHTML, like Gecko) Chrome/120.0.0.0 Safari/537.36"
185.215.232.193 - - [27/Aug/2026:00:26:15 +0330] "GET /wp-includes/assets/ty.php HTTP/1.1" 404 13731 "-" "Mozilla/5.0 (Windows NT 10.0; Win64; x64) AppleWebKit/537.36 (KHTML, like Gecko) Chrome/120.0.0.0 Safari/537.36"
185.215.232.193 - - [27/Aug/2026:00:26:22 +0330] "GET /p.php HTTP/1.1" 404 13731 "-" "Mozilla/5.0 (Windows NT 10.0; Win64; x64) AppleWebKit/537.36 (KHTML, like Gecko) Chrome/120.0.0.0 Safari/537.36"
185.215.232.193 - - [27/Aug/2026:00:26:30 +0330] "GET /alfanew.PHP7 HTTP/1.1" 404 13731 "-" "Mozilla/5.0 (Windows NT 10.0; Win64; x64) AppleWebKit/537.36 (KHTML, like Gecko) Chrome/120.0.0.0 Safari/537.36"
185.215.232.193 - - [27/Aug/2026:00:26:34 +0330] "GET /dx.php HTTP/1.1" 404 13731 "-" "Mozilla/5.0 (Windows NT 10.0; Win64; x64) AppleWebKit/537.36 (KHTML, like Gecko) Chrome/120.0.0.0 Safari/537.36"
185.215.232.193 - - [27/Aug/2026:00:26:39 +0330] "GET /wp-admin/maint/index.php HTTP/1.1" 403 787 "-" "Mozilla/5.0 (Windows NT 10.0; Win64; x64) AppleWebKit/537.36 (KHTML, like Gecko) Chrome/120.0.0.0 Safari/537.36"
185.215.232.193 - - [27/Aug/2026:00:26:39 +0330] "GET /.well-known/pki-validation HTTP/1.1" 404 13731 "-" "Mozilla/5.0 (Windows NT 10.0; Win64; x64) AppleWebKit/537.36 (KHTML, like Gecko) Chrome/120.0.0.0 Safari/537.36"
185.215.232.193 - - [27/Aug/2026:00:26:47 +0330] "GET /tool.php HTTP/1.1" 404 13731 "-" "Mozilla/5.0 (Windows NT 10.0; Win64; x64) AppleWebKit/537.36 (KHTML, like Gecko) Chrome/120.0.0.0 Safari/537.36"
185.215.232.193 - - [27/Aug/2026:00:26:52 +0330] "GET /xx.php HTTP/1.1" 404 13731 "-" "Mozilla/5.0 (Windows NT 10.0; Win64; x64) AppleWebKit/537.36 (KHTML, like Gecko) Chrome/120.0.0.0 Safari/537.36"
185.215.232.193 - - [27/Aug/2026:00:26:56 +0330] "GET /xxx.php HTTP/1.1" 404 13731 "-" "Mozilla/5.0 (Windows NT 10.0; Win64; x64) AppleWebKit/537.36 (KHTML, like Gecko) Chrome/120.0.0.0 Safari/537.36"
185.215.232.193 - - [27/Aug/2026:00:27:00 +0330] "GET /100.php HTTP/1.1" 404 13731 "-" "Mozilla/5.0 (Windows NT 10.0; Win64; x64) AppleWebKit/537.36 (KHTML, like Gecko) Chrome/120.0.0.0 Safari/537.36"
185.215.232.193 - - [27/Aug/2026:00:27:04 +0330] "GET /vod/play/id/9413/sid/1/nid/1.html HTTP/1.1" 404 13731 "https://www.mahdetejarat.com/index.php/vod/play/id/9413/sid/1/nid/1.html" "Mozilla/5.0 (Linux; Android 7.0;) AppleWebKit/537.36 (HTML, like Gecko) Mobile Safari/537.36 (compatible; PetalBot;+https://webmaster.petalsearch.com/site/petalbot)"
185.215.232.193 - - [27/Aug/2026:00:27:03 +0330] "GET /wp-admin/network/about.php HTTP/1.1" 302 0 "-" "Mozilla/5.0 (Windows NT 10.0; Win64; x64) AppleWebKit/537.36 (KHTML, like Gecko) Chrome/120.0.0.0 Safari/537.36"
94.101.182.6 - - [27/Aug/2026:00:27:11 +0330] "POST /wp-cron.php?doing_wp_cron=1787777830.9637119770050048828125 HTTP/1.1" 200 0 "-" "WordPress/6.9.1; https://mahdetejarat.com"
185.215.232.193 - - [27/Aug/2026:00:27:11 +0330] "GET /wp-includes/images HTTP/1.1" 301 795 "-" "Mozilla/5.0 (Windows NT 10.0; Win64; x64) AppleWebKit/537.36 (KHTML, like Gecko) Chrome/120.0.0.0 Safari/537.36"
185.215.232.193 - - [27/Aug/2026:00:27:12 +0330] "GET /data.php HTTP/1.1" 404 13731 "-" "Mozilla/5.0 (Windows NT 10.0; Win64; x64) AppleWebKit/537.36 (KHTML, like Gecko) Chrome/120.0.0.0 Safari/537.36"
94.101.182.6 - - [27/Aug/2026:00:26:56 +0330] "POST /wp-cron.php?doing_wp_cron=1787777816.1419830322265625000000 HTTP/1.1" 200 0 "-" "WordPress/6.9.1; https://mahdetejarat.com"
185.215.232.193 - - [27/Aug/2026:00:27:00 +0330] "GET /index.php/vod/play/id/9413/sid/1/nid/1.html HTTP/1.1" 301 0 "https://www.mahdetejarat.com/index.php/vod/play/id/9413/sid/1/nid/1.html" "Mozilla/5.0 (Linux; Android 7.0;) AppleWebKit/537.36 (HTML, like Gecko) Mobile Safari/537.36 (compatible; PetalBot;+https://webmaster.petalsearch.com/site/petalbot)"
185.215.232.193 - - [27/Aug/2026:00:27:07 +0330] "GET /wp-blog.php HTTP/1.1" 404 13731 "-" "Mozilla/5.0 (Windows NT 10.0; Win64; x64) AppleWebKit/537.36 (KHTML, like Gecko) Chrome/120.0.0.0 Safari/537.36"
185.215.232.193 - - [27/Aug/2026:00:27:11 +0330] "GET /wp-content/themes/index.php HTTP/1.1" 200 0 "-" "Mozilla/5.0 (Windows NT 10.0; Win64; x64) AppleWebKit/537.36 (KHTML, like Gecko) Chrome/120.0.0.0 Safari/537.36"
185.215.232.193 - - [27/Aug/2026:00:27:16 +0330] "GET /ioxi-o.php HTTP/1.1" 404 13731 "-" "Mozilla/5.0 (Windows NT 10.0; Win64; x64) AppleWebKit/537.36 (KHTML, like Gecko) Chrome/120.0.0.0 Safari/537.36"
185.215.232.193 - - [27/Aug/2026:00:27:32 +0330] "GET /wp-includes/PHPMailer HTTP/1.1" 301 795 "-" "Mozilla/5.0 (Windows NT 10.0; Win64; x64) AppleWebKit/537.36 (KHTML, like Gecko) Chrome/120.0.0.0 Safari/537.36"
185.215.232.193 - - [27/Aug/2026:00:27:36 +0330] "GET /wp-admin/css/colors/ectoplasm HTTP/1.1" 301 795 "-" "Mozilla/5.0 (Windows NT 10.0; Win64; x64) AppleWebKit/537.36 (KHTML, like Gecko) Chrome/120.0.0.0 Safari/537.36"
185.215.232.193 - - [27/Aug/2026:00:27:36 +0330] "GET /wp-content/themes/seotheme/mar.php HTTP/1.1" 403 787 "-" "Mozilla/5.0 (Windows NT 10.0; Win64; x64) AppleWebKit/537.36 (KHTML, like Gecko) Chrome/120.0.0.0 Safari/537.36"
185.215.232.193 - - [27/Aug/2026:00:27:37 +0330] "GET /222.php HTTP/1.1" 404 13731 "-" "Mozilla/5.0 (Windows NT 10.0; Win64; x64) AppleWebKit/537.36 (KHTML, like Gecko) Chrome/120.0.0.0 Safari/537.36"
185.215.232.193 - - [27/Aug/2026:00:27:41 +0330] "GET /7logs.php HTTP/1.1" 404 13731 "-" "Mozilla/5.0 (Windows NT 10.0; Win64; x64) AppleWebKit/537.36 (KHTML, like Gecko) Chrome/120.0.0.0 Safari/537.36"
185.215.232.193 - - [27/Aug/2026:00:27:47 +0330] "GET /a.php HTTP/1.1" 404 13731 "-" "Mozilla/5.0 (Windows NT 10.0; Win64; x64) AppleWebKit/537.36 (KHTML, like Gecko) Chrome/120.0.0.0 Safari/537.36"
94.101.183.3 - - [27/Aug/2026:00:27:58 +0330] "POST /wp-cron.php?doing_wp_cron=1787777878.4102640151977539062500 HTTP/1.1" 200 0 "-" "WordPress/6.9.1; https://mahdetejarat.com"
185.215.232.193 - - [27/Aug/2026:00:27:55 +0330] "GET /fone1.php HTTP/1.1" 404 13731 "-" "Mozilla/5.0 (Windows NT 10.0; Win64; x64) AppleWebKit/537.36 (KHTML, like Gecko) Chrome/120.0.0.0 Safari/537.36"
185.215.232.193 - - [27/Aug/2026:00:28:02 +0330] "GET /sadcut1.php HTTP/1.1" 404 13731 "-" "Mozilla/5.0 (Windows NT 10.0; Win64; x64) AppleWebKit/537.36 (KHTML, like Gecko) Chrome/120.0.0.0 Safari/537.36"
94.101.183.3 - - [27/Aug/2026:00:28:09 +0330] "POST /wp-cron.php?doing_wp_cron=1787777889.3988730907440185546875 HTTP/1.1" 200 0 "-" "WordPress/6.9.1; https://mahdetejarat.com"
185.215.232.193 - - [27/Aug/2026:00:28:09 +0330] "GET /xmlrpc.php HTTP/1.1" 405 46 "-" "Mozilla/5.0 (Windows NT 10.0; Win64; x64) AppleWebKit/537.36 (KHTML, like Gecko) Chrome/120.0.0.0 Safari/537.36"
185.215.232.193 - - [27/Aug/2026:00:28:13 +0330] "GET /aa.php HTTP/1.1" 404 13731 "-" "Mozilla/5.0 (Windows NT 10.0; Win64; x64) AppleWebKit/537.36 (KHTML, like Gecko) Chrome/120.0.0.0 Safari/537.36"
185.215.232.193 - - [27/Aug/2026:00:28:16 +0330] "GET /admin.php/wp-includes/certificates/about.php HTTP/1.1" 404 13731 "-" "Mozilla/5.0 (Windows NT 10.0; Win64; x64) AppleWebKit/537.36 (KHTML, like Gecko) Chrome/120.0.0.0 Safari/537.36"
185.215.232.193 - - [27/Aug/2026:00:28:20 +0330] "GET /amax.php HTTP/1.1" 404 13731 "-" "Mozilla/5.0 (Windows NT 10.0; Win64; x64) AppleWebKit/537.36 (KHTML, like Gecko) Chrome/120.0.0.0 Safari/537.36"
94.101.182.6 - - [27/Aug/2026:00:27:19 +0330] "POST /wp-cron.php?doing_wp_cron=1787777839.8707540035247802734375 HTTP/1.1" 200 0 "-" "WordPress/6.9.1; https://mahdetejarat.com"
185.215.232.193 - - [27/Aug/2026:00:27:20 +0330] "GET /as.php HTTP/1.1" 404 13731 "-" "Mozilla/5.0 (Windows NT 10.0; Win64; x64) AppleWebKit/537.36 (KHTML, like Gecko) Chrome/120.0.0.0 Safari/537.36"
185.215.232.193 - - [27/Aug/2026:00:27:24 +0330] "GET /term.php HTTP/1.1" 404 13731 "-" "Mozilla/5.0 (Windows NT 10.0; Win64; x64) AppleWebKit/537.36 (KHTML, like Gecko) Chrome/120.0.0.0 Safari/537.36"
185.215.232.193 - - [27/Aug/2026:00:27:28 +0330] "GET /vx.php HTTP/1.1" 404 13731 "-" "Mozilla/5.0 (Windows NT 10.0; Win64; x64) AppleWebKit/537.36 (KHTML, like Gecko) Chrome/120.0.0.0 Safari/537.36"
185.215.232.193 - - [27/Aug/2026:00:27:32 +0330] "GET /a7.php HTTP/1.1" 404 13731 "-" "Mozilla/5.0 (Windows NT 10.0; Win64; x64) AppleWebKit/537.36 (KHTML, like Gecko) Chrome/120.0.0.0 Safari/537.36"
185.215.232.193 - - [27/Aug/2026:00:27:51 +0330] "GET /abc.php HTTP/1.1" 404 13731 "-" "Mozilla/5.0 (Windows NT 10.0; Win64; x64) AppleWebKit/537.36 (KHTML, like Gecko) Chrome/120.0.0.0 Safari/537.36"
185.215.232.193 - - [27/Aug/2026:00:27:58 +0330] "GET /lib.php HTTP/1.1" 404 13731 "-" "Mozilla/5.0 (Windows NT 10.0; Win64; x64) AppleWebKit/537.36 (KHTML, like Gecko) Chrome/120.0.0.0 Safari/537.36"
185.215.232.193 - - [27/Aug/2026:00:28:06 +0330] "GET /wp-includes/interactivity-api/index.php HTTP/1.1" 301 0 "-" "Mozilla/5.0 (Windows NT 10.0; Win64; x64) AppleWebKit/537.36 (KHTML, like Gecko) Chrome/120.0.0.0 Safari/537.36"
185.215.232.193 - - [27/Aug/2026:00:28:23 +0330] "GET /index.php/vod/play/id/14782/sid/1/nid/1.html HTTP/1.1" 301 0 "https://mahdetejarat.com/index.php/vod/search/page/4/wd/%E7%BD%91%E7%BA%A2.html" "Mozilla/5.0 (Linux; Android 7.0;) AppleWebKit/537.36 (HTML, like Gecko) Mobile Safari/537.36 (compatible; PetalBot;+https://webmaster.petalsearch.com/site/petalbot)"
185.215.232.193 - - [27/Aug/2026:00:28:27 +0330] "GET /function/function.php HTTP/1.1" 404 13731 "-" "Mozilla/5.0 (Windows NT 10.0; Win64; x64) AppleWebKit/537.36 (KHTML, like Gecko) Chrome/120.0.0.0 Safari/537.36"
185.215.232.193 - - [27/Aug/2026:00:28:31 +0330] "GET /modules/mod_footer/tmpl/index.php HTTP/1.1" 301 0 "-" "Mozilla/5.0 (Windows NT 10.0; Win64; x64) AppleWebKit/537.36 (KHTML, like Gecko) Chrome/120.0.0.0 Safari/537.36"
185.215.232.195 - - [27/Aug/2026:00:28:40 +0330] "GET /robots.txt HTTP/1.1" 301 0 "https://www.mahdetejarat.com/robots.txt" "Mozilla/5.0 (Windows NT 10.0; Win64; x64) AppleWebKit/537.36 (KHTML, like Gecko) Chrome/147.0.5529.55 Safari/537.36"
185.215.232.193 - - [27/Aug/2026:00:28:44 +0330] "GET /alfa.php HTTP/1.1" 404 13731 "-" "Mozilla/5.0 (Windows NT 10.0; Win64; x64) AppleWebKit/537.36 (KHTML, like Gecko) Chrome/120.0.0.0 Safari/537.36"
185.215.232.193 - - [27/Aug/2026:00:28:52 +0330] "GET /wp-content/themes/about.php HTTP/1.1" 404 13731 "-" "Mozilla/5.0 (Windows NT 10.0; Win64; x64) AppleWebKit/537.36 (KHTML, like Gecko) Chrome/120.0.0.0 Safari/537.36"
185.215.232.193 - - [27/Aug/2026:00:28:56 +0330] "GET /wp-includes/Text/index.php HTTP/1.1" 301 0 "-" "Mozilla/5.0 (Windows NT 10.0; Win64; x64) AppleWebKit/537.36 (KHTML, like Gecko) Chrome/120.0.0.0 Safari/537.36"
185.215.232.193 - - [27/Aug/2026:00:28:59 +0330] "GET /wp-signin.php HTTP/1.1" 404 13731 "-" "Mozilla/5.0 (Windows NT 10.0; Win64; x64) AppleWebKit/537.36 (KHTML, like Gecko) Chrome/120.0.0.0 Safari/537.36"
185.215.232.193 - - [27/Aug/2026:00:29:05 +0330] "GET /x.php HTTP/1.1" 404 13731 "-" "Mozilla/5.0 (Windows NT 10.0; Win64; x64) AppleWebKit/537.36 (KHTML, like Gecko) Chrome/120.0.0.0 Safari/537.36"
185.215.232.193 - - [27/Aug/2026:00:29:08 +0330] "GET /about/function.php HTTP/1.1" 404 13731 "-" "Mozilla/5.0 (Windows NT 10.0; Win64; x64) AppleWebKit/537.36 (KHTML, like Gecko) Chrome/120.0.0.0 Safari/537.36"
185.215.232.193 - - [27/Aug/2026:00:28:24 +0330] "GET /av.php HTTP/1.1" 404 13731 "-" "Mozilla/5.0 (Windows NT 10.0; Win64; x64) AppleWebKit/537.36 (KHTML, like Gecko) Chrome/120.0.0.0 Safari/537.36"
185.215.232.193 - - [27/Aug/2026:00:28:27 +0330] "GET /vod/play/id/14782/sid/1/nid/1.html HTTP/1.1" 404 13731 "https://mahdetejarat.com/index.php/vod/search/page/4/wd/%E7%BD%91%E7%BA%A2.html" "Mozilla/5.0 (Linux; Android 7.0;) AppleWebKit/537.36 (HTML, like Gecko) Mobile Safari/537.36 (compatible; PetalBot;+https://webmaster.petalsearch.com/site/petalbot)"
185.215.232.193 - - [27/Aug/2026:00:28:34 +0330] "GET /wp-admin/js/index.php HTTP/1.1" 301 0 "-" "Mozilla/5.0 (Windows NT 10.0; Win64; x64) AppleWebKit/537.36 (KHTML, like Gecko) Chrome/120.0.0.0 Safari/537.36"
185.215.232.193 - - [27/Aug/2026:00:28:37 +0330] "GET /wp-content/plugins/WordPressCore/include.php HTTP/1.1" 403 787 "-" "Mozilla/5.0 (Windows NT 10.0; Win64; x64) AppleWebKit/537.36 (KHTML, like Gecko) Chrome/120.0.0.0 Safari/537.36"
185.215.232.193 - - [27/Aug/2026:00:28:37 +0330] "GET /wp-content/plugins/index.php HTTP/1.1" 200 0 "-" "Mozilla/5.0 (Windows NT 10.0; Win64; x64) AppleWebKit/537.36 (KHTML, like Gecko) Chrome/120.0.0.0 Safari/537.36"
185.215.232.193 - - [27/Aug/2026:00:28:38 +0330] "GET /wp-content/upgrade/index.php HTTP/1.1" 301 0 "-" "Mozilla/5.0 (Windows NT 10.0; Win64; x64) AppleWebKit/537.36 (KHTML, like Gecko) Chrome/120.0.0.0 Safari/537.36"
185.215.232.193 - - [27/Aug/2026:00:28:40 +0330] "GET /ahax.php HTTP/1.1" 404 13731 "-" "Mozilla/5.0 (Windows NT 10.0; Win64; x64) AppleWebKit/537.36 (KHTML, like Gecko) Chrome/120.0.0.0 Safari/537.36"
185.215.232.193 - - [27/Aug/2026:00:28:48 +0330] "GET /bolt.php HTTP/1.1" 404 13731 "-" "Mozilla/5.0 (Windows NT 10.0; Win64; x64) AppleWebKit/537.36 (KHTML, like Gecko) Chrome/120.0.0.0 Safari/537.36"
94.101.183.3 - - [27/Aug/2026:00:28:58 +0330] "POST /wp-cron.php?doing_wp_cron=1787777938.5558769702911376953125 HTTP/1.1" 200 0 "-" "WordPress/6.9.1; https://mahdetejarat.com"
94.101.183.3 - - [27/Aug/2026:00:29:08 +0330] "POST /wp-cron.php?doing_wp_cron=1787777948.6395130157470703125000 HTTP/1.1" 200 0 "-" "WordPress/6.9.1; https://mahdetejarat.com"
185.215.232.193 - - [27/Aug/2026:00:29:12 +0330] "GET /bless.php HTTP/1.1" 404 13731 "-" "Mozilla/5.0 (Windows NT 10.0; Win64; x64) AppleWebKit/537.36 (KHTML, like Gecko) Chrome/120.0.0.0 Safari/537.36"
185.215.232.193 - - [27/Aug/2026:00:29:20 +0330] "GET /radio.php HTTP/1.1" 404 13731 "-" "Mozilla/5.0 (Windows NT 10.0; Win64; x64) AppleWebKit/537.36 (KHTML, like Gecko) Chrome/120.0.0.0 Safari/537.36"
185.215.232.193 - - [27/Aug/2026:00:29:23 +0330] "GET /wp-content/about.php HTTP/1.1" 404 13731 "-" "Mozilla/5.0 (Windows NT 10.0; Win64; x64) AppleWebKit/537.36 (KHTML, like Gecko) Chrome/120.0.0.0 Safari/537.36"
185.215.232.193 - - [27/Aug/2026:00:29:27 +0330] "GET /wp-content/uploads/admin.php HTTP/1.1" 404 13731 "-" "Mozilla/5.0 (Windows NT 10.0; Win64; x64) AppleWebKit/537.36 (KHTML, like Gecko) Chrome/120.0.0.0 Safari/537.36"
185.215.232.193 - - [27/Aug/2026:00:29:30 +0330] "GET /wp-includes/pomo HTTP/1.1" 301 795 "-" "Mozilla/5.0 (Windows NT 10.0; Win64; x64) AppleWebKit/537.36 (KHTML, like Gecko) Chrome/120.0.0.0 Safari/537.36"
185.215.232.193 - - [27/Aug/2026:00:29:38 +0330] "GET /abcd.php HTTP/1.1" 404 13731 "-" "Mozilla/5.0 (Windows NT 10.0; Win64; x64) AppleWebKit/537.36 (KHTML, like Gecko) Chrome/120.0.0.0 Safari/537.36"
185.215.232.193 - - [27/Aug/2026:00:29:41 +0330] "GET /admin/function.php HTTP/1.1" 404 13731 "-" "Mozilla/5.0 (Windows NT 10.0; Win64; x64) AppleWebKit/537.36 (KHTML, like Gecko) Chrome/120.0.0.0 Safari/537.36"
185.215.232.193 - - [27/Aug/2026:00:29:48 +0330] "GET /index.php/vod/play/id/5311/sid/1/nid/1.html HTTP/1.1" 301 0 "http://mahdetejarat.com/index.php/vod/play/id/5114/sid/1/nid/1.html" "Mozilla/5.0 (Linux; Android 7.0;) AppleWebKit/537.36 (HTML, like Gecko) Mobile Safari/537.36 (compatible; PetalBot;+https://webmaster.petalsearch.com/site/petalbot)"
185.215.232.193 - - [27/Aug/2026:00:29:51 +0330] "GET /vod/play/id/5311/sid/1/nid/1.html HTTP/1.1" 404 13731 "http://mahdetejarat.com/index.php/vod/play/id/5114/sid/1/nid/1.html" "Mozilla/5.0 (Linux; Android 7.0;) AppleWebKit/537.36 (HTML, like Gecko) Mobile Safari/537.36 (compatible; PetalBot;+https://webmaster.petalsearch.com/site/petalbot)"
185.215.232.193 - - [27/Aug/2026:00:31:15 +0330] "GET /vod/play/id/5202/sid/1/nid/1.html HTTP/1.1" 404 13731 "http://mahdetejarat.com/index.php/vod/play/id/3837/sid/1/nid/1.html" "Mozilla/5.0 (Linux; Android 7.0;) AppleWebKit/537.36 (HTML, like Gecko) Mobile Safari/537.36 (compatible; PetalBot;+https://webmaster.petalsearch.com/site/petalbot)"
185.215.232.195 - - [27/Aug/2026:00:31:28 +0330] "GET /category/%d8%af%d8%b3%d8%aa%d9%87%d8%a8%d9%86%d8%af%db%8c-%d9%86%d8%b4%d8%af%d9%87/page/2/ HTTP/1.1" 200 15781 "-" "Mozilla/5.0 (Windows NT 10.0; Win64; x64) AppleWebKit/537.36 (KHTML, like Gecko) Chrome/145.0.0.0 Safari/537.36 (compatible; meta-externalagent/1.1 (+https://developers.facebook.com/docs/sharing/webmasters/crawler))"
94.101.183.3 - - [27/Aug/2026:00:32:37 +0330] "POST /wp-cron.php?doing_wp_cron=1787778157.6097888946533203125000 HTTP/1.1" 200 0 "-" "WordPress/6.9.1; https://mahdetejarat.com"
185.215.232.193 - - [27/Aug/2026:00:32:34 +0330] "GET /index.php/vod/play/id/5169/sid/1/nid/1.html HTTP/1.1" 301 0 "http://mahdetejarat.com/index.php/vod/play/id/8313/sid/1/nid/1.html" "Mozilla/5.0 (Linux; Android 7.0;) AppleWebKit/537.36 (HTML, like Gecko) Mobile Safari/537.36 (compatible; PetalBot;+https://webmaster.petalsearch.com/site/petalbot)"
185.215.232.194 - - [27/Aug/2026:00:33:50 +0330] "GET /wp-content/uploads//wp-content/uploads/2024/ HTTP/1.1" 301 0 "-" "-"
185.215.232.193 - - [27/Aug/2026:00:33:57 +0330] "GET /index.php/vod/play/id/18330/sid/1/nid/1.html HTTP/1.1" 301 0 "https://www.mahdetejarat.com/index.php/vod/play/id/7816/sid/1/nid/1.html" "Mozilla/5.0 (Linux; Android 7.0;) AppleWebKit/537.36 (HTML, like Gecko) Mobile Safari/537.36 (compatible; PetalBot;+https://webmaster.petalsearch.com/site/petalbot)"
185.215.232.194 - - [27/Aug/2026:00:33:58 +0330] "GET /wp-content/uploads//wp-content/uploads/2025/ HTTP/1.1" 301 0 "-" "-"
185.215.232.193 - - [27/Aug/2026:00:34:01 +0330] "GET /vod/play/id/18330/sid/1/nid/1.html HTTP/1.1" 404 13731 "https://www.mahdetejarat.com/index.php/vod/play/id/7816/sid/1/nid/1.html" "Mozilla/5.0 (Linux; Android 7.0;) AppleWebKit/537.36 (HTML, like Gecko) Mobile Safari/537.36 (compatible; PetalBot;+https://webmaster.petalsearch.com/site/petalbot)"
185.215.232.194 - - [27/Aug/2026:00:34:09 +0330] "GET /wp-content/uploads/wp-content/uploads/2026/ HTTP/1.1" 404 54959 "-" "-"
185.215.232.194 - - [27/Aug/2026:00:34:13 +0330] "GET /wp-content/uploads//wp-content/uploads/elementor/ HTTP/1.1" 301 0 "-" "-"
185.215.232.194 - - [27/Aug/2026:00:34:21 +0330] "GET /wp-content/uploads//wp-content/uploads/rank-math/ HTTP/1.1" 301 0 "-" "-"
185.215.232.194 - - [27/Aug/2026:00:34:28 +0330] "GET /wp-content/uploads//wp-content/uploads/wc-logs/ HTTP/1.1" 301 0 "-" "-"
185.215.232.194 - - [27/Aug/2026:00:34:38 +0330] "GET /wp-content/uploads/wp-content/uploads/woocommerce_uploads/ HTTP/1.1" 404 54959 "-" "-"
185.215.232.194 - - [27/Aug/2026:00:34:42 +0330] "GET /wp-includes/ HTTP/1.1" 200 78790 "-" "-"
185.215.232.193 - - [27/Aug/2026:00:34:42 +0330] "GET / HTTP/1.1" 301 0 "-" "Mozilla/5.0 (Windows NT 10.0; Win64; x64) AppleWebKit/537.36 (KHTML, like Gecko) Chrome/120.0.0.0 Safari/537.36"
185.215.232.194 - - [27/Aug/2026:00:34:50 +0330] "GET /wp-includes//wp-includes/assets/ HTTP/1.1" 301 0 "-" "-"
185.215.232.194 - - [27/Aug/2026:00:34:53 +0330] "GET /wp-includes/wp-includes/assets/ HTTP/1.1" 404 54959 "-" "-"
185.215.232.194 - - [27/Aug/2026:00:34:57 +0330] "GET /wp-includes//wp-includes/block-bindings/ HTTP/1.1" 301 0 "-" "-"
185.215.232.194 - - [27/Aug/2026:00:35:00 +0330] "GET /wp-includes/wp-includes/block-bindings/ HTTP/1.1" 404 54959 "-" "-"
185.215.232.193 - - [27/Aug/2026:00:29:16 +0330] "GET /content.php HTTP/1.1" 404 13731 "-" "Mozilla/5.0 (Windows NT 10.0; Win64; x64) AppleWebKit/537.36 (KHTML, like Gecko) Chrome/120.0.0.0 Safari/537.36"
185.215.232.193 - - [27/Aug/2026:00:29:31 +0330] "GET /.dj/index.php HTTP/1.1" 301 0 "-" "Mozilla/5.0 (Windows NT 10.0; Win64; x64) AppleWebKit/537.36 (KHTML, like Gecko) Chrome/120.0.0.0 Safari/537.36"
185.215.232.193 - - [27/Aug/2026:00:29:34 +0330] "GET /aaa.php HTTP/1.1" 404 13731 "-" "Mozilla/5.0 (Windows NT 10.0; Win64; x64) AppleWebKit/537.36 (KHTML, like Gecko) Chrome/120.0.0.0 Safari/537.36"
94.101.183.3 - - [27/Aug/2026:00:29:57 +0330] "POST /wp-cron.php?doing_wp_cron=1787777997.5121181011199951171875 HTTP/1.1" 200 0 "-" "WordPress/6.9.1; https://mahdetejarat.com"
94.101.183.3 - - [27/Aug/2026:00:31:14 +0330] "POST /wp-cron.php?doing_wp_cron=1787778074.0661869049072265625000 HTTP/1.1" 200 0 "-" "WordPress/6.9.1; https://mahdetejarat.com"
185.215.232.193 - - [27/Aug/2026:00:31:11 +0330] "GET /index.php/vod/play/id/5202/sid/1/nid/1.html HTTP/1.1" 301 0 "http://mahdetejarat.com/index.php/vod/play/id/3837/sid/1/nid/1.html" "Mozilla/5.0 (Linux; Android 7.0;) AppleWebKit/537.36 (HTML, like Gecko) Mobile Safari/537.36 (compatible; PetalBot;+https://webmaster.petalsearch.com/site/petalbot)"
185.215.232.193 - - [27/Aug/2026:00:32:38 +0330] "GET /vod/play/id/5169/sid/1/nid/1.html HTTP/1.1" 404 13731 "http://mahdetejarat.com/index.php/vod/play/id/8313/sid/1/nid/1.html" "Mozilla/5.0 (Linux; Android 7.0;) AppleWebKit/537.36 (HTML, like Gecko) Mobile Safari/537.36 (compatible; PetalBot;+https://webmaster.petalsearch.com/site/petalbot)"
185.215.232.194 - - [27/Aug/2026:00:33:49 +0330] "GET /wp-content/uploads/ HTTP/1.1" 200 6276 "-" "-"
94.101.182.6 - - [27/Aug/2026:00:33:53 +0330] "POST /wp-cron.php?doing_wp_cron=1787778233.1925499439239501953125 HTTP/1.1" 200 0 "-" "WordPress/6.9.1; https://mahdetejarat.com"
185.215.232.194 - - [27/Aug/2026:00:33:54 +0330] "GET /wp-content/uploads/wp-content/uploads/2024/ HTTP/1.1" 404 54959 "-" "-"
185.215.232.194 - - [27/Aug/2026:00:34:01 +0330] "GET /wp-content/uploads/wp-content/uploads/2025/ HTTP/1.1" 404 54959 "-" "-"
94.101.182.6 - - [27/Aug/2026:00:34:09 +0330] "POST /wp-cron.php?doing_wp_cron=1787778249.0786170959472656250000 HTTP/1.1" 200 0 "-" "WordPress/6.9.1; https://mahdetejarat.com"
185.215.232.194 - - [27/Aug/2026:00:34:06 +0330] "GET /wp-content/uploads//wp-content/uploads/2026/ HTTP/1.1" 301 0 "-" "-"
185.215.232.194 - - [27/Aug/2026:00:34:17 +0330] "GET /wp-content/uploads/wp-content/uploads/elementor/ HTTP/1.1" 404 54959 "-" "-"
185.215.232.194 - - [27/Aug/2026:00:34:24 +0330] "GET /wp-content/uploads/wp-content/uploads/rank-math/ HTTP/1.1" 404 54959 "-" "-"
185.215.232.194 - - [27/Aug/2026:00:34:31 +0330] "GET /wp-content/uploads/wp-content/uploads/wc-logs/ HTTP/1.1" 404 54959 "-" "-"
185.215.232.194 - - [27/Aug/2026:00:34:35 +0330] "GET /wp-content/uploads//wp-content/uploads/woocommerce_uploads/ HTTP/1.1" 301 0 "-" "-"
185.215.232.194 - - [27/Aug/2026:00:34:43 +0330] "GET /wp-includes//wp-includes/abilities-api/ HTTP/1.1" 301 0 "-" "-"
185.215.232.194 - - [27/Aug/2026:00:34:46 +0330] "GET /wp-includes/wp-includes/abilities-api/ HTTP/1.1" 404 54959 "-" "-"
94.101.183.3 - - [27/Aug/2026:00:34:57 +0330] "POST /wp-cron.php?doing_wp_cron=1787778297.2573959827423095703125 HTTP/1.1" 200 0 "-" "WordPress/6.9.1; https://mahdetejarat.com"
94.101.183.3 - - [27/Aug/2026:00:35:10 +0330] "POST /wp-cron.php?doing_wp_cron=1787778310.6341879367828369140625 HTTP/1.1" 200 0 "-" "WordPress/6.9.1; https://mahdetejarat.com"
185.215.232.194 - - [27/Aug/2026:00:35:07 +0330] "GET /wp-includes//wp-includes/block-patterns/ HTTP/1.1" 301 0 "-" "-"
185.215.232.194 - - [27/Aug/2026:00:35:18 +0330] "GET /wp-includes/wp-includes/block-supports/ HTTP/1.1" 404 54959 "-" "-"
185.215.232.193 - - [27/Aug/2026:00:35:26 +0330] "GET /vod/play/id/5071/sid/1/nid/1.html HTTP/1.1" 404 13731 "http://mahdetejarat.com/index.php/vod/play/id/6800/sid/1/nid/1.html" "Mozilla/5.0 (Linux; Android 7.0;) AppleWebKit/537.36 (HTML, like Gecko) Mobile Safari/537.36 (compatible; PetalBot;+https://webmaster.petalsearch.com/site/petalbot)"
185.215.232.194 - - [27/Aug/2026:00:35:29 +0330] "GET /wp-content/plugins/hellopress/wp_filemanager.php HTTP/1.1" 404 54959 "-" "-"
185.215.232.194 - - [27/Aug/2026:00:35:30 +0330] "GET /wp-includes//wp-includes/certificates/ HTTP/1.1" 301 0 "-" "-"
185.215.232.194 - - [27/Aug/2026:00:35:38 +0330] "GET /wp-includes//wp-includes/css/ HTTP/1.1" 301 0 "-" "-"
185.215.232.194 - - [27/Aug/2026:00:35:41 +0330] "GET /wp-includes/wp-includes/css/ HTTP/1.1" 404 54959 "-" "-"
185.215.232.194 - - [27/Aug/2026:00:35:44 +0330] "GET /wp-includes//wp-includes/customize/ HTTP/1.1" 301 0 "-" "-"
185.215.232.194 - - [27/Aug/2026:00:35:48 +0330] "GET /wp-includes/wp-includes/customize/ HTTP/1.1" 404 54959 "-" "-"
94.101.183.3 - - [27/Aug/2026:00:35:56 +0330] "POST /wp-cron.php?doing_wp_cron=1787778356.0969719886779785156250 HTTP/1.1" 200 0 "-" "WordPress/6.9.1; https://mahdetejarat.com"
185.215.232.195 - - [27/Aug/2026:00:35:53 +0330] "GET /2020/01/01/x-7/embed/ HTTP/1.1" 200 6875 "-" "Mozilla/5.0 (Windows NT 10.0; Win64; x64) AppleWebKit/537.36 (KHTML, like Gecko) Chrome/145.0.0.0 Safari/537.36 (compatible; meta-externalagent/1.1 (+https://developers.facebook.com/docs/sharing/webmasters/crawler))"
185.215.232.194 - - [27/Aug/2026:00:35:53 +0330] "GET /wp-includes//wp-includes/fonts/ HTTP/1.1" 301 0 "-" "-"
185.215.232.194 - - [27/Aug/2026:00:35:56 +0330] "GET /wp-includes/wp-includes/fonts/ HTTP/1.1" 404 54959 "-" "-"
185.215.232.194 - - [27/Aug/2026:00:36:06 +0330] "GET /dragonshell.php HTTP/1.1" 404 54959 "-" "-"
185.215.232.194 - - [27/Aug/2026:00:36:10 +0330] "GET /wp-includes//wp-includes/ID3/ HTTP/1.1" 301 0 "-" "-"
185.215.232.194 - - [27/Aug/2026:00:36:10 +0330] "GET /wp-jufsis.php HTTP/1.1" 404 54959 "-" "-"
185.215.232.194 - - [27/Aug/2026:00:36:13 +0330] "GET /wp-includes/wp-includes/ID3/ HTTP/1.1" 404 54959 "-" "-"
185.215.232.194 - - [27/Aug/2026:00:36:17 +0330] "GET /wp-includes//wp-includes/images/ HTTP/1.1" 301 0 "-" "-"
185.215.232.194 - - [27/Aug/2026:00:36:24 +0330] "GET /wp-includes//wp-includes/interactivity-api/ HTTP/1.1" 301 0 "-" "-"
185.215.232.194 - - [27/Aug/2026:00:36:28 +0330] "GET /samll.php HTTP/1.1" 404 54959 "-" "-"
185.215.232.194 - - [27/Aug/2026:00:36:32 +0330] "GET /wp-includes//wp-includes/IXR/ HTTP/1.1" 301 0 "-" "-"
185.215.232.194 - - [27/Aug/2026:00:36:31 +0330] "GET /motu.php HTTP/1.1" 404 54959 "-" "-"
185.215.232.194 - - [27/Aug/2026:00:36:40 +0330] "GET /greem_res.php HTTP/1.1" 404 54959 "-" "-"
185.215.232.194 - - [27/Aug/2026:00:36:42 +0330] "GET /wp-includes/wp-includes/js/ HTTP/1.1" 404 54959 "-" "-"
185.215.232.194 - - [27/Aug/2026:00:36:45 +0330] "GET /min.php HTTP/1.1" 404 54959 "-" "-"
185.215.232.194 - - [27/Aug/2026:00:36:46 +0330] "GET /wp-includes//wp-includes/l10n/ HTTP/1.1" 301 0 "-" "-"
185.215.232.193 - - [27/Aug/2026:00:36:49 +0330] "GET /vod/play/id/15154/sid/1/nid/1.html HTTP/1.1" 404 13731 "https://www.mahdetejarat.com/index.php/vod/play/id/7178/sid/1/nid/1.html" "Mozilla/5.0 (Linux; Android 7.0;) AppleWebKit/537.36 (HTML, like Gecko) Mobile Safari/537.36 (compatible; PetalBot;+https://webmaster.petalsearch.com/site/petalbot)"
185.215.232.194 - - [27/Aug/2026:00:36:49 +0330] "GET /luJMF.php HTTP/1.1" 404 54959 "-" "-"
185.215.232.194 - - [27/Aug/2026:00:35:11 +0330] "GET /wp-includes/wp-includes/block-patterns/ HTTP/1.1" 404 54959 "-" "-"
185.215.232.194 - - [27/Aug/2026:00:35:15 +0330] "GET /wp-includes//wp-includes/block-supports/ HTTP/1.1" 301 0 "-" "-"
185.215.232.193 - - [27/Aug/2026:00:35:22 +0330] "GET /index.php/vod/play/id/5071/sid/1/nid/1.html HTTP/1.1" 301 0 "http://mahdetejarat.com/index.php/vod/play/id/6800/sid/1/nid/1.html" "Mozilla/5.0 (Linux; Android 7.0;) AppleWebKit/537.36 (HTML, like Gecko) Mobile Safari/537.36 (compatible; PetalBot;+https://webmaster.petalsearch.com/site/petalbot)"
185.215.232.194 - - [27/Aug/2026:00:35:23 +0330] "GET /wp-includes//wp-includes/blocks/ HTTP/1.1" 301 0 "-" "-"
185.215.232.194 - - [27/Aug/2026:00:35:26 +0330] "GET /wp-includes/wp-includes/blocks/ HTTP/1.1" 404 54959 "-" "-"
185.215.232.194 - - [27/Aug/2026:00:35:33 +0330] "GET /this_is_a_new_hello_world.php HTTP/1.1" 404 54959 "-" "-"
185.215.232.194 - - [27/Aug/2026:00:35:33 +0330] "GET /wp-includes/wp-includes/certificates/ HTTP/1.1" 404 54959 "-" "-"
185.215.232.194 - - [27/Aug/2026:00:35:37 +0330] "GET /or.php HTTP/1.1" 404 54959 "-" "-"
185.215.232.194 - - [27/Aug/2026:00:35:41 +0330] "GET /verox.php HTTP/1.1" 404 54959 "-" "-"
185.215.232.194 - - [27/Aug/2026:00:35:45 +0330] "GET /BDKR28WP.php HTTP/1.1" 404 54959 "-" "-"
185.215.232.194 - - [27/Aug/2026:00:35:49 +0330] "GET /ok.php HTTP/1.1" 404 54959 "-" "-"
185.215.232.194 - - [27/Aug/2026:00:35:54 +0330] "GET /aww.php HTTP/1.1" 404 54959 "-" "-"
185.215.232.194 - - [27/Aug/2026:00:35:58 +0330] "GET /wander.php HTTP/1.1" 404 54959 "-" "-"
185.215.232.194 - - [27/Aug/2026:00:36:02 +0330] "GET /wp-includes//wp-includes/html-api/ HTTP/1.1" 301 0 "-" "-"
185.215.232.194 - - [27/Aug/2026:00:36:02 +0330] "GET /_js.jpg..bk.php HTTP/1.1" 404 54959 "-" "-"
94.101.183.3 - - [27/Aug/2026:00:36:09 +0330] "POST /wp-cron.php?doing_wp_cron=1787778369.3781468868255615234375 HTTP/1.1" 200 0 "-" "WordPress/6.9.1; https://mahdetejarat.com"
185.215.232.194 - - [27/Aug/2026:00:36:06 +0330] "GET /wp-includes/wp-includes/html-api/ HTTP/1.1" 404 54959 "-" "-"
185.215.232.194 - - [27/Aug/2026:00:36:14 +0330] "GET /bthil.php HTTP/1.1" 404 54959 "-" "-"
185.215.232.194 - - [27/Aug/2026:00:36:18 +0330] "GET /txets.php HTTP/1.1" 404 54959 "-" "-"
185.215.232.194 - - [27/Aug/2026:00:36:20 +0330] "GET /wp-includes/wp-includes/images/ HTTP/1.1" 404 54959 "-" "-"
185.215.232.194 - - [27/Aug/2026:00:36:23 +0330] "GET /privacy.php HTTP/1.1" 404 54959 "-" "-"
185.215.232.194 - - [27/Aug/2026:00:36:28 +0330] "GET /wp-includes/wp-includes/interactivity-api/ HTTP/1.1" 404 54959 "-" "-"
185.215.232.194 - - [27/Aug/2026:00:36:35 +0330] "GET /wp-includes/wp-includes/IXR/ HTTP/1.1" 404 54959 "-" "-"
185.215.232.194 - - [27/Aug/2026:00:36:35 +0330] "GET /themes.php HTTP/1.1" 404 54959 "-" "-"
185.215.232.194 - - [27/Aug/2026:00:36:39 +0330] "GET /wp-includes//wp-includes/js/ HTTP/1.1" 301 0 "-" "-"
185.215.232.193 - - [27/Aug/2026:00:36:46 +0330] "GET /index.php/vod/play/id/15154/sid/1/nid/1.html HTTP/1.1" 301 0 "https://www.mahdetejarat.com/index.php/vod/play/id/7178/sid/1/nid/1.html" "Mozilla/5.0 (Linux; Android 7.0;) AppleWebKit/537.36 (HTML, like Gecko) Mobile Safari/537.36 (compatible; PetalBot;+https://webmaster.petalsearch.com/site/petalbot)"
185.215.232.194 - - [27/Aug/2026:00:36:49 +0330] "GET /wp-includes/wp-includes/l10n/ HTTP/1.1" 404 54959 "-" "-"
185.215.232.194 - - [27/Aug/2026:00:36:53 +0330] "GET /abcd.php HTTP/1.1" 404 54959 "-" "-"
185.215.232.194 - - [27/Aug/2026:00:36:53 +0330] "GET /wp-includes//wp-includes/php-compat/ HTTP/1.1" 301 0 "-" "-"
185.215.232.194 - - [27/Aug/2026:00:36:57 +0330] "GET /wo.php HTTP/1.1" 404 54959 "-" "-"
185.215.232.194 - - [27/Aug/2026:00:37:01 +0330] "GET /wp-includes//wp-includes/PHPMailer/ HTTP/1.1" 301 0 "-" "-"
185.215.232.194 - - [27/Aug/2026:00:37:08 +0330] "GET /wp-includes//wp-includes/pomo/ HTTP/1.1" 301 0 "-" "-"
185.215.232.194 - - [27/Aug/2026:00:37:11 +0330] "GET /wp-includes/wp-includes/pomo/ HTTP/1.1" 404 54959 "-" "-"
94.101.183.3 - - [27/Aug/2026:00:36:56 +0330] "POST /wp-cron.php?doing_wp_cron=1787778416.5861821174621582031250 HTTP/1.1" 200 0 "-" "WordPress/6.9.1; https://mahdetejarat.com"
185.215.232.194 - - [27/Aug/2026:00:36:57 +0330] "GET /wp-includes/wp-includes/php-compat/ HTTP/1.1" 404 54959 "-" "-"
185.215.232.194 - - [27/Aug/2026:00:37:01 +0330] "GET /v4.php HTTP/1.1" 404 54959 "-" "-"
185.215.232.194 - - [27/Aug/2026:00:37:04 +0330] "GET /wp-includes/wp-includes/PHPMailer/ HTTP/1.1" 404 54959 "-" "-"
94.101.183.3 - - [27/Aug/2026:00:37:08 +0330] "POST /wp-cron.php?doing_wp_cron=1787778428.3758480548858642578125 HTTP/1.1" 200 0 "-" "WordPress/6.9.1; https://mahdetejarat.com"
185.215.232.194 - - [27/Aug/2026:00:37:05 +0330] "GET /v1.php HTTP/1.1" 404 54959 "-" "-"
185.215.232.194 - - [27/Aug/2026:00:37:08 +0330] "GET /v2.php HTTP/1.1" 404 54959 "-" "-"
185.215.232.194 - - [27/Aug/2026:00:37:12 +0330] "GET /v3.php HTTP/1.1" 404 54959 "-" "-"
185.215.232.194 - - [27/Aug/2026:00:37:20 +0330] "GET /wp-content/themes/luJMF.php HTTP/1.1" 404 54959 "-" "-"
185.215.232.194 - - [27/Aug/2026:00:37:25 +0330] "GET /wp-includes/wp-includes/rest-api/ HTTP/1.1" 404 54959 "-" "-"
185.215.232.194 - - [27/Aug/2026:00:37:28 +0330] "GET /wp-content/plugin-install.php HTTP/1.1" 404 54959 "-" "-"
185.215.232.194 - - [27/Aug/2026:00:37:29 +0330] "GET /wp-includes//wp-includes/SimplePie/ HTTP/1.1" 301 0 "-" "-"
185.215.232.194 - - [27/Aug/2026:00:37:32 +0330] "GET /wp-content/maintenance.php HTTP/1.1" 503 1884 "-" "-"
185.215.232.194 - - [27/Aug/2026:00:37:33 +0330] "GET /wp-content/db-status.php HTTP/1.1" 404 54959 "-" "-"
185.215.232.194 - - [27/Aug/2026:00:37:36 +0330] "GET /wp-content/admin.php HTTP/1.1" 404 54959 "-" "-"
185.215.232.194 - - [27/Aug/2026:00:37:41 +0330] "GET /wp-includes/wp-includes/sitemaps/ HTTP/1.1" 404 54959 "-" "-"
185.215.232.194 - - [27/Aug/2026:00:37:49 +0330] "GET /wp-includes//wp-includes/sodium_compat/ HTTP/1.1" 301 0 "-" "-"
185.215.232.194 - - [27/Aug/2026:00:37:52 +0330] "GET /wp-includes/wp-includes/sodium_compat/ HTTP/1.1" 404 54959 "-" "-"
94.101.183.3 - - [27/Aug/2026:00:38:10 +0330] "POST /wp-cron.php?doing_wp_cron=1787778489.9815120697021484375000 HTTP/1.1" 200 0 "-" "WordPress/6.9.1; https://mahdetejarat.com"
185.215.232.194 - - [27/Aug/2026:00:38:10 +0330] "GET /wp-includes//wp-includes/theme-compat/ HTTP/1.1" 301 0 "-" "-"
185.215.232.194 - - [27/Aug/2026:00:38:13 +0330] "GET /wp-includes/wp-includes/theme-compat/ HTTP/1.1" 404 54959 "-" "-"
185.215.232.194 - - [27/Aug/2026:00:38:21 +0330] "GET /wp-includes/wp-includes/widgets/ HTTP/1.1" 404 54959 "-" "-"
185.215.232.194 - - [27/Aug/2026:00:38:25 +0330] "GET /wp-includes//wp-includes/abilities-api.php HTTP/1.1" 301 0 "-" "-"
185.215.232.194 - - [27/Aug/2026:00:38:38 +0330] "GET /wp-includes/wp-includes/abilities.php HTTP/1.1" 404 54959 "-" "-"
185.215.232.194 - - [27/Aug/2026:00:38:45 +0330] "GET /wp-includes/wp-includes/admin-bar.php HTTP/1.1" 404 54959 "-" "-"
185.215.232.194 - - [27/Aug/2026:00:38:50 +0330] "GET /wp-includes//wp-includes/atomlib.php HTTP/1.1" 301 0 "-" "-"
94.101.183.3 - - [27/Aug/2026:00:38:56 +0330] "POST /wp-cron.php?doing_wp_cron=1787778536.1243100166320800781250 HTTP/1.1" 200 0 "-" "WordPress/6.9.1; https://mahdetejarat.com"
185.215.232.194 - - [27/Aug/2026:00:38:52 +0330] "GET /wp-includes/wp-includes/atomlib.php HTTP/1.1" 404 54959 "-" "-"
185.215.232.194 - - [27/Aug/2026:00:39:04 +0330] "GET /wp-includes//wp-includes/block-bindings.php HTTP/1.1" 301 0 "-" "-"
94.101.183.3 - - [27/Aug/2026:00:39:11 +0330] "POST /wp-cron.php?doing_wp_cron=1787778551.8614950180053710937500 HTTP/1.1" 200 0 "-" "WordPress/6.9.1; https://mahdetejarat.com"
185.215.232.194 - - [27/Aug/2026:00:39:16 +0330] "GET /wp-includes/wp-includes/block-editor.php HTTP/1.1" 404 54959 "-" "-"
185.215.232.194 - - [27/Aug/2026:00:39:22 +0330] "GET /wp-includes/wp-includes/block-patterns.php HTTP/1.1" 404 54959 "-" "-"
185.215.232.194 - - [27/Aug/2026:00:39:26 +0330] "GET /wp-includes//wp-includes/block-template-utils.php HTTP/1.1" 301 0 "-" "-"
185.215.232.194 - - [27/Aug/2026:00:37:15 +0330] "GET /wp-includes//wp-includes/Requests/ HTTP/1.1" 301 0 "-" "-"
185.215.232.194 - - [27/Aug/2026:00:37:16 +0330] "GET /7.php HTTP/1.1" 404 54959 "-" "-"
185.215.232.194 - - [27/Aug/2026:00:37:17 +0330] "GET /wp-includes/wp-includes/Requests/ HTTP/1.1" 404 54959 "-" "-"
185.215.232.194 - - [27/Aug/2026:00:37:22 +0330] "GET /wp-includes//wp-includes/rest-api/ HTTP/1.1" 301 0 "-" "-"
185.215.232.194 - - [27/Aug/2026:00:37:24 +0330] "GET /wp-includes/js/codemirror/about.php HTTP/1.1" 404 54959 "-" "-"
185.215.232.194 - - [27/Aug/2026:00:37:32 +0330] "GET /wp-includes/wp-includes/SimplePie/ HTTP/1.1" 404 54959 "-" "-"
185.215.232.194 - - [27/Aug/2026:00:37:37 +0330] "GET /wp-includes//wp-includes/sitemaps/ HTTP/1.1" 301 0 "-" "-"
94.101.183.3 - - [27/Aug/2026:00:37:58 +0330] "POST /wp-cron.php?doing_wp_cron=1787778478.3715400695800781250000 HTTP/1.1" 200 0 "-" "WordPress/6.9.1; https://mahdetejarat.com"
185.215.232.194 - - [27/Aug/2026:00:37:56 +0330] "GET /wp-includes//wp-includes/style-engine/ HTTP/1.1" 301 0 "-" "-"
185.215.232.194 - - [27/Aug/2026:00:37:58 +0330] "GET /wp-includes/wp-includes/style-engine/ HTTP/1.1" 404 54959 "-" "-"
185.215.232.194 - - [27/Aug/2026:00:38:03 +0330] "GET /wp-includes//wp-includes/Text/ HTTP/1.1" 301 0 "-" "-"
185.215.232.194 - - [27/Aug/2026:00:38:06 +0330] "GET /wp-includes/wp-includes/Text/ HTTP/1.1" 404 54959 "-" "-"
185.215.232.193 - - [27/Aug/2026:00:38:10 +0330] "GET /index.php/vod/play/id/15690/sid/1/nid/1.html HTTP/1.1" 301 0 "https://www.mahdetejarat.com/index.php/vod/search/page/1/wd/%E5%8F%8C%E9%A9%AC%E5%B0%BE.html" "Mozilla/5.0 (Linux; Android 7.0;) AppleWebKit/537.36 (HTML, like Gecko) Mobile Safari/537.36 (compatible; PetalBot;+https://webmaster.petalsearch.com/site/petalbot)"
185.215.232.193 - - [27/Aug/2026:00:38:14 +0330] "GET /vod/play/id/15690/sid/1/nid/1.html HTTP/1.1" 404 13731 "https://www.mahdetejarat.com/index.php/vod/search/page/1/wd/%E5%8F%8C%E9%A9%AC%E5%B0%BE.html" "Mozilla/5.0 (Linux; Android 7.0;) AppleWebKit/537.36 (HTML, like Gecko) Mobile Safari/537.36 (compatible; PetalBot;+https://webmaster.petalsearch.com/site/petalbot)"
185.215.232.194 - - [27/Aug/2026:00:38:18 +0330] "GET /wp-includes//wp-includes/widgets/ HTTP/1.1" 301 0 "-" "-"
185.215.232.194 - - [27/Aug/2026:00:38:29 +0330] "GET /wp-includes/wp-includes/abilities-api.php HTTP/1.1" 404 54959 "-" "-"
