185.215.232.193 - - [26/Aug/2026:19:35:41 +0330] "GET /update.php HTTP/1.1" 301 0 "-" "-"
185.215.232.193 - - [26/Aug/2026:19:35:49 +0330] "GET /lmfi2.php HTTP/1.1" 301 0 "-" "-"
185.215.232.193 - - [26/Aug/2026:19:35:55 +0330] "GET /cache-compat.php HTTP/1.1" 301 0 "-" "-"
185.215.232.193 - - [26/Aug/2026:19:36:03 +0330] "GET /cloud.php HTTP/1.1" 301 0 "-" "-"
185.215.232.193 - - [26/Aug/2026:19:36:06 +0330] "GET /cloud.php HTTP/1.1" 404 54959 "-" "-"
185.215.232.194 - - [26/Aug/2026:19:36:09 +0330] "POST /xmlrpc.php HTTP/1.1" 200 426 "-" "Mozilla/5.0 (Windows NT 10.0; x64) AppleWebKit/537.36 (KHTML, like Gecko) Chrome/107.0.0.0 Safari/537.36"
185.215.232.195 - - [26/Aug/2026:19:36:11 +0330] "GET /product/%D9%86%DB%8C%D9%85%DA%A9%D8%AA-%D9%81%D9%84%D8%B2%DB%8C-%D9%BE%D8%A7%D8%B1%DA%A9%DB%8Cs420/ HTTP/1.1" 200 22822 "-" "Mozilla/5.0 (compatible; SemrushBot/7~bl; +http://www.semrush.com/bot.html)"
185.215.232.193 - - [26/Aug/2026:19:36:12 +0330] "GET /asa.php HTTP/1.1" 404 54959 "-" "-"
185.215.232.193 - - [26/Aug/2026:19:36:16 +0330] "GET /classsmtps.php HTTP/1.1" 301 0 "-" "-"
185.215.232.193 - - [26/Aug/2026:19:36:18 +0330] "GET /classsmtps.php HTTP/1.1" 404 54959 "-" "-"
185.215.232.193 - - [26/Aug/2026:19:36:28 +0330] "GET /wp-class.php HTTP/1.1" 301 0 "-" "-"
185.215.232.193 - - [26/Aug/2026:19:36:30 +0330] "GET /wp-class.php HTTP/1.1" 404 54959 "-" "-"
185.215.232.193 - - [26/Aug/2026:19:36:50 +0330] "GET /hiquido.com/ HTTP/1.1" 404 54959 "-" "-"
94.101.182.6 - - [26/Aug/2026:19:36:59 +0330] "POST /wp-cron.php?doing_wp_cron=1787760419.9365229606628417968750 HTTP/1.1" 200 0 "-" "WordPress/6.9.1; https://mahdetejarat.com"
185.215.232.193 - - [26/Aug/2026:19:37:03 +0330] "GET /app/Models/Hrm/Employee.php HTTP/1.1" 404 54959 "-" "-"
94.101.182.6 - - [26/Aug/2026:19:37:09 +0330] "POST /wp-cron.php?doing_wp_cron=1787760429.8697950839996337890625 HTTP/1.1" 200 0 "-" "WordPress/6.9.1; https://mahdetejarat.com"
185.215.232.193 - - [26/Aug/2026:19:37:07 +0330] "GET /config/laravolt/css/index.php HTTP/1.1" 301 0 "-" "-"
185.215.232.193 - - [26/Aug/2026:19:37:10 +0330] "GET /config/laravolt/css/ HTTP/1.1" 404 54959 "-" "-"
185.215.232.193 - - [26/Aug/2026:19:37:16 +0330] "GET /public/mah.php.php HTTP/1.1" 404 54959 "-" "-"
185.215.232.193 - - [26/Aug/2026:19:37:20 +0330] "GET /public/bnn_.php.php HTTP/1.1" 301 0 "-" "-"
185.215.232.195 - - [26/Aug/2026:19:37:33 +0330] "POST /xmlrpc.php HTTP/1.1" 200 426 "-" "Mozilla/5.0 (Windows NT 6.3; arm64) AppleWebKit/537.36 (KHTML, like Gecko) Firefox/83.0.0.0 Safari/537.36"
185.215.232.193 - - [26/Aug/2026:19:37:44 +0330] "GET //wp-includes/js/tinymce/themes/inlite HTTP/1.1" 301 795 "-" "-"
185.215.232.193 - - [26/Aug/2026:19:37:45 +0330] "GET //h.php HTTP/1.1" 301 0 "-" "-"
185.215.232.193 - - [26/Aug/2026:19:37:52 +0330] "GET /myfile.php HTTP/1.1" 301 0 "-" "-"
185.215.232.193 - - [26/Aug/2026:19:37:55 +0330] "GET /myfile.php HTTP/1.1" 404 54959 "-" "-"
185.215.232.193 - - [26/Aug/2026:19:38:00 +0330] "GET /nzv.php HTTP/1.1" 301 0 "-" "-"
185.215.232.193 - - [26/Aug/2026:19:37:59 +0330] "GET /product/%D8%A7%D9%84%D9%85%D8%A7%D9%86-%D8%B4%D9%87%D8%AF%D8%A7-%D8%B7%D8%B1%D8%AD-%D9%84%D8%A7%D9%84%D9%87/ HTTP/1.1" 200 22790 "-" "Mozilla/5.0 (compatible; SemrushBot/7~bl; +http://www.semrush.com/bot.html)"
185.215.232.193 - - [26/Aug/2026:19:38:02 +0330] "GET /nzv.php HTTP/1.1" 404 54959 "-" "-"
94.101.182.6 - - [26/Aug/2026:19:38:09 +0330] "POST /wp-cron.php?doing_wp_cron=1787760489.2256810665130615234375 HTTP/1.1" 200 0 "-" "WordPress/6.9.1; https://mahdetejarat.com"
185.215.232.193 - - [26/Aug/2026:19:38:07 +0330] "GET /sadd.php HTTP/1.1" 301 0 "-" "-"
185.215.232.193 - - [26/Aug/2026:19:38:15 +0330] "GET /wp-access.php HTTP/1.1" 301 0 "-" "-"
185.215.232.193 - - [26/Aug/2026:19:38:22 +0330] "GET /xmy.php HTTP/1.1" 301 0 "-" "-"
185.215.232.193 - - [26/Aug/2026:19:38:25 +0330] "GET /xmy.php HTTP/1.1" 404 54959 "-" "-"
185.215.232.193 - - [26/Aug/2026:19:38:38 +0330] "GET /wpver.php HTTP/1.1" 301 0 "-" "-"
185.215.232.193 - - [26/Aug/2026:19:38:41 +0330] "GET /wpver.php HTTP/1.1" 404 54959 "-" "-"
185.215.232.193 - - [26/Aug/2026:19:38:45 +0330] "GET /zz.php HTTP/1.1" 301 0 "-" "-"
185.215.232.193 - - [26/Aug/2026:19:38:48 +0330] "GET /zz.php HTTP/1.1" 404 54959 "-" "-"
94.101.182.6 - - [26/Aug/2026:19:38:57 +0330] "POST /wp-cron.php?doing_wp_cron=1787760537.6332590579986572265625 HTTP/1.1" 200 0 "-" "WordPress/6.9.1; https://mahdetejarat.com"
185.215.232.193 - - [26/Aug/2026:19:38:58 +0330] "GET /guk.php HTTP/1.1" 301 0 "-" "-"
185.215.232.193 - - [26/Aug/2026:19:39:00 +0330] "GET /guk.php HTTP/1.1" 404 54959 "-" "-"
185.215.232.193 - - [26/Aug/2026:19:39:04 +0330] "GET /motu.php HTTP/1.1" 301 0 "-" "-"
94.101.182.6 - - [26/Aug/2026:19:39:10 +0330] "POST /wp-cron.php?doing_wp_cron=1787760550.3790121078491210937500 HTTP/1.1" 200 0 "-" "WordPress/6.9.1; https://mahdetejarat.com"
185.215.232.195 - - [26/Aug/2026:19:39:08 +0330] "POST /xmlrpc.php HTTP/1.1" 200 426 "-" "Mozilla/5.0 (Windows NT 10.0; x64) AppleWebKit/537.36 (KHTML, like Gecko) Edge/93.0.0.0 Safari/537.36"
185.215.232.193 - - [26/Aug/2026:19:39:13 +0330] "GET /ws79.php HTTP/1.1" 404 54959 "-" "-"
185.215.232.193 - - [26/Aug/2026:19:39:18 +0330] "GET //thui.php HTTP/1.1" 301 0 "-" "-"
185.215.232.193 - - [26/Aug/2026:19:39:21 +0330] "GET /thui.php HTTP/1.1" 404 54959 "-" "-"
185.215.232.193 - - [26/Aug/2026:19:39:24 +0330] "GET /brc.php HTTP/1.1" 301 0 "-" "-"
185.215.232.193 - - [26/Aug/2026:19:39:27 +0330] "GET /brc.php HTTP/1.1" 404 54959 "-" "-"
185.215.232.193 - - [26/Aug/2026:19:39:31 +0330] "GET /koiy.php HTTP/1.1" 301 0 "-" "-"
185.215.232.193 - - [26/Aug/2026:19:39:37 +0330] "GET /wp-tem.php HTTP/1.1" 301 0 "-" "-"
185.215.232.193 - - [26/Aug/2026:19:39:40 +0330] "GET /wp-tem.php HTTP/1.1" 404 54959 "-" "-"
185.215.232.193 - - [26/Aug/2026:19:36:54 +0330] "GET /app/Helpers/bladeHelpers.php HTTP/1.1" 301 0 "-" "-"
94.101.182.6 - - [26/Aug/2026:19:36:58 +0330] "POST /wp-cron.php?doing_wp_cron=1787760418.5724310874938964843750 HTTP/1.1" 200 0 "-" "WordPress/6.9.1; https://mahdetejarat.com"
185.215.232.195 - - [26/Aug/2026:19:36:56 +0330] "POST /xmlrpc.php HTTP/1.1" 200 426 "-" "Mozilla/5.0 (Windows NT 6.2; x86) AppleWebKit/537.36 (KHTML, like Gecko) Firefox/91.0.0.0 Safari/537.36"
185.215.232.193 - - [26/Aug/2026:19:36:57 +0330] "GET /app/Helpers/bladeHelpers.php HTTP/1.1" 404 54959 "-" "-"
185.215.232.193 - - [26/Aug/2026:19:37:00 +0330] "GET /app/Models/Hrm/Employee.php HTTP/1.1" 301 0 "-" "-"
185.215.232.193 - - [26/Aug/2026:19:37:13 +0330] "GET /public/mah.php.php HTTP/1.1" 301 0 "-" "-"
185.215.232.193 - - [26/Aug/2026:19:37:23 +0330] "GET /public/bnn_.php.php HTTP/1.1" 404 54959 "-" "-"
185.215.232.193 - - [26/Aug/2026:19:37:28 +0330] "GET /public/rip.php.php HTTP/1.1" 301 0 "-" "-"
185.215.232.193 - - [26/Aug/2026:19:37:31 +0330] "GET /public/rip.php.php HTTP/1.1" 404 54959 "-" "-"
185.215.232.193 - - [26/Aug/2026:19:37:36 +0330] "GET //koiy.php HTTP/1.1" 301 0 "-" "-"
185.215.232.193 - - [26/Aug/2026:19:37:39 +0330] "GET /koiy.php HTTP/1.1" 404 54959 "-" "-"
185.215.232.193 - - [26/Aug/2026:19:37:44 +0330] "GET /wp-includes/js/tinymce/themes/inlite/ HTTP/1.1" 200 1970 "-" "-"
185.215.232.193 - - [26/Aug/2026:19:37:48 +0330] "GET /h.php HTTP/1.1" 404 54959 "-" "-"
94.101.182.6 - - [26/Aug/2026:19:37:57 +0330] "POST /wp-cron.php?doing_wp_cron=1787760477.8846950531005859375000 HTTP/1.1" 200 0 "-" "WordPress/6.9.1; https://mahdetejarat.com"
185.215.232.195 - - [26/Aug/2026:19:38:06 +0330] "POST /xmlrpc.php HTTP/1.1" 200 426 "-" "Mozilla/5.0 (Windows NT 6.3; x64) AppleWebKit/537.36 (KHTML, like Gecko) Safari/14.0.0.0 Safari/537.36"
185.215.232.193 - - [26/Aug/2026:19:38:10 +0330] "GET /sadd.php HTTP/1.1" 404 54959 "-" "-"
185.215.232.193 - - [26/Aug/2026:19:38:18 +0330] "GET /wp-access.php HTTP/1.1" 404 54959 "-" "-"
185.215.232.193 - - [26/Aug/2026:19:38:31 +0330] "GET /rum.php HTTP/1.1" 301 0 "-" "-"
185.215.232.193 - - [26/Aug/2026:19:38:34 +0330] "GET /rum.php HTTP/1.1" 404 54959 "-" "-"
185.215.232.195 - - [26/Aug/2026:19:38:38 +0330] "POST /xmlrpc.php HTTP/1.1" 200 426 "-" "Mozilla/5.0 (Windows NT 6.3; arm64) AppleWebKit/537.36 (KHTML, like Gecko) Safari/13.0.0.0 Safari/537.36"
185.215.232.193 - - [26/Aug/2026:19:38:52 +0330] "GET /avim.php HTTP/1.1" 301 0 "-" "-"
185.215.232.193 - - [26/Aug/2026:19:38:54 +0330] "GET /avim.php HTTP/1.1" 404 54959 "-" "-"
185.215.232.193 - - [26/Aug/2026:19:39:07 +0330] "GET /motu.php HTTP/1.1" 404 54959 "-" "-"
185.215.232.193 - - [26/Aug/2026:19:39:11 +0330] "GET /ws79.php HTTP/1.1" 301 0 "-" "-"
185.215.232.195 - - [26/Aug/2026:19:39:33 +0330] "GET /category/%d8%af%d8%b3%d8%aa%d9%87%d8%a8%d9%86%d8%af%db%8c-%d9%86%d8%b4%d8%af%d9%87/feed/ HTTP/1.1" 200 1531 "-" "Mozilla/5.0 (Macintosh; Intel Mac OS X 10_15_7) AppleWebKit/537.36 (KHTML, like Gecko) Chrome/145.0.0.0 Safari/537.36 (compatible; meta-externalagent/1.1 (+https://developers.facebook.com/docs/sharing/webmasters/crawler))"
185.215.232.193 - - [26/Aug/2026:19:39:33 +0330] "GET /koiy.php HTTP/1.1" 404 54959 "-" "-"
185.215.232.195 - - [26/Aug/2026:19:39:38 +0330] "POST /xmlrpc.php HTTP/1.1" 200 426 "-" "Mozilla/5.0 (Windows NT 6.2; x64) AppleWebKit/537.36 (KHTML, like Gecko) Chrome/93.0.0.0 Safari/537.36"
185.215.232.194 - - [26/Aug/2026:19:39:43 +0330] "GET /robots.txt HTTP/1.1" 200 163 "-" "Mozilla/5.0 (compatible; MJ12bot/v2.0.5; http://mj12bot.com/)"
185.215.232.194 - - [26/Aug/2026:19:39:46 +0330] "GET / HTTP/1.1" 301 0 "-" "Mozilla/5.0 (compatible; MJ12bot/v2.0.5; http://mj12bot.com/)"
185.215.232.194 - - [26/Aug/2026:19:39:49 +0330] "GET / HTTP/1.1" 200 25822 "-" "Mozilla/5.0 (compatible; MJ12bot/v2.0.5; http://mj12bot.com/)"
185.215.232.193 - - [26/Aug/2026:19:39:52 +0330] "GET /ws62.php HTTP/1.1" 404 54959 "-" "-"
185.215.232.194 - - [26/Aug/2026:19:39:41 +0330] "GET /robots.txt HTTP/1.1" 301 0 "-" "Mozilla/5.0 (compatible; MJ12bot/v2.0.5; http://mj12bot.com/)"
185.215.232.193 - - [26/Aug/2026:19:39:44 +0330] "GET /a1vx.php HTTP/1.1" 301 0 "-" "-"
185.215.232.193 - - [26/Aug/2026:19:39:46 +0330] "GET /a1vx.php HTTP/1.1" 404 54959 "-" "-"
185.215.232.193 - - [26/Aug/2026:19:39:50 +0330] "GET /ws62.php HTTP/1.1" 301 0 "-" "-"
185.215.232.193 - - [26/Aug/2026:19:39:56 +0330] "GET /public/wp-blog.php HTTP/1.1" 301 0 "-" "-"
185.215.232.193 - - [26/Aug/2026:19:40:03 +0330] "GET /erty.php HTTP/1.1" 301 0 "-" "-"
185.215.232.193 - - [26/Aug/2026:19:40:10 +0330] "GET /ebahvhhh.php HTTP/1.1" 301 0 "-" "-"
185.215.232.193 - - [26/Aug/2026:19:40:12 +0330] "GET /ebahvhhh.php HTTP/1.1" 404 54959 "-" "-"
185.215.232.193 - - [26/Aug/2026:19:40:23 +0330] "GET /cxc.php HTTP/1.1" 301 0 "-" "-"
185.215.232.193 - - [26/Aug/2026:19:40:25 +0330] "GET /cxc.php HTTP/1.1" 404 54959 "-" "-"
185.215.232.193 - - [26/Aug/2026:19:40:46 +0330] "GET /05.php HTTP/1.1" 404 54959 "-" "-"
185.215.232.193 - - [26/Aug/2026:19:40:49 +0330] "GET /maxro.php HTTP/1.1" 301 0 "-" "-"
185.215.232.193 - - [26/Aug/2026:19:40:52 +0330] "GET /maxro.php HTTP/1.1" 404 54959 "-" "-"
94.101.182.6 - - [26/Aug/2026:19:40:58 +0330] "POST /wp-cron.php?doing_wp_cron=1787760658.1681470870971679687500 HTTP/1.1" 200 0 "-" "WordPress/6.9.1; https://mahdetejarat.com"
185.215.232.193 - - [26/Aug/2026:19:40:55 +0330] "GET /ah25.php HTTP/1.1" 301 0 "-" "-"
94.101.182.6 - - [26/Aug/2026:19:41:12 +0330] "POST /wp-cron.php?doing_wp_cron=1787760672.1432011127471923828125 HTTP/1.1" 200 0 "-" "WordPress/6.9.1; https://mahdetejarat.com"
185.215.232.193 - - [26/Aug/2026:19:41:09 +0330] "GET /loxi-o.php HTTP/1.1" 301 0 "-" "-"
185.215.232.193 - - [26/Aug/2026:19:41:16 +0330] "GET /G-in.php HTTP/1.1" 301 0 "-" "-"
185.215.232.195 - - [26/Aug/2026:19:41:17 +0330] "POST /xmlrpc.php HTTP/1.1" 200 426 "-" "Mozilla/5.0 (Linux; Android 10; x64) AppleWebKit/537.36 (KHTML, like Gecko) Opera/77.0.0.0 Safari/537.36"
185.215.232.193 - - [26/Aug/2026:19:41:24 +0330] "GET /ccou.php HTTP/1.1" 301 0 "-" "-"
185.215.232.193 - - [26/Aug/2026:19:41:32 +0330] "GET /god.php HTTP/1.1" 301 0 "-" "-"
185.215.232.193 - - [26/Aug/2026:19:41:34 +0330] "GET /god.php HTTP/1.1" 404 54959 "-" "-"
185.215.232.193 - - [26/Aug/2026:19:41:43 +0330] "GET /fff.php HTTP/1.1" 404 54959 "-" "-"
185.215.232.193 - - [26/Aug/2026:19:41:48 +0330] "GET /wp-act.php HTTP/1.1" 301 0 "-" "-"
185.215.232.193 - - [26/Aug/2026:19:41:51 +0330] "GET /wp-act.php HTTP/1.1" 404 54959 "-" "-"
94.101.182.6 - - [26/Aug/2026:19:41:59 +0330] "POST /wp-cron.php?doing_wp_cron=1787760719.3229949474334716796875 HTTP/1.1" 200 0 "-" "WordPress/6.9.1; https://mahdetejarat.com"
185.215.232.193 - - [26/Aug/2026:19:41:57 +0330] "GET //sys.php HTTP/1.1" 301 0 "-" "-"
185.215.232.193 - - [26/Aug/2026:19:41:59 +0330] "GET /sys.php HTTP/1.1" 404 54959 "-" "-"
94.101.182.6 - - [26/Aug/2026:19:42:10 +0330] "POST /wp-cron.php?doing_wp_cron=1787760730.5954940319061279296875 HTTP/1.1" 200 0 "-" "WordPress/6.9.1; https://mahdetejarat.com"
185.215.232.193 - - [26/Aug/2026:19:42:11 +0330] "GET /xda.php HTTP/1.1" 301 0 "-" "-"
185.215.232.193 - - [26/Aug/2026:19:42:18 +0330] "GET /ws61.php HTTP/1.1" 301 0 "-" "-"
185.215.232.193 - - [26/Aug/2026:19:42:20 +0330] "GET /ws61.php HTTP/1.1" 404 54959 "-" "-"
185.215.232.193 - - [26/Aug/2026:19:42:24 +0330] "GET /nw.php HTTP/1.1" 301 0 "-" "-"
185.215.232.193 - - [26/Aug/2026:19:42:31 +0330] "GET /fleen.php HTTP/1.1" 301 0 "-" "-"
185.215.232.193 - - [26/Aug/2026:19:42:34 +0330] "GET /fleen.php HTTP/1.1" 404 54959 "-" "-"
185.215.232.193 - - [26/Aug/2026:19:42:46 +0330] "GET /wp-admin/sc.php HTTP/1.1" 301 0 "-" "-"
185.215.232.195 - - [26/Aug/2026:19:42:50 +0330] "POST /xmlrpc.php HTTP/1.1" 200 426 "-" "Mozilla/5.0 (Windows NT 6.2; x86) AppleWebKit/537.36 (KHTML, like Gecko) Safari/11.0.0.0 Safari/537.36"
94.101.182.6 - - [26/Aug/2026:19:39:58 +0330] "POST /wp-cron.php?doing_wp_cron=1787760598.7291350364685058593750 HTTP/1.1" 200 0 "-" "WordPress/6.9.1; https://mahdetejarat.com"
185.215.232.193 - - [26/Aug/2026:19:39:59 +0330] "GET /public/wp-blog.php HTTP/1.1" 404 54959 "-" "-"
94.101.182.6 - - [26/Aug/2026:19:40:09 +0330] "POST /wp-cron.php?doing_wp_cron=1787760609.3824250698089599609375 HTTP/1.1" 200 0 "-" "WordPress/6.9.1; https://mahdetejarat.com"
185.215.232.193 - - [26/Aug/2026:19:40:06 +0330] "GET /erty.php HTTP/1.1" 404 54959 "-" "-"
185.215.232.195 - - [26/Aug/2026:19:40:10 +0330] "POST /xmlrpc.php HTTP/1.1" 200 426 "-" "Mozilla/5.0 (Windows NT 10.0; arm64) AppleWebKit/537.36 (KHTML, like Gecko) Safari/15.0.0.0 Safari/537.36"
185.215.232.193 - - [26/Aug/2026:19:40:16 +0330] "GET /xqq.php HTTP/1.1" 301 0 "-" "-"
185.215.232.193 - - [26/Aug/2026:19:40:19 +0330] "GET /xqq.php HTTP/1.1" 404 54959 "-" "-"
185.215.232.193 - - [26/Aug/2026:19:40:29 +0330] "GET /snq.php HTTP/1.1" 301 0 "-" "-"
185.215.232.193 - - [26/Aug/2026:19:40:32 +0330] "GET /snq.php HTTP/1.1" 404 54959 "-" "-"
185.215.232.193 - - [26/Aug/2026:19:40:36 +0330] "GET /bb.php HTTP/1.1" 301 0 "-" "-"
185.215.232.193 - - [26/Aug/2026:19:40:39 +0330] "GET /bb.php HTTP/1.1" 404 54959 "-" "-"
185.215.232.195 - - [26/Aug/2026:19:40:42 +0330] "POST /xmlrpc.php HTTP/1.1" 200 426 "-" "Mozilla/5.0 (Macintosh; Intel Mac OS X 10_15_7; x86) AppleWebKit/537.36 (KHTML, like Gecko) Opera/74.0.0.0 Safari/537.36"
185.215.232.193 - - [26/Aug/2026:19:40:43 +0330] "GET /05.php HTTP/1.1" 301 0 "-" "-"
185.215.232.193 - - [26/Aug/2026:19:40:58 +0330] "GET /ah25.php HTTP/1.1" 404 54959 "-" "-"
185.215.232.193 - - [26/Aug/2026:19:41:02 +0330] "GET /ty.php HTTP/1.1" 301 0 "-" "-"
185.215.232.193 - - [26/Aug/2026:19:41:05 +0330] "GET /ty.php HTTP/1.1" 404 54959 "-" "-"
185.215.232.193 - - [26/Aug/2026:19:41:12 +0330] "GET /loxi-o.php HTTP/1.1" 404 54959 "-" "-"
185.215.232.193 - - [26/Aug/2026:19:41:19 +0330] "GET /G-in.php HTTP/1.1" 404 54959 "-" "-"
185.215.232.193 - - [26/Aug/2026:19:41:27 +0330] "GET /ccou.php HTTP/1.1" 404 54959 "-" "-"
185.215.232.193 - - [26/Aug/2026:19:41:40 +0330] "GET /fff.php HTTP/1.1" 301 0 "-" "-"
185.215.232.195 - - [26/Aug/2026:19:41:48 +0330] "POST /xmlrpc.php HTTP/1.1" 200 426 "-" "Mozilla/5.0 (Windows NT 10.0; x64) AppleWebKit/537.36 (KHTML, like Gecko) Chrome/115.0.0.0 Safari/537.36"
185.215.232.193 - - [26/Aug/2026:19:42:04 +0330] "GET /rpk.php HTTP/1.1" 301 0 "-" "-"
185.215.232.193 - - [26/Aug/2026:19:42:07 +0330] "GET /rpk.php HTTP/1.1" 404 54959 "-" "-"
185.215.232.193 - - [26/Aug/2026:19:42:14 +0330] "GET /xda.php HTTP/1.1" 404 54959 "-" "-"
185.215.232.195 - - [26/Aug/2026:19:42:19 +0330] "POST /xmlrpc.php HTTP/1.1" 200 426 "-" "Mozilla/5.0 (Windows NT 10.0; arm64) AppleWebKit/537.36 (KHTML, like Gecko) Safari/10.0.0.0 Safari/537.36"
185.215.232.193 - - [26/Aug/2026:19:42:27 +0330] "GET /nw.php HTTP/1.1" 404 54959 "-" "-"
185.215.232.193 - - [26/Aug/2026:19:42:39 +0330] "GET /autogooey.php HTTP/1.1" 301 0 "-" "-"
185.215.232.193 - - [26/Aug/2026:19:42:42 +0330] "GET /autogooey.php HTTP/1.1" 404 54959 "-" "-"
185.215.232.193 - - [26/Aug/2026:19:42:49 +0330] "GET /wp-admin/sc.php HTTP/1.1" 404 54959 "-" "-"
185.215.232.193 - - [26/Aug/2026:19:42:52 +0330] "GET /grsiuk.php HTTP/1.1" 301 0 "-" "-"
185.215.232.193 - - [26/Aug/2026:19:43:05 +0330] "GET //ms.php HTTP/1.1" 301 0 "-" "-"
185.215.232.193 - - [26/Aug/2026:19:43:08 +0330] "GET /ms.php HTTP/1.1" 404 54959 "-" "-"
185.215.232.193 - - [26/Aug/2026:19:43:15 +0330] "GET /pass4.php HTTP/1.1" 404 54959 "-" "-"
185.215.232.195 - - [26/Aug/2026:19:43:19 +0330] "POST /xmlrpc.php HTTP/1.1" 200 426 "-" "Mozilla/5.0 (Windows NT 6.3; x64) AppleWebKit/537.36 (KHTML, like Gecko) Opera/65.0.0.0 Safari/537.36"
185.215.232.193 - - [26/Aug/2026:19:43:26 +0330] "GET /pouhg.php HTTP/1.1" 301 0 "-" "-"
185.215.232.193 - - [26/Aug/2026:19:43:28 +0330] "GET /pouhg.php HTTP/1.1" 404 54959 "-" "-"
185.215.232.193 - - [26/Aug/2026:19:43:32 +0330] "GET /thui.php HTTP/1.1" 301 0 "-" "-"
94.101.182.6 - - [26/Aug/2026:19:42:58 +0330] "POST /wp-cron.php?doing_wp_cron=1787760778.4696140289306640625000 HTTP/1.1" 200 0 "-" "WordPress/6.9.1; https://mahdetejarat.com"
185.215.232.193 - - [26/Aug/2026:19:42:55 +0330] "GET /grsiuk.php HTTP/1.1" 404 54959 "-" "-"
185.215.232.193 - - [26/Aug/2026:19:42:59 +0330] "GET /olfclass.php HTTP/1.1" 301 0 "-" "-"
185.215.232.193 - - [26/Aug/2026:19:43:01 +0330] "GET /olfclass.php HTTP/1.1" 404 54959 "-" "-"
185.215.232.193 - - [26/Aug/2026:19:43:12 +0330] "GET /pass4.php HTTP/1.1" 301 0 "-" "-"
185.215.232.193 - - [26/Aug/2026:19:43:19 +0330] "GET /wdf.php HTTP/1.1" 301 0 "-" "-"
185.215.232.193 - - [26/Aug/2026:19:43:22 +0330] "GET /wdf.php HTTP/1.1" 404 54959 "-" "-"
185.215.232.193 - - [26/Aug/2026:19:43:35 +0330] "GET /thui.php HTTP/1.1" 404 54959 "-" "-"
185.215.232.193 - - [26/Aug/2026:19:43:39 +0330] "GET /gjm.php HTTP/1.1" 301 0 "-" "-"
185.215.232.193 - - [26/Aug/2026:19:43:42 +0330] "GET /gjm.php HTTP/1.1" 404 54959 "-" "-"
185.215.232.193 - - [26/Aug/2026:19:43:45 +0330] "GET //edit.php HTTP/1.1" 301 0 "-" "-"
185.215.232.193 - - [26/Aug/2026:19:43:48 +0330] "GET /edit.php HTTP/1.1" 404 54959 "-" "-"
185.215.232.193 - - [26/Aug/2026:19:44:00 +0330] "GET /wp-blog.php HTTP/1.1" 404 54959 "-" "-"
185.215.232.193 - - [26/Aug/2026:19:44:11 +0330] "GET /wp-admin/css/bolt.php HTTP/1.1" 301 0 "-" "-"
185.215.232.195 - - [26/Aug/2026:19:44:24 +0330] "POST /xmlrpc.php HTTP/1.1" 200 426 "-" "Mozilla/5.0 (X11; Ubuntu; Linux x86_64; x64) AppleWebKit/537.36 (KHTML, like Gecko) Firefox/94.0.0.0 Safari/537.36"
185.215.232.193 - - [26/Aug/2026:19:44:28 +0330] "GET /cu.php HTTP/1.1" 404 54959 "-" "-"
185.215.232.193 - - [26/Aug/2026:19:44:33 +0330] "GET /tax.php HTTP/1.1" 404 54959 "-" "-"
185.215.232.193 - - [26/Aug/2026:19:44:41 +0330] "GET /public/vx.php HTTP/1.1" 404 54959 "-" "-"
185.215.232.193 - - [26/Aug/2026:19:44:48 +0330] "GET /xa.php HTTP/1.1" 404 54959 "-" "-"
94.101.183.3 - - [26/Aug/2026:19:44:58 +0330] "POST /wp-cron.php?doing_wp_cron=1787760897.9989171028137207031250 HTTP/1.1" 200 0 "-" "WordPress/6.9.1; https://mahdetejarat.com"
185.215.232.193 - - [26/Aug/2026:19:44:58 +0330] "GET /ms-edit.php HTTP/1.1" 404 54959 "-" "-"
185.215.232.193 - - [26/Aug/2026:19:45:10 +0330] "GET /wsws.php HTTP/1.1" 301 0 "-" "-"
185.215.232.193 - - [26/Aug/2026:19:45:18 +0330] "GET /btx25.php HTTP/1.1" 301 0 "-" "-"
185.215.232.193 - - [26/Aug/2026:19:45:20 +0330] "GET /btx25.php HTTP/1.1" 404 54959 "-" "-"
185.215.232.195 - - [26/Aug/2026:19:45:25 +0330] "POST /xmlrpc.php HTTP/1.1" 200 426 "-" "Mozilla/5.0 (Windows NT 10.0; arm64) AppleWebKit/537.36 (KHTML, like Gecko) Chrome/84.0.0.0 Safari/537.36"
185.215.232.193 - - [26/Aug/2026:19:45:29 +0330] "GET /fun.php HTTP/1.1" 404 54959 "-" "-"
185.215.232.193 - - [26/Aug/2026:19:45:33 +0330] "GET /vx.php HTTP/1.1" 301 0 "-" "-"
185.215.232.193 - - [26/Aug/2026:19:45:37 +0330] "GET /vx.php HTTP/1.1" 404 54959 "-" "-"
185.215.232.193 - - [26/Aug/2026:19:45:42 +0330] "GET /06.php HTTP/1.1" 301 0 "-" "-"
185.215.232.193 - - [26/Aug/2026:19:45:44 +0330] "GET /06.php HTTP/1.1" 404 54959 "-" "-"
185.215.232.195 - - [26/Aug/2026:19:45:55 +0330] "POST /xmlrpc.php HTTP/1.1" 200 426 "-" "Mozilla/5.0 (Macintosh; Intel Mac OS X 10_15_7; x86) AppleWebKit/537.36 (KHTML, like Gecko) Firefox/98.0.0.0 Safari/537.36"
185.215.232.193 - - [26/Aug/2026:19:45:58 +0330] "GET /X57.php HTTP/1.1" 404 54959 "-" "-"
94.101.183.3 - - [26/Aug/2026:19:46:10 +0330] "POST /wp-cron.php?doing_wp_cron=1787760970.2168788909912109375000 HTTP/1.1" 200 0 "-" "WordPress/6.9.1; https://mahdetejarat.com"
185.215.232.193 - - [26/Aug/2026:19:46:05 +0330] "GET /mamzi.php HTTP/1.1" 404 54959 "-" "-"
185.215.232.193 - - [26/Aug/2026:19:46:10 +0330] "GET /txets.php HTTP/1.1" 301 0 "-" "-"
185.215.232.193 - - [26/Aug/2026:19:46:13 +0330] "GET /txets.php HTTP/1.1" 404 54959 "-" "-"
185.215.232.195 - - [26/Aug/2026:19:46:24 +0330] "POST /xmlrpc.php HTTP/1.1" 200 426 "-" "Mozilla/5.0 (Windows NT 10.0; x64) AppleWebKit/537.36 (KHTML, like Gecko) Edge/93.0.0.0 Safari/537.36"
94.101.183.3 - - [26/Aug/2026:19:46:56 +0330] "POST /wp-cron.php?doing_wp_cron=1787761016.3659310340881347656250 HTTP/1.1" 200 0 "-" "WordPress/6.9.1; https://mahdetejarat.com"
185.215.232.195 - - [26/Aug/2026:19:47:25 +0330] "POST /xmlrpc.php HTTP/1.1" 200 426 "-" "Mozilla/5.0 (Windows NT 6.2; arm64) AppleWebKit/537.36 (KHTML, like Gecko) Firefox/82.0.0.0 Safari/537.36"
94.101.183.3 - - [26/Aug/2026:19:49:10 +0330] "POST /wp-cron.php?doing_wp_cron=1787761150.4532849788665771484375 HTTP/1.1" 200 0 "-" "WordPress/6.9.1; https://mahdetejarat.com"
185.215.232.195 - - [26/Aug/2026:19:49:07 +0330] "POST /xmlrpc.php HTTP/1.1" 200 426 "-" "Mozilla/5.0 (X11; Ubuntu; Linux x86_64; x64) AppleWebKit/537.36 (KHTML, like Gecko) Firefox/97.0.0.0 Safari/537.36"
94.101.182.6 - - [26/Aug/2026:19:50:10 +0330] "POST /wp-cron.php?doing_wp_cron=1787761210.7867701053619384765625 HTTP/1.1" 200 0 "-" "WordPress/6.9.1; https://mahdetejarat.com"
185.215.232.195 - - [26/Aug/2026:19:50:07 +0330] "POST /xmlrpc.php HTTP/1.1" 200 426 "-" "Mozilla/5.0 (Windows NT 10.0; arm64) AppleWebKit/537.36 (KHTML, like Gecko) Safari/12.0.0.0 Safari/537.36"
185.215.232.193 - - [26/Aug/2026:19:43:52 +0330] "GET /agg.php HTTP/1.1" 301 0 "-" "-"
185.215.232.195 - - [26/Aug/2026:19:43:54 +0330] "POST /xmlrpc.php HTTP/1.1" 200 426 "-" "Mozilla/5.0 (Linux; Android 10; x64) AppleWebKit/537.36 (KHTML, like Gecko) Chrome/80.0.0.0 Safari/537.36"
185.215.232.193 - - [26/Aug/2026:19:43:54 +0330] "GET /agg.php HTTP/1.1" 404 54959 "-" "-"
185.215.232.193 - - [26/Aug/2026:19:43:58 +0330] "GET /wp-blog.php HTTP/1.1" 301 0 "-" "-"
185.215.232.193 - - [26/Aug/2026:19:44:04 +0330] "GET /66.php HTTP/1.1" 301 0 "-" "-"
94.101.183.3 - - [26/Aug/2026:19:44:11 +0330] "POST /wp-cron.php?doing_wp_cron=1787760851.0596640110015869140625 HTTP/1.1" 200 0 "-" "WordPress/6.9.1; https://mahdetejarat.com"
185.215.232.193 - - [26/Aug/2026:19:44:07 +0330] "GET /66.php HTTP/1.1" 404 54959 "-" "-"
185.215.232.193 - - [26/Aug/2026:19:44:14 +0330] "GET /wp-admin/css/bolt.php HTTP/1.1" 404 54959 "-" "-"
185.215.232.193 - - [26/Aug/2026:19:44:18 +0330] "GET /file59.php HTTP/1.1" 301 0 "-" "-"
185.215.232.193 - - [26/Aug/2026:19:44:21 +0330] "GET /file59.php HTTP/1.1" 404 54959 "-" "-"
185.215.232.193 - - [26/Aug/2026:19:44:25 +0330] "GET /cu.php HTTP/1.1" 301 0 "-" "-"
185.215.232.193 - - [26/Aug/2026:19:44:31 +0330] "GET /tax.php HTTP/1.1" 301 0 "-" "-"
185.215.232.193 - - [26/Aug/2026:19:44:39 +0330] "GET /public/vx.php HTTP/1.1" 301 0 "-" "-"
185.215.232.193 - - [26/Aug/2026:19:44:45 +0330] "GET /xa.php HTTP/1.1" 301 0 "-" "-"
185.215.232.193 - - [26/Aug/2026:19:44:55 +0330] "GET /ms-edit.php HTTP/1.1" 301 0 "-" "-"
185.215.232.195 - - [26/Aug/2026:19:44:56 +0330] "POST /xmlrpc.php HTTP/1.1" 200 426 "-" "Mozilla/5.0 (X11; Ubuntu; Linux x86_64; x86) AppleWebKit/537.36 (KHTML, like Gecko) Edge/88.0.0.0 Safari/537.36"
185.215.232.193 - - [26/Aug/2026:19:45:02 +0330] "GET /sdsa.php HTTP/1.1" 301 0 "-" "-"
94.101.183.3 - - [26/Aug/2026:19:45:09 +0330] "POST /wp-cron.php?doing_wp_cron=1787760909.2026510238647460937500 HTTP/1.1" 200 0 "-" "WordPress/6.9.1; https://mahdetejarat.com"
185.215.232.193 - - [26/Aug/2026:19:45:05 +0330] "GET /sdsa.php HTTP/1.1" 404 54959 "-" "-"
185.215.232.193 - - [26/Aug/2026:19:45:12 +0330] "GET /wsws.php HTTP/1.1" 404 54959 "-" "-"
185.215.232.193 - - [26/Aug/2026:19:45:26 +0330] "GET /fun.php HTTP/1.1" 301 0 "-" "-"
185.215.232.193 - - [26/Aug/2026:19:45:50 +0330] "GET /mga.php HTTP/1.1" 301 0 "-" "-"
185.215.232.193 - - [26/Aug/2026:19:45:52 +0330] "GET /mga.php HTTP/1.1" 404 54959 "-" "-"
94.101.183.3 - - [26/Aug/2026:19:45:58 +0330] "POST /wp-cron.php?doing_wp_cron=1787760958.2414770126342773437500 HTTP/1.1" 200 0 "-" "WordPress/6.9.1; https://mahdetejarat.com"
185.215.232.193 - - [26/Aug/2026:19:45:56 +0330] "GET /X57.php HTTP/1.1" 301 0 "-" "-"
185.215.232.193 - - [26/Aug/2026:19:46:02 +0330] "GET /mamzi.php HTTP/1.1" 301 0 "-" "-"
185.215.232.195 - - [26/Aug/2026:19:46:53 +0330] "POST /xmlrpc.php HTTP/1.1" 200 426 "-" "Mozilla/5.0 (X11; Ubuntu; Linux x86_64; x64) AppleWebKit/537.36 (KHTML, like Gecko) Safari/12.0.0.0 Safari/537.36"
94.101.183.3 - - [26/Aug/2026:19:47:28 +0330] "POST /wp-cron.php?doing_wp_cron=1787761048.3855450153350830078125 HTTP/1.1" 200 0 "-" "WordPress/6.9.1; https://mahdetejarat.com"
185.215.232.195 - - [26/Aug/2026:19:49:37 +0330] "POST /xmlrpc.php HTTP/1.1" 200 426 "-" "Mozilla/5.0 (Macintosh; Intel Mac OS X 10_15_7; x86) AppleWebKit/537.36 (KHTML, like Gecko) Edge/87.0.0.0 Safari/537.36"
185.215.232.195 - - [26/Aug/2026:19:50:39 +0330] "POST /xmlrpc.php HTTP/1.1" 200 426 "-" "Mozilla/5.0 (Windows NT 6.3; arm64) AppleWebKit/537.36 (KHTML, like Gecko) Opera/65.0.0.0 Safari/537.36"
94.101.182.6 - - [26/Aug/2026:19:51:19 +0330] "POST /wp-cron.php?doing_wp_cron=1787761279.3088989257812500000000 HTTP/1.1" 200 0 "-" "WordPress/6.9.1; https://mahdetejarat.com"
185.215.232.195 - - [26/Aug/2026:19:51:16 +0330] "POST /xmlrpc.php HTTP/1.1" 200 426 "-" "Mozilla/5.0 (Windows NT 6.3; arm64) AppleWebKit/537.36 (KHTML, like Gecko) Firefox/92.0.0.0 Safari/537.36"
185.215.232.195 - - [26/Aug/2026:19:51:28 +0330] "GET /product/%d8%b3%d8%b7%d9%84-%d8%b2%d8%a8%d8%a7%d9%84%d9%87-%d9%81%d9%84%d8%b2%db%8c-%d9%be%d8%a7%d8%b1%da%a9%db%8c-r350/ HTTP/1.1" 200 22711 "-" "Mozilla/5.0 (Windows NT 10.0; Win64; x64) AppleWebKit/537.36 (KHTML, like Gecko) Chrome/145.0.0.0 Safari/537.36 (compatible; meta-externalagent/1.1 (+https://developers.facebook.com/docs/sharing/webmasters/crawler))"
185.215.232.194 - - [26/Aug/2026:19:52:04 +0330] "POST /xmlrpc.php HTTP/1.1" 200 426 "-" "Mozilla/5.0 (Windows NT 6.3; x64) AppleWebKit/537.36 (KHTML, like Gecko) Opera/67.0.0.0 Safari/537.36"
94.101.182.6 - - [26/Aug/2026:19:53:10 +0330] "POST /wp-cron.php?doing_wp_cron=1787761390.3605849742889404296875 HTTP/1.1" 200 0 "-" "WordPress/6.9.1; https://mahdetejarat.com"
185.215.232.194 - - [26/Aug/2026:19:53:07 +0330] "POST /xmlrpc.php HTTP/1.1" 200 426 "-" "Mozilla/5.0 (Windows NT 6.3; x64) AppleWebKit/537.36 (KHTML, like Gecko) Safari/14.0.0.0 Safari/537.36"
94.101.182.6 - - [26/Aug/2026:19:56:02 +0330] "POST /wp-cron.php?doing_wp_cron=1787761562.6501119136810302734375 HTTP/1.1" 200 0 "-" "WordPress/6.9.1; https://mahdetejarat.com"
185.215.232.195 - - [26/Aug/2026:19:56:51 +0330] "POST /xmlrpc.php HTTP/1.1" 200 426 "-" "Mozilla/5.0 (X11; Ubuntu; Linux x86_64; x86) AppleWebKit/537.36 (KHTML, like Gecko) Edge/93.0.0.0 Safari/537.36"
94.101.183.3 - - [26/Aug/2026:19:58:44 +0330] "POST /wp-cron.php?doing_wp_cron=1787761724.8898439407348632812500 HTTP/1.1" 200 0 "-" "WordPress/6.9.1; https://mahdetejarat.com"
94.101.183.3 - - [26/Aug/2026:19:59:54 +0330] "POST /wp-cron.php?doing_wp_cron=1787761794.8967010974884033203125 HTTP/1.1" 200 0 "-" "WordPress/6.9.1; https://mahdetejarat.com"
185.215.232.194 - - [26/Aug/2026:19:59:52 +0330] "POST /xmlrpc.php HTTP/1.1" 200 426 "-" "Mozilla/5.0 (Windows NT 6.3; arm64) AppleWebKit/537.36 (KHTML, like Gecko) Firefox/89.0.0.0 Safari/537.36"
185.215.232.194 - - [26/Aug/2026:20:00:42 +0330] "POST /xmlrpc.php HTTP/1.1" 200 426 "-" "Mozilla/5.0 (Macintosh; Intel Mac OS X 10_15_7; x86) AppleWebKit/537.36 (KHTML, like Gecko) Edge/93.0.0.0 Safari/537.36"
185.215.232.193 - - [26/Aug/2026:20:01:44 +0330] "GET / HTTP/1.1" 301 0 "-" "Mozilla/5.0 (Windows NT 10.0; Win64; x64) AppleWebKit/537.36 (KHTML, like Gecko) Chrome/120.0.0.0 Safari/537.36"
185.215.232.195 - - [26/Aug/2026:20:01:54 +0330] "POST /xmlrpc.php HTTP/1.1" 200 426 "-" "Mozilla/5.0 (Windows NT 6.2; x86) AppleWebKit/537.36 (KHTML, like Gecko) Edge/81.0.0.0 Safari/537.36"
94.101.182.6 - - [26/Aug/2026:20:03:24 +0330] "POST /wp-cron.php?doing_wp_cron=1787762004.0486619472503662109375 HTTP/1.1" 200 0 "-" "WordPress/6.9.1; https://mahdetejarat.com"
185.215.232.195 - - [26/Aug/2026:20:03:21 +0330] "POST /xmlrpc.php HTTP/1.1" 200 426 "-" "Mozilla/5.0 (Linux; Android 10; x64) AppleWebKit/537.36 (KHTML, like Gecko) Firefox/96.0.0.0 Safari/537.36"
185.215.232.193 - - [26/Aug/2026:20:05:17 +0330] "GET /robots.txt HTTP/1.1" 200 163 "-" "Mozilla/5.0 (compatible; AhrefsBot/7.0; +http://ahrefs.com/robot/)"
185.215.232.195 - - [26/Aug/2026:20:06:09 +0330] "GET /cart/ HTTP/1.1" 200 42665 "-" "Mozilla/5.0 (Windows NT 10.0; Win64; x64) AppleWebKit/537.36 (KHTML, like Gecko) Chrome/145.0.0.0 Safari/537.36 (compatible; meta-externalagent/1.1 (+https://developers.facebook.com/docs/sharing/webmasters/crawler))"
185.215.232.194 - - [26/Aug/2026:19:53:51 +0330] "GET /product/%D8%A7%D9%84%D9%85%D8%A7%D9%86-%D8%B4%D9%87%D8%AF%D8%A7-%D8%B7%D8%B1%D8%AD-%D8%B3%D9%87-%D8%B4%D9%87%DB%8C%D8%AF/ HTTP/1.1" 200 22770 "-" "Mozilla/5.0 (compatible; SemrushBot/7~bl; +http://www.semrush.com/bot.html)"
94.101.182.6 - - [26/Aug/2026:19:54:42 +0330] "POST /wp-cron.php?doing_wp_cron=1787761482.9273569583892822265625 HTTP/1.1" 200 0 "-" "WordPress/6.9.1; https://mahdetejarat.com"
185.215.232.194 - - [26/Aug/2026:19:54:40 +0330] "POST /xmlrpc.php HTTP/1.1" 200 426 "-" "Mozilla/5.0 (X11; Ubuntu; Linux x86_64; x64) AppleWebKit/537.36 (KHTML, like Gecko) Safari/14.0.0.0 Safari/537.36"
185.215.232.195 - - [26/Aug/2026:19:55:59 +0330] "POST /xmlrpc.php HTTP/1.1" 200 426 "-" "Mozilla/5.0 (Macintosh; Intel Mac OS X 10_15_7; x64) AppleWebKit/537.36 (KHTML, like Gecko) Chrome/115.0.0.0 Safari/537.36"
94.101.182.6 - - [26/Aug/2026:19:56:54 +0330] "POST /wp-cron.php?doing_wp_cron=1787761613.9848830699920654296875 HTTP/1.1" 200 0 "-" "WordPress/6.9.1; https://mahdetejarat.com"
185.215.232.194 - - [26/Aug/2026:19:58:42 +0330] "POST /xmlrpc.php HTTP/1.1" 200 426 "-" "Mozilla/5.0 (Windows NT 10.0; x86) AppleWebKit/537.36 (KHTML, like Gecko) Edge/91.0.0.0 Safari/537.36"
94.101.183.3 - - [26/Aug/2026:20:00:45 +0330] "POST /wp-cron.php?doing_wp_cron=1787761845.3413980007171630859375 HTTP/1.1" 200 0 "-" "WordPress/6.9.1; https://mahdetejarat.com"
94.101.183.3 - - [26/Aug/2026:20:01:47 +0330] "POST /wp-cron.php?doing_wp_cron=1787761907.1778650283813476562500 HTTP/1.1" 200 0 "-" "WordPress/6.9.1; https://mahdetejarat.com"
94.101.182.6 - - [26/Aug/2026:20:01:57 +0330] "POST /wp-cron.php?doing_wp_cron=1787761917.7846329212188720703125 HTTP/1.1" 200 0 "-" "WordPress/6.9.1; https://mahdetejarat.com"
94.101.182.6 - - [26/Aug/2026:20:02:40 +0330] "POST /wp-cron.php?doing_wp_cron=1787761960.5301198959350585937500 HTTP/1.1" 200 0 "-" "WordPress/6.9.1; https://mahdetejarat.com"
185.215.232.195 - - [26/Aug/2026:20:02:37 +0330] "POST /xmlrpc.php HTTP/1.1" 200 426 "-" "Mozilla/5.0 (Macintosh; Intel Mac OS X 10_15_7; arm64) AppleWebKit/537.36 (KHTML, like Gecko) Edge/84.0.0.0 Safari/537.36"
94.101.182.6 - - [26/Aug/2026:20:04:23 +0330] "POST /wp-cron.php?doing_wp_cron=1787762063.3179180622100830078125 HTTP/1.1" 200 0 "-" "WordPress/6.9.1; https://mahdetejarat.com"
185.215.232.195 - - [26/Aug/2026:20:04:20 +0330] "POST /xmlrpc.php HTTP/1.1" 200 426 "-" "Mozilla/5.0 (Windows NT 10.0; arm64) AppleWebKit/537.36 (KHTML, like Gecko) Chrome/90.0.0.0 Safari/537.36"
94.101.182.6 - - [26/Aug/2026:20:05:03 +0330] "POST /wp-cron.php?doing_wp_cron=1787762103.6201980113983154296875 HTTP/1.1" 200 0 "-" "WordPress/6.9.1; https://mahdetejarat.com"
185.215.232.195 - - [26/Aug/2026:20:05:00 +0330] "POST /xmlrpc.php HTTP/1.1" 200 426 "-" "Mozilla/5.0 (Windows NT 10.0; x86) AppleWebKit/537.36 (KHTML, like Gecko) Safari/10.0.0.0 Safari/537.36"
185.215.232.193 - - [26/Aug/2026:20:05:21 +0330] "GET /product/%D9%85%DB%8C%D8%B2-%D9%88-%D8%B5%D9%86%D8%AF%D9%84%DB%8C-%D9%81%D9%84%D8%B2%DB%8C/ HTTP/1.1" 200 19252 "-" "Mozilla/5.0 (compatible; AhrefsBot/7.0; +http://ahrefs.com/robot/)"
185.215.232.195 - - [26/Aug/2026:20:05:40 +0330] "POST /xmlrpc.php HTTP/1.1" 200 426 "-" "Mozilla/5.0 (Windows NT 10.0; arm64) AppleWebKit/537.36 (KHTML, like Gecko) Opera/67.0.0.0 Safari/537.36"
94.101.182.6 - - [26/Aug/2026:20:06:13 +0330] "POST /wp-cron.php?doing_wp_cron=1787762173.0254690647125244140625 HTTP/1.1" 200 0 "-" "WordPress/6.9.1; https://mahdetejarat.com"
185.215.232.195 - - [26/Aug/2026:20:06:51 +0330] "GET /product/%d9%88%d8%b3%d8%a7%db%8c%d9%84-%d8%a8%d8%a7%d8%b2%db%8c-%d9%be%d9%84%db%8c-%d8%a7%d8%aa%db%8c%d9%84%d9%86-15/ HTTP/1.1" 200 21874 "-" "Mozilla/5.0 (Macintosh; Intel Mac OS X 10_15_7) AppleWebKit/537.36 (KHTML, like Gecko) Chrome/145.0.0.0 Safari/537.36 (compatible; meta-externalagent/1.1 (+https://developers.facebook.com/docs/sharing/webmasters/crawler))"
185.215.232.195 - - [26/Aug/2026:20:06:14 +0330] "POST /xmlrpc.php HTTP/1.1" 200 426 "-" "Mozilla/5.0 (Macintosh; Intel Mac OS X 10_15_7; x86) AppleWebKit/537.36 (KHTML, like Gecko) Safari/10.0.0.0 Safari/537.36"
94.101.182.6 - - [26/Aug/2026:20:06:56 +0330] "POST /wp-cron.php?doing_wp_cron=1787762216.1599459648132324218750 HTTP/1.1" 200 0 "-" "WordPress/6.9.1; https://mahdetejarat.com"
94.101.182.6 - - [26/Aug/2026:20:07:10 +0330] "POST /wp-cron.php?doing_wp_cron=1787762230.0685729980468750000000 HTTP/1.1" 200 0 "-" "WordPress/6.9.1; https://mahdetejarat.com"
185.215.232.195 - - [26/Aug/2026:20:07:07 +0330] "POST /xmlrpc.php HTTP/1.1" 200 426 "-" "Mozilla/5.0 (X11; Ubuntu; Linux x86_64; x86) AppleWebKit/537.36 (KHTML, like Gecko) Edge/87.0.0.0 Safari/537.36"
94.101.182.6 - - [26/Aug/2026:20:08:20 +0330] "POST /wp-cron.php?doing_wp_cron=1787762300.8545451164245605468750 HTTP/1.1" 200 0 "-" "WordPress/6.9.1; https://mahdetejarat.com"
185.215.232.194 - - [26/Aug/2026:20:09:57 +0330] "GET /wp-content/uploads/elementor/css/post-6.css?ver=1787597737 HTTP/1.1" 200 587 "-" "Mozilla/5.0 (compatible; AhrefsBot/7.0; +http://ahrefs.com/robot/)"
185.215.232.193 - - [26/Aug/2026:20:09:59 +0330] "GET /wp-content/uploads/elementor/css/post-166.css?ver=1787597737 HTTP/1.1" 200 1433 "-" "Mozilla/5.0 (compatible; AhrefsBot/7.0; +http://ahrefs.com/robot/)"
185.215.232.194 - - [26/Aug/2026:20:10:00 +0330] "GET /wp-content/uploads/elementor/css/post-185.css?ver=1787604384 HTTP/1.1" 200 1311 "-" "Mozilla/5.0 (compatible; AhrefsBot/7.0; +http://ahrefs.com/robot/)"
94.101.182.6 - - [26/Aug/2026:20:10:39 +0330] "POST /wp-cron.php?doing_wp_cron=1787762439.6542150974273681640625 HTTP/1.1" 200 0 "-" "WordPress/6.9.1; https://mahdetejarat.com"
185.215.232.195 - - [26/Aug/2026:20:10:36 +0330] "POST /xmlrpc.php HTTP/1.1" 200 426 "-" "Mozilla/5.0 (Linux; Android 10; x64) AppleWebKit/537.36 (KHTML, like Gecko) Firefox/95.0.0.0 Safari/537.36"
94.101.183.3 - - [26/Aug/2026:20:15:29 +0330] "POST /wp-cron.php?doing_wp_cron=1787762729.3245310783386230468750 HTTP/1.1" 200 0 "-" "WordPress/6.9.1; https://mahdetejarat.com"
185.215.232.195 - - [26/Aug/2026:20:15:26 +0330] "POST /xmlrpc.php HTTP/1.1" 200 426 "-" "Mozilla/5.0 (Windows NT 6.3; x64) AppleWebKit/537.36 (KHTML, like Gecko) Chrome/92.0.0.0 Safari/537.36"
185.215.232.195 - - [26/Aug/2026:20:16:11 +0330] "POST /xmlrpc.php HTTP/1.1" 200 426 "-" "Mozilla/5.0 (Linux; Android 10; x86) AppleWebKit/537.36 (KHTML, like Gecko) Safari/12.0.0.0 Safari/537.36"
94.101.183.3 - - [26/Aug/2026:20:16:57 +0330] "POST /wp-cron.php?doing_wp_cron=1787762817.5153079032897949218750 HTTP/1.1" 200 0 "-" "WordPress/6.9.1; https://mahdetejarat.com"
185.215.232.195 - - [26/Aug/2026:20:16:54 +0330] "POST /xmlrpc.php HTTP/1.1" 200 426 "-" "Mozilla/5.0 (X11; Ubuntu; Linux x86_64; x86) AppleWebKit/537.36 (KHTML, like Gecko) Opera/60.0.0.0 Safari/537.36"
94.101.183.3 - - [26/Aug/2026:20:18:01 +0330] "POST /wp-cron.php?doing_wp_cron=1787762881.9466779232025146484375 HTTP/1.1" 200 0 "-" "WordPress/6.9.1; https://mahdetejarat.com"
185.215.232.195 - - [26/Aug/2026:20:17:59 +0330] "POST /xmlrpc.php HTTP/1.1" 200 426 "-" "Mozilla/5.0 (X11; Ubuntu; Linux x86_64; arm64) AppleWebKit/537.36 (KHTML, like Gecko) Edge/87.0.0.0 Safari/537.36"
185.215.232.195 - - [26/Aug/2026:20:19:15 +0330] "POST /xmlrpc.php HTTP/1.1" 200 426 "-" "Mozilla/5.0 (Windows NT 10.0; x64) AppleWebKit/537.36 (KHTML, like Gecko) Firefox/87.0.0.0 Safari/537.36"
185.215.232.195 - - [26/Aug/2026:20:21:02 +0330] "POST /xmlrpc.php HTTP/1.1" 200 426 "-" "Mozilla/5.0 (Windows NT 10.0; x86) AppleWebKit/537.36 (KHTML, like Gecko) Safari/13.0.0.0 Safari/537.36"
94.101.182.6 - - [26/Aug/2026:20:21:37 +0330] "POST /wp-cron.php?doing_wp_cron=1787763097.4519169330596923828125 HTTP/1.1" 200 0 "-" "WordPress/6.9.1; https://mahdetejarat.com"
185.215.232.195 - - [26/Aug/2026:20:21:34 +0330] "POST /xmlrpc.php HTTP/1.1" 200 426 "-" "Mozilla/5.0 (Windows NT 6.3; x64) AppleWebKit/537.36 (KHTML, like Gecko) Opera/67.0.0.0 Safari/537.36"
185.215.232.195 - - [26/Aug/2026:20:22:10 +0330] "POST /xmlrpc.php HTTP/1.1" 200 426 "-" "Mozilla/5.0 (Macintosh; Intel Mac OS X 10_15_7; x86) AppleWebKit/537.36 (KHTML, like Gecko) Opera/69.0.0.0 Safari/537.36"
185.215.232.195 - - [26/Aug/2026:20:08:18 +0330] "POST /xmlrpc.php HTTP/1.1" 200 426 "-" "Mozilla/5.0 (Linux; Android 10; x86) AppleWebKit/537.36 (KHTML, like Gecko) Opera/63.0.0.0 Safari/537.36"
94.101.182.6 - - [26/Aug/2026:20:09:28 +0330] "POST /wp-cron.php?doing_wp_cron=1787762368.7001841068267822265625 HTTP/1.1" 200 0 "-" "WordPress/6.9.1; https://mahdetejarat.com"
185.215.232.195 - - [26/Aug/2026:20:09:26 +0330] "POST /xmlrpc.php HTTP/1.1" 200 426 "-" "Mozilla/5.0 (Windows NT 6.3; x86) AppleWebKit/537.36 (KHTML, like Gecko) Edge/83.0.0.0 Safari/537.36"
185.215.232.193 - - [26/Aug/2026:20:09:56 +0330] "GET /wp-content/uploads/elementor/css/post-178.css?ver=1787600696 HTTP/1.1" 200 1005 "-" "Mozilla/5.0 (compatible; AhrefsBot/7.0; +http://ahrefs.com/robot/)"
185.215.232.194 - - [26/Aug/2026:20:09:58 +0330] "GET /wp-content/uploads/elementor/css/post-141.css?ver=1787597737 HTTP/1.1" 200 1387 "-" "Mozilla/5.0 (compatible; AhrefsBot/7.0; +http://ahrefs.com/robot/)"
185.215.232.195 - - [26/Aug/2026:20:12:05 +0330] "POST /xmlrpc.php HTTP/1.1" 200 426 "-" "Mozilla/5.0 (Windows NT 10.0; x86) AppleWebKit/537.36 (KHTML, like Gecko) Safari/12.0.0.0 Safari/537.36"
185.215.232.194 - - [26/Aug/2026:20:12:52 +0330] "POST /xmlrpc.php HTTP/1.1" 200 426 "-" "Mozilla/5.0 (Macintosh; Intel Mac OS X 10_15_7; arm64) AppleWebKit/537.36 (KHTML, like Gecko) Opera/76.0.0.0 Safari/537.36"
185.215.232.195 - - [26/Aug/2026:20:13:54 +0330] "POST /xmlrpc.php HTTP/1.1" 200 426 "-" "Mozilla/5.0 (Windows NT 6.3; x86) AppleWebKit/537.36 (KHTML, like Gecko) Chrome/101.0.0.0 Safari/537.36"
185.215.232.195 - - [26/Aug/2026:20:14:47 +0330] "POST /xmlrpc.php HTTP/1.1" 200 426 "-" "Mozilla/5.0 (Linux; Android 10; x86) AppleWebKit/537.36 (KHTML, like Gecko) Chrome/82.0.0.0 Safari/537.36"
94.101.183.3 - - [26/Aug/2026:20:16:14 +0330] "POST /wp-cron.php?doing_wp_cron=1787762774.3738269805908203125000 HTTP/1.1" 200 0 "-" "WordPress/6.9.1; https://mahdetejarat.com"
94.101.183.3 - - [26/Aug/2026:20:17:29 +0330] "POST /wp-cron.php?doing_wp_cron=1787762849.9200949668884277343750 HTTP/1.1" 200 0 "-" "WordPress/6.9.1; https://mahdetejarat.com"
185.215.232.195 - - [26/Aug/2026:20:17:27 +0330] "POST /xmlrpc.php HTTP/1.1" 200 426 "-" "Mozilla/5.0 (X11; Ubuntu; Linux x86_64; arm64) AppleWebKit/537.36 (KHTML, like Gecko) Opera/61.0.0.0 Safari/537.36"
94.101.183.3 - - [26/Aug/2026:20:18:43 +0330] "POST /wp-cron.php?doing_wp_cron=1787762923.4540069103240966796875 HTTP/1.1" 200 0 "-" "WordPress/6.9.1; https://mahdetejarat.com"
185.215.232.195 - - [26/Aug/2026:20:18:40 +0330] "POST /xmlrpc.php HTTP/1.1" 200 426 "-" "Mozilla/5.0 (Linux; Android 10; x64) AppleWebKit/537.36 (KHTML, like Gecko) Safari/10.0.0.0 Safari/537.36"
94.101.183.3 - - [26/Aug/2026:20:19:17 +0330] "POST /wp-cron.php?doing_wp_cron=1787762957.5597090721130371093750 HTTP/1.1" 200 0 "-" "WordPress/6.9.1; https://mahdetejarat.com"
185.215.232.195 - - [26/Aug/2026:20:19:45 +0330] "POST /xmlrpc.php HTTP/1.1" 200 426 "-" "Mozilla/5.0 (Windows NT 10.0; x86) AppleWebKit/537.36 (KHTML, like Gecko) Firefox/90.0.0.0 Safari/537.36"
94.101.182.6 - - [26/Aug/2026:20:20:31 +0330] "POST /wp-cron.php?doing_wp_cron=1787763031.7201290130615234375000 HTTP/1.1" 200 0 "-" "WordPress/6.9.1; https://mahdetejarat.com"
185.215.232.195 - - [26/Aug/2026:20:20:29 +0330] "POST /xmlrpc.php HTTP/1.1" 200 426 "-" "Mozilla/5.0 (Windows NT 6.2; arm64) AppleWebKit/537.36 (KHTML, like Gecko) Chrome/87.0.0.0 Safari/537.36"
94.101.182.6 - - [26/Aug/2026:20:21:05 +0330] "POST /wp-cron.php?doing_wp_cron=1787763064.9686191082000732421875 HTTP/1.1" 200 0 "-" "WordPress/6.9.1; https://mahdetejarat.com"
94.101.182.6 - - [26/Aug/2026:20:22:13 +0330] "POST /wp-cron.php?doing_wp_cron=1787763133.0756919384002685546875 HTTP/1.1" 200 0 "-" "WordPress/6.9.1; https://mahdetejarat.com"
185.215.232.195 - - [26/Aug/2026:20:22:45 +0330] "POST /xmlrpc.php HTTP/1.1" 200 426 "-" "Mozilla/5.0 (Windows NT 6.2; x86) AppleWebKit/537.36 (KHTML, like Gecko) Opera/63.0.0.0 Safari/537.36"
94.101.183.3 - - [26/Aug/2026:20:24:12 +0330] "POST /wp-cron.php?doing_wp_cron=1787763252.0163059234619140625000 HTTP/1.1" 200 0 "-" "WordPress/6.9.1; https://mahdetejarat.com"
185.215.232.194 - - [26/Aug/2026:20:24:09 +0330] "POST /xmlrpc.php HTTP/1.1" 200 426 "-" "Mozilla/5.0 (Macintosh; Intel Mac OS X 10_15_7; x64) AppleWebKit/537.36 (KHTML, like Gecko) Chrome/95.0.0.0 Safari/537.36"
94.101.183.3 - - [26/Aug/2026:20:25:02 +0330] "POST /wp-cron.php?doing_wp_cron=1787763302.5608019828796386718750 HTTP/1.1" 200 0 "-" "WordPress/6.9.1; https://mahdetejarat.com"
185.215.232.194 - - [26/Aug/2026:20:24:59 +0330] "POST /xmlrpc.php HTTP/1.1" 200 426 "-" "Mozilla/5.0 (Windows NT 6.3; x86) AppleWebKit/537.36 (KHTML, like Gecko) Safari/10.0.0.0 Safari/537.36"
94.101.183.3 - - [26/Aug/2026:20:32:30 +0330] "POST /wp-cron.php?doing_wp_cron=1787763750.0693008899688720703125 HTTP/1.1" 200 0 "-" "WordPress/6.9.1; https://mahdetejarat.com"
94.101.183.3 - - [26/Aug/2026:20:32:56 +0330] "POST /wp-cron.php?doing_wp_cron=1787763776.1917529106140136718750 HTTP/1.1" 200 0 "-" "WordPress/6.9.1; https://mahdetejarat.com"
94.101.183.3 - - [26/Aug/2026:20:36:00 +0330] "POST /wp-cron.php?doing_wp_cron=1787763959.8689920902252197265625 HTTP/1.1" 200 0 "-" "WordPress/6.9.1; https://mahdetejarat.com"
185.215.232.194 - - [26/Aug/2026:20:32:27 +0330] "GET /robots.txt HTTP/1.1" 200 178 "-" "Pandalytics/2.0 (+https://domainsbot.com/network-crawler-pandalytics-kdc68dhsbd/)"
185.215.232.194 - - [26/Aug/2026:20:32:30 +0330] "GET / HTTP/1.1" 200 25822 "-" "Pandalytics/2.0 (+https://domainsbot.com/network-crawler-pandalytics-kdc68dhsbd/)"
185.215.232.194 - - [26/Aug/2026:20:32:52 +0330] "GET /product/%D8%A8%D8%A7%D8%B1%D8%A8%DB%8C%DA%A9%DB%8C%D9%88/ HTTP/1.1" 200 19691 "-" "Mozilla/5.0 (compatible; AhrefsBot/7.0; +http://ahrefs.com/robot/)"
185.215.232.193 - - [26/Aug/2026:20:35:56 +0330] "GET /robots.txt HTTP/1.1" 200 163 "-" "Mozilla/5.0 (Linux; Android 10; K) AppleWebKit/537.36 (KHTML, like Gecko) Chrome/131.0.0.0 Mobile Safari/537.36"
185.215.232.193 - - [26/Aug/2026:20:36:00 +0330] "GET /.well-known/tdmrep.json HTTP/1.1" 404 13731 "-" "Mozilla/5.0 (Linux; Android 10; K) AppleWebKit/537.36 (KHTML, like Gecko) Chrome/131.0.0.0 Mobile Safari/537.36"
185.215.232.193 - - [26/Aug/2026:20:36:04 +0330] "GET /ai.txt HTTP/1.1" 404 13731 "-" "Mozilla/5.0 (Linux; Android 10; K) AppleWebKit/537.36 (KHTML, like Gecko) Chrome/131.0.0.0 Mobile Safari/537.36"
94.101.183.3 - - [26/Aug/2026:20:37:01 +0330] "POST /wp-cron.php?doing_wp_cron=1787764021.3026790618896484375000 HTTP/1.1" 200 0 "-" "WordPress/6.9.1; https://mahdetejarat.com"
185.215.232.193 - - [26/Aug/2026:20:36:58 +0330] "GET /wp-login.php HTTP/1.1" 200 3390 "-" "Mozilla/5.0 (Windows NT 10.0; Win64; x64) AppleWebKit/537.36 (KHTML, like Gecko) Chrome/151.0.0.0 Safari/537.36"
185.215.232.193 - - [26/Aug/2026:20:37:03 +0330] "POST /wp-login.php HTTP/1.1" 200 3612 "-" "Mozilla/5.0 (Windows NT 10.0; Win64; x64) AppleWebKit/537.36 (KHTML, like Gecko) Chrome/151.0.0.0 Safari/537.36"
185.215.232.193 - - [26/Aug/2026:20:42:22 +0330] "GET /index.php/vod/play/id/29132/sid/1/nid/1.html HTTP/1.1" 301 0 "https://www.mahdetejarat.com/index.php/vod/play/id/24646/sid/1/nid/1.html" "Mozilla/5.0 (Linux; Android 7.0;) AppleWebKit/537.36 (HTML, like Gecko) Mobile Safari/537.36 (compatible; PetalBot;+https://webmaster.petalsearch.com/site/petalbot)"
185.215.232.194 - - [26/Aug/2026:20:43:26 +0330] "GET /wp-login.php HTTP/1.1" 200 3375 "-" "Mozilla/5.0 (Windows NT 10.0; Win64; x64) AppleWebKit/537.36 (KHTML, like Gecko) Chrome/151.0.0.0 Safari/537.36"
185.215.232.194 - - [26/Aug/2026:20:43:30 +0330] "POST /wp-login.php HTTP/1.1" 200 3537 "-" "Mozilla/5.0 (Windows NT 10.0; Win64; x64) AppleWebKit/537.36 (KHTML, like Gecko) Chrome/151.0.0.0 Safari/537.36"
185.215.232.193 - - [26/Aug/2026:20:43:43 +0330] "GET /index.php/vod/search.html?wd=makelovexiner HTTP/1.1" 301 0 "https://www.mahdetejarat.com/index.php/art/type/id/22.html" "Mozilla/5.0 (Linux; Android 7.0;) AppleWebKit/537.36 (HTML, like Gecko) Mobile Safari/537.36 (compatible; PetalBot;+https://webmaster.petalsearch.com/site/petalbot)"
185.215.232.193 - - [26/Aug/2026:20:43:47 +0330] "GET /vod/search.html?wd=makelovexiner HTTP/1.1" 404 13731 "https://www.mahdetejarat.com/index.php/art/type/id/22.html" "Mozilla/5.0 (Linux; Android 7.0;) AppleWebKit/537.36 (HTML, like Gecko) Mobile Safari/537.36 (compatible; PetalBot;+https://webmaster.petalsearch.com/site/petalbot)"
94.101.183.3 - - [26/Aug/2026:20:44:34 +0330] "POST /wp-cron.php?doing_wp_cron=1787764474.6701090335845947265625 HTTP/1.1" 200 0 "-" "WordPress/6.9.1; https://mahdetejarat.com"
185.215.232.195 - - [26/Aug/2026:20:44:32 +0330] "GET /robots.txt HTTP/1.1" 301 0 "-" "Mozilla/5.0 (Macintosh; Intel Mac OS X 10_10_1) AppleWebKit/600.2.5 (KHTML, like Gecko) Version/8.0.2 Safari/600.2.5 (Gort)"
185.215.232.195 - - [26/Aug/2026:20:44:35 +0330] "GET /robots.txt HTTP/1.1" 200 178 "-" "Mozilla/5.0 (Macintosh; Intel Mac OS X 10_10_1) AppleWebKit/600.2.5 (KHTML, like Gecko) Version/8.0.2 Safari/600.2.5 (Gort)"
94.101.183.3 - - [26/Aug/2026:20:45:09 +0330] "POST /wp-cron.php?doing_wp_cron=1787764509.3234279155731201171875 HTTP/1.1" 200 0 "-" "WordPress/6.9.1; https://mahdetejarat.com"
185.215.232.193 - - [26/Aug/2026:20:45:06 +0330] "GET /index.php/vod/search.html?wd=jk HTTP/1.1" 301 0 "https://www.mahdetejarat.com/index.php/art/type/id/22.html" "Mozilla/5.0 (Linux; Android 7.0;) AppleWebKit/537.36 (HTML, like Gecko) Mobile Safari/537.36 (compatible; PetalBot;+https://webmaster.petalsearch.com/site/petalbot)"
185.215.232.193 - - [26/Aug/2026:20:46:35 +0330] "GET /vod/search.html?wd=%E9%98%BF%E5%A7%A8 HTTP/1.1" 404 13731 "https://www.mahdetejarat.com/index.php/art/type/id/22.html" "Mozilla/5.0 (Linux; Android 7.0;) AppleWebKit/537.36 (HTML, like Gecko) Mobile Safari/537.36 (compatible; PetalBot;+https://webmaster.petalsearch.com/site/petalbot)"
94.101.183.3 - - [26/Aug/2026:20:46:56 +0330] "POST /wp-cron.php?doing_wp_cron=1787764616.0742878913879394531250 HTTP/1.1" 200 0 "-" "WordPress/6.9.1; https://mahdetejarat.com"
185.215.232.193 - - [26/Aug/2026:20:47:03 +0330] "GET /wp-content/plugins/hellopress/wp_filemanager.php HTTP/1.1" 301 0 "-" "-"
94.101.183.3 - - [26/Aug/2026:20:47:09 +0330] "POST /wp-cron.php?doing_wp_cron=1787764629.7738330364227294921875 HTTP/1.1" 200 0 "-" "WordPress/6.9.1; https://mahdetejarat.com"
185.215.232.193 - - [26/Aug/2026:20:47:06 +0330] "GET /wp-content/plugins/hellopress/wp_filemanager.php HTTP/1.1" 404 54959 "-" "-"
185.215.232.193 - - [26/Aug/2026:20:47:10 +0330] "GET /this_is_a_new_hello_world.php HTTP/1.1" 301 0 "-" "-"
185.215.232.193 - - [26/Aug/2026:20:47:13 +0330] "GET /this_is_a_new_hello_world.php HTTP/1.1" 404 54959 "-" "-"
185.215.232.193 - - [26/Aug/2026:20:47:17 +0330] "GET /media.php HTTP/1.1" 301 0 "-" "-"
185.215.232.193 - - [26/Aug/2026:20:47:20 +0330] "GET /media.php HTTP/1.1" 404 54959 "-" "-"
185.215.232.193 - - [26/Aug/2026:20:47:23 +0330] "GET /3PJcpMFsD8B.php HTTP/1.1" 301 0 "-" "-"
94.101.182.6 - - [26/Aug/2026:20:42:24 +0330] "POST /wp-cron.php?doing_wp_cron=1787764344.9200251102447509765625 HTTP/1.1" 200 0 "-" "WordPress/6.9.1; https://mahdetejarat.com"
