185.215.232.194 - - [27/Aug/2026:00:52:16 +0330] "GET /w1.php HTTP/1.1" 404 13731 "-" "Mozilla/5.0 (Windows NT 10.0; Win64; x64) AppleWebKit/537.36 (KHTML, like Gecko) Chrome/120.0.0.0 Safari/537.36"
185.215.232.194 - - [27/Aug/2026:00:52:16 +0330] "GET /wp-includes/wp-includes/class-wp-post-type.php HTTP/1.1" 404 54959 "-" "-"
185.215.232.194 - - [27/Aug/2026:00:52:19 +0330] "GET /wp-conflg.php HTTP/1.1" 404 13731 "-" "Mozilla/5.0 (Windows NT 10.0; Win64; x64) AppleWebKit/537.36 (KHTML, like Gecko) Chrome/120.0.0.0 Safari/537.36"
185.215.232.194 - - [27/Aug/2026:00:52:20 +0330] "GET /wp-login.php HTTP/1.1" 200 3375 "-" "Mozilla/5.0 (Windows NT 10.0; Win64; x64) AppleWebKit/537.36 (KHTML, like Gecko) Chrome/120.0.0.0 Safari/537.36"
185.215.232.194 - - [27/Aug/2026:00:52:23 +0330] "GET /bypass.php HTTP/1.1" 404 13731 "-" "Mozilla/5.0 (Windows NT 10.0; Win64; x64) AppleWebKit/537.36 (KHTML, like Gecko) Chrome/120.0.0.0 Safari/537.36"
185.215.232.194 - - [27/Aug/2026:00:52:27 +0330] "GET /i.php HTTP/1.1" 404 13731 "-" "Mozilla/5.0 (Windows NT 10.0; Win64; x64) AppleWebKit/537.36 (KHTML, like Gecko) Chrome/120.0.0.0 Safari/537.36"
185.215.232.194 - - [27/Aug/2026:00:52:30 +0330] "GET /wp-content/uploads/ HTTP/1.1" 200 1367 "-" "Mozilla/5.0 (Windows NT 10.0; Win64; x64) AppleWebKit/537.36 (KHTML, like Gecko) Chrome/120.0.0.0 Safari/537.36"
185.215.232.194 - - [27/Aug/2026:00:52:28 +0330] "GET /wp-includes//wp-includes/class-wp-query.php HTTP/1.1" 301 0 "-" "-"
185.215.232.194 - - [27/Aug/2026:00:52:30 +0330] "GET /wp-includes/Requests/library/index.php HTTP/1.1" 301 0 "-" "Mozilla/5.0 (Windows NT 10.0; Win64; x64) AppleWebKit/537.36 (KHTML, like Gecko) Chrome/120.0.0.0 Safari/537.36"
185.215.232.194 - - [27/Aug/2026:00:52:31 +0330] "GET /wp-includes/wp-includes/class-wp-query.php HTTP/1.1" 404 54959 "-" "-"
185.215.232.194 - - [27/Aug/2026:00:52:33 +0330] "GET /gecko-new.php HTTP/1.1" 404 13731 "-" "Mozilla/5.0 (Windows NT 10.0; Win64; x64) AppleWebKit/537.36 (KHTML, like Gecko) Chrome/120.0.0.0 Safari/537.36"
185.215.232.194 - - [27/Aug/2026:00:52:35 +0330] "GET /wp-includes//wp-includes/class-wp-recovery-mode-cookie-service.php HTTP/1.1" 301 0 "-" "-"
185.215.232.194 - - [27/Aug/2026:00:52:41 +0330] "GET /wp-Blogs.php HTTP/1.1" 404 13731 "-" "Mozilla/5.0 (Windows NT 10.0; Win64; x64) AppleWebKit/537.36 (KHTML, like Gecko) Chrome/120.0.0.0 Safari/537.36"
185.215.232.194 - - [27/Aug/2026:00:52:42 +0330] "GET /wp-includes//wp-includes/class-wp-recovery-mode-email-service.php HTTP/1.1" 301 0 "-" "-"
185.215.232.194 - - [27/Aug/2026:00:52:45 +0330] "GET /wp-includes/wp-includes/class-wp-recovery-mode-email-service.php HTTP/1.1" 404 54959 "-" "-"
185.215.232.194 - - [27/Aug/2026:00:52:46 +0330] "GET /shell.php HTTP/1.1" 404 13731 "-" "Mozilla/5.0 (Windows NT 10.0; Win64; x64) AppleWebKit/537.36 (KHTML, like Gecko) Chrome/120.0.0.0 Safari/537.36"
185.215.232.194 - - [27/Aug/2026:00:52:48 +0330] "GET /themes.php HTTP/1.1" 404 13731 "-" "Mozilla/5.0 (Windows NT 10.0; Win64; x64) AppleWebKit/537.36 (KHTML, like Gecko) Chrome/120.0.0.0 Safari/537.36"
185.215.232.194 - - [27/Aug/2026:00:52:49 +0330] "GET /wp-includes//wp-includes/class-wp-recovery-mode-key-service.php HTTP/1.1" 301 0 "-" "-"
185.215.232.194 - - [27/Aug/2026:00:52:50 +0330] "GET /ws.php HTTP/1.1" 404 13731 "-" "Mozilla/5.0 (Windows NT 10.0; Win64; x64) AppleWebKit/537.36 (KHTML, like Gecko) Chrome/120.0.0.0 Safari/537.36"
185.215.232.194 - - [27/Aug/2026:00:52:52 +0330] "GET /cv.php HTTP/1.1" 404 13731 "-" "Mozilla/5.0 (Windows NT 10.0; Win64; x64) AppleWebKit/537.36 (KHTML, like Gecko) Chrome/120.0.0.0 Safari/537.36"
185.215.232.194 - - [27/Aug/2026:00:52:13 +0330] "GET /manager.php HTTP/1.1" 404 13731 "-" "Mozilla/5.0 (Windows NT 10.0; Win64; x64) AppleWebKit/537.36 (KHTML, like Gecko) Chrome/120.0.0.0 Safari/537.36"
185.215.232.194 - - [27/Aug/2026:00:52:19 +0330] "GET /wp-includes/fonts/ HTTP/1.1" 200 1234 "-" "Mozilla/5.0 (Windows NT 10.0; Win64; x64) AppleWebKit/537.36 (KHTML, like Gecko) Chrome/120.0.0.0 Safari/537.36"
185.215.232.194 - - [27/Aug/2026:00:52:20 +0330] "GET /wp-includes//wp-includes/class-wp-post.php HTTP/1.1" 301 0 "-" "-"
185.215.232.194 - - [27/Aug/2026:00:52:23 +0330] "GET /wp-includes/wp-includes/class-wp-post.php HTTP/1.1" 404 54959 "-" "-"
185.215.232.194 - - [27/Aug/2026:00:52:23 +0330] "GET /default.php HTTP/1.1" 404 13731 "-" "Mozilla/5.0 (Windows NT 10.0; Win64; x64) AppleWebKit/537.36 (KHTML, like Gecko) Chrome/120.0.0.0 Safari/537.36"
185.215.232.194 - - [27/Aug/2026:00:52:26 +0330] "GET /xmrlpc.php HTTP/1.1" 404 13731 "-" "Mozilla/5.0 (Windows NT 10.0; Win64; x64) AppleWebKit/537.36 (KHTML, like Gecko) Chrome/120.0.0.0 Safari/537.36"
185.215.232.194 - - [27/Aug/2026:00:52:33 +0330] "GET /wp-content/themes/index.php HTTP/1.1" 200 0 "-" "Mozilla/5.0 (Windows NT 10.0; Win64; x64) AppleWebKit/537.36 (KHTML, like Gecko) Chrome/120.0.0.0 Safari/537.36"
185.215.232.194 - - [27/Aug/2026:00:52:30 +0330] "GET /ae.php HTTP/1.1" 404 13731 "-" "Mozilla/5.0 (Windows NT 10.0; Win64; x64) AppleWebKit/537.36 (KHTML, like Gecko) Chrome/120.0.0.0 Safari/537.36"
185.215.232.194 - - [27/Aug/2026:00:52:34 +0330] "GET /blog.php HTTP/1.1" 404 13731 "-" "Mozilla/5.0 (Windows NT 10.0; Win64; x64) AppleWebKit/537.36 (KHTML, like Gecko) Chrome/120.0.0.0 Safari/537.36"
185.215.232.194 - - [27/Aug/2026:00:52:37 +0330] "GET /NewFile.php HTTP/1.1" 404 13731 "-" "Mozilla/5.0 (Windows NT 10.0; Win64; x64) AppleWebKit/537.36 (KHTML, like Gecko) Chrome/120.0.0.0 Safari/537.36"
185.215.232.194 - - [27/Aug/2026:00:52:38 +0330] "GET /wp-includes/wp-includes/class-wp-recovery-mode-cookie-service.php HTTP/1.1" 404 54959 "-" "-"
185.215.232.194 - - [27/Aug/2026:00:52:38 +0330] "GET /themes.php HTTP/1.1" 404 13731 "-" "Mozilla/5.0 (Windows NT 10.0; Win64; x64) AppleWebKit/537.36 (KHTML, like Gecko) Chrome/120.0.0.0 Safari/537.36"
185.215.232.194 - - [27/Aug/2026:00:52:42 +0330] "GET /ini.php HTTP/1.1" 404 13731 "-" "Mozilla/5.0 (Windows NT 10.0; Win64; x64) AppleWebKit/537.36 (KHTML, like Gecko) Chrome/120.0.0.0 Safari/537.36"
185.215.232.194 - - [27/Aug/2026:00:52:44 +0330] "GET /wp-includes/fonts/index.php HTTP/1.1" 301 0 "-" "Mozilla/5.0 (Windows NT 10.0; Win64; x64) AppleWebKit/537.36 (KHTML, like Gecko) Chrome/120.0.0.0 Safari/537.36"
185.215.232.194 - - [27/Aug/2026:00:52:52 +0330] "GET /wp-includes/wp-includes/class-wp-recovery-mode-key-service.php HTTP/1.1" 404 54959 "-" "-"
185.215.232.194 - - [27/Aug/2026:00:52:56 +0330] "GET /wp-admin/js/ HTTP/1.1" 200 3477 "-" "Mozilla/5.0 (Windows NT 10.0; Win64; x64) AppleWebKit/537.36 (KHTML, like Gecko) Chrome/120.0.0.0 Safari/537.36"
185.215.232.194 - - [27/Aug/2026:00:52:55 +0330] "GET /makeasmtp.php HTTP/1.1" 404 13731 "-" "Mozilla/5.0 (Windows NT 10.0; Win64; x64) AppleWebKit/537.36 (KHTML, like Gecko) Chrome/120.0.0.0 Safari/537.36"
185.215.232.194 - - [27/Aug/2026:00:53:00 +0330] "GET /ws83.php HTTP/1.1" 404 13731 "-" "Mozilla/5.0 (Windows NT 10.0; Win64; x64) AppleWebKit/537.36 (KHTML, like Gecko) Chrome/120.0.0.0 Safari/537.36"
185.215.232.194 - - [27/Aug/2026:00:53:00 +0330] "GET /wp-includes/wp-includes/class-wp-recovery-mode-link-service.php HTTP/1.1" 404 54959 "-" "-"
185.215.232.194 - - [27/Aug/2026:00:53:03 +0330] "GET /fw.php HTTP/1.1" 404 13731 "-" "Mozilla/5.0 (Windows NT 10.0; Win64; x64) AppleWebKit/537.36 (KHTML, like Gecko) Chrome/120.0.0.0 Safari/537.36"
185.215.232.194 - - [27/Aug/2026:00:53:04 +0330] "GET /atex1.php HTTP/1.1" 404 13731 "-" "Mozilla/5.0 (Windows NT 10.0; Win64; x64) AppleWebKit/537.36 (KHTML, like Gecko) Chrome/120.0.0.0 Safari/537.36"
185.215.232.193 - - [27/Aug/2026:00:52:57 +0330] "GET /product-category/bench/ HTTP/1.1" 200 17447 "-" "Mozilla/5.0 (iPhone; CPU iPhone OS 13_2_3 like Mac OS X) AppleWebKit/605.1.15 (KHTML, like Gecko) Version/13.0.3 Mobile/15E148 Safari/604.1"
185.215.232.194 - - [27/Aug/2026:00:52:57 +0330] "GET /wp-content/uploads/index.php HTTP/1.1" 301 0 "-" "Mozilla/5.0 (Windows NT 10.0; Win64; x64) AppleWebKit/537.36 (KHTML, like Gecko) Chrome/120.0.0.0 Safari/537.36"
185.215.232.194 - - [27/Aug/2026:00:52:57 +0330] "GET /wp-includes//wp-includes/class-wp-recovery-mode-link-service.php HTTP/1.1" 301 0 "-" "-"
185.215.232.194 - - [27/Aug/2026:00:52:59 +0330] "GET /wp-sigunq.php HTTP/1.1" 404 13731 "-" "Mozilla/5.0 (Windows NT 10.0; Win64; x64) AppleWebKit/537.36 (KHTML, like Gecko) Chrome/120.0.0.0 Safari/537.36"
185.215.232.194 - - [27/Aug/2026:00:53:03 +0330] "GET /wso112233.php HTTP/1.1" 403 787 "-" "Mozilla/5.0 (Windows NT 10.0; Win64; x64) AppleWebKit/537.36 (KHTML, like Gecko) Chrome/120.0.0.0 Safari/537.36"
94.101.182.6 - - [27/Aug/2026:00:53:10 +0330] "POST /wp-cron.php?doing_wp_cron=1787779390.0079770088195800781250 HTTP/1.1" 200 0 "-" "WordPress/6.9.1; https://mahdetejarat.com"
185.215.232.194 - - [27/Aug/2026:00:53:07 +0330] "GET /wp-login.php HTTP/1.1" 200 3375 "-" "Mozilla/5.0 (Windows NT 10.0; Win64; x64) AppleWebKit/537.36 (KHTML, like Gecko) Chrome/120.0.0.0 Safari/537.36"
94.101.182.6 - - [27/Aug/2026:00:53:10 +0330] "POST /wp-cron.php?doing_wp_cron=1787779390.6446599960327148437500 HTTP/1.1" 200 0 "-" "WordPress/6.9.1; https://mahdetejarat.com"
185.215.232.194 - - [27/Aug/2026:00:53:07 +0330] "GET /class-t.api.php HTTP/1.1" 404 13731 "-" "Mozilla/5.0 (Windows NT 10.0; Win64; x64) AppleWebKit/537.36 (KHTML, like Gecko) Chrome/120.0.0.0 Safari/537.36"
185.215.232.194 - - [27/Aug/2026:00:53:15 +0330] "GET /bless.php HTTP/1.1" 404 13731 "-" "Mozilla/5.0 (Windows NT 10.0; Win64; x64) AppleWebKit/537.36 (KHTML, like Gecko) Chrome/120.0.0.0 Safari/537.36"
185.215.232.194 - - [27/Aug/2026:00:53:16 +0330] "GET /wp-includes/wp-includes/class-wp-rewrite.php HTTP/1.1" 404 54959 "-" "-"
185.215.232.194 - - [27/Aug/2026:00:53:25 +0330] "GET /wp-load.php HTTP/1.1" 200 0 "-" "Mozilla/5.0 (Windows NT 10.0; Win64; x64) AppleWebKit/537.36 (KHTML, like Gecko) Chrome/120.0.0.0 Safari/537.36"
185.215.232.194 - - [27/Aug/2026:00:53:27 +0330] "GET /fone1.php HTTP/1.1" 404 13731 "-" "Mozilla/5.0 (Windows NT 10.0; Win64; x64) AppleWebKit/537.36 (KHTML, like Gecko) Chrome/120.0.0.0 Safari/537.36"
185.215.232.194 - - [27/Aug/2026:00:53:28 +0330] "GET /wp-includes//wp-includes/class-wp-roles.php HTTP/1.1" 301 0 "-" "-"
185.215.232.194 - - [27/Aug/2026:00:53:28 +0330] "GET /wp-mail.php HTTP/1.1" 403 1033 "-" "Mozilla/5.0 (Windows NT 10.0; Win64; x64) AppleWebKit/537.36 (KHTML, like Gecko) Chrome/120.0.0.0 Safari/537.36"
185.215.232.193 - - [27/Aug/2026:00:53:28 +0330] "GET /index.php/vod/play/id/3931/sid/1/nid/1.html HTTP/1.1" 301 0 "http://mahdetejarat.com/index.php/vod/play/id/5309/sid/1/nid/1.html" "Mozilla/5.0 (Linux; Android 7.0;) AppleWebKit/537.36 (HTML, like Gecko) Mobile Safari/537.36 (compatible; PetalBot;+https://webmaster.petalsearch.com/site/petalbot)"
185.215.232.194 - - [27/Aug/2026:00:53:31 +0330] "GET /wp-activate.php HTTP/1.1" 302 0 "-" "Mozilla/5.0 (Windows NT 10.0; Win64; x64) AppleWebKit/537.36 (KHTML, like Gecko) Chrome/120.0.0.0 Safari/537.36"
185.215.232.194 - - [27/Aug/2026:00:53:31 +0330] "GET /wp-includes/wp-includes/class-wp-roles.php HTTP/1.1" 404 54959 "-" "-"
185.215.232.194 - - [27/Aug/2026:00:53:31 +0330] "GET /ncx.php HTTP/1.1" 404 13731 "-" "Mozilla/5.0 (Windows NT 10.0; Win64; x64) AppleWebKit/537.36 (KHTML, like Gecko) Chrome/120.0.0.0 Safari/537.36"
185.215.232.194 - - [27/Aug/2026:00:53:33 +0330] "GET /plugins.php HTTP/1.1" 404 13731 "-" "Mozilla/5.0 (Windows NT 10.0; Win64; x64) AppleWebKit/537.36 (KHTML, like Gecko) Chrome/120.0.0.0 Safari/537.36"
185.215.232.194 - - [27/Aug/2026:00:53:05 +0330] "GET /wp-includes//wp-includes/class-wp-recovery-mode.php HTTP/1.1" 301 0 "-" "-"
94.101.182.6 - - [27/Aug/2026:00:53:11 +0330] "POST /wp-cron.php?doing_wp_cron=1787779391.3667159080505371093750 HTTP/1.1" 200 0 "-" "WordPress/6.9.1; https://mahdetejarat.com"
185.215.232.194 - - [27/Aug/2026:00:53:08 +0330] "GET /wp-includes/wp-includes/class-wp-recovery-mode.php HTTP/1.1" 404 54959 "-" "-"
185.215.232.194 - - [27/Aug/2026:00:53:10 +0330] "GET /classsmtps.php HTTP/1.1" 404 13731 "-" "Mozilla/5.0 (Windows NT 10.0; Win64; x64) AppleWebKit/537.36 (KHTML, like Gecko) Chrome/120.0.0.0 Safari/537.36"
185.215.232.194 - - [27/Aug/2026:00:53:10 +0330] "GET /archive.php HTTP/1.1" 404 13731 "-" "Mozilla/5.0 (Windows NT 10.0; Win64; x64) AppleWebKit/537.36 (KHTML, like Gecko) Chrome/120.0.0.0 Safari/537.36"
185.215.232.194 - - [27/Aug/2026:00:53:12 +0330] "GET /wp-includes//wp-includes/class-wp-rewrite.php HTTP/1.1" 301 0 "-" "-"
185.215.232.194 - - [27/Aug/2026:00:53:15 +0330] "GET /wp-blog-header.php HTTP/1.1" 404 0 "-" "Mozilla/5.0 (Windows NT 10.0; Win64; x64) AppleWebKit/537.36 (KHTML, like Gecko) Chrome/120.0.0.0 Safari/537.36"
185.215.232.194 - - [27/Aug/2026:00:53:18 +0330] "GET /wp-trackback.php HTTP/1.1" 404 121 "-" "Mozilla/5.0 (Windows NT 10.0; Win64; x64) AppleWebKit/537.36 (KHTML, like Gecko) Chrome/120.0.0.0 Safari/537.36"
185.215.232.194 - - [27/Aug/2026:00:53:19 +0330] "GET /sagax1.php HTTP/1.1" 404 13731 "-" "Mozilla/5.0 (Windows NT 10.0; Win64; x64) AppleWebKit/537.36 (KHTML, like Gecko) Chrome/120.0.0.0 Safari/537.36"
185.215.232.194 - - [27/Aug/2026:00:53:20 +0330] "GET /wp-includes//wp-includes/class-wp-role.php HTTP/1.1" 301 0 "-" "-"
185.215.232.194 - - [27/Aug/2026:00:53:21 +0330] "GET /wp-signup.php HTTP/1.1" 302 0 "-" "Mozilla/5.0 (Windows NT 10.0; Win64; x64) AppleWebKit/537.36 (KHTML, like Gecko) Chrome/120.0.0.0 Safari/537.36"
185.215.232.194 - - [27/Aug/2026:00:53:24 +0330] "GET /wp-comments-post.php HTTP/1.1" 405 0 "-" "Mozilla/5.0 (Windows NT 10.0; Win64; x64) AppleWebKit/537.36 (KHTML, like Gecko) Chrome/120.0.0.0 Safari/537.36"
185.215.232.194 - - [27/Aug/2026:00:53:25 +0330] "GET /wp-cron.php HTTP/1.1" 200 0 "-" "Mozilla/5.0 (Windows NT 10.0; Win64; x64) AppleWebKit/537.36 (KHTML, like Gecko) Chrome/120.0.0.0 Safari/537.36"
185.215.232.194 - - [27/Aug/2026:00:53:23 +0330] "GET /wpc.php HTTP/1.1" 404 13731 "-" "Mozilla/5.0 (Windows NT 10.0; Win64; x64) AppleWebKit/537.36 (KHTML, like Gecko) Chrome/120.0.0.0 Safari/537.36"
185.215.232.194 - - [27/Aug/2026:00:53:23 +0330] "GET /wp-includes/wp-includes/class-wp-role.php HTTP/1.1" 404 54959 "-" "-"
185.215.232.193 - - [27/Aug/2026:00:53:32 +0330] "GET /vod/play/id/3931/sid/1/nid/1.html HTTP/1.1" 404 13731 "http://mahdetejarat.com/index.php/vod/play/id/5309/sid/1/nid/1.html" "Mozilla/5.0 (Linux; Android 7.0;) AppleWebKit/537.36 (HTML, like Gecko) Mobile Safari/537.36 (compatible; PetalBot;+https://webmaster.petalsearch.com/site/petalbot)"
185.215.232.194 - - [27/Aug/2026:00:53:40 +0330] "GET /wp-includes/wp-includes/class-wp-script-modules.php HTTP/1.1" 404 54959 "-" "-"
185.215.232.194 - - [27/Aug/2026:00:53:45 +0330] "GET /wp-includes//wp-includes/class-wp-scripts.php HTTP/1.1" 301 0 "-" "-"
185.215.232.194 - - [27/Aug/2026:00:53:47 +0330] "GET /wp-blink.php HTTP/1.1" 404 13731 "-" "Mozilla/5.0 (Windows NT 10.0; Win64; x64) AppleWebKit/537.36 (KHTML, like Gecko) Chrome/120.0.0.0 Safari/537.36"
185.215.232.194 - - [27/Aug/2026:00:53:52 +0330] "GET /wp-includes//wp-includes/class-wp-session-tokens.php HTTP/1.1" 301 0 "-" "-"
185.215.232.194 - - [27/Aug/2026:00:53:56 +0330] "GET /wp-admin/css/colors/ectoplasm/ HTTP/1.1" 200 733 "-" "Mozilla/5.0 (Windows NT 10.0; Win64; x64) AppleWebKit/537.36 (KHTML, like Gecko) Chrome/120.0.0.0 Safari/537.36"
94.101.182.6 - - [27/Aug/2026:00:53:58 +0330] "POST /wp-cron.php?doing_wp_cron=1787779438.7799870967864990234375 HTTP/1.1" 200 0 "-" "WordPress/6.9.1; https://mahdetejarat.com"
185.215.232.194 - - [27/Aug/2026:00:53:36 +0330] "GET /wp-admin/js/index.php HTTP/1.1" 301 0 "-" "Mozilla/5.0 (Windows NT 10.0; Win64; x64) AppleWebKit/537.36 (KHTML, like Gecko) Chrome/120.0.0.0 Safari/537.36"
185.215.232.194 - - [27/Aug/2026:00:53:37 +0330] "GET /wp-includes//wp-includes/class-wp-script-modules.php HTTP/1.1" 301 0 "-" "-"
185.215.232.194 - - [27/Aug/2026:00:53:40 +0330] "GET /wso.php HTTP/1.1" 403 787 "-" "Mozilla/5.0 (Windows NT 10.0; Win64; x64) AppleWebKit/537.36 (KHTML, like Gecko) Chrome/120.0.0.0 Safari/537.36"
185.215.232.194 - - [27/Aug/2026:00:53:37 +0330] "GET /abe.php HTTP/1.1" 404 13731 "-" "Mozilla/5.0 (Windows NT 10.0; Win64; x64) AppleWebKit/537.36 (KHTML, like Gecko) Chrome/120.0.0.0 Safari/537.36"
185.215.232.194 - - [27/Aug/2026:00:53:40 +0330] "GET /zup.php73 HTTP/1.1" 404 13731 "-" "Mozilla/5.0 (Windows NT 10.0; Win64; x64) AppleWebKit/537.36 (KHTML, like Gecko) Chrome/120.0.0.0 Safari/537.36"
185.215.232.194 - - [27/Aug/2026:00:53:43 +0330] "GET /about/function.php HTTP/1.1" 404 13731 "-" "Mozilla/5.0 (Windows NT 10.0; Win64; x64) AppleWebKit/537.36 (KHTML, like Gecko) Chrome/120.0.0.0 Safari/537.36"
185.215.232.194 - - [27/Aug/2026:00:53:44 +0330] "GET /k.php HTTP/1.1" 404 13731 "-" "Mozilla/5.0 (Windows NT 10.0; Win64; x64) AppleWebKit/537.36 (KHTML, like Gecko) Chrome/120.0.0.0 Safari/537.36"
185.215.232.194 - - [27/Aug/2026:00:53:47 +0330] "GET /admin/index_upload.php HTTP/1.1" 404 13731 "-" "Mozilla/5.0 (Windows NT 10.0; Win64; x64) AppleWebKit/537.36 (KHTML, like Gecko) Chrome/120.0.0.0 Safari/537.36"
185.215.232.194 - - [27/Aug/2026:00:53:48 +0330] "GET /wp-includes/wp-includes/class-wp-scripts.php HTTP/1.1" 404 54959 "-" "-"
185.215.232.194 - - [27/Aug/2026:00:53:51 +0330] "GET /contact.php HTTP/1.1" 404 13731 "-" "Mozilla/5.0 (Windows NT 10.0; Win64; x64) AppleWebKit/537.36 (KHTML, like Gecko) Chrome/120.0.0.0 Safari/537.36"
94.101.182.6 - - [27/Aug/2026:00:53:56 +0330] "POST /wp-cron.php?doing_wp_cron=1787779436.0901310443878173828125 HTTP/1.1" 200 0 "-" "WordPress/6.9.1; https://mahdetejarat.com"
185.215.232.194 - - [27/Aug/2026:00:53:52 +0330] "GET /randkeyword.PhP7 HTTP/1.1" 404 13731 "-" "Mozilla/5.0 (Windows NT 10.0; Win64; x64) AppleWebKit/537.36 (KHTML, like Gecko) Chrome/120.0.0.0 Safari/537.36"
185.215.232.194 - - [27/Aug/2026:00:53:56 +0330] "GET /wp-content/ HTTP/1.1" 200 0 "-" "Mozilla/5.0 (Windows NT 10.0; Win64; x64) AppleWebKit/537.36 (KHTML, like Gecko) Chrome/120.0.0.0 Safari/537.36"
185.215.232.194 - - [27/Aug/2026:00:54:04 +0330] "GET /wp-admin/classwithtostring.php HTTP/1.1" 404 13731 "-" "Mozilla/5.0 (Windows NT 10.0; Win64; x64) AppleWebKit/537.36 (KHTML, like Gecko) Chrome/120.0.0.0 Safari/537.36"
185.215.232.194 - - [27/Aug/2026:00:54:07 +0330] "GET /wp-includes//wp-includes/class-wp-simplepie-sanitize-kses.php HTTP/1.1" 301 0 "-" "-"
185.215.232.194 - - [27/Aug/2026:00:54:11 +0330] "GET /images/g3.php HTTP/1.1" 404 13731 "-" "Mozilla/5.0 (Windows NT 10.0; Win64; x64) AppleWebKit/537.36 (KHTML, like Gecko) Chrome/120.0.0.0 Safari/537.36"
185.215.232.194 - - [27/Aug/2026:00:54:11 +0330] "GET /rip.php HTTP/1.1" 404 13731 "-" "Mozilla/5.0 (Windows NT 10.0; Win64; x64) AppleWebKit/537.36 (KHTML, like Gecko) Chrome/120.0.0.0 Safari/537.36"
185.215.232.194 - - [27/Aug/2026:00:54:20 +0330] "GET /item.php HTTP/1.1" 404 13731 "-" "Mozilla/5.0 (Windows NT 10.0; Win64; x64) AppleWebKit/537.36 (KHTML, like Gecko) Chrome/120.0.0.0 Safari/537.36"
185.215.232.194 - - [27/Aug/2026:00:54:24 +0330] "GET /layout.php HTTP/1.1" 404 13731 "-" "Mozilla/5.0 (Windows NT 10.0; Win64; x64) AppleWebKit/537.36 (KHTML, like Gecko) Chrome/120.0.0.0 Safari/537.36"
185.215.232.194 - - [27/Aug/2026:00:54:28 +0330] "GET /ms-edit.php HTTP/1.1" 404 13731 "-" "Mozilla/5.0 (Windows NT 10.0; Win64; x64) AppleWebKit/537.36 (KHTML, like Gecko) Chrome/120.0.0.0 Safari/537.36"
185.215.232.194 - - [27/Aug/2026:00:54:29 +0330] "GET /wp-includes//wp-includes/class-wp-speculation-rules.php HTTP/1.1" 301 0 "-" "-"
185.215.232.194 - - [27/Aug/2026:00:53:55 +0330] "GET /cux.php HTTP/1.1" 404 13731 "-" "Mozilla/5.0 (Windows NT 10.0; Win64; x64) AppleWebKit/537.36 (KHTML, like Gecko) Chrome/120.0.0.0 Safari/537.36"
185.215.232.194 - - [27/Aug/2026:00:53:56 +0330] "GET /wp-includes/wp-includes/class-wp-session-tokens.php HTTP/1.1" 404 54959 "-" "-"
185.215.232.194 - - [27/Aug/2026:00:53:57 +0330] "GET /ww5.php HTTP/1.1" 404 13731 "-" "Mozilla/5.0 (Windows NT 10.0; Win64; x64) AppleWebKit/537.36 (KHTML, like Gecko) Chrome/120.0.0.0 Safari/537.36"
185.215.232.194 - - [27/Aug/2026:00:53:59 +0330] "GET /wp-includes//wp-includes/class-wp-simplepie-file.php HTTP/1.1" 301 0 "-" "-"
185.215.232.194 - - [27/Aug/2026:00:53:59 +0330] "GET /db.php HTTP/1.1" 404 13731 "-" "Mozilla/5.0 (Windows NT 10.0; Win64; x64) AppleWebKit/537.36 (KHTML, like Gecko) Chrome/120.0.0.0 Safari/537.36"
185.215.232.194 - - [27/Aug/2026:00:54:00 +0330] "GET /2.php HTTP/1.1" 404 13731 "-" "Mozilla/5.0 (Windows NT 10.0; Win64; x64) AppleWebKit/537.36 (KHTML, like Gecko) Chrome/120.0.0.0 Safari/537.36"
185.215.232.194 - - [27/Aug/2026:00:54:03 +0330] "GET /gebase.php HTTP/1.1" 404 13731 "-" "Mozilla/5.0 (Windows NT 10.0; Win64; x64) AppleWebKit/537.36 (KHTML, like Gecko) Chrome/120.0.0.0 Safari/537.36"
185.215.232.194 - - [27/Aug/2026:00:54:03 +0330] "GET /wp-includes/wp-includes/class-wp-simplepie-file.php HTTP/1.1" 404 54959 "-" "-"
185.215.232.194 - - [27/Aug/2026:00:54:07 +0330] "GET /images/2008.php HTTP/1.1" 404 13731 "-" "Mozilla/5.0 (Windows NT 10.0; Win64; x64) AppleWebKit/537.36 (KHTML, like Gecko) Chrome/120.0.0.0 Safari/537.36"
185.215.232.194 - - [27/Aug/2026:00:54:11 +0330] "GET /images/c99.php HTTP/1.1" 403 787 "-" "Mozilla/5.0 (Windows NT 10.0; Win64; x64) AppleWebKit/537.36 (KHTML, like Gecko) Chrome/120.0.0.0 Safari/537.36"
185.215.232.194 - - [27/Aug/2026:00:54:08 +0330] "GET /atomlib.php HTTP/1.1" 404 13731 "-" "Mozilla/5.0 (Windows NT 10.0; Win64; x64) AppleWebKit/537.36 (KHTML, like Gecko) Chrome/120.0.0.0 Safari/537.36"
185.215.232.194 - - [27/Aug/2026:00:54:11 +0330] "GET /wp-includes/wp-includes/class-wp-simplepie-sanitize-kses.php HTTP/1.1" 404 54959 "-" "-"
185.215.232.194 - - [27/Aug/2026:00:54:15 +0330] "GET /wp-includes//wp-includes/class-wp-site-query.php HTTP/1.1" 301 0 "-" "-"
185.215.232.194 - - [27/Aug/2026:00:54:15 +0330] "GET /p.php HTTP/1.1" 404 13731 "-" "Mozilla/5.0 (Windows NT 10.0; Win64; x64) AppleWebKit/537.36 (KHTML, like Gecko) Chrome/120.0.0.0 Safari/537.36"
185.215.232.194 - - [27/Aug/2026:00:54:15 +0330] "GET /img/omar.php.png HTTP/1.1" 404 54959 "-" "Mozilla/5.0 (Windows NT 10.0; Win64; x64) AppleWebKit/537.36 (KHTML, like Gecko) Chrome/120.0.0.0 Safari/537.36"
185.215.232.194 - - [27/Aug/2026:00:54:18 +0330] "GET /wp-includes/wp-includes/class-wp-site-query.php HTTP/1.1" 404 54959 "-" "-"
185.215.232.194 - - [27/Aug/2026:00:54:22 +0330] "GET /wp-includes//wp-includes/class-wp-site.php HTTP/1.1" 301 0 "-" "-"
185.215.232.194 - - [27/Aug/2026:00:54:26 +0330] "GET /wp-includes/wp-includes/class-wp-site.php HTTP/1.1" 404 54959 "-" "-"
185.215.232.194 - - [27/Aug/2026:00:54:40 +0330] "GET /woh.php HTTP/1.1" 404 13731 "-" "Mozilla/5.0 (Windows NT 10.0; Win64; x64) AppleWebKit/537.36 (KHTML, like Gecko) Chrome/120.0.0.0 Safari/537.36"
185.215.232.194 - - [27/Aug/2026:00:54:48 +0330] "GET /wp-includes//wp-includes/class-wp-tax-query.php HTTP/1.1" 301 0 "-" "-"
185.215.232.193 - - [27/Aug/2026:00:54:52 +0330] "GET /index.php/vod/play/id/8221/sid/1/nid/1.html HTTP/1.1" 301 0 "https://www.mahdetejarat.com/index.php/vod/search/page/4/wd/%E6%8C%89%E6%91%A9.html" "Mozilla/5.0 (Linux; Android 7.0;) AppleWebKit/537.36 (HTML, like Gecko) Mobile Safari/537.36 (compatible; PetalBot;+https://webmaster.petalsearch.com/site/petalbot)"
185.215.232.194 - - [27/Aug/2026:00:54:51 +0330] "GET /wp-includes/wp-includes/class-wp-tax-query.php HTTP/1.1" 404 54959 "-" "-"
185.215.232.194 - - [27/Aug/2026:00:54:58 +0330] "GET /wp-includes/wp-includes/class-wp-taxonomy.php HTTP/1.1" 404 54959 "-" "-"
185.215.232.194 - - [27/Aug/2026:00:54:33 +0330] "GET /randkeyword.PhP7 HTTP/1.1" 404 13731 "-" "Mozilla/5.0 (Windows NT 10.0; Win64; x64) AppleWebKit/537.36 (KHTML, like Gecko) Chrome/120.0.0.0 Safari/537.36"
185.215.232.194 - - [27/Aug/2026:00:54:34 +0330] "GET /wp-includes/wp-includes/class-wp-speculation-rules.php HTTP/1.1" 404 54959 "-" "-"
185.215.232.194 - - [27/Aug/2026:00:54:37 +0330] "GET /upload.php HTTP/1.1" 404 13731 "-" "Mozilla/5.0 (Windows NT 10.0; Win64; x64) AppleWebKit/537.36 (KHTML, like Gecko) Chrome/120.0.0.0 Safari/537.36"
185.215.232.194 - - [27/Aug/2026:00:54:38 +0330] "GET /wp-includes//wp-includes/class-wp-styles.php HTTP/1.1" 301 0 "-" "-"
185.215.232.194 - - [27/Aug/2026:00:54:44 +0330] "GET /wso.php HTTP/1.1" 403 787 "-" "Mozilla/5.0 (Windows NT 10.0; Win64; x64) AppleWebKit/537.36 (KHTML, like Gecko) Chrome/120.0.0.0 Safari/537.36"
185.215.232.194 - - [27/Aug/2026:00:54:43 +0330] "GET /wp-includes/wp-includes/class-wp-styles.php HTTP/1.1" 404 54959 "-" "-"
185.215.232.194 - - [27/Aug/2026:00:54:44 +0330] "GET /wp/index.php HTTP/1.1" 301 0 "-" "Mozilla/5.0 (Windows NT 10.0; Win64; x64) AppleWebKit/537.36 (KHTML, like Gecko) Chrome/120.0.0.0 Safari/537.36"
185.215.232.193 - - [27/Aug/2026:00:54:55 +0330] "GET /vod/play/id/8221/sid/1/nid/1.html HTTP/1.1" 404 13731 "https://www.mahdetejarat.com/index.php/vod/search/page/4/wd/%E6%8C%89%E6%91%A9.html" "Mozilla/5.0 (Linux; Android 7.0;) AppleWebKit/537.36 (HTML, like Gecko) Mobile Safari/537.36 (compatible; PetalBot;+https://webmaster.petalsearch.com/site/petalbot)"
185.215.232.194 - - [27/Aug/2026:00:54:55 +0330] "GET /wp-includes//wp-includes/class-wp-taxonomy.php HTTP/1.1" 301 0 "-" "-"
94.101.182.6 - - [27/Aug/2026:00:55:02 +0330] "POST /wp-cron.php?doing_wp_cron=1787779502.4762129783630371093750 HTTP/1.1" 200 0 "-" "WordPress/6.9.1; https://mahdetejarat.com"
185.215.232.194 - - [27/Aug/2026:00:55:03 +0330] "GET /wp-includes//wp-includes/class-wp-term-query.php HTTP/1.1" 301 0 "-" "-"
94.101.182.6 - - [27/Aug/2026:00:55:10 +0330] "POST /wp-cron.php?doing_wp_cron=1787779509.9935159683227539062500 HTTP/1.1" 200 0 "-" "WordPress/6.9.1; https://mahdetejarat.com"
185.215.232.194 - - [27/Aug/2026:00:55:06 +0330] "GET /wp-includes/wp-includes/class-wp-term-query.php HTTP/1.1" 404 54959 "-" "-"
185.215.232.194 - - [27/Aug/2026:00:55:14 +0330] "GET /wp-includes/wp-includes/class-wp-term.php HTTP/1.1" 404 54959 "-" "-"
185.215.232.194 - - [27/Aug/2026:00:55:18 +0330] "GET /wp-includes//wp-includes/class-wp-text-diff-renderer-inline.php HTTP/1.1" 301 0 "-" "-"
185.215.232.194 - - [27/Aug/2026:00:55:21 +0330] "GET /wp-includes/wp-includes/class-wp-text-diff-renderer-inline.php HTTP/1.1" 404 54959 "-" "-"
185.215.232.194 - - [27/Aug/2026:00:55:27 +0330] "GET /wp-includes//wp-includes/class-wp-text-diff-renderer-table.php HTTP/1.1" 301 0 "-" "-"
185.215.232.194 - - [27/Aug/2026:00:55:44 +0330] "GET /wp-includes//wp-includes/class-wp-theme-json-data.php HTTP/1.1" 301 0 "-" "-"
185.215.232.194 - - [27/Aug/2026:00:55:47 +0330] "GET /wp-includes/wp-includes/class-wp-theme-json-data.php HTTP/1.1" 404 54959 "-" "-"
185.215.232.194 - - [27/Aug/2026:00:56:00 +0330] "GET /wp-includes/wp-includes/class-wp-theme-json-resolver.php HTTP/1.1" 404 54959 "-" "-"
185.215.232.194 - - [27/Aug/2026:00:56:04 +0330] "GET /wp-includes//wp-includes/class-wp-theme-json-schema.php HTTP/1.1" 301 0 "-" "-"
185.215.232.194 - - [27/Aug/2026:00:56:08 +0330] "GET /wp-includes/wp-includes/class-wp-theme-json-schema.php HTTP/1.1" 404 54959 "-" "-"
185.215.232.194 - - [27/Aug/2026:00:56:13 +0330] "GET /wp-includes//wp-includes/class-wp-theme-json.php HTTP/1.1" 301 0 "-" "-"
185.215.232.193 - - [27/Aug/2026:00:56:15 +0330] "GET /index.php/vod/play/id/339/sid/1/nid/1.html HTTP/1.1" 301 0 "http://mahdetejarat.com/index.php/vod/play/id/752/sid/1/nid/1.html" "Mozilla/5.0 (Linux; Android 7.0;) AppleWebKit/537.36 (HTML, like Gecko) Mobile Safari/537.36 (compatible; PetalBot;+https://webmaster.petalsearch.com/site/petalbot)"
185.215.232.194 - - [27/Aug/2026:00:55:11 +0330] "GET /wp-includes//wp-includes/class-wp-term.php HTTP/1.1" 301 0 "-" "-"
185.215.232.194 - - [27/Aug/2026:00:55:31 +0330] "GET /wp-includes/wp-includes/class-wp-text-diff-renderer-table.php HTTP/1.1" 404 54959 "-" "-"
185.215.232.194 - - [27/Aug/2026:00:55:37 +0330] "GET /wp-includes//wp-includes/class-wp-textdomain-registry.php HTTP/1.1" 301 0 "-" "-"
185.215.232.194 - - [27/Aug/2026:00:55:41 +0330] "GET /wp-includes/wp-includes/class-wp-textdomain-registry.php HTTP/1.1" 404 54959 "-" "-"
94.101.183.3 - - [27/Aug/2026:00:56:00 +0330] "POST /wp-cron.php?doing_wp_cron=1787779560.0943019390106201171875 HTTP/1.1" 200 0 "-" "WordPress/6.9.1; https://mahdetejarat.com"
185.215.232.194 - - [27/Aug/2026:00:55:53 +0330] "GET /wp-includes//wp-includes/class-wp-theme-json-resolver.php HTTP/1.1" 301 0 "-" "-"
94.101.183.3 - - [27/Aug/2026:00:56:12 +0330] "POST /wp-cron.php?doing_wp_cron=1787779572.7270710468292236328125 HTTP/1.1" 200 0 "-" "WordPress/6.9.1; https://mahdetejarat.com"
185.215.232.194 - - [27/Aug/2026:00:56:28 +0330] "GET /wp-includes//wp-includes/class-wp-token-map.php HTTP/1.1" 301 0 "-" "-"
185.215.232.194 - - [27/Aug/2026:00:56:38 +0330] "GET /wp-includes/wp-includes/class-wp-url-pattern-prefixer.php HTTP/1.1" 404 54959 "-" "-"
185.215.232.194 - - [27/Aug/2026:00:56:42 +0330] "GET /wp-includes//wp-includes/class-wp-user-meta-session-tokens.php HTTP/1.1" 301 0 "-" "-"
185.215.232.194 - - [27/Aug/2026:00:56:45 +0330] "GET /wp-includes/wp-includes/class-wp-user-meta-session-tokens.php HTTP/1.1" 404 54959 "-" "-"
185.215.232.194 - - [27/Aug/2026:00:56:49 +0330] "GET /wp-includes//wp-includes/class-wp-user-query.php HTTP/1.1" 301 0 "-" "-"
94.101.183.3 - - [27/Aug/2026:00:56:59 +0330] "POST /wp-cron.php?doing_wp_cron=1787779619.2871930599212646484375 HTTP/1.1" 200 0 "-" "WordPress/6.9.1; https://mahdetejarat.com"
185.215.232.194 - - [27/Aug/2026:00:57:00 +0330] "GET /wp-includes//wp-includes/class-wp-user-request.php HTTP/1.1" 301 0 "-" "-"
94.101.183.3 - - [27/Aug/2026:00:57:09 +0330] "POST /wp-cron.php?doing_wp_cron=1787779629.8007299900054931640625 HTTP/1.1" 200 0 "-" "WordPress/6.9.1; https://mahdetejarat.com"
185.215.232.194 - - [27/Aug/2026:00:57:07 +0330] "GET /wp-includes//wp-includes/class-wp-user.php HTTP/1.1" 301 0 "-" "-"
185.215.232.194 - - [27/Aug/2026:00:57:14 +0330] "GET /wp-includes//wp-includes/class-wp-walker.php HTTP/1.1" 301 0 "-" "-"
185.215.232.194 - - [27/Aug/2026:00:57:20 +0330] "GET /wp-includes//wp-includes/class-wp-widget-factory.php HTTP/1.1" 301 0 "-" "-"
185.215.232.194 - - [27/Aug/2026:00:57:30 +0330] "GET /wp-includes/wp-includes/class-wp-widget.php HTTP/1.1" 404 54959 "-" "-"
185.215.232.194 - - [27/Aug/2026:00:57:37 +0330] "GET /wp-includes/wp-includes/class-wp-xmlrpc-server.php HTTP/1.1" 404 54959 "-" "-"
185.215.232.194 - - [27/Aug/2026:00:57:44 +0330] "GET /wp-includes/wp-includes/class-wp.php HTTP/1.1" 404 54959 "-" "-"
185.215.232.194 - - [27/Aug/2026:00:57:48 +0330] "GET /wp-includes//wp-includes/class-wpdb.php HTTP/1.1" 301 0 "-" "-"
185.215.232.193 - - [27/Aug/2026:00:57:51 +0330] "GET /vod/play/id/2532/sid/1/nid/1.html HTTP/1.1" 404 13731 "http://mahdetejarat.com/index.php/vod/play/id/996/sid/1/nid/1.html" "Mozilla/5.0 (Linux; Android 7.0;) AppleWebKit/537.36 (HTML, like Gecko) Mobile Safari/537.36 (compatible; PetalBot;+https://webmaster.petalsearch.com/site/petalbot)"
94.101.183.3 - - [27/Aug/2026:00:58:08 +0330] "POST /wp-cron.php?doing_wp_cron=1787779688.2848680019378662109375 HTTP/1.1" 200 0 "-" "WordPress/6.9.1; https://mahdetejarat.com"
185.215.232.194 - - [27/Aug/2026:00:58:08 +0330] "GET /wp-includes/wp-includes/class.wp-scripts.php HTTP/1.1" 404 54959 "-" "-"
185.215.232.194 - - [27/Aug/2026:00:58:16 +0330] "GET /wp-includes/wp-includes/class.wp-styles.php HTTP/1.1" 404 54959 "-" "-"
185.215.232.194 - - [27/Aug/2026:00:58:21 +0330] "GET /wp-includes//wp-includes/comment-template.php HTTP/1.1" 301 0 "-" "-"
185.215.232.194 - - [27/Aug/2026:00:56:16 +0330] "GET /wp-includes/wp-includes/class-wp-theme-json.php HTTP/1.1" 404 54959 "-" "-"
185.215.232.194 - - [27/Aug/2026:00:56:21 +0330] "GET /wp-includes//wp-includes/class-wp-theme.php HTTP/1.1" 301 0 "-" "-"
185.215.232.193 - - [27/Aug/2026:00:56:21 +0330] "GET /vod/play/id/339/sid/1/nid/1.html HTTP/1.1" 404 13731 "http://mahdetejarat.com/index.php/vod/play/id/752/sid/1/nid/1.html" "Mozilla/5.0 (Linux; Android 7.0;) AppleWebKit/537.36 (HTML, like Gecko) Mobile Safari/537.36 (compatible; PetalBot;+https://webmaster.petalsearch.com/site/petalbot)"
185.215.232.194 - - [27/Aug/2026:00:56:24 +0330] "GET /wp-includes/wp-includes/class-wp-theme.php HTTP/1.1" 404 54959 "-" "-"
185.215.232.194 - - [27/Aug/2026:00:56:31 +0330] "GET /wp-includes/wp-includes/class-wp-token-map.php HTTP/1.1" 404 54959 "-" "-"
185.215.232.194 - - [27/Aug/2026:00:56:35 +0330] "GET /wp-includes//wp-includes/class-wp-url-pattern-prefixer.php HTTP/1.1" 301 0 "-" "-"
185.215.232.194 - - [27/Aug/2026:00:56:53 +0330] "GET /wp-includes/wp-includes/class-wp-user-query.php HTTP/1.1" 404 54959 "-" "-"
185.215.232.194 - - [27/Aug/2026:00:57:03 +0330] "GET /wp-includes/wp-includes/class-wp-user-request.php HTTP/1.1" 404 54959 "-" "-"
185.215.232.194 - - [27/Aug/2026:00:57:10 +0330] "GET /wp-includes/wp-includes/class-wp-user.php HTTP/1.1" 404 54959 "-" "-"
185.215.232.194 - - [27/Aug/2026:00:57:17 +0330] "GET /wp-includes/wp-includes/class-wp-walker.php HTTP/1.1" 404 54959 "-" "-"
185.215.232.194 - - [27/Aug/2026:00:57:23 +0330] "GET /wp-includes/wp-includes/class-wp-widget-factory.php HTTP/1.1" 404 54959 "-" "-"
185.215.232.194 - - [27/Aug/2026:00:57:27 +0330] "GET /wp-includes//wp-includes/class-wp-widget.php HTTP/1.1" 301 0 "-" "-"
185.215.232.194 - - [27/Aug/2026:00:57:34 +0330] "GET /wp-includes//wp-includes/class-wp-xmlrpc-server.php HTTP/1.1" 301 0 "-" "-"
185.215.232.194 - - [27/Aug/2026:00:57:41 +0330] "GET /wp-includes//wp-includes/class-wp.php HTTP/1.1" 301 0 "-" "-"
185.215.232.193 - - [27/Aug/2026:00:57:48 +0330] "GET /index.php/vod/play/id/2532/sid/1/nid/1.html HTTP/1.1" 301 0 "http://mahdetejarat.com/index.php/vod/play/id/996/sid/1/nid/1.html" "Mozilla/5.0 (Linux; Android 7.0;) AppleWebKit/537.36 (HTML, like Gecko) Mobile Safari/537.36 (compatible; PetalBot;+https://webmaster.petalsearch.com/site/petalbot)"
94.101.183.3 - - [27/Aug/2026:00:57:57 +0330] "POST /wp-cron.php?doing_wp_cron=1787779677.4886279106140136718750 HTTP/1.1" 200 0 "-" "WordPress/6.9.1; https://mahdetejarat.com"
185.215.232.194 - - [27/Aug/2026:00:57:51 +0330] "GET /wp-includes/wp-includes/class-wpdb.php HTTP/1.1" 404 54959 "-" "-"
185.215.232.194 - - [27/Aug/2026:00:57:58 +0330] "GET /wp-includes//wp-includes/class.wp-dependencies.php HTTP/1.1" 301 0 "-" "-"
185.215.232.194 - - [27/Aug/2026:00:58:01 +0330] "GET /wp-includes/wp-includes/class.wp-dependencies.php HTTP/1.1" 404 54959 "-" "-"
185.215.232.194 - - [27/Aug/2026:00:58:05 +0330] "GET /wp-includes//wp-includes/class.wp-scripts.php HTTP/1.1" 301 0 "-" "-"
185.215.232.194 - - [27/Aug/2026:00:58:13 +0330] "GET /wp-includes//wp-includes/class.wp-styles.php HTTP/1.1" 301 0 "-" "-"
185.215.232.194 - - [27/Aug/2026:00:58:28 +0330] "GET /wp-includes//wp-includes/comment.php HTTP/1.1" 301 0 "-" "-"
185.215.232.194 - - [27/Aug/2026:00:58:35 +0330] "GET /wp-includes//wp-includes/compat-utf8.php HTTP/1.1" 301 0 "-" "-"
185.215.232.194 - - [27/Aug/2026:00:58:38 +0330] "GET /wp-includes/wp-includes/compat-utf8.php HTTP/1.1" 404 54959 "-" "-"
185.215.232.194 - - [27/Aug/2026:00:58:42 +0330] "GET /wp-includes//wp-includes/compat.php HTTP/1.1" 301 0 "-" "-"
185.215.232.194 - - [27/Aug/2026:00:58:46 +0330] "GET /wp-includes/wp-includes/compat.php HTTP/1.1" 404 54959 "-" "-"
185.215.232.194 - - [27/Aug/2026:00:58:49 +0330] "GET /wp-includes//wp-includes/cron.php HTTP/1.1" 301 0 "-" "-"
94.101.183.3 - - [27/Aug/2026:00:58:56 +0330] "POST /wp-cron.php?doing_wp_cron=1787779736.0700418949127197265625 HTTP/1.1" 200 0 "-" "WordPress/6.9.1; https://mahdetejarat.com"
185.215.232.194 - - [27/Aug/2026:00:58:24 +0330] "GET /wp-includes/wp-includes/comment-template.php HTTP/1.1" 404 54959 "-" "-"
185.215.232.194 - - [27/Aug/2026:00:58:31 +0330] "GET /wp-includes/wp-includes/comment.php HTTP/1.1" 404 54959 "-" "-"
185.215.232.194 - - [27/Aug/2026:00:58:52 +0330] "GET /wp-includes/wp-includes/cron.php HTTP/1.1" 404 54959 "-" "-"
185.215.232.194 - - [27/Aug/2026:00:58:59 +0330] "GET /wp-includes/wp-includes/date.php HTTP/1.1" 404 54959 "-" "-"
185.215.232.193 - - [27/Aug/2026:00:59:02 +0330] "GET /index.php/vod/play/id/2368/sid/1/nid/1.html HTTP/1.1" 301 0 "http://mahdetejarat.com/index.php/vod/play/id/181/sid/1/nid/1.html" "Mozilla/5.0 (Linux; Android 7.0;) AppleWebKit/537.36 (HTML, like Gecko) Mobile Safari/537.36 (compatible; PetalBot;+https://webmaster.petalsearch.com/site/petalbot)"
94.101.183.3 - - [27/Aug/2026:00:59:09 +0330] "POST /wp-cron.php?doing_wp_cron=1787779749.6092550754547119140625 HTTP/1.1" 200 0 "-" "WordPress/6.9.1; https://mahdetejarat.com"
185.215.232.193 - - [27/Aug/2026:00:59:06 +0330] "GET /vod/play/id/2368/sid/1/nid/1.html HTTP/1.1" 404 13731 "http://mahdetejarat.com/index.php/vod/play/id/181/sid/1/nid/1.html" "Mozilla/5.0 (Linux; Android 7.0;) AppleWebKit/537.36 (HTML, like Gecko) Mobile Safari/537.36 (compatible; PetalBot;+https://webmaster.petalsearch.com/site/petalbot)"
185.215.232.194 - - [27/Aug/2026:00:59:06 +0330] "GET /wp-includes/wp-includes/default-constants.php HTTP/1.1" 404 54959 "-" "-"
185.215.232.194 - - [27/Aug/2026:00:59:11 +0330] "GET /wp-includes//wp-includes/default-filters.php HTTP/1.1" 301 0 "-" "-"
185.215.232.194 - - [27/Aug/2026:00:59:18 +0330] "GET /wp-includes//wp-includes/default-widgets.php HTTP/1.1" 301 0 "-" "-"
185.215.232.194 - - [27/Aug/2026:00:59:21 +0330] "GET /wp-includes/wp-includes/default-widgets.php HTTP/1.1" 404 54959 "-" "-"
185.215.232.194 - - [27/Aug/2026:00:59:28 +0330] "GET /wp-includes/wp-includes/deprecated.php HTTP/1.1" 404 54959 "-" "-"
185.215.232.194 - - [27/Aug/2026:00:59:32 +0330] "GET /wp-includes//wp-includes/embed-template.php HTTP/1.1" 301 0 "-" "-"
185.215.232.194 - - [27/Aug/2026:00:59:35 +0330] "GET /wp-includes/wp-includes/embed-template.php HTTP/1.1" 404 54959 "-" "-"
185.215.232.194 - - [27/Aug/2026:00:59:39 +0330] "GET /wp-includes//wp-includes/embed.php HTTP/1.1" 301 0 "-" "-"
185.215.232.194 - - [27/Aug/2026:00:59:42 +0330] "GET /wp-includes/wp-includes/embed.php HTTP/1.1" 404 54959 "-" "-"
185.215.232.194 - - [27/Aug/2026:00:59:46 +0330] "GET /wp-includes//wp-includes/error-protection.php HTTP/1.1" 301 0 "-" "-"
185.215.232.194 - - [27/Aug/2026:00:59:49 +0330] "GET /wp-includes/wp-includes/error-protection.php HTTP/1.1" 404 54959 "-" "-"
185.215.232.194 - - [27/Aug/2026:00:59:53 +0330] "GET /wp-includes//wp-includes/error_log HTTP/1.1" 301 0 "-" "-"
185.215.232.194 - - [27/Aug/2026:01:00:13 +0330] "GET /wp-includes/wp-includes/feed-atom.php HTTP/1.1" 404 54959 "-" "-"
185.215.232.194 - - [27/Aug/2026:01:00:20 +0330] "GET /wp-includes/wp-includes/feed-rdf.php HTTP/1.1" 404 54959 "-" "-"
185.215.232.194 - - [27/Aug/2026:01:00:27 +0330] "GET /wp-includes//wp-includes/feed-rss.php HTTP/1.1" 301 0 "-" "-"
185.215.232.194 - - [27/Aug/2026:01:00:30 +0330] "GET /wp-includes/wp-includes/feed-rss.php HTTP/1.1" 404 54959 "-" "-"
185.215.232.194 - - [27/Aug/2026:01:00:34 +0330] "GET /wp-includes//wp-includes/feed-rss2-comments.php HTTP/1.1" 301 0 "-" "-"
185.215.232.194 - - [27/Aug/2026:01:00:37 +0330] "GET /wp-includes/wp-includes/feed-rss2-comments.php HTTP/1.1" 404 54959 "-" "-"
185.215.232.194 - - [27/Aug/2026:01:00:41 +0330] "GET /wp-includes//wp-includes/feed-rss2.php HTTP/1.1" 301 0 "-" "-"
185.215.232.194 - - [27/Aug/2026:01:00:50 +0330] "GET /wp-includes//wp-includes/feed.php HTTP/1.1" 301 0 "-" "-"
94.101.183.3 - - [27/Aug/2026:01:00:57 +0330] "POST /wp-cron.php?doing_wp_cron=1787779857.1600151062011718750000 HTTP/1.1" 200 0 "-" "WordPress/6.9.1; https://mahdetejarat.com"
185.215.232.194 - - [27/Aug/2026:01:00:53 +0330] "GET /wp-includes/wp-includes/feed.php HTTP/1.1" 404 54959 "-" "-"
185.215.232.194 - - [27/Aug/2026:00:58:56 +0330] "GET /wp-includes//wp-includes/date.php HTTP/1.1" 301 0 "-" "-"
185.215.232.194 - - [27/Aug/2026:00:59:03 +0330] "GET /wp-includes//wp-includes/default-constants.php HTTP/1.1" 301 0 "-" "-"
185.215.232.194 - - [27/Aug/2026:00:59:14 +0330] "GET /wp-includes/wp-includes/default-filters.php HTTP/1.1" 404 54959 "-" "-"
185.215.232.194 - - [27/Aug/2026:00:59:25 +0330] "GET /wp-includes//wp-includes/deprecated.php HTTP/1.1" 301 0 "-" "-"
94.101.183.3 - - [27/Aug/2026:00:59:56 +0330] "POST /wp-cron.php?doing_wp_cron=1787779796.4466300010681152343750 HTTP/1.1" 200 0 "-" "WordPress/6.9.1; https://mahdetejarat.com"
185.215.232.194 - - [27/Aug/2026:00:59:56 +0330] "GET /wp-includes/wp-includes/error_log HTTP/1.1" 404 54959 "-" "-"
185.215.232.194 - - [27/Aug/2026:01:00:01 +0330] "GET /wp-includes//wp-includes/feed-atom-comments.php HTTP/1.1" 301 0 "-" "-"
94.101.183.3 - - [27/Aug/2026:01:00:09 +0330] "POST /wp-cron.php?doing_wp_cron=1787779808.9157240390777587890625 HTTP/1.1" 200 0 "-" "WordPress/6.9.1; https://mahdetejarat.com"
185.215.232.194 - - [27/Aug/2026:01:00:04 +0330] "GET /wp-includes/wp-includes/feed-atom-comments.php HTTP/1.1" 404 54959 "-" "-"
185.215.232.194 - - [27/Aug/2026:01:00:09 +0330] "GET /wp-includes//wp-includes/feed-atom.php HTTP/1.1" 301 0 "-" "-"
185.215.232.194 - - [27/Aug/2026:01:00:17 +0330] "GET /wp-includes//wp-includes/feed-rdf.php HTTP/1.1" 301 0 "-" "-"
185.215.232.193 - - [27/Aug/2026:01:00:26 +0330] "GET /index.php/vod/play/id/2146/sid/1/nid/1.html HTTP/1.1" 301 0 "http://mahdetejarat.com/index.php/vod/play/id/6029/sid/1/nid/1.html" "Mozilla/5.0 (Linux; Android 7.0;) AppleWebKit/537.36 (HTML, like Gecko) Mobile Safari/537.36 (compatible; PetalBot;+https://webmaster.petalsearch.com/site/petalbot)"
185.215.232.193 - - [27/Aug/2026:01:00:30 +0330] "GET /vod/play/id/2146/sid/1/nid/1.html HTTP/1.1" 404 13731 "http://mahdetejarat.com/index.php/vod/play/id/6029/sid/1/nid/1.html" "Mozilla/5.0 (Linux; Android 7.0;) AppleWebKit/537.36 (HTML, like Gecko) Mobile Safari/537.36 (compatible; PetalBot;+https://webmaster.petalsearch.com/site/petalbot)"
185.215.232.194 - - [27/Aug/2026:01:00:44 +0330] "GET /wp-includes/wp-includes/feed-rss2.php HTTP/1.1" 404 54959 "-" "-"
185.215.232.194 - - [27/Aug/2026:01:01:00 +0330] "GET /wp-includes/wp-includes/fonts.php HTTP/1.1" 404 54959 "-" "-"
185.215.232.194 - - [27/Aug/2026:01:01:08 +0330] "GET /wp-includes/wp-includes/formatting.php HTTP/1.1" 404 54959 "-" "-"
185.215.232.194 - - [27/Aug/2026:01:01:13 +0330] "GET /wp-includes//wp-includes/functions.php HTTP/1.1" 301 0 "-" "-"
185.215.232.194 - - [27/Aug/2026:01:01:34 +0330] "GET /wp-includes//wp-includes/general-template.php HTTP/1.1" 301 0 "-" "-"
185.215.232.194 - - [27/Aug/2026:01:01:37 +0330] "GET /wp-includes/wp-includes/general-template.php HTTP/1.1" 404 54959 "-" "-"
185.215.232.194 - - [27/Aug/2026:01:01:48 +0330] "GET /wp-includes//wp-includes/http.php HTTP/1.1" 301 0 "-" "-"
185.215.232.193 - - [27/Aug/2026:01:01:49 +0330] "GET /index.php/vod/play/id/19439/sid/1/nid/1.html HTTP/1.1" 301 0 "http://mahdetejarat.com/index.php/vod/play/id/4630/sid/1/nid/1.html" "Mozilla/5.0 (Linux; Android 7.0;) AppleWebKit/537.36 (HTML, like Gecko) Mobile Safari/537.36 (compatible; PetalBot;+https://webmaster.petalsearch.com/site/petalbot)"
185.215.232.194 - - [27/Aug/2026:01:01:52 +0330] "GET /wp-includes/wp-includes/http.php HTTP/1.1" 404 54959 "-" "-"
94.101.183.3 - - [27/Aug/2026:01:01:56 +0330] "POST /wp-cron.php?doing_wp_cron=1787779916.1588571071624755859375 HTTP/1.1" 200 0 "-" "WordPress/6.9.1; https://mahdetejarat.com"
185.215.232.194 - - [27/Aug/2026:01:01:56 +0330] "GET /wp-includes//wp-includes/https-detection.php HTTP/1.1" 301 0 "-" "-"
185.215.232.194 - - [27/Aug/2026:01:01:59 +0330] "GET /wp-includes/wp-includes/https-detection.php HTTP/1.1" 404 54959 "-" "-"
185.215.232.194 - - [27/Aug/2026:01:02:08 +0330] "GET /wp-includes/wp-includes/https-migration.php HTTP/1.1" 404 54959 "-" "-"
185.215.232.194 - - [27/Aug/2026:01:00:57 +0330] "GET /wp-includes//wp-includes/fonts.php HTTP/1.1" 301 0 "-" "-"
94.101.183.3 - - [27/Aug/2026:01:01:08 +0330] "POST /wp-cron.php?doing_wp_cron=1787779868.2711479663848876953125 HTTP/1.1" 200 0 "-" "WordPress/6.9.1; https://mahdetejarat.com"
185.215.232.194 - - [27/Aug/2026:01:01:05 +0330] "GET /wp-includes//wp-includes/formatting.php HTTP/1.1" 301 0 "-" "-"
185.215.232.194 - - [27/Aug/2026:01:01:16 +0330] "GET /wp-includes/wp-includes/functions.php HTTP/1.1" 404 54959 "-" "-"
185.215.232.194 - - [27/Aug/2026:01:01:21 +0330] "GET /wp-includes//wp-includes/functions.wp-scripts.php HTTP/1.1" 301 0 "-" "-"
185.215.232.194 - - [27/Aug/2026:01:01:23 +0330] "GET /wp-includes/wp-includes/functions.wp-scripts.php HTTP/1.1" 404 54959 "-" "-"
185.215.232.194 - - [27/Aug/2026:01:01:27 +0330] "GET /wp-includes//wp-includes/functions.wp-styles.php HTTP/1.1" 301 0 "-" "-"
185.215.232.194 - - [27/Aug/2026:01:01:31 +0330] "GET /wp-includes/wp-includes/functions.wp-styles.php HTTP/1.1" 404 54959 "-" "-"
185.215.232.194 - - [27/Aug/2026:01:01:42 +0330] "GET /wp-includes//wp-includes/global-styles-and-settings.php HTTP/1.1" 301 0 "-" "-"
185.215.232.194 - - [27/Aug/2026:01:01:44 +0330] "GET /wp-includes/wp-includes/global-styles-and-settings.php HTTP/1.1" 404 54959 "-" "-"
185.215.232.193 - - [27/Aug/2026:01:01:52 +0330] "GET /vod/play/id/19439/sid/1/nid/1.html HTTP/1.1" 404 13731 "http://mahdetejarat.com/index.php/vod/play/id/4630/sid/1/nid/1.html" "Mozilla/5.0 (Linux; Android 7.0;) AppleWebKit/537.36 (HTML, like Gecko) Mobile Safari/537.36 (compatible; PetalBot;+https://webmaster.petalsearch.com/site/petalbot)"
185.215.232.194 - - [27/Aug/2026:01:02:05 +0330] "GET /wp-includes//wp-includes/https-migration.php HTTP/1.1" 301 0 "-" "-"
94.101.183.3 - - [27/Aug/2026:01:02:11 +0330] "POST /wp-cron.php?doing_wp_cron=1787779931.2412850856781005859375 HTTP/1.1" 200 0 "-" "WordPress/6.9.1; https://mahdetejarat.com"
185.215.232.194 - - [27/Aug/2026:01:02:15 +0330] "GET /wp-includes/wp-includes/kses.php HTTP/1.1" 404 54959 "-" "-"
185.215.232.194 - - [27/Aug/2026:01:02:19 +0330] "GET /wp-includes//wp-includes/l10n.php HTTP/1.1" 301 0 "-" "-"
185.215.232.194 - - [27/Aug/2026:01:02:21 +0330] "GET /wp-includes/wp-includes/l10n.php HTTP/1.1" 404 54959 "-" "-"
185.215.232.194 - - [27/Aug/2026:01:02:25 +0330] "GET /wp-includes//wp-includes/link-template.php HTTP/1.1" 301 0 "-" "-"
185.215.232.194 - - [27/Aug/2026:01:02:59 +0330] "GET / HTTP/1.1" 200 25822 "http://mahdetejarat.com" "Mozilla/5.0 (iPhone; CPU iPhone OS 13_2_3 like Mac OS X) AppleWebKit/605.1.15 (KHTML, like Gecko) Version/13.0.3 Mobile/15E148 Safari/604.1"
94.101.183.3 - - [27/Aug/2026:01:02:59 +0330] "POST /wp-cron.php?doing_wp_cron=1787779979.9143359661102294921875 HTTP/1.1" 200 0 "-" "WordPress/6.9.1; https://mahdetejarat.com"
185.215.232.194 - - [27/Aug/2026:01:03:00 +0330] "GET /wp-includes//wp-includes/meta.php HTTP/1.1" 301 0 "-" "-"
185.215.232.194 - - [27/Aug/2026:01:03:08 +0330] "GET /wp-includes//wp-includes/ms-blogs.php HTTP/1.1" 301 0 "-" "-"
185.215.232.193 - - [27/Aug/2026:01:03:17 +0330] "GET /vod/play/id/16605/sid/1/nid/1.html HTTP/1.1" 404 13731 "http://mahdetejarat.com/index.php/vod/play/id/6653/sid/1/nid/1.html" "Mozilla/5.0 (Linux; Android 7.0;) AppleWebKit/537.36 (HTML, like Gecko) Mobile Safari/537.36 (compatible; PetalBot;+https://webmaster.petalsearch.com/site/petalbot)"
185.215.232.194 - - [27/Aug/2026:01:03:22 +0330] "GET /wp-includes//wp-includes/ms-default-filters.php HTTP/1.1" 301 0 "-" "-"
185.215.232.194 - - [27/Aug/2026:01:03:24 +0330] "GET /wp-includes/wp-includes/ms-default-filters.php HTTP/1.1" 404 54959 "-" "-"
185.215.232.194 - - [27/Aug/2026:01:03:28 +0330] "GET /wp-includes//wp-includes/ms-deprecated.php HTTP/1.1" 301 0 "-" "-"
185.215.232.195 - - [27/Aug/2026:01:03:34 +0330] "GET /robots.txt HTTP/1.1" 200 163 "-" "Mozilla/5.0 AppleWebKit/537.36 (KHTML, like Gecko; compatible; ClaudeBot/1.0; +claudebot@anthropic.com)"
185.215.232.194 - - [27/Aug/2026:01:02:11 +0330] "GET /wp-includes//wp-includes/kses.php HTTP/1.1" 301 0 "-" "-"
185.215.232.194 - - [27/Aug/2026:01:02:28 +0330] "GET /wp-includes/wp-includes/link-template.php HTTP/1.1" 404 54959 "-" "-"
185.215.232.194 - - [27/Aug/2026:01:02:32 +0330] "GET /wp-includes//wp-includes/load.php HTTP/1.1" 301 0 "-" "-"
185.215.232.194 - - [27/Aug/2026:01:02:35 +0330] "GET /wp-includes/wp-includes/load.php HTTP/1.1" 404 54959 "-" "-"
185.215.232.194 - - [27/Aug/2026:01:02:39 +0330] "GET /wp-includes//wp-includes/locale.php HTTP/1.1" 301 0 "-" "-"
185.215.232.194 - - [27/Aug/2026:01:02:42 +0330] "GET /wp-includes/wp-includes/locale.php HTTP/1.1" 404 54959 "-" "-"
185.215.232.194 - - [27/Aug/2026:01:02:45 +0330] "GET /wp-includes//wp-includes/media-template.php HTTP/1.1" 301 0 "-" "-"
94.101.183.3 - - [27/Aug/2026:01:02:53 +0330] "POST /wp-cron.php?doing_wp_cron=1787779973.0421099662780761718750 HTTP/1.1" 200 0 "-" "WordPress/6.9.1; https://mahdetejarat.com"
185.215.232.194 - - [27/Aug/2026:01:02:48 +0330] "GET /wp-includes/wp-includes/media-template.php HTTP/1.1" 404 54959 "-" "-"
185.215.232.194 - - [27/Aug/2026:01:02:53 +0330] "GET /wp-includes//wp-includes/media.php HTTP/1.1" 301 0 "-" "-"
185.215.232.194 - - [27/Aug/2026:01:02:56 +0330] "GET /wp-includes/wp-includes/media.php HTTP/1.1" 404 54959 "-" "-"
185.215.232.194 - - [27/Aug/2026:01:03:04 +0330] "GET /wp-includes/wp-includes/meta.php HTTP/1.1" 404 54959 "-" "-"
94.101.183.3 - - [27/Aug/2026:01:03:10 +0330] "POST /wp-cron.php?doing_wp_cron=1787779990.9354290962219238281250 HTTP/1.1" 200 0 "-" "WordPress/6.9.1; https://mahdetejarat.com"
185.215.232.194 - - [27/Aug/2026:01:03:11 +0330] "GET /wp-includes/wp-includes/ms-blogs.php HTTP/1.1" 404 54959 "-" "-"
185.215.232.193 - - [27/Aug/2026:01:03:13 +0330] "GET /index.php/vod/play/id/16605/sid/1/nid/1.html HTTP/1.1" 301 0 "http://mahdetejarat.com/index.php/vod/play/id/6653/sid/1/nid/1.html" "Mozilla/5.0 (Linux; Android 7.0;) AppleWebKit/537.36 (HTML, like Gecko) Mobile Safari/537.36 (compatible; PetalBot;+https://webmaster.petalsearch.com/site/petalbot)"
