185.215.232.194 - - [27/Aug/2026:01:35:32 +0330] "GET /wp-includes/sitemaps//wp-includes/sitemaps/providers/ HTTP/1.1" 301 0 "-" "-"
185.215.232.194 - - [27/Aug/2026:01:35:35 +0330] "GET /wp-includes/sitemaps/wp-includes/sitemaps/providers/ HTTP/1.1" 404 54959 "-" "-"
185.215.232.194 - - [27/Aug/2026:01:35:39 +0330] "GET /wp-includes/sitemaps//wp-includes/sitemaps/class-wp-sitemaps-index.php HTTP/1.1" 301 0 "-" "-"
185.215.232.194 - - [27/Aug/2026:01:35:43 +0330] "GET /wp-includes/sitemaps/wp-includes/sitemaps/class-wp-sitemaps-index.php HTTP/1.1" 404 54959 "-" "-"
185.215.232.194 - - [27/Aug/2026:01:35:49 +0330] "GET /wp-includes/sitemaps/wp-includes/sitemaps/class-wp-sitemaps-provider.php HTTP/1.1" 404 54959 "-" "-"
94.101.183.3 - - [27/Aug/2026:01:35:57 +0330] "POST /wp-cron.php?doing_wp_cron=1787781957.2173089981079101562500 HTTP/1.1" 200 0 "-" "WordPress/6.9.1; https://mahdetejarat.com"
185.215.232.194 - - [27/Aug/2026:01:35:54 +0330] "GET /wp-includes/sitemaps//wp-includes/sitemaps/class-wp-sitemaps-registry.php HTTP/1.1" 301 0 "-" "-"
185.215.232.194 - - [27/Aug/2026:01:36:04 +0330] "GET /wp-includes/sitemaps/wp-includes/sitemaps/class-wp-sitemaps-renderer.php HTTP/1.1" 404 54959 "-" "-"
94.101.183.3 - - [27/Aug/2026:01:36:11 +0330] "POST /wp-cron.php?doing_wp_cron=1787781971.0658810138702392578125 HTTP/1.1" 200 0 "-" "WordPress/6.9.1; https://mahdetejarat.com"
185.215.232.194 - - [27/Aug/2026:01:36:15 +0330] "GET /wp-includes/sitemaps//wp-includes/sitemaps/class-wp-sitemaps.php HTTP/1.1" 301 0 "-" "-"
185.215.232.194 - - [27/Aug/2026:01:36:18 +0330] "GET /wp-includes/sitemaps/wp-includes/sitemaps/class-wp-sitemaps.php HTTP/1.1" 404 54959 "-" "-"
185.215.232.194 - - [27/Aug/2026:01:36:22 +0330] "GET /wp-includes/sodium_compat/ HTTP/1.1" 200 3814 "-" "-"
185.215.232.194 - - [27/Aug/2026:01:36:25 +0330] "GET /wp-includes/sodium_compat/wp-includes/sodium_compat/lib/ HTTP/1.1" 404 54959 "-" "-"
185.215.232.194 - - [27/Aug/2026:01:36:37 +0330] "GET /wp-includes/sodium_compat//wp-includes/sodium_compat/src/ HTTP/1.1" 301 0 "-" "-"
185.215.232.194 - - [27/Aug/2026:01:36:40 +0330] "GET /wp-includes/sodium_compat/wp-includes/sodium_compat/src/ HTTP/1.1" 404 54959 "-" "-"
185.215.232.194 - - [27/Aug/2026:01:36:44 +0330] "GET /wp-includes/sodium_compat//wp-includes/sodium_compat/autoload-php7.php HTTP/1.1" 301 0 "-" "-"
185.215.232.194 - - [27/Aug/2026:01:36:47 +0330] "GET /wp-includes/sodium_compat/wp-includes/sodium_compat/autoload-php7.php HTTP/1.1" 404 54959 "-" "-"
185.215.232.194 - - [27/Aug/2026:01:36:49 +0330] "GET /robots.txt HTTP/1.1" 200 163 "-" "Mozilla/5.0 AppleWebKit/537.36 (KHTML, like Gecko; compatible; bingbot/2.0; +http://www.bing.com/bingbot.htm) Chrome/116.0.1938.76 Safari/537.36"
185.215.232.194 - - [27/Aug/2026:01:36:55 +0330] "GET /wp-includes/sodium_compat/wp-includes/sodium_compat/autoload.php HTTP/1.1" 404 54959 "-" "-"
185.215.232.194 - - [27/Aug/2026:01:37:00 +0330] "GET /sitemap_index.xml HTTP/1.1" 200 311 "-" "Mozilla/5.0 AppleWebKit/537.36 (KHTML, like Gecko; compatible; bingbot/2.0; +http://www.bing.com/bingbot.htm) Chrome/116.0.1938.76 Safari/537.36"
185.215.232.194 - - [27/Aug/2026:01:37:00 +0330] "GET /wp-includes/sodium_compat//wp-includes/sodium_compat/LICENSE HTTP/1.1" 301 0 "-" "-"
185.215.232.194 - - [27/Aug/2026:01:37:16 +0330] "GET /wp-includes/style-engine//wp-includes/style-engine/class-wp-style-engine-css-rule.php HTTP/1.1" 301 0 "-" "-"
185.215.232.194 - - [27/Aug/2026:01:37:23 +0330] "GET /wp-includes/style-engine//wp-includes/style-engine/class-wp-style-engine-css-rules-store.php HTTP/1.1" 301 0 "-" "-"
185.215.232.194 - - [27/Aug/2026:01:37:26 +0330] "GET /wp-includes/style-engine/wp-includes/style-engine/class-wp-style-engine-css-rules-store.php HTTP/1.1" 404 54959 "-" "-"
185.215.232.194 - - [27/Aug/2026:01:37:03 +0330] "GET /wp-includes/sodium_compat/wp-includes/sodium_compat/LICENSE HTTP/1.1" 404 54959 "-" "-"
185.215.232.194 - - [27/Aug/2026:01:37:08 +0330] "GET /wp-includes/style-engine/ HTTP/1.1" 200 3058 "-" "-"
94.101.183.3 - - [27/Aug/2026:01:37:11 +0330] "POST /wp-cron.php?doing_wp_cron=1787782031.2218179702758789062500 HTTP/1.1" 200 0 "-" "WordPress/6.9.1; https://mahdetejarat.com"
185.215.232.194 - - [27/Aug/2026:01:37:08 +0330] "GET /wp-includes/style-engine//wp-includes/style-engine/class-wp-style-engine-css-declarations.php HTTP/1.1" 301 0 "-" "-"
185.215.232.194 - - [27/Aug/2026:01:37:11 +0330] "GET /wp-includes/style-engine/wp-includes/style-engine/class-wp-style-engine-css-declarations.php HTTP/1.1" 404 54959 "-" "-"
185.215.232.194 - - [27/Aug/2026:01:37:19 +0330] "GET /wp-includes/style-engine/wp-includes/style-engine/class-wp-style-engine-css-rule.php HTTP/1.1" 404 54959 "-" "-"
185.215.232.194 - - [27/Aug/2026:01:37:39 +0330] "GET /wp-includes/style-engine/wp-includes/style-engine/class-wp-style-engine.php HTTP/1.1" 404 54959 "-" "-"
185.215.232.194 - - [27/Aug/2026:01:37:50 +0330] "GET /wp-includes/theme-compat//wp-includes/theme-compat/embed-404.php HTTP/1.1" 301 0 "-" "-"
94.101.183.3 - - [27/Aug/2026:01:37:59 +0330] "POST /wp-cron.php?doing_wp_cron=1787782079.2676999568939208984375 HTTP/1.1" 200 0 "-" "WordPress/6.9.1; https://mahdetejarat.com"
185.215.232.194 - - [27/Aug/2026:01:37:53 +0330] "GET /wp-includes/theme-compat/wp-includes/theme-compat/embed-404.php HTTP/1.1" 404 54959 "-" "-"
185.215.232.194 - - [27/Aug/2026:01:38:03 +0330] "GET /wp-includes/theme-compat/wp-includes/theme-compat/embed-content.php HTTP/1.1" 404 54959 "-" "-"
185.215.232.194 - - [27/Aug/2026:01:38:08 +0330] "GET /wp-includes/theme-compat//wp-includes/theme-compat/embed.php HTTP/1.1" 301 0 "-" "-"
185.215.232.194 - - [27/Aug/2026:01:38:11 +0330] "GET /wp-includes/theme-compat/wp-includes/theme-compat/embed.php HTTP/1.1" 404 54959 "-" "-"
185.215.232.195 - - [27/Aug/2026:01:38:15 +0330] "GET /wp-login.php HTTP/1.1" 200 3390 "-" "Mozilla/5.0 (Windows NT 10.0; Win64; x64) AppleWebKit/537.36 (KHTML, like Gecko) Chrome/151.0.0.0 Safari/537.36"
185.215.232.194 - - [27/Aug/2026:01:38:15 +0330] "GET /wp-includes/theme-compat//wp-includes/theme-compat/error_log HTTP/1.1" 301 0 "-" "-"
185.215.232.194 - - [27/Aug/2026:01:38:18 +0330] "GET /wp-includes/theme-compat/wp-includes/theme-compat/error_log HTTP/1.1" 404 54959 "-" "-"
185.215.232.194 - - [27/Aug/2026:01:38:24 +0330] "GET /wp-includes/theme-compat//wp-includes/theme-compat/footer-embed.php HTTP/1.1" 301 0 "-" "-"
185.215.232.194 - - [27/Aug/2026:01:38:32 +0330] "GET /wp-includes/theme-compat//wp-includes/theme-compat/footer.php HTTP/1.1" 301 0 "-" "-"
185.215.232.194 - - [27/Aug/2026:01:38:41 +0330] "GET /wp-includes/theme-compat//wp-includes/theme-compat/header-embed.php HTTP/1.1" 301 0 "-" "-"
185.215.232.194 - - [27/Aug/2026:01:38:54 +0330] "GET /wp-includes/theme-compat/wp-includes/theme-compat/header.php HTTP/1.1" 404 54959 "-" "-"
94.101.183.3 - - [27/Aug/2026:01:39:09 +0330] "POST /wp-cron.php?doing_wp_cron=1787782149.6219439506530761718750 HTTP/1.1" 200 0 "-" "WordPress/6.9.1; https://mahdetejarat.com"
185.215.232.194 - - [27/Aug/2026:01:39:07 +0330] "GET /wp-includes/widgets//wp-includes/widgets/class-wp-nav-menu-widget.php HTTP/1.1" 301 0 "-" "-"
185.215.232.193 - - [27/Aug/2026:01:39:35 +0330] "GET /inputs.php HTTP/1.1" 404 13731 "-" "Mozilla/5.0 (Windows NT 10.0; Win64; x64) AppleWebKit/537.36 (KHTML, like Gecko) Chrome/120.0.0.0 Safari/537.36"
185.215.232.194 - - [27/Aug/2026:01:39:36 +0330] "GET /wp-includes/widgets//wp-includes/widgets/class-wp-widget-categories.php HTTP/1.1" 301 0 "-" "-"
185.215.232.193 - - [27/Aug/2026:01:39:39 +0330] "GET /admin.php HTTP/1.1" 404 13731 "-" "Mozilla/5.0 (Windows NT 10.0; Win64; x64) AppleWebKit/537.36 (KHTML, like Gecko) Chrome/120.0.0.0 Safari/537.36"
185.215.232.194 - - [27/Aug/2026:01:37:30 +0330] "GET /wp-includes/style-engine//wp-includes/style-engine/class-wp-style-engine-processor.php HTTP/1.1" 301 0 "-" "-"
185.215.232.194 - - [27/Aug/2026:01:37:33 +0330] "GET /wp-includes/style-engine/wp-includes/style-engine/class-wp-style-engine-processor.php HTTP/1.1" 404 54959 "-" "-"
185.215.232.194 - - [27/Aug/2026:01:37:36 +0330] "GET /wp-includes/style-engine//wp-includes/style-engine/class-wp-style-engine.php HTTP/1.1" 301 0 "-" "-"
185.215.232.194 - - [27/Aug/2026:01:37:43 +0330] "GET /wp-includes/theme-compat/ HTTP/1.1" 200 4679 "-" "-"
185.215.232.194 - - [27/Aug/2026:01:37:44 +0330] "GET /wp-includes/theme-compat//wp-includes/theme-compat/comments.php HTTP/1.1" 301 0 "-" "-"
185.215.232.194 - - [27/Aug/2026:01:37:47 +0330] "GET /wp-includes/theme-compat/wp-includes/theme-compat/comments.php HTTP/1.1" 404 54959 "-" "-"
185.215.232.194 - - [27/Aug/2026:01:37:59 +0330] "GET /wp-includes/theme-compat//wp-includes/theme-compat/embed-content.php HTTP/1.1" 301 0 "-" "-"
94.101.183.3 - - [27/Aug/2026:01:38:11 +0330] "POST /wp-cron.php?doing_wp_cron=1787782091.1815209388732910156250 HTTP/1.1" 200 0 "-" "WordPress/6.9.1; https://mahdetejarat.com"
185.215.232.194 - - [27/Aug/2026:01:38:27 +0330] "GET /wp-includes/theme-compat/wp-includes/theme-compat/footer-embed.php HTTP/1.1" 404 54959 "-" "-"
185.215.232.194 - - [27/Aug/2026:01:38:35 +0330] "GET /wp-includes/theme-compat/wp-includes/theme-compat/footer.php HTTP/1.1" 404 54959 "-" "-"
185.215.232.195 - - [27/Aug/2026:01:38:41 +0330] "POST /wp-login.php HTTP/1.1" 200 3612 "-" "Mozilla/5.0 (Windows NT 10.0; Win64; x64) AppleWebKit/537.36 (KHTML, like Gecko) Chrome/151.0.0.0 Safari/537.36"
185.215.232.194 - - [27/Aug/2026:01:38:46 +0330] "GET /wp-includes/theme-compat/wp-includes/theme-compat/header-embed.php HTTP/1.1" 404 54959 "-" "-"
185.215.232.194 - - [27/Aug/2026:01:38:50 +0330] "GET /wp-includes/theme-compat//wp-includes/theme-compat/header.php HTTP/1.1" 301 0 "-" "-"
94.101.183.3 - - [27/Aug/2026:01:38:58 +0330] "POST /wp-cron.php?doing_wp_cron=1787782138.2494430541992187500000 HTTP/1.1" 200 0 "-" "WordPress/6.9.1; https://mahdetejarat.com"
185.215.232.194 - - [27/Aug/2026:01:38:59 +0330] "GET /wp-includes/theme-compat//wp-includes/theme-compat/sidebar.php HTTP/1.1" 301 0 "-" "-"
185.215.232.194 - - [27/Aug/2026:01:39:02 +0330] "GET /wp-includes/theme-compat/wp-includes/theme-compat/sidebar.php HTTP/1.1" 404 54959 "-" "-"
185.215.232.194 - - [27/Aug/2026:01:39:06 +0330] "GET /wp-includes/widgets/ HTTP/1.1" 200 8453 "-" "-"
185.215.232.194 - - [27/Aug/2026:01:39:09 +0330] "GET /wp-includes/widgets/wp-includes/widgets/class-wp-nav-menu-widget.php HTTP/1.1" 404 54959 "-" "-"
185.215.232.194 - - [27/Aug/2026:01:39:13 +0330] "GET /wp-includes/widgets//wp-includes/widgets/class-wp-widget-archives.php HTTP/1.1" 301 0 "-" "-"
185.215.232.194 - - [27/Aug/2026:01:39:16 +0330] "GET /wp-includes/widgets/wp-includes/widgets/class-wp-widget-archives.php HTTP/1.1" 404 54959 "-" "-"
185.215.232.194 - - [27/Aug/2026:01:39:20 +0330] "GET /wp-includes/widgets//wp-includes/widgets/class-wp-widget-block.php HTTP/1.1" 301 0 "-" "-"
185.215.232.194 - - [27/Aug/2026:01:39:24 +0330] "GET /wp-includes/widgets/wp-includes/widgets/class-wp-widget-block.php HTTP/1.1" 404 54959 "-" "-"
185.215.232.194 - - [27/Aug/2026:01:39:29 +0330] "GET /wp-includes/widgets//wp-includes/widgets/class-wp-widget-calendar.php HTTP/1.1" 301 0 "-" "-"
185.215.232.193 - - [27/Aug/2026:01:39:34 +0330] "GET / HTTP/1.1" 200 25822 "-" "Mozilla/5.0 (Windows NT 10.0; Win64; x64) AppleWebKit/537.36 (KHTML, like Gecko) Chrome/120.0.0.0 Safari/537.36"
185.215.232.194 - - [27/Aug/2026:01:39:32 +0330] "GET /wp-includes/widgets/wp-includes/widgets/class-wp-widget-calendar.php HTTP/1.1" 404 54959 "-" "-"
185.215.232.194 - - [27/Aug/2026:01:39:39 +0330] "GET /wp-includes/widgets/wp-includes/widgets/class-wp-widget-categories.php HTTP/1.1" 404 54959 "-" "-"
185.215.232.194 - - [27/Aug/2026:01:39:43 +0330] "GET /wp-includes/widgets//wp-includes/widgets/class-wp-widget-custom-html.php HTTP/1.1" 301 0 "-" "-"
185.215.232.193 - - [27/Aug/2026:01:39:43 +0330] "GET /goods.php HTTP/1.1" 404 13731 "-" "Mozilla/5.0 (Windows NT 10.0; Win64; x64) AppleWebKit/537.36 (KHTML, like Gecko) Chrome/120.0.0.0 Safari/537.36"
185.215.232.193 - - [27/Aug/2026:01:39:46 +0330] "GET /file.php HTTP/1.1" 404 13731 "-" "Mozilla/5.0 (Windows NT 10.0; Win64; x64) AppleWebKit/537.36 (KHTML, like Gecko) Chrome/120.0.0.0 Safari/537.36"
185.215.232.194 - - [27/Aug/2026:01:39:50 +0330] "GET /wp-includes/widgets//wp-includes/widgets/class-wp-widget-links.php HTTP/1.1" 301 0 "-" "-"
185.215.232.193 - - [27/Aug/2026:01:39:50 +0330] "GET /adminfuns.php HTTP/1.1" 404 13731 "-" "Mozilla/5.0 (Windows NT 10.0; Win64; x64) AppleWebKit/537.36 (KHTML, like Gecko) Chrome/120.0.0.0 Safari/537.36"
185.215.232.193 - - [27/Aug/2026:01:39:53 +0330] "GET /404.php HTTP/1.1" 404 13731 "-" "Mozilla/5.0 (Windows NT 10.0; Win64; x64) AppleWebKit/537.36 (KHTML, like Gecko) Chrome/120.0.0.0 Safari/537.36"
185.215.232.194 - - [27/Aug/2026:01:40:00 +0330] "GET /wp-includes/widgets/wp-includes/widgets/class-wp-widget-media-audio.php HTTP/1.1" 404 54959 "-" "-"
185.215.232.193 - - [27/Aug/2026:01:40:03 +0330] "GET /term.php HTTP/1.1" 404 13731 "-" "Mozilla/5.0 (Windows NT 10.0; Win64; x64) AppleWebKit/537.36 (KHTML, like Gecko) Chrome/120.0.0.0 Safari/537.36"
185.215.232.194 - - [27/Aug/2026:01:40:05 +0330] "GET /wp-includes/widgets//wp-includes/widgets/class-wp-widget-media-gallery.php HTTP/1.1" 301 0 "-" "-"
185.215.232.193 - - [27/Aug/2026:01:40:10 +0330] "GET /1.php HTTP/1.1" 404 13731 "-" "Mozilla/5.0 (Windows NT 10.0; Win64; x64) AppleWebKit/537.36 (KHTML, like Gecko) Chrome/120.0.0.0 Safari/537.36"
185.215.232.194 - - [27/Aug/2026:01:40:13 +0330] "GET /wp-includes/widgets/wp-includes/widgets/class-wp-widget-media-gallery.php HTTP/1.1" 404 54959 "-" "-"
185.215.232.193 - - [27/Aug/2026:01:40:14 +0330] "GET /alfa.php HTTP/1.1" 404 13731 "-" "Mozilla/5.0 (Windows NT 10.0; Win64; x64) AppleWebKit/537.36 (KHTML, like Gecko) Chrome/120.0.0.0 Safari/537.36"
185.215.232.193 - - [27/Aug/2026:01:40:17 +0330] "GET /edit.php HTTP/1.1" 404 13731 "-" "Mozilla/5.0 (Windows NT 10.0; Win64; x64) AppleWebKit/537.36 (KHTML, like Gecko) Chrome/120.0.0.0 Safari/537.36"
185.215.232.194 - - [27/Aug/2026:01:40:20 +0330] "GET /wp-includes/widgets/wp-includes/widgets/class-wp-widget-media-image.php HTTP/1.1" 404 54959 "-" "-"
185.215.232.193 - - [27/Aug/2026:01:40:21 +0330] "GET /elp.php HTTP/1.1" 404 13731 "-" "Mozilla/5.0 (Windows NT 10.0; Win64; x64) AppleWebKit/537.36 (KHTML, like Gecko) Chrome/120.0.0.0 Safari/537.36"
185.215.232.194 - - [27/Aug/2026:01:40:28 +0330] "GET /wp-includes/widgets/wp-includes/widgets/class-wp-widget-media-video.php HTTP/1.1" 404 54959 "-" "-"
185.215.232.193 - - [27/Aug/2026:01:40:28 +0330] "GET /666.php HTTP/1.1" 404 13731 "-" "Mozilla/5.0 (Windows NT 10.0; Win64; x64) AppleWebKit/537.36 (KHTML, like Gecko) Chrome/120.0.0.0 Safari/537.36"
185.215.232.194 - - [27/Aug/2026:01:40:32 +0330] "GET /wp-includes/widgets//wp-includes/widgets/class-wp-widget-media.php HTTP/1.1" 301 0 "-" "-"
185.215.232.194 - - [27/Aug/2026:01:40:35 +0330] "GET /wp-includes/widgets/wp-includes/widgets/class-wp-widget-media.php HTTP/1.1" 404 54959 "-" "-"
185.215.232.193 - - [27/Aug/2026:01:40:38 +0330] "GET /deepseek_d.php HTTP/1.1" 404 13731 "-" "Mozilla/5.0 (Windows NT 10.0; Win64; x64) AppleWebKit/537.36 (KHTML, like Gecko) Chrome/120.0.0.0 Safari/537.36"
185.215.232.193 - - [27/Aug/2026:01:40:41 +0330] "GET /function/function.php HTTP/1.1" 404 13731 "-" "Mozilla/5.0 (Windows NT 10.0; Win64; x64) AppleWebKit/537.36 (KHTML, like Gecko) Chrome/120.0.0.0 Safari/537.36"
185.215.232.194 - - [27/Aug/2026:01:40:42 +0330] "GET /wp-includes/widgets/wp-includes/widgets/class-wp-widget-meta.php HTTP/1.1" 404 54959 "-" "-"
185.215.232.194 - - [27/Aug/2026:01:39:46 +0330] "GET /wp-includes/widgets/wp-includes/widgets/class-wp-widget-custom-html.php HTTP/1.1" 404 54959 "-" "-"
94.101.182.6 - - [27/Aug/2026:01:39:56 +0330] "POST /wp-cron.php?doing_wp_cron=1787782196.3216090202331542968750 HTTP/1.1" 200 0 "-" "WordPress/6.9.1; https://mahdetejarat.com"
185.215.232.194 - - [27/Aug/2026:01:39:53 +0330] "GET /wp-includes/widgets/wp-includes/widgets/class-wp-widget-links.php HTTP/1.1" 404 54959 "-" "-"
185.215.232.193 - - [27/Aug/2026:01:39:57 +0330] "GET /wk/index.php HTTP/1.1" 301 0 "-" "Mozilla/5.0 (Windows NT 10.0; Win64; x64) AppleWebKit/537.36 (KHTML, like Gecko) Chrome/120.0.0.0 Safari/537.36"
185.215.232.194 - - [27/Aug/2026:01:39:57 +0330] "GET /wp-includes/widgets//wp-includes/widgets/class-wp-widget-media-audio.php HTTP/1.1" 301 0 "-" "-"
185.215.232.193 - - [27/Aug/2026:01:40:00 +0330] "GET /about.php HTTP/1.1" 404 13731 "-" "Mozilla/5.0 (Windows NT 10.0; Win64; x64) AppleWebKit/537.36 (KHTML, like Gecko) Chrome/120.0.0.0 Safari/537.36"
94.101.182.6 - - [27/Aug/2026:01:40:10 +0330] "POST /wp-cron.php?doing_wp_cron=1787782210.4660100936889648437500 HTTP/1.1" 200 0 "-" "WordPress/6.9.1; https://mahdetejarat.com"
185.215.232.193 - - [27/Aug/2026:01:40:07 +0330] "GET /ioxi-o.php HTTP/1.1" 404 13731 "-" "Mozilla/5.0 (Windows NT 10.0; Win64; x64) AppleWebKit/537.36 (KHTML, like Gecko) Chrome/120.0.0.0 Safari/537.36"
185.215.232.194 - - [27/Aug/2026:01:40:18 +0330] "GET /wp-includes/widgets//wp-includes/widgets/class-wp-widget-media-image.php HTTP/1.1" 301 0 "-" "-"
185.215.232.194 - - [27/Aug/2026:01:40:25 +0330] "GET /wp-includes/widgets//wp-includes/widgets/class-wp-widget-media-video.php HTTP/1.1" 301 0 "-" "-"
185.215.232.193 - - [27/Aug/2026:01:40:25 +0330] "GET /classwithtostring.php HTTP/1.1" 404 13731 "-" "Mozilla/5.0 (Windows NT 10.0; Win64; x64) AppleWebKit/537.36 (KHTML, like Gecko) Chrome/120.0.0.0 Safari/537.36"
185.215.232.193 - - [27/Aug/2026:01:40:32 +0330] "GET /wp-admin/ HTTP/1.1" 302 0 "-" "Mozilla/5.0 (Windows NT 10.0; Win64; x64) AppleWebKit/537.36 (KHTML, like Gecko) Chrome/120.0.0.0 Safari/537.36"
185.215.232.193 - - [27/Aug/2026:01:40:35 +0330] "GET /ws54.php HTTP/1.1" 404 13731 "-" "Mozilla/5.0 (Windows NT 10.0; Win64; x64) AppleWebKit/537.36 (KHTML, like Gecko) Chrome/120.0.0.0 Safari/537.36"
185.215.232.194 - - [27/Aug/2026:01:40:39 +0330] "GET /wp-includes/widgets//wp-includes/widgets/class-wp-widget-meta.php HTTP/1.1" 301 0 "-" "-"
185.215.232.193 - - [27/Aug/2026:01:40:45 +0330] "GET /nw.php HTTP/1.1" 404 13731 "-" "Mozilla/5.0 (Windows NT 10.0; Win64; x64) AppleWebKit/537.36 (KHTML, like Gecko) Chrome/120.0.0.0 Safari/537.36"
185.215.232.194 - - [27/Aug/2026:01:40:49 +0330] "GET /wp-includes/widgets/wp-includes/widgets/class-wp-widget-pages.php HTTP/1.1" 404 54959 "-" "-"
185.215.232.194 - - [27/Aug/2026:01:40:54 +0330] "GET /wp-includes/widgets//wp-includes/widgets/class-wp-widget-recent-comments.php HTTP/1.1" 301 0 "-" "-"
185.215.232.194 - - [27/Aug/2026:01:40:59 +0330] "GET /wp-includes/widgets/wp-includes/widgets/class-wp-widget-recent-comments.php HTTP/1.1" 404 54959 "-" "-"
185.215.232.193 - - [27/Aug/2026:01:41:01 +0330] "GET /96i.php HTTP/1.1" 404 13731 "-" "Mozilla/5.0 (Windows NT 10.0; Win64; x64) AppleWebKit/537.36 (KHTML, like Gecko) Chrome/120.0.0.0 Safari/537.36"
94.101.182.6 - - [27/Aug/2026:01:41:10 +0330] "POST /wp-cron.php?doing_wp_cron=1787782269.9278349876403808593750 HTTP/1.1" 200 0 "-" "WordPress/6.9.1; https://mahdetejarat.com"
185.215.232.193 - - [27/Aug/2026:01:41:10 +0330] "GET /min.php HTTP/1.1" 404 13731 "-" "Mozilla/5.0 (Windows NT 10.0; Win64; x64) AppleWebKit/537.36 (KHTML, like Gecko) Chrome/120.0.0.0 Safari/537.36"
185.215.232.194 - - [27/Aug/2026:01:41:23 +0330] "GET /wp-includes/widgets//wp-includes/widgets/class-wp-widget-search.php HTTP/1.1" 301 0 "-" "-"
185.215.232.193 - - [27/Aug/2026:01:41:24 +0330] "GET /222.php HTTP/1.1" 404 13731 "-" "Mozilla/5.0 (Windows NT 10.0; Win64; x64) AppleWebKit/537.36 (KHTML, like Gecko) Chrome/120.0.0.0 Safari/537.36"
185.215.232.194 - - [27/Aug/2026:01:40:46 +0330] "GET /wp-includes/widgets//wp-includes/widgets/class-wp-widget-pages.php HTTP/1.1" 301 0 "-" "-"
185.215.232.193 - - [27/Aug/2026:01:40:49 +0330] "GET /xleet.php HTTP/1.1" 403 787 "-" "Mozilla/5.0 (Windows NT 10.0; Win64; x64) AppleWebKit/537.36 (KHTML, like Gecko) Chrome/120.0.0.0 Safari/537.36"
185.215.232.193 - - [27/Aug/2026:01:40:49 +0330] "GET /wp.php HTTP/1.1" 404 13731 "-" "Mozilla/5.0 (Windows NT 10.0; Win64; x64) AppleWebKit/537.36 (KHTML, like Gecko) Chrome/120.0.0.0 Safari/537.36"
94.101.182.6 - - [27/Aug/2026:01:40:58 +0330] "POST /wp-cron.php?doing_wp_cron=1787782257.1954469680786132812500 HTTP/1.1" 200 0 "-" "WordPress/6.9.1; https://mahdetejarat.com"
185.215.232.193 - - [27/Aug/2026:01:40:54 +0330] "GET /155.php HTTP/1.1" 404 13731 "-" "Mozilla/5.0 (Windows NT 10.0; Win64; x64) AppleWebKit/537.36 (KHTML, like Gecko) Chrome/120.0.0.0 Safari/537.36"
185.215.232.194 - - [27/Aug/2026:01:41:03 +0330] "GET /wp-includes/widgets//wp-includes/widgets/class-wp-widget-recent-posts.php HTTP/1.1" 301 0 "-" "-"
185.215.232.193 - - [27/Aug/2026:01:41:05 +0330] "GET /as.php HTTP/1.1" 404 13731 "-" "Mozilla/5.0 (Windows NT 10.0; Win64; x64) AppleWebKit/537.36 (KHTML, like Gecko) Chrome/120.0.0.0 Safari/537.36"
185.215.232.194 - - [27/Aug/2026:01:41:06 +0330] "GET /wp-includes/widgets/wp-includes/widgets/class-wp-widget-recent-posts.php HTTP/1.1" 404 54959 "-" "-"
185.215.232.193 - - [27/Aug/2026:01:41:15 +0330] "GET /.well-known/ HTTP/1.1" 200 614 "-" "Mozilla/5.0 (Windows NT 10.0; Win64; x64) AppleWebKit/537.36 (KHTML, like Gecko) Chrome/120.0.0.0 Safari/537.36"
185.215.232.194 - - [27/Aug/2026:01:41:14 +0330] "GET /wp-includes/widgets//wp-includes/widgets/class-wp-widget-rss.php HTTP/1.1" 301 0 "-" "-"
185.215.232.193 - - [27/Aug/2026:01:41:15 +0330] "GET /php8.php HTTP/1.1" 404 13731 "-" "Mozilla/5.0 (Windows NT 10.0; Win64; x64) AppleWebKit/537.36 (KHTML, like Gecko) Chrome/120.0.0.0 Safari/537.36"
185.215.232.194 - - [27/Aug/2026:01:41:17 +0330] "GET /wp-includes/widgets/wp-includes/widgets/class-wp-widget-rss.php HTTP/1.1" 404 54959 "-" "-"
185.215.232.193 - - [27/Aug/2026:01:41:19 +0330] "GET /wp-content/admin.php HTTP/1.1" 404 13731 "-" "Mozilla/5.0 (Windows NT 10.0; Win64; x64) AppleWebKit/537.36 (KHTML, like Gecko) Chrome/120.0.0.0 Safari/537.36"
185.215.232.194 - - [27/Aug/2026:01:41:26 +0330] "GET /wp-includes/widgets/wp-includes/widgets/class-wp-widget-search.php HTTP/1.1" 404 54959 "-" "-"
185.215.232.193 - - [27/Aug/2026:01:41:38 +0330] "GET /a.php HTTP/1.1" 404 13731 "-" "Mozilla/5.0 (Windows NT 10.0; Win64; x64) AppleWebKit/537.36 (KHTML, like Gecko) Chrome/120.0.0.0 Safari/537.36"
185.215.232.194 - - [27/Aug/2026:01:41:39 +0330] "GET /wp-includes/widgets//wp-includes/widgets/class-wp-widget-text.php HTTP/1.1" 301 0 "-" "-"
185.215.232.193 - - [27/Aug/2026:01:41:45 +0330] "GET /wp-content/index.php HTTP/1.1" 200 0 "-" "Mozilla/5.0 (Windows NT 10.0; Win64; x64) AppleWebKit/537.36 (KHTML, like Gecko) Chrome/120.0.0.0 Safari/537.36"
185.215.232.194 - - [27/Aug/2026:01:41:42 +0330] "GET /wp-includes/widgets/wp-includes/widgets/class-wp-widget-text.php HTTP/1.1" 404 54959 "-" "-"
185.215.232.193 - - [27/Aug/2026:01:41:45 +0330] "GET /vx.php HTTP/1.1" 404 13731 "-" "Mozilla/5.0 (Windows NT 10.0; Win64; x64) AppleWebKit/537.36 (KHTML, like Gecko) Chrome/120.0.0.0 Safari/537.36"
185.215.232.194 - - [27/Aug/2026:01:41:46 +0330] "GET /wp-includes/widgets//wp-includes/widgets/error_log HTTP/1.1" 301 0 "-" "-"
185.215.232.193 - - [27/Aug/2026:01:41:48 +0330] "GET /admin/controller/extension/ HTTP/1.1" 404 13731 "-" "Mozilla/5.0 (Windows NT 10.0; Win64; x64) AppleWebKit/537.36 (KHTML, like Gecko) Chrome/120.0.0.0 Safari/537.36"
185.215.232.194 - - [27/Aug/2026:01:41:54 +0330] "GET /wp-admin/css/colors/ectoplasm/ HTTP/1.1" 200 2767 "-" "-"
185.215.232.193 - - [27/Aug/2026:01:42:01 +0330] "GET /aa.php HTTP/1.1" 404 13731 "-" "Mozilla/5.0 (Windows NT 10.0; Win64; x64) AppleWebKit/537.36 (KHTML, like Gecko) Chrome/120.0.0.0 Safari/537.36"
185.215.232.194 - - [27/Aug/2026:01:41:28 +0330] "GET /product/%d9%86%db%8c%d9%85%da%a9%d8%aa-%d9%81%d9%84%d8%b2%db%8c-2/ HTTP/1.1" 200 22843 "-" "Mozilla/5.0 (iPhone; CPU iPhone OS 13_2_3 like Mac OS X) AppleWebKit/605.1.15 (KHTML, like Gecko) Version/13.0.3 Mobile/15E148 Safari/604.1"
185.215.232.193 - - [27/Aug/2026:01:41:29 +0330] "GET /wp-content/themes/pridmag/il.php HTTP/1.1" 404 13731 "-" "Mozilla/5.0 (Windows NT 10.0; Win64; x64) AppleWebKit/537.36 (KHTML, like Gecko) Chrome/120.0.0.0 Safari/537.36"
185.215.232.194 - - [27/Aug/2026:01:41:32 +0330] "GET /wp-includes/widgets//wp-includes/widgets/class-wp-widget-tag-cloud.php HTTP/1.1" 301 0 "-" "-"
185.215.232.193 - - [27/Aug/2026:01:41:32 +0330] "GET /info.php HTTP/1.1" 404 13731 "-" "Mozilla/5.0 (Windows NT 10.0; Win64; x64) AppleWebKit/537.36 (KHTML, like Gecko) Chrome/120.0.0.0 Safari/537.36"
185.215.232.194 - - [27/Aug/2026:01:41:34 +0330] "GET /wp-includes/widgets/wp-includes/widgets/class-wp-widget-tag-cloud.php HTTP/1.1" 404 54959 "-" "-"
185.215.232.193 - - [27/Aug/2026:01:41:41 +0330] "GET /chosen.php HTTP/1.1" 404 13731 "-" "Mozilla/5.0 (Windows NT 10.0; Win64; x64) AppleWebKit/537.36 (KHTML, like Gecko) Chrome/120.0.0.0 Safari/537.36"
185.215.232.194 - - [27/Aug/2026:01:41:49 +0330] "GET /wp-includes/widgets/wp-includes/widgets/error_log HTTP/1.1" 404 54959 "-" "-"
185.215.232.193 - - [27/Aug/2026:01:41:51 +0330] "GET /wap.php HTTP/1.1" 404 13731 "-" "Mozilla/5.0 (Windows NT 10.0; Win64; x64) AppleWebKit/537.36 (KHTML, like Gecko) Chrome/120.0.0.0 Safari/537.36"
94.101.182.6 - - [27/Aug/2026:01:41:57 +0330] "POST /wp-cron.php?doing_wp_cron=1787782317.7159569263458251953125 HTTP/1.1" 200 0 "-" "WordPress/6.9.1; https://mahdetejarat.com"
185.215.232.193 - - [27/Aug/2026:01:41:54 +0330] "GET /wp-admin/wp.php HTTP/1.1" 404 13731 "-" "Mozilla/5.0 (Windows NT 10.0; Win64; x64) AppleWebKit/537.36 (KHTML, like Gecko) Chrome/120.0.0.0 Safari/537.36"
185.215.232.194 - - [27/Aug/2026:01:41:57 +0330] "GET /wp-admin/css/colors/ HTTP/1.1" 200 4716 "-" "-"
185.215.232.194 - - [27/Aug/2026:01:41:58 +0330] "GET /wp-admin/css/colors//wp-admin/css/colors/blue/ HTTP/1.1" 301 0 "-" "-"
185.215.232.193 - - [27/Aug/2026:01:41:58 +0330] "GET /bgymj.php HTTP/1.1" 404 13731 "-" "Mozilla/5.0 (Windows NT 10.0; Win64; x64) AppleWebKit/537.36 (KHTML, like Gecko) Chrome/120.0.0.0 Safari/537.36"
185.215.232.194 - - [27/Aug/2026:01:42:01 +0330] "GET /wp-admin/css/colors/wp-admin/css/colors/blue/ HTTP/1.1" 404 54959 "-" "-"
185.215.232.193 - - [27/Aug/2026:01:42:04 +0330] "GET /wp-mail.php HTTP/1.1" 403 1033 "-" "Mozilla/5.0 (Windows NT 10.0; Win64; x64) AppleWebKit/537.36 (KHTML, like Gecko) Chrome/120.0.0.0 Safari/537.36"
185.215.232.194 - - [27/Aug/2026:01:42:07 +0330] "GET /wp-admin/css/colors//wp-admin/css/colors/coffee/ HTTP/1.1" 301 0 "-" "-"
185.215.232.194 - - [27/Aug/2026:01:42:14 +0330] "GET /wp-admin/css/colors//wp-admin/css/colors/ectoplasm/ HTTP/1.1" 301 0 "-" "-"
185.215.232.193 - - [27/Aug/2026:01:42:14 +0330] "GET /x.php HTTP/1.1" 404 13731 "-" "Mozilla/5.0 (Windows NT 10.0; Win64; x64) AppleWebKit/537.36 (KHTML, like Gecko) Chrome/120.0.0.0 Safari/537.36"
185.215.232.193 - - [27/Aug/2026:01:42:17 +0330] "GET /index/function.php HTTP/1.1" 404 13731 "-" "Mozilla/5.0 (Windows NT 10.0; Win64; x64) AppleWebKit/537.36 (KHTML, like Gecko) Chrome/120.0.0.0 Safari/537.36"
185.215.232.194 - - [27/Aug/2026:01:42:17 +0330] "GET /wp-admin/css/colors/wp-admin/css/colors/ectoplasm/ HTTP/1.1" 404 54959 "-" "-"
94.101.182.6 - - [27/Aug/2026:01:42:09 +0330] "POST /wp-cron.php?doing_wp_cron=1787782329.5330309867858886718750 HTTP/1.1" 200 0 "-" "WordPress/6.9.1; https://mahdetejarat.com"
185.215.232.193 - - [27/Aug/2026:01:42:07 +0330] "GET /bolt.php HTTP/1.1" 404 13731 "-" "Mozilla/5.0 (Windows NT 10.0; Win64; x64) AppleWebKit/537.36 (KHTML, like Gecko) Chrome/120.0.0.0 Safari/537.36"
185.215.232.194 - - [27/Aug/2026:01:42:09 +0330] "GET /wp-admin/css/colors/wp-admin/css/colors/coffee/ HTTP/1.1" 404 54959 "-" "-"
185.215.232.193 - - [27/Aug/2026:01:42:10 +0330] "GET /bthil.php HTTP/1.1" 404 13731 "-" "Mozilla/5.0 (Windows NT 10.0; Win64; x64) AppleWebKit/537.36 (KHTML, like Gecko) Chrome/120.0.0.0 Safari/537.36"
185.215.232.193 - - [27/Aug/2026:01:42:13 +0330] "GET /cgi-bin/ HTTP/1.1" 404 796 "-" "Mozilla/5.0 (Windows NT 10.0; Win64; x64) AppleWebKit/537.36 (KHTML, like Gecko) Chrome/120.0.0.0 Safari/537.36"
185.215.232.193 - - [27/Aug/2026:01:42:24 +0330] "GET /abcd.php HTTP/1.1" 404 13731 "-" "Mozilla/5.0 (Windows NT 10.0; Win64; x64) AppleWebKit/537.36 (KHTML, like Gecko) Chrome/120.0.0.0 Safari/537.36"
185.215.232.193 - - [27/Aug/2026:01:42:30 +0330] "GET /simple.php HTTP/1.1" 404 13731 "-" "Mozilla/5.0 (Windows NT 10.0; Win64; x64) AppleWebKit/537.36 (KHTML, like Gecko) Chrome/120.0.0.0 Safari/537.36"
185.215.232.193 - - [27/Aug/2026:01:42:33 +0330] "GET /edit-tags.php HTTP/1.1" 404 13731 "-" "Mozilla/5.0 (Windows NT 10.0; Win64; x64) AppleWebKit/537.36 (KHTML, like Gecko) Chrome/120.0.0.0 Safari/537.36"
185.215.232.193 - - [27/Aug/2026:01:42:36 +0330] "GET /u.php HTTP/1.1" 404 13731 "-" "Mozilla/5.0 (Windows NT 10.0; Win64; x64) AppleWebKit/537.36 (KHTML, like Gecko) Chrome/120.0.0.0 Safari/537.36"
185.215.232.193 - - [27/Aug/2026:01:42:40 +0330] "GET /wp-content/themes/admin.php HTTP/1.1" 404 13731 "-" "Mozilla/5.0 (Windows NT 10.0; Win64; x64) AppleWebKit/537.36 (KHTML, like Gecko) Chrome/120.0.0.0 Safari/537.36"
185.215.232.194 - - [27/Aug/2026:01:42:43 +0330] "GET /wp-admin/css/colors//wp-admin/css/colors/ocean/ HTTP/1.1" 301 0 "-" "-"
185.215.232.193 - - [27/Aug/2026:01:42:43 +0330] "GET /h.php HTTP/1.1" 404 13731 "-" "Mozilla/5.0 (Windows NT 10.0; Win64; x64) AppleWebKit/537.36 (KHTML, like Gecko) Chrome/120.0.0.0 Safari/537.36"
185.215.232.193 - - [27/Aug/2026:01:42:46 +0330] "GET /ms-edit.php HTTP/1.1" 404 13731 "-" "Mozilla/5.0 (Windows NT 10.0; Win64; x64) AppleWebKit/537.36 (KHTML, like Gecko) Chrome/120.0.0.0 Safari/537.36"
185.215.232.193 - - [27/Aug/2026:01:42:49 +0330] "GET /a7.php HTTP/1.1" 404 13731 "-" "Mozilla/5.0 (Windows NT 10.0; Win64; x64) AppleWebKit/537.36 (KHTML, like Gecko) Chrome/120.0.0.0 Safari/537.36"
185.215.232.193 - - [27/Aug/2026:01:42:53 +0330] "GET /manager.php HTTP/1.1" 404 13731 "-" "Mozilla/5.0 (Windows NT 10.0; Win64; x64) AppleWebKit/537.36 (KHTML, like Gecko) Chrome/120.0.0.0 Safari/537.36"
94.101.182.6 - - [27/Aug/2026:01:42:56 +0330] "POST /wp-cron.php?doing_wp_cron=1787782376.6754579544067382812500 HTTP/1.1" 200 0 "-" "WordPress/6.9.1; https://mahdetejarat.com"
185.215.232.193 - - [27/Aug/2026:01:43:00 +0330] "GET /wp-includes/fonts/ HTTP/1.1" 200 1234 "-" "Mozilla/5.0 (Windows NT 10.0; Win64; x64) AppleWebKit/537.36 (KHTML, like Gecko) Chrome/120.0.0.0 Safari/537.36"
185.215.232.194 - - [27/Aug/2026:01:42:57 +0330] "GET /admin/images/slider/ HTTP/1.1" 404 54959 "-" "-"
185.215.232.193 - - [27/Aug/2026:01:43:00 +0330] "GET /wp-login.php HTTP/1.1" 200 3375 "-" "Mozilla/5.0 (Windows NT 10.0; Win64; x64) AppleWebKit/537.36 (KHTML, like Gecko) Chrome/120.0.0.0 Safari/537.36"
185.215.232.193 - - [27/Aug/2026:01:43:03 +0330] "GET /default.php HTTP/1.1" 404 13731 "-" "Mozilla/5.0 (Windows NT 10.0; Win64; x64) AppleWebKit/537.36 (KHTML, like Gecko) Chrome/120.0.0.0 Safari/537.36"
94.101.182.6 - - [27/Aug/2026:01:43:08 +0330] "POST /wp-cron.php?doing_wp_cron=1787782388.6748149394989013671875 HTTP/1.1" 200 0 "-" "WordPress/6.9.1; https://mahdetejarat.com"
185.215.232.193 - - [27/Aug/2026:01:43:06 +0330] "GET /i.php HTTP/1.1" 404 13731 "-" "Mozilla/5.0 (Windows NT 10.0; Win64; x64) AppleWebKit/537.36 (KHTML, like Gecko) Chrome/120.0.0.0 Safari/537.36"
185.215.232.194 - - [27/Aug/2026:01:43:09 +0330] "GET /admin/controller/extension/extension/ HTTP/1.1" 404 54959 "-" "-"
185.215.232.193 - - [27/Aug/2026:01:43:12 +0330] "GET /wp-content/themes/index.php HTTP/1.1" 200 0 "-" "Mozilla/5.0 (Windows NT 10.0; Win64; x64) AppleWebKit/537.36 (KHTML, like Gecko) Chrome/120.0.0.0 Safari/537.36"
185.215.232.194 - - [27/Aug/2026:01:43:13 +0330] "GET /modules/mod_simplefileuploadv1.3/elements/ HTTP/1.1" 404 54959 "-" "-"
185.215.232.193 - - [27/Aug/2026:01:43:13 +0330] "GET /gecko-new.php HTTP/1.1" 404 13731 "-" "Mozilla/5.0 (Windows NT 10.0; Win64; x64) AppleWebKit/537.36 (KHTML, like Gecko) Chrome/120.0.0.0 Safari/537.36"
185.215.232.193 - - [27/Aug/2026:01:42:20 +0330] "GET /aaa.php HTTP/1.1" 404 13731 "-" "Mozilla/5.0 (Windows NT 10.0; Win64; x64) AppleWebKit/537.36 (KHTML, like Gecko) Chrome/120.0.0.0 Safari/537.36"
185.215.232.194 - - [27/Aug/2026:01:42:22 +0330] "GET /wp-admin/css/colors//wp-admin/css/colors/light/ HTTP/1.1" 301 0 "-" "-"
185.215.232.194 - - [27/Aug/2026:01:42:24 +0330] "GET /wp-admin/css/colors/wp-admin/css/colors/light/ HTTP/1.1" 404 54959 "-" "-"
185.215.232.193 - - [27/Aug/2026:01:42:27 +0330] "GET /wp-good.php HTTP/1.1" 404 13731 "-" "Mozilla/5.0 (Windows NT 10.0; Win64; x64) AppleWebKit/537.36 (KHTML, like Gecko) Chrome/120.0.0.0 Safari/537.36"
185.215.232.194 - - [27/Aug/2026:01:42:29 +0330] "GET /wp-admin/css/colors//wp-admin/css/colors/midnight/ HTTP/1.1" 301 0 "-" "-"
185.215.232.194 - - [27/Aug/2026:01:42:32 +0330] "GET /wp-admin/css/colors/wp-admin/css/colors/midnight/ HTTP/1.1" 404 54959 "-" "-"
185.215.232.194 - - [27/Aug/2026:01:42:36 +0330] "GET /wp-admin/css/colors//wp-admin/css/colors/modern/ HTTP/1.1" 301 0 "-" "-"
185.215.232.194 - - [27/Aug/2026:01:42:39 +0330] "GET /wp-admin/css/colors/wp-admin/css/colors/modern/ HTTP/1.1" 404 54959 "-" "-"
185.215.232.194 - - [27/Aug/2026:01:42:46 +0330] "GET /wp-admin/css/colors/wp-admin/css/colors/ocean/ HTTP/1.1" 404 54959 "-" "-"
185.215.232.194 - - [27/Aug/2026:01:42:50 +0330] "GET /wp-admin/css/colors//wp-admin/css/colors/sunrise/ HTTP/1.1" 301 0 "-" "-"
185.215.232.194 - - [27/Aug/2026:01:42:52 +0330] "GET /wp-admin/css/colors/wp-admin/css/colors/sunrise/ HTTP/1.1" 404 54959 "-" "-"
185.215.232.193 - - [27/Aug/2026:01:42:57 +0330] "GET /w1.php HTTP/1.1" 404 13731 "-" "Mozilla/5.0 (Windows NT 10.0; Win64; x64) AppleWebKit/537.36 (KHTML, like Gecko) Chrome/120.0.0.0 Safari/537.36"
185.215.232.194 - - [27/Aug/2026:01:43:01 +0330] "GET /admin/fckeditor/editor/filemanager/ HTTP/1.1" 404 54959 "-" "-"
185.215.232.194 - - [27/Aug/2026:01:43:05 +0330] "GET /sites/default/files/ HTTP/1.1" 404 54959 "-" "-"
185.215.232.193 - - [27/Aug/2026:01:43:09 +0330] "GET /wp-content/uploads/ HTTP/1.1" 200 1367 "-" "Mozilla/5.0 (Windows NT 10.0; Win64; x64) AppleWebKit/537.36 (KHTML, like Gecko) Chrome/120.0.0.0 Safari/537.36"
185.215.232.193 - - [27/Aug/2026:01:43:10 +0330] "GET /wp-includes/Requests/library/index.php HTTP/1.1" 301 0 "-" "Mozilla/5.0 (Windows NT 10.0; Win64; x64) AppleWebKit/537.36 (KHTML, like Gecko) Chrome/120.0.0.0 Safari/537.36"
185.215.232.194 - - [27/Aug/2026:01:43:16 +0330] "GET /components/ HTTP/1.1" 404 54959 "-" "-"
185.215.232.193 - - [27/Aug/2026:01:43:22 +0330] "GET /wp-includes/fonts/index.php HTTP/1.1" 301 0 "-" "Mozilla/5.0 (Windows NT 10.0; Win64; x64) AppleWebKit/537.36 (KHTML, like Gecko) Chrome/120.0.0.0 Safari/537.36"
185.215.232.193 - - [27/Aug/2026:01:43:24 +0330] "GET /themes.php HTTP/1.1" 404 13731 "-" "Mozilla/5.0 (Windows NT 10.0; Win64; x64) AppleWebKit/537.36 (KHTML, like Gecko) Chrome/120.0.0.0 Safari/537.36"
185.215.232.194 - - [27/Aug/2026:01:43:24 +0330] "GET /wp-content/plugins/classic-editor/ HTTP/1.1" 404 54959 "-" "-"
185.215.232.193 - - [27/Aug/2026:01:43:30 +0330] "GET /wp-admin/js/ HTTP/1.1" 200 3452 "-" "Mozilla/5.0 (Windows NT 10.0; Win64; x64) AppleWebKit/537.36 (KHTML, like Gecko) Chrome/120.0.0.0 Safari/537.36"
185.215.232.194 - - [27/Aug/2026:01:43:29 +0330] "GET /wp-content/fonts/ HTTP/1.1" 404 54959 "-" "-"
185.215.232.193 - - [27/Aug/2026:01:43:33 +0330] "GET /ws83.php HTTP/1.1" 404 13731 "-" "Mozilla/5.0 (Windows NT 10.0; Win64; x64) AppleWebKit/537.36 (KHTML, like Gecko) Chrome/120.0.0.0 Safari/537.36"
185.215.232.194 - - [27/Aug/2026:01:43:37 +0330] "GET /wp-content/plugins/contact-form-7/ HTTP/1.1" 404 54959 "-" "-"
185.215.232.194 - - [27/Aug/2026:01:43:43 +0330] "GET /wordpress/ HTTP/1.1" 404 54959 "-" "-"
185.215.232.193 - - [27/Aug/2026:01:43:43 +0330] "GET /w.php HTTP/1.1" 404 13731 "-" "Mozilla/5.0 (Windows NT 10.0; Win64; x64) AppleWebKit/537.36 (KHTML, like Gecko) Chrome/120.0.0.0 Safari/537.36"
185.215.232.193 - - [27/Aug/2026:01:43:16 +0330] "GET /NewFile.php HTTP/1.1" 404 13731 "-" "Mozilla/5.0 (Windows NT 10.0; Win64; x64) AppleWebKit/537.36 (KHTML, like Gecko) Chrome/120.0.0.0 Safari/537.36"
185.215.232.193 - - [27/Aug/2026:01:43:19 +0330] "GET /wp-Blogs.php HTTP/1.1" 404 13731 "-" "Mozilla/5.0 (Windows NT 10.0; Win64; x64) AppleWebKit/537.36 (KHTML, like Gecko) Chrome/120.0.0.0 Safari/537.36"
185.215.232.194 - - [27/Aug/2026:01:43:20 +0330] "GET /admin/uploads/images/ HTTP/1.1" 404 54959 "-" "-"
185.215.232.193 - - [27/Aug/2026:01:43:27 +0330] "GET /cv.php HTTP/1.1" 404 13731 "-" "Mozilla/5.0 (Windows NT 10.0; Win64; x64) AppleWebKit/537.36 (KHTML, like Gecko) Chrome/120.0.0.0 Safari/537.36"
185.215.232.193 - - [27/Aug/2026:01:43:31 +0330] "GET /wp-content/uploads/index.php HTTP/1.1" 301 0 "-" "Mozilla/5.0 (Windows NT 10.0; Win64; x64) AppleWebKit/537.36 (KHTML, like Gecko) Chrome/120.0.0.0 Safari/537.36"
185.215.232.194 - - [27/Aug/2026:01:43:33 +0330] "GET /wp-content/plugins/contact-form-7/admin/js/ HTTP/1.1" 404 54959 "-" "-"
185.215.232.193 - - [27/Aug/2026:01:43:37 +0330] "GET /atex1.php HTTP/1.1" 404 13731 "-" "Mozilla/5.0 (Windows NT 10.0; Win64; x64) AppleWebKit/537.36 (KHTML, like Gecko) Chrome/120.0.0.0 Safari/537.36"
185.215.232.193 - - [27/Aug/2026:01:43:40 +0330] "GET /class-t.api.php HTTP/1.1" 404 13731 "-" "Mozilla/5.0 (Windows NT 10.0; Win64; x64) AppleWebKit/537.36 (KHTML, like Gecko) Chrome/120.0.0.0 Safari/537.36"
185.215.232.194 - - [27/Aug/2026:01:43:47 +0330] "GET /wp-admin/images/ HTTP/1.1" 200 22656 "-" "-"
185.215.232.193 - - [27/Aug/2026:01:43:46 +0330] "GET /archive.php HTTP/1.1" 404 13731 "-" "Mozilla/5.0 (Windows NT 10.0; Win64; x64) AppleWebKit/537.36 (KHTML, like Gecko) Chrome/120.0.0.0 Safari/537.36"
94.101.182.6 - - [27/Aug/2026:01:43:56 +0330] "POST /wp-cron.php?doing_wp_cron=1787782436.2075579166412353515625 HTTP/1.1" 200 0 "-" "WordPress/6.9.1; https://mahdetejarat.com"
94.101.182.6 - - [27/Aug/2026:01:43:58 +0330] "POST /wp-cron.php?doing_wp_cron=1787782438.5706310272216796875000 HTTP/1.1" 200 0 "-" "WordPress/6.9.1; https://mahdetejarat.com"
185.215.232.194 - - [27/Aug/2026:01:43:59 +0330] "GET /wp-content/plugins/woocommerce/assets/js/ HTTP/1.1" 200 8431 "-" "-"
185.215.232.193 - - [27/Aug/2026:01:43:56 +0330] "GET /wpc.php HTTP/1.1" 404 13731 "-" "Mozilla/5.0 (Windows NT 10.0; Win64; x64) AppleWebKit/537.36 (KHTML, like Gecko) Chrome/120.0.0.0 Safari/537.36"
185.215.232.194 - - [27/Aug/2026:01:44:00 +0330] "GET /wp-content/plugins/woocommerce/assets/js//wp-content/plugins/woocommerce/assets/js/accounting/ HTTP/1.1" 301 0 "-" "-"
185.215.232.193 - - [27/Aug/2026:01:44:00 +0330] "GET /fone1.php HTTP/1.1" 404 13731 "-" "Mozilla/5.0 (Windows NT 10.0; Win64; x64) AppleWebKit/537.36 (KHTML, like Gecko) Chrome/120.0.0.0 Safari/537.36"
185.215.232.194 - - [27/Aug/2026:01:44:03 +0330] "GET /wp-content/plugins/woocommerce/assets/js/wp-content/plugins/woocommerce/assets/js/accounting/ HTTP/1.1" 404 54959 "-" "-"
185.215.232.193 - - [27/Aug/2026:01:44:03 +0330] "GET /ncx.php HTTP/1.1" 404 13731 "-" "Mozilla/5.0 (Windows NT 10.0; Win64; x64) AppleWebKit/537.36 (KHTML, like Gecko) Chrome/120.0.0.0 Safari/537.36"
185.215.232.193 - - [27/Aug/2026:01:44:06 +0330] "GET /wp-admin/js/index.php HTTP/1.1" 301 0 "-" "Mozilla/5.0 (Windows NT 10.0; Win64; x64) AppleWebKit/537.36 (KHTML, like Gecko) Chrome/120.0.0.0 Safari/537.36"
185.215.232.193 - - [27/Aug/2026:01:44:09 +0330] "GET /wso.php HTTP/1.1" 403 787 "-" "Mozilla/5.0 (Windows NT 10.0; Win64; x64) AppleWebKit/537.36 (KHTML, like Gecko) Chrome/120.0.0.0 Safari/537.36"
185.215.232.194 - - [27/Aug/2026:01:44:07 +0330] "GET /wp-content/plugins/woocommerce/assets/js//wp-content/plugins/woocommerce/assets/js/admin/ HTTP/1.1" 301 0 "-" "-"
185.215.232.193 - - [27/Aug/2026:01:44:09 +0330] "GET /zup.php73 HTTP/1.1" 404 13731 "-" "Mozilla/5.0 (Windows NT 10.0; Win64; x64) AppleWebKit/537.36 (KHTML, like Gecko) Chrome/120.0.0.0 Safari/537.36"
185.215.232.194 - - [27/Aug/2026:01:43:48 +0330] "GET /wp-content/plugins/wordpress-seo/js/dist/ HTTP/1.1" 404 54959 "-" "-"
185.215.232.193 - - [27/Aug/2026:01:43:49 +0330] "GET /bless.php HTTP/1.1" 404 13731 "-" "Mozilla/5.0 (Windows NT 10.0; Win64; x64) AppleWebKit/537.36 (KHTML, like Gecko) Chrome/120.0.0.0 Safari/537.36"
185.215.232.194 - - [27/Aug/2026:01:43:52 +0330] "GET /wp-content/plugins/wordpress-seo/ HTTP/1.1" 404 54959 "-" "-"
185.215.232.193 - - [27/Aug/2026:01:43:53 +0330] "GET /sagax1.php HTTP/1.1" 404 13731 "-" "Mozilla/5.0 (Windows NT 10.0; Win64; x64) AppleWebKit/537.36 (KHTML, like Gecko) Chrome/120.0.0.0 Safari/537.36"
185.215.232.194 - - [27/Aug/2026:01:43:55 +0330] "GET /js/ HTTP/1.1" 404 54959 "-" "-"
185.215.232.193 - - [27/Aug/2026:01:44:12 +0330] "GET /k.php HTTP/1.1" 404 13731 "-" "Mozilla/5.0 (Windows NT 10.0; Win64; x64) AppleWebKit/537.36 (KHTML, like Gecko) Chrome/120.0.0.0 Safari/537.36"
185.215.232.194 - - [27/Aug/2026:01:44:18 +0330] "GET /wp-content/plugins/woocommerce/assets/js/wp-content/plugins/woocommerce/assets/js/dompurify/ HTTP/1.1" 404 54959 "-" "-"
185.215.232.193 - - [27/Aug/2026:01:44:22 +0330] "GET /wp-admin/css/colors/ectoplasm/ HTTP/1.1" 200 733 "-" "Mozilla/5.0 (Windows NT 10.0; Win64; x64) AppleWebKit/537.36 (KHTML, like Gecko) Chrome/120.0.0.0 Safari/537.36"
185.215.232.193 - - [27/Aug/2026:01:44:22 +0330] "GET /wp-content/ HTTP/1.1" 200 0 "-" "Mozilla/5.0 (Windows NT 10.0; Win64; x64) AppleWebKit/537.36 (KHTML, like Gecko) Chrome/120.0.0.0 Safari/537.36"
185.215.232.193 - - [27/Aug/2026:01:44:29 +0330] "GET /wp-admin/classwithtostring.php HTTP/1.1" 404 13731 "-" "Mozilla/5.0 (Windows NT 10.0; Win64; x64) AppleWebKit/537.36 (KHTML, like Gecko) Chrome/120.0.0.0 Safari/537.36"
185.215.232.193 - - [27/Aug/2026:01:44:43 +0330] "GET /php.php HTTP/1.1" 404 13731 "-" "Mozilla/5.0 (Windows NT 10.0; Win64; x64) AppleWebKit/537.36 (KHTML, like Gecko) Chrome/120.0.0.0 Safari/537.36"
185.215.232.194 - - [27/Aug/2026:01:44:46 +0330] "GET /wp-content/plugins/woocommerce/assets/js//wp-content/plugins/woocommerce/assets/js/jquery-blockui/ HTTP/1.1" 301 0 "-" "-"
185.215.232.194 - - [27/Aug/2026:01:44:49 +0330] "GET /wp-content/plugins/woocommerce/assets/js/wp-content/plugins/woocommerce/assets/js/jquery-blockui/ HTTP/1.1" 404 54959 "-" "-"
185.215.232.194 - - [27/Aug/2026:01:45:05 +0330] "GET /wp-content/plugins/woocommerce/assets/js//wp-content/plugins/woocommerce/assets/js/jquery-flot/ HTTP/1.1" 301 0 "-" "-"
94.101.182.6 - - [27/Aug/2026:01:45:12 +0330] "POST /wp-cron.php?doing_wp_cron=1787782512.4333510398864746093750 HTTP/1.1" 200 0 "-" "WordPress/6.9.1; https://mahdetejarat.com"
185.215.232.194 - - [27/Aug/2026:01:45:09 +0330] "GET /wp-content/plugins/woocommerce/assets/js/wp-content/plugins/woocommerce/assets/js/jquery-flot/ HTTP/1.1" 404 54959 "-" "-"
185.215.232.194 - - [27/Aug/2026:01:45:13 +0330] "GET /wp-content/plugins/woocommerce/assets/js//wp-content/plugins/woocommerce/assets/js/jquery-payment/ HTTP/1.1" 301 0 "-" "-"
185.215.232.194 - - [27/Aug/2026:01:45:16 +0330] "GET /wp-content/plugins/woocommerce/assets/js/wp-content/plugins/woocommerce/assets/js/jquery-payment/ HTTP/1.1" 404 54959 "-" "-"
185.215.232.194 - - [27/Aug/2026:01:45:20 +0330] "GET /wp-content/plugins/woocommerce/assets/js//wp-content/plugins/woocommerce/assets/js/jquery-qrcode/ HTTP/1.1" 301 0 "-" "-"
185.215.232.194 - - [27/Aug/2026:01:45:23 +0330] "GET /wp-content/plugins/woocommerce/assets/js/wp-content/plugins/woocommerce/assets/js/jquery-qrcode/ HTTP/1.1" 404 54959 "-" "-"
185.215.232.194 - - [27/Aug/2026:01:45:28 +0330] "GET /wp-content/plugins/woocommerce/assets/js//wp-content/plugins/woocommerce/assets/js/jquery-serializejson/ HTTP/1.1" 301 0 "-" "-"
185.215.232.194 - - [27/Aug/2026:01:45:30 +0330] "GET /wp-content/plugins/woocommerce/assets/js/wp-content/plugins/woocommerce/assets/js/jquery-serializejson/ HTTP/1.1" 404 54959 "-" "-"
185.215.232.194 - - [27/Aug/2026:01:44:10 +0330] "GET /wp-content/plugins/woocommerce/assets/js/wp-content/plugins/woocommerce/assets/js/admin/ HTTP/1.1" 404 54959 "-" "-"
185.215.232.194 - - [27/Aug/2026:01:44:15 +0330] "GET /wp-content/plugins/woocommerce/assets/js//wp-content/plugins/woocommerce/assets/js/dompurify/ HTTP/1.1" 301 0 "-" "-"
185.215.232.193 - - [27/Aug/2026:01:44:15 +0330] "GET /wp-blink.php HTTP/1.1" 404 13731 "-" "Mozilla/5.0 (Windows NT 10.0; Win64; x64) AppleWebKit/537.36 (KHTML, like Gecko) Chrome/120.0.0.0 Safari/537.36"
185.215.232.193 - - [27/Aug/2026:01:44:19 +0330] "GET /randkeyword.PhP7 HTTP/1.1" 404 13731 "-" "Mozilla/5.0 (Windows NT 10.0; Win64; x64) AppleWebKit/537.36 (KHTML, like Gecko) Chrome/120.0.0.0 Safari/537.36"
185.215.232.194 - - [27/Aug/2026:01:44:22 +0330] "GET /wp-content/plugins/woocommerce/assets/js//wp-content/plugins/woocommerce/assets/js/flexslider/ HTTP/1.1" 301 0 "-" "-"
185.215.232.193 - - [27/Aug/2026:01:44:22 +0330] "GET /ww5.php HTTP/1.1" 404 13731 "-" "Mozilla/5.0 (Windows NT 10.0; Win64; x64) AppleWebKit/537.36 (KHTML, like Gecko) Chrome/120.0.0.0 Safari/537.36"
185.215.232.194 - - [27/Aug/2026:01:44:25 +0330] "GET /wp-content/plugins/woocommerce/assets/js/wp-content/plugins/woocommerce/assets/js/flexslider/ HTTP/1.1" 404 54959 "-" "-"
185.215.232.193 - - [27/Aug/2026:01:44:26 +0330] "GET /2.php HTTP/1.1" 404 13731 "-" "Mozilla/5.0 (Windows NT 10.0; Win64; x64) AppleWebKit/537.36 (KHTML, like Gecko) Chrome/120.0.0.0 Safari/537.36"
185.215.232.194 - - [27/Aug/2026:01:44:30 +0330] "GET /wp-content/plugins/woocommerce/assets/js//wp-content/plugins/woocommerce/assets/js/frontend/ HTTP/1.1" 301 0 "-" "-"
185.215.232.193 - - [27/Aug/2026:01:44:32 +0330] "GET /atomlib.php HTTP/1.1" 404 13731 "-" "Mozilla/5.0 (Windows NT 10.0; Win64; x64) AppleWebKit/537.36 (KHTML, like Gecko) Chrome/120.0.0.0 Safari/537.36"
185.215.232.194 - - [27/Aug/2026:01:44:33 +0330] "GET /wp-content/plugins/woocommerce/assets/js/wp-content/plugins/woocommerce/assets/js/frontend/ HTTP/1.1" 404 54959 "-" "-"
185.215.232.193 - - [27/Aug/2026:01:44:36 +0330] "GET /rip.php HTTP/1.1" 404 13731 "-" "Mozilla/5.0 (Windows NT 10.0; Win64; x64) AppleWebKit/537.36 (KHTML, like Gecko) Chrome/120.0.0.0 Safari/537.36"
185.215.232.194 - - [27/Aug/2026:01:44:39 +0330] "GET /wp-content/plugins/woocommerce/assets/js//wp-content/plugins/woocommerce/assets/js/gateways/ HTTP/1.1" 301 0 "-" "-"
185.215.232.193 - - [27/Aug/2026:01:44:39 +0330] "GET /p.php HTTP/1.1" 404 13731 "-" "Mozilla/5.0 (Windows NT 10.0; Win64; x64) AppleWebKit/537.36 (KHTML, like Gecko) Chrome/120.0.0.0 Safari/537.36"
185.215.232.194 - - [27/Aug/2026:01:44:42 +0330] "GET /wp-content/plugins/woocommerce/assets/js/wp-content/plugins/woocommerce/assets/js/gateways/ HTTP/1.1" 404 54959 "-" "-"
94.101.182.6 - - [27/Aug/2026:01:45:01 +0330] "POST /wp-cron.php?doing_wp_cron=1787782501.0350899696350097656250 HTTP/1.1" 200 0 "-" "WordPress/6.9.1; https://mahdetejarat.com"
185.215.232.194 - - [27/Aug/2026:01:44:58 +0330] "GET /wp-content/plugins/woocommerce/assets/js//wp-content/plugins/woocommerce/assets/js/jquery-cookie/ HTTP/1.1" 301 0 "-" "-"
185.215.232.194 - - [27/Aug/2026:01:45:01 +0330] "GET /wp-content/plugins/woocommerce/assets/js/wp-content/plugins/woocommerce/assets/js/jquery-cookie/ HTTP/1.1" 404 54959 "-" "-"
185.215.232.194 - - [27/Aug/2026:01:45:35 +0330] "GET /wp-content/plugins/woocommerce/assets/js//wp-content/plugins/woocommerce/assets/js/jquery-tiptip/ HTTP/1.1" 301 0 "-" "-"
185.215.232.194 - - [27/Aug/2026:01:45:38 +0330] "GET /wp-content/plugins/woocommerce/assets/js/wp-content/plugins/woocommerce/assets/js/jquery-tiptip/ HTTP/1.1" 404 54959 "-" "-"
185.215.232.194 - - [27/Aug/2026:01:45:42 +0330] "GET /wp-content/plugins/woocommerce/assets/js//wp-content/plugins/woocommerce/assets/js/jquery-ui-touch-punch/ HTTP/1.1" 301 0 "-" "-"
185.215.232.194 - - [27/Aug/2026:01:45:50 +0330] "GET /wp-content/plugins/woocommerce/assets/js//wp-content/plugins/woocommerce/assets/js/js-cookie/ HTTP/1.1" 301 0 "-" "-"
185.215.232.194 - - [27/Aug/2026:01:45:52 +0330] "GET /wp-content/plugins/woocommerce/assets/js/wp-content/plugins/woocommerce/assets/js/js-cookie/ HTTP/1.1" 404 54959 "-" "-"
94.101.183.3 - - [27/Aug/2026:01:46:10 +0330] "POST /wp-cron.php?doing_wp_cron=1787782570.7045369148254394531250 HTTP/1.1" 200 0 "-" "WordPress/6.9.1; https://mahdetejarat.com"
185.215.232.194 - - [27/Aug/2026:01:46:12 +0330] "GET /wp-content/plugins/woocommerce/assets/js//wp-content/plugins/woocommerce/assets/js/round/ HTTP/1.1" 301 0 "-" "-"
185.215.232.194 - - [27/Aug/2026:01:46:20 +0330] "GET /wp-content/plugins/woocommerce/assets/js//wp-content/plugins/woocommerce/assets/js/select2/ HTTP/1.1" 301 0 "-" "-"
185.215.232.194 - - [27/Aug/2026:01:46:22 +0330] "GET /wp-content/plugins/woocommerce/assets/js/wp-content/plugins/woocommerce/assets/js/select2/ HTTP/1.1" 404 54959 "-" "-"
185.215.232.194 - - [27/Aug/2026:01:46:26 +0330] "GET /wp-content/plugins/woocommerce/assets/js//wp-content/plugins/woocommerce/assets/js/selectWoo/ HTTP/1.1" 301 0 "-" "-"
185.215.232.194 - - [27/Aug/2026:01:46:32 +0330] "GET /wp-content/plugins/woocommerce/assets/js//wp-content/plugins/woocommerce/assets/js/sourcebuster/ HTTP/1.1" 301 0 "-" "-"
185.215.232.194 - - [27/Aug/2026:01:46:40 +0330] "GET /wp-content/plugins/woocommerce/assets/js//wp-content/plugins/woocommerce/assets/js/stupidtable/ HTTP/1.1" 301 0 "-" "-"
185.215.232.194 - - [27/Aug/2026:01:46:45 +0330] "GET /wp-content/plugins/woocommerce/assets/js//wp-content/plugins/woocommerce/assets/js/zoom/ HTTP/1.1" 301 0 "-" "-"
185.215.232.194 - - [27/Aug/2026:01:46:48 +0330] "GET /wp-content/plugins/woocommerce/assets/js/wp-content/plugins/woocommerce/assets/js/zoom/ HTTP/1.1" 404 54959 "-" "-"
