185.215.232.193 - - [26/Aug/2026:22:05:19 +0330] "GET /wp-includes/fonts/index.php HTTP/1.1" 301 0 "-" "Mozilla/5.0 (Windows NT 10.0; Win64; x64) AppleWebKit/537.36 (KHTML, like Gecko) Chrome/120.0.0.0 Safari/537.36"
185.215.232.193 - - [26/Aug/2026:22:05:26 +0330] "GET /cv.php HTTP/1.1" 404 13731 "-" "Mozilla/5.0 (Windows NT 10.0; Win64; x64) AppleWebKit/537.36 (KHTML, like Gecko) Chrome/120.0.0.0 Safari/537.36"
185.215.232.193 - - [26/Aug/2026:22:05:30 +0330] "GET /wp-content/uploads/index.php HTTP/1.1" 301 0 "-" "Mozilla/5.0 (Windows NT 10.0; Win64; x64) AppleWebKit/537.36 (KHTML, like Gecko) Chrome/120.0.0.0 Safari/537.36"
185.215.232.193 - - [26/Aug/2026:22:05:36 +0330] "GET /atex1.php HTTP/1.1" 404 13731 "-" "Mozilla/5.0 (Windows NT 10.0; Win64; x64) AppleWebKit/537.36 (KHTML, like Gecko) Chrome/120.0.0.0 Safari/537.36"
94.101.182.6 - - [26/Aug/2026:22:05:56 +0330] "POST /wp-cron.php?doing_wp_cron=1787769356.5059258937835693359375 HTTP/1.1" 200 0 "-" "WordPress/6.9.1; https://mahdetejarat.com"
185.215.232.193 - - [26/Aug/2026:22:05:56 +0330] "GET /wpc.php HTTP/1.1" 404 13731 "-" "Mozilla/5.0 (Windows NT 10.0; Win64; x64) AppleWebKit/537.36 (KHTML, like Gecko) Chrome/120.0.0.0 Safari/537.36"
185.215.232.193 - - [26/Aug/2026:22:06:03 +0330] "GET /ncx.php HTTP/1.1" 404 13731 "-" "Mozilla/5.0 (Windows NT 10.0; Win64; x64) AppleWebKit/537.36 (KHTML, like Gecko) Chrome/120.0.0.0 Safari/537.36"
185.215.232.193 - - [26/Aug/2026:22:06:15 +0330] "GET /wp-blink.php HTTP/1.1" 404 13731 "-" "Mozilla/5.0 (Windows NT 10.0; Win64; x64) AppleWebKit/537.36 (KHTML, like Gecko) Chrome/120.0.0.0 Safari/537.36"
185.215.232.193 - - [26/Aug/2026:22:06:19 +0330] "GET /randkeyword.PhP7 HTTP/1.1" 404 13731 "-" "Mozilla/5.0 (Windows NT 10.0; Win64; x64) AppleWebKit/537.36 (KHTML, like Gecko) Chrome/120.0.0.0 Safari/537.36"
185.215.232.193 - - [26/Aug/2026:22:06:23 +0330] "GET /ww5.php HTTP/1.1" 404 13731 "-" "Mozilla/5.0 (Windows NT 10.0; Win64; x64) AppleWebKit/537.36 (KHTML, like Gecko) Chrome/120.0.0.0 Safari/537.36"
185.215.232.193 - - [26/Aug/2026:22:05:46 +0330] "GET /archive.php HTTP/1.1" 404 13731 "-" "Mozilla/5.0 (Windows NT 10.0; Win64; x64) AppleWebKit/537.36 (KHTML, like Gecko) Chrome/120.0.0.0 Safari/537.36"
185.215.232.193 - - [26/Aug/2026:22:05:49 +0330] "GET /bless.php HTTP/1.1" 404 13731 "-" "Mozilla/5.0 (Windows NT 10.0; Win64; x64) AppleWebKit/537.36 (KHTML, like Gecko) Chrome/120.0.0.0 Safari/537.36"
185.215.232.193 - - [26/Aug/2026:22:05:53 +0330] "GET /sagax1.php HTTP/1.1" 404 13731 "-" "Mozilla/5.0 (Windows NT 10.0; Win64; x64) AppleWebKit/537.36 (KHTML, like Gecko) Chrome/120.0.0.0 Safari/537.36"
185.215.232.193 - - [26/Aug/2026:22:06:00 +0330] "GET /fone1.php HTTP/1.1" 404 13731 "-" "Mozilla/5.0 (Windows NT 10.0; Win64; x64) AppleWebKit/537.36 (KHTML, like Gecko) Chrome/120.0.0.0 Safari/537.36"
94.101.182.6 - - [26/Aug/2026:22:06:08 +0330] "POST /wp-cron.php?doing_wp_cron=1787769368.7127840518951416015625 HTTP/1.1" 200 0 "-" "WordPress/6.9.1; https://mahdetejarat.com"
185.215.232.193 - - [26/Aug/2026:22:06:06 +0330] "GET /wp-admin/js/index.php HTTP/1.1" 301 0 "-" "Mozilla/5.0 (Windows NT 10.0; Win64; x64) AppleWebKit/537.36 (KHTML, like Gecko) Chrome/120.0.0.0 Safari/537.36"
185.215.232.193 - - [26/Aug/2026:22:06:09 +0330] "GET /wso.php HTTP/1.1" 403 787 "-" "Mozilla/5.0 (Windows NT 10.0; Win64; x64) AppleWebKit/537.36 (KHTML, like Gecko) Chrome/120.0.0.0 Safari/537.36"
185.215.232.193 - - [26/Aug/2026:22:06:09 +0330] "GET /zup.php73 HTTP/1.1" 404 13731 "-" "Mozilla/5.0 (Windows NT 10.0; Win64; x64) AppleWebKit/537.36 (KHTML, like Gecko) Chrome/120.0.0.0 Safari/537.36"
185.215.232.193 - - [26/Aug/2026:22:06:12 +0330] "GET /k.php HTTP/1.1" 404 13731 "-" "Mozilla/5.0 (Windows NT 10.0; Win64; x64) AppleWebKit/537.36 (KHTML, like Gecko) Chrome/120.0.0.0 Safari/537.36"
185.215.232.193 - - [26/Aug/2026:22:06:22 +0330] "GET /wp-admin/css/colors/ectoplasm/ HTTP/1.1" 200 733 "-" "Mozilla/5.0 (Windows NT 10.0; Win64; x64) AppleWebKit/537.36 (KHTML, like Gecko) Chrome/120.0.0.0 Safari/537.36"
185.215.232.193 - - [26/Aug/2026:22:06:22 +0330] "GET /wp-content/ HTTP/1.1" 200 0 "-" "Mozilla/5.0 (Windows NT 10.0; Win64; x64) AppleWebKit/537.36 (KHTML, like Gecko) Chrome/120.0.0.0 Safari/537.36"
185.215.232.193 - - [26/Aug/2026:22:06:22 +0330] "GET /index.php/vod/play/id/7139/sid/1/nid/1.html HTTP/1.1" 301 0 "https://mahdetejarat.com/index.php/vod/play/id/35162/sid/1/nid/1.html" "Mozilla/5.0 (Linux; Android 7.0;) AppleWebKit/537.36 (HTML, like Gecko) Mobile Safari/537.36 (compatible; PetalBot;+https://webmaster.petalsearch.com/site/petalbot)"
185.215.232.193 - - [26/Aug/2026:22:06:26 +0330] "GET /vod/play/id/7139/sid/1/nid/1.html HTTP/1.1" 404 13731 "https://mahdetejarat.com/index.php/vod/play/id/35162/sid/1/nid/1.html" "Mozilla/5.0 (Linux; Android 7.0;) AppleWebKit/537.36 (HTML, like Gecko) Mobile Safari/537.36 (compatible; PetalBot;+https://webmaster.petalsearch.com/site/petalbot)"
185.215.232.193 - - [26/Aug/2026:22:06:26 +0330] "GET /2.php HTTP/1.1" 404 13731 "-" "Mozilla/5.0 (Windows NT 10.0; Win64; x64) AppleWebKit/537.36 (KHTML, like Gecko) Chrome/120.0.0.0 Safari/537.36"
185.215.232.193 - - [26/Aug/2026:22:06:33 +0330] "GET /atomlib.php HTTP/1.1" 404 13731 "-" "Mozilla/5.0 (Windows NT 10.0; Win64; x64) AppleWebKit/537.36 (KHTML, like Gecko) Chrome/120.0.0.0 Safari/537.36"
185.215.232.193 - - [26/Aug/2026:22:06:36 +0330] "GET /rip.php HTTP/1.1" 404 13731 "-" "Mozilla/5.0 (Windows NT 10.0; Win64; x64) AppleWebKit/537.36 (KHTML, like Gecko) Chrome/120.0.0.0 Safari/537.36"
185.215.232.193 - - [26/Aug/2026:22:06:40 +0330] "GET /p.php HTTP/1.1" 404 13731 "-" "Mozilla/5.0 (Windows NT 10.0; Win64; x64) AppleWebKit/537.36 (KHTML, like Gecko) Chrome/120.0.0.0 Safari/537.36"
185.215.232.193 - - [26/Aug/2026:22:06:44 +0330] "GET /php.php HTTP/1.1" 404 13731 "-" "Mozilla/5.0 (Windows NT 10.0; Win64; x64) AppleWebKit/537.36 (KHTML, like Gecko) Chrome/120.0.0.0 Safari/537.36"
185.215.232.193 - - [26/Aug/2026:22:07:49 +0330] "GET /vod/search.html?wd=dulianmaomao HTTP/1.1" 404 13731 "https://www.mahdetejarat.com/index.php/art/type/id/22.html" "Mozilla/5.0 (Linux; Android 7.0;) AppleWebKit/537.36 (HTML, like Gecko) Mobile Safari/537.36 (compatible; PetalBot;+https://webmaster.petalsearch.com/site/petalbot)"
94.101.183.3 - - [26/Aug/2026:22:09:11 +0330] "POST /wp-cron.php?doing_wp_cron=1787769551.6156640052795410156250 HTTP/1.1" 200 0 "-" "WordPress/6.9.1; https://mahdetejarat.com"
185.215.232.193 - - [26/Aug/2026:22:09:13 +0330] "GET /vod/play/id/32432/sid/1/nid/1.html HTTP/1.1" 404 13731 "https://www.mahdetejarat.com/index.php/vod/play/id/32943/sid/1/nid/1.html" "Mozilla/5.0 (Linux; Android 7.0;) AppleWebKit/537.36 (HTML, like Gecko) Mobile Safari/537.36 (compatible; PetalBot;+https://webmaster.petalsearch.com/site/petalbot)"
94.101.183.3 - - [26/Aug/2026:22:10:49 +0330] "POST /wp-cron.php?doing_wp_cron=1787769648.6551260948181152343750 HTTP/1.1" 200 0 "-" "WordPress/6.9.1; https://mahdetejarat.com"
185.215.232.193 - - [26/Aug/2026:22:10:45 +0330] "GET /index.php/vod/play/id/1408/sid/1/nid/1.html HTTP/1.1" 301 0 "https://mahdetejarat.com/index.php/vod/play/id/16276/sid/1/nid/1.html" "Mozilla/5.0 (Linux; Android 7.0;) AppleWebKit/537.36 (HTML, like Gecko) Mobile Safari/537.36 (compatible; PetalBot;+https://webmaster.petalsearch.com/site/petalbot)"
185.215.232.194 - - [26/Aug/2026:22:11:56 +0330] "GET /index.php/vod/play/id/30016/sid/1/nid/1.html HTTP/1.1" 301 0 "https://mahdetejarat.com/index.php/vod/play/id/19324/sid/1/nid/1.html" "Mozilla/5.0 (Linux; Android 7.0;) AppleWebKit/537.36 (HTML, like Gecko) Mobile Safari/537.36 (compatible; PetalBot;+https://webmaster.petalsearch.com/site/petalbot)"
94.101.183.3 - - [26/Aug/2026:22:13:22 +0330] "POST /wp-cron.php?doing_wp_cron=1787769802.4501020908355712890625 HTTP/1.1" 200 0 "-" "WordPress/6.9.1; https://mahdetejarat.com"
185.215.232.193 - - [26/Aug/2026:22:13:19 +0330] "GET /index.php/vod/play/id/35938/sid/1/nid/1.html HTTP/1.1" 301 0 "https://www.mahdetejarat.com/index.php/vod/search.html?wd=%E5%A4%84%E5%A5%B3" "Mozilla/5.0 (Linux; Android 7.0;) AppleWebKit/537.36 (HTML, like Gecko) Mobile Safari/537.36 (compatible; PetalBot;+https://webmaster.petalsearch.com/site/petalbot)"
94.101.183.3 - - [26/Aug/2026:22:14:00 +0330] "POST /wp-cron.php?doing_wp_cron=1787769840.4480450153350830078125 HTTP/1.1" 200 0 "-" "WordPress/6.9.1; https://mahdetejarat.com"
185.215.232.194 - - [26/Aug/2026:22:14:45 +0330] "GET /vod/play/id/32808/sid/1/nid/1.html HTTP/1.1" 404 13731 "https://mahdetejarat.com/index.php/vod/search.html?wd=%E8%BD%A6%E9%9C%87" "Mozilla/5.0 (Linux; Android 7.0;) AppleWebKit/537.36 (HTML, like Gecko) Mobile Safari/537.36 (compatible; PetalBot;+https://webmaster.petalsearch.com/site/petalbot)"
185.215.232.193 - - [26/Aug/2026:22:16:06 +0330] "GET /index.php/vod/play/id/41872/sid/1/nid/1.html HTTP/1.1" 301 0 "https://mahdetejarat.com/index.php/vod/show/by/score/id/24.html" "Mozilla/5.0 (Linux; Android 7.0;) AppleWebKit/537.36 (HTML, like Gecko) Mobile Safari/537.36 (compatible; PetalBot;+https://webmaster.petalsearch.com/site/petalbot)"
94.101.183.3 - - [26/Aug/2026:22:17:33 +0330] "POST /wp-cron.php?doing_wp_cron=1787770053.7492480278015136718750 HTTP/1.1" 200 0 "-" "WordPress/6.9.1; https://mahdetejarat.com"
185.215.232.193 - - [26/Aug/2026:22:17:31 +0330] "GET /index.php/vod/play/id/18401/sid/1/nid/1.html HTTP/1.1" 301 0 "https://mahdetejarat.com/index.php/vod/play/id/35904/sid/1/nid/1.html" "Mozilla/5.0 (Linux; Android 7.0;) AppleWebKit/537.36 (HTML, like Gecko) Mobile Safari/537.36 (compatible; PetalBot;+https://webmaster.petalsearch.com/site/petalbot)"
185.215.232.193 - - [26/Aug/2026:22:17:34 +0330] "GET /vod/play/id/18401/sid/1/nid/1.html HTTP/1.1" 404 13731 "https://mahdetejarat.com/index.php/vod/play/id/35904/sid/1/nid/1.html" "Mozilla/5.0 (Linux; Android 7.0;) AppleWebKit/537.36 (HTML, like Gecko) Mobile Safari/537.36 (compatible; PetalBot;+https://webmaster.petalsearch.com/site/petalbot)"
185.215.232.193 - - [26/Aug/2026:22:06:29 +0330] "GET /wp-admin/classwithtostring.php HTTP/1.1" 404 13731 "-" "Mozilla/5.0 (Windows NT 10.0; Win64; x64) AppleWebKit/537.36 (KHTML, like Gecko) Chrome/120.0.0.0 Safari/537.36"
94.101.182.6 - - [26/Aug/2026:22:07:49 +0330] "POST /wp-cron.php?doing_wp_cron=1787769469.0874719619750976562500 HTTP/1.1" 200 0 "-" "WordPress/6.9.1; https://mahdetejarat.com"
185.215.232.193 - - [26/Aug/2026:22:07:46 +0330] "GET /index.php/vod/search.html?wd=dulianmaomao HTTP/1.1" 301 0 "https://www.mahdetejarat.com/index.php/art/type/id/22.html" "Mozilla/5.0 (Linux; Android 7.0;) AppleWebKit/537.36 (HTML, like Gecko) Mobile Safari/537.36 (compatible; PetalBot;+https://webmaster.petalsearch.com/site/petalbot)"
185.215.232.193 - - [26/Aug/2026:22:09:09 +0330] "GET /index.php/vod/play/id/32432/sid/1/nid/1.html HTTP/1.1" 301 0 "https://www.mahdetejarat.com/index.php/vod/play/id/32943/sid/1/nid/1.html" "Mozilla/5.0 (Linux; Android 7.0;) AppleWebKit/537.36 (HTML, like Gecko) Mobile Safari/537.36 (compatible; PetalBot;+https://webmaster.petalsearch.com/site/petalbot)"
185.215.232.193 - - [26/Aug/2026:22:10:51 +0330] "GET /vod/play/id/1408/sid/1/nid/1.html HTTP/1.1" 404 13731 "https://mahdetejarat.com/index.php/vod/play/id/16276/sid/1/nid/1.html" "Mozilla/5.0 (Linux; Android 7.0;) AppleWebKit/537.36 (HTML, like Gecko) Mobile Safari/537.36 (compatible; PetalBot;+https://webmaster.petalsearch.com/site/petalbot)"
185.215.232.194 - - [26/Aug/2026:22:12:03 +0330] "GET /vod/play/id/30016/sid/1/nid/1.html HTTP/1.1" 404 13731 "https://mahdetejarat.com/index.php/vod/play/id/19324/sid/1/nid/1.html" "Mozilla/5.0 (Linux; Android 7.0;) AppleWebKit/537.36 (HTML, like Gecko) Mobile Safari/537.36 (compatible; PetalBot;+https://webmaster.petalsearch.com/site/petalbot)"
185.215.232.193 - - [26/Aug/2026:22:13:23 +0330] "GET /vod/play/id/35938/sid/1/nid/1.html HTTP/1.1" 404 13731 "https://www.mahdetejarat.com/index.php/vod/search.html?wd=%E5%A4%84%E5%A5%B3" "Mozilla/5.0 (Linux; Android 7.0;) AppleWebKit/537.36 (HTML, like Gecko) Mobile Safari/537.36 (compatible; PetalBot;+https://webmaster.petalsearch.com/site/petalbot)"
185.215.232.195 - - [26/Aug/2026:22:13:57 +0330] "GET /wp-login.php HTTP/1.1" 200 3375 "-" "Mozilla/5.0 (Windows NT 10.0; Win64; x64) AppleWebKit/537.36 (KHTML, like Gecko) Chrome/151.0.0.0 Safari/537.36"
185.215.232.195 - - [26/Aug/2026:22:14:01 +0330] "POST /wp-login.php HTTP/1.1" 200 3537 "-" "Mozilla/5.0 (Windows NT 10.0; Win64; x64) AppleWebKit/537.36 (KHTML, like Gecko) Chrome/151.0.0.0 Safari/537.36"
94.101.183.3 - - [26/Aug/2026:22:14:44 +0330] "POST /wp-cron.php?doing_wp_cron=1787769884.9268898963928222656250 HTTP/1.1" 200 0 "-" "WordPress/6.9.1; https://mahdetejarat.com"
185.215.232.194 - - [26/Aug/2026:22:14:42 +0330] "GET /index.php/vod/play/id/32808/sid/1/nid/1.html HTTP/1.1" 301 0 "https://mahdetejarat.com/index.php/vod/search.html?wd=%E8%BD%A6%E9%9C%87" "Mozilla/5.0 (Linux; Android 7.0;) AppleWebKit/537.36 (HTML, like Gecko) Mobile Safari/537.36 (compatible; PetalBot;+https://webmaster.petalsearch.com/site/petalbot)"
94.101.183.3 - - [26/Aug/2026:22:16:09 +0330] "POST /wp-cron.php?doing_wp_cron=1787769969.4042150974273681640625 HTTP/1.1" 200 0 "-" "WordPress/6.9.1; https://mahdetejarat.com"
185.215.232.193 - - [26/Aug/2026:22:16:10 +0330] "GET /vod/play/id/41872/sid/1/nid/1.html HTTP/1.1" 404 13731 "https://mahdetejarat.com/index.php/vod/show/by/score/id/24.html" "Mozilla/5.0 (Linux; Android 7.0;) AppleWebKit/537.36 (HTML, like Gecko) Mobile Safari/537.36 (compatible; PetalBot;+https://webmaster.petalsearch.com/site/petalbot)"
94.101.182.6 - - [26/Aug/2026:22:18:19 +0330] "GET /.well-known/acme-challenge/AMKQ8W-CBANP--1E3MN5ZX54DC7I-OSB HTTP/1.1" 200 64 "-" "Cpanel-HTTP-Client/1.0"
94.101.182.6 - - [26/Aug/2026:22:18:19 +0330] "GET /.well-known/acme-challenge/R_J3BESDRINWUOCK8DOKN0ES41VPJWMF HTTP/1.1" 200 64 "-" "Cpanel-HTTP-Client/1.0"
94.101.183.3 - - [26/Aug/2026:22:18:19 +0330] "GET /.well-known/acme-challenge/UHNH12NY6XZ5XO98CN1YMFRXI9PL43PK HTTP/1.1" 404 5749 "-" "Cpanel-HTTP-Client/1.0"
94.101.183.3 - - [26/Aug/2026:22:18:20 +0330] "GET /.well-known/acme-challenge/5QHH8DTUQE3HU127I3ZTYNFERH2SF_3I HTTP/1.1" 404 5750 "-" "Cpanel-HTTP-Client/1.0"
94.101.182.6 - - [26/Aug/2026:22:18:20 +0330] "GET /.well-known/acme-challenge/SFQKI-JB3WITFM287YPR67C416QW05AP HTTP/1.1" 400 52 "-" "Cpanel-HTTP-Client/1.0"
185.215.232.193 - - [26/Aug/2026:22:18:23 +0330] "GET / HTTP/1.1" 200 25822 "-" "Mozilla/5.0 (Windows NT 10.0; Win64; x64) AppleWebKit/537.36 (KHTML, like Gecko) Chrome/132.0.0.0 Safari/537.36"
185.215.232.193 - - [26/Aug/2026:22:18:24 +0330] "GET / HTTP/1.1" 200 25822 "-" "Mozilla/5.0 (Windows NT 10.0; Win64; x64) AppleWebKit/537.36 (KHTML, like Gecko) Chrome/132.0.0.0 Safari/537.36"
94.101.183.3 - - [26/Aug/2026:22:18:28 +0330] "POST /wp-cron.php?doing_wp_cron=1787770108.2145349979400634765625 HTTP/1.1" 200 0 "-" "WordPress/6.9.1; https://mahdetejarat.com"
185.215.232.193 - - [26/Aug/2026:22:18:28 +0330] "GET /wp-content/plugins/timber-library HTTP/1.1" 404 15257 "-" "Mozilla/5.0 (Windows NT 10.0; Win64; x64) AppleWebKit/537.36 (KHTML, like Gecko) Chrome/132.0.0.0 Safari/537.36"
185.215.232.193 - - [26/Aug/2026:22:18:32 +0330] "GET /wp-content/plugins/crocoblock-timber-library/ HTTP/1.1" 404 15257 "-" "Mozilla/5.0 (Windows NT 10.0; Win64; x64) AppleWebKit/537.36 (KHTML, like Gecko) Chrome/132.0.0.0 Safari/537.36"
185.215.232.193 - - [26/Aug/2026:22:18:54 +0330] "GET /index.php/vod/play/id/7761/sid/1/nid/1.html HTTP/1.1" 301 0 "http://mahdetejarat.com/index.php/vod/play/id/8326/sid/1/nid/1.html" "Mozilla/5.0 (Linux; Android 7.0;) AppleWebKit/537.36 (HTML, like Gecko) Mobile Safari/537.36 (compatible; PetalBot;+https://webmaster.petalsearch.com/site/petalbot)"
185.215.232.193 - - [26/Aug/2026:22:18:58 +0330] "GET /vod/play/id/7761/sid/1/nid/1.html HTTP/1.1" 404 13731 "http://mahdetejarat.com/index.php/vod/play/id/8326/sid/1/nid/1.html" "Mozilla/5.0 (Linux; Android 7.0;) AppleWebKit/537.36 (HTML, like Gecko) Mobile Safari/537.36 (compatible; PetalBot;+https://webmaster.petalsearch.com/site/petalbot)"
185.215.232.193 - - [26/Aug/2026:22:20:21 +0330] "GET /vod/play/id/7397/sid/1/nid/1.html HTTP/1.1" 404 13731 "http://mahdetejarat.com/index.php/vod/play/id/8386/sid/1/nid/1.html" "Mozilla/5.0 (Linux; Android 7.0;) AppleWebKit/537.36 (HTML, like Gecko) Mobile Safari/537.36 (compatible; PetalBot;+https://webmaster.petalsearch.com/site/petalbot)"
94.101.182.6 - - [26/Aug/2026:22:18:19 +0330] "GET /.well-known/acme-challenge/R6O-18FHN56RTAYK0AYXSAKDD03Q2-X- HTTP/1.1" 200 64 "-" "Cpanel-HTTP-Client/1.0"
94.101.182.6 - - [26/Aug/2026:22:18:19 +0330] "GET /.well-known/acme-challenge/2KE3Z2J2ITIR5UWD10C27K_PME5EL3GY HTTP/1.1" 401 36 "-" "Cpanel-HTTP-Client/1.0"
94.101.182.6 - - [26/Aug/2026:22:18:20 +0330] "GET /.well-known/acme-challenge/SSMH-V6UM8ZVEB8J8H9NNITQFJ_QUWD0 HTTP/1.1" 200 886 "-" "Cpanel-HTTP-Client/1.0"
94.101.182.6 - - [26/Aug/2026:22:18:20 +0330] "GET /.well-known/acme-challenge/PGOBS-YAECLGF54WDJPB5YM8NUPF-QFR HTTP/1.1" 401 36 "-" "Cpanel-HTTP-Client/1.0"
94.101.182.6 - - [26/Aug/2026:22:18:20 +0330] "GET /.well-known/acme-challenge/CPF3BK22AUY91QPDGY3Q12ET9G_H6VV8 HTTP/1.1" 401 36 "-" "Cpanel-HTTP-Client/1.0"
185.215.232.193 - - [26/Aug/2026:22:18:24 +0330] "GET /wp-content/plugins/timber-library/ HTTP/1.1" 404 15257 "-" "Mozilla/5.0 (Windows NT 10.0; Win64; x64) AppleWebKit/537.36 (KHTML, like Gecko) Chrome/132.0.0.0 Safari/537.36"
185.215.232.193 - - [26/Aug/2026:22:18:36 +0330] "GET /wp-content/plugins/crocoblock-timber-library HTTP/1.1" 404 15257 "-" "Mozilla/5.0 (Windows NT 10.0; Win64; x64) AppleWebKit/537.36 (KHTML, like Gecko) Chrome/132.0.0.0 Safari/537.36"
94.101.183.3 - - [26/Aug/2026:22:18:58 +0330] "POST /wp-cron.php?doing_wp_cron=1787770138.0832641124725341796875 HTTP/1.1" 200 0 "-" "WordPress/6.9.1; https://mahdetejarat.com"
94.101.183.3 - - [26/Aug/2026:22:20:21 +0330] "POST /wp-cron.php?doing_wp_cron=1787770221.1761739253997802734375 HTTP/1.1" 200 0 "-" "WordPress/6.9.1; https://mahdetejarat.com"
185.215.232.193 - - [26/Aug/2026:22:20:18 +0330] "GET /index.php/vod/play/id/7397/sid/1/nid/1.html HTTP/1.1" 301 0 "http://mahdetejarat.com/index.php/vod/play/id/8386/sid/1/nid/1.html" "Mozilla/5.0 (Linux; Android 7.0;) AppleWebKit/537.36 (HTML, like Gecko) Mobile Safari/537.36 (compatible; PetalBot;+https://webmaster.petalsearch.com/site/petalbot)"
94.101.182.6 - - [26/Aug/2026:22:21:43 +0330] "POST /wp-cron.php?doing_wp_cron=1787770303.9583361148834228515625 HTTP/1.1" 200 0 "-" "WordPress/6.9.1; https://mahdetejarat.com"
185.215.232.193 - - [26/Aug/2026:22:21:41 +0330] "GET /index.php/vod/play/id/7390/sid/1/nid/1.html HTTP/1.1" 301 0 "http://mahdetejarat.com/index.php/vod/play/id/4357/sid/1/nid/1.html" "Mozilla/5.0 (Linux; Android 7.0;) AppleWebKit/537.36 (HTML, like Gecko) Mobile Safari/537.36 (compatible; PetalBot;+https://webmaster.petalsearch.com/site/petalbot)"
94.101.182.6 - - [26/Aug/2026:22:23:07 +0330] "POST /wp-cron.php?doing_wp_cron=1787770387.4560189247131347656250 HTTP/1.1" 200 0 "-" "WordPress/6.9.1; https://mahdetejarat.com"
185.215.232.193 - - [26/Aug/2026:22:23:05 +0330] "GET /index.php/vod/play/id/7443/sid/1/nid/1.html HTTP/1.1" 301 0 "https://www.mahdetejarat.com/index.php/vod/play/id/6388/sid/1/nid/1.html" "Mozilla/5.0 (Linux; Android 7.0;) AppleWebKit/537.36 (HTML, like Gecko) Mobile Safari/537.36 (compatible; PetalBot;+https://webmaster.petalsearch.com/site/petalbot)"
185.215.232.193 - - [26/Aug/2026:22:23:08 +0330] "GET /vod/play/id/7443/sid/1/nid/1.html HTTP/1.1" 404 13731 "https://www.mahdetejarat.com/index.php/vod/play/id/6388/sid/1/nid/1.html" "Mozilla/5.0 (Linux; Android 7.0;) AppleWebKit/537.36 (HTML, like Gecko) Mobile Safari/537.36 (compatible; PetalBot;+https://webmaster.petalsearch.com/site/petalbot)"
185.215.232.195 - - [26/Aug/2026:22:24:03 +0330] "GET /product/%d9%81%d9%84%d8%a7%d9%88%d8%b1-%d8%a8%d8%a7%da%a9%d8%b3/ HTTP/1.1" 429 0 "-" "Mozilla/5.0 (Windows NT 10.0; Win64; x64) AppleWebKit/537.36 (KHTML, like Gecko) Chrome/145.0.0.0 Safari/537.36 (compatible; meta-externalagent/1.1 (+https://developers.facebook.com/docs/sharing/webmasters/crawler))"
185.215.232.195 - - [26/Aug/2026:22:24:10 +0330] "GET /product/%d9%86%db%8c%d9%85%da%a9%d8%aa-%d9%81%d9%84%d8%b2%db%8c-%d9%be%d8%a7%d8%b1%da%a9%db%8cs280/ HTTP/1.1" 429 0 "-" "Mozilla/5.0 (X11; Linux x86_64) AppleWebKit/537.36 (KHTML, like Gecko) Chrome/145.0.0.0 Safari/537.36 (compatible; meta-externalagent/1.1 (+https://developers.facebook.com/docs/sharing/webmasters/crawler))"
94.101.182.6 - - [26/Aug/2026:22:24:10 +0330] "POST /wp-cron.php?doing_wp_cron=1787770450.8829340934753417968750 HTTP/1.1" 200 0 "-" "WordPress/6.9.1; https://mahdetejarat.com"
185.215.232.194 - - [26/Aug/2026:22:24:08 +0330] "GET /robots.txt HTTP/1.1" 301 0 "-" "Mozilla/5.0 AppleWebKit/537.36 (KHTML, like Gecko; compatible; bingbot/2.0; +http://www.bing.com/bingbot.htm) Chrome/116.0.1938.76 Safari/537.36"
185.215.232.193 - - [26/Aug/2026:22:24:28 +0330] "GET /index.php/vod/play/id/23220/sid/1/nid/1.html HTTP/1.1" 301 0 "https://mahdetejarat.com/index.php/vod/play/id/34246/sid/1/nid/1.html" "Mozilla/5.0 (Linux; Android 7.0;) AppleWebKit/537.36 (HTML, like Gecko) Mobile Safari/537.36 (compatible; PetalBot;+https://webmaster.petalsearch.com/site/petalbot)"
185.215.232.193 - - [26/Aug/2026:22:24:31 +0330] "GET /vod/play/id/23220/sid/1/nid/1.html HTTP/1.1" 404 13731 "https://mahdetejarat.com/index.php/vod/play/id/34246/sid/1/nid/1.html" "Mozilla/5.0 (Linux; Android 7.0;) AppleWebKit/537.36 (HTML, like Gecko) Mobile Safari/537.36 (compatible; PetalBot;+https://webmaster.petalsearch.com/site/petalbot)"
94.101.182.6 - - [26/Aug/2026:22:25:54 +0330] "POST /wp-cron.php?doing_wp_cron=1787770554.7864620685577392578125 HTTP/1.1" 200 0 "-" "WordPress/6.9.1; https://mahdetejarat.com"
185.215.232.194 - - [26/Aug/2026:22:27:15 +0330] "GET /index.php/vod/play/id/11956/sid/1/nid/1.html HTTP/1.1" 301 0 "https://www.mahdetejarat.com/index.php/vod/search/page/4/wd/%E6%8C%89%E6%91%A9.html" "Mozilla/5.0 (Linux; Android 7.0;) AppleWebKit/537.36 (HTML, like Gecko) Mobile Safari/537.36 (compatible; PetalBot;+https://webmaster.petalsearch.com/site/petalbot)"
185.215.232.193 - - [26/Aug/2026:22:21:44 +0330] "GET /vod/play/id/7390/sid/1/nid/1.html HTTP/1.1" 404 13731 "http://mahdetejarat.com/index.php/vod/play/id/4357/sid/1/nid/1.html" "Mozilla/5.0 (Linux; Android 7.0;) AppleWebKit/537.36 (HTML, like Gecko) Mobile Safari/537.36 (compatible; PetalBot;+https://webmaster.petalsearch.com/site/petalbot)"
185.215.232.194 - - [26/Aug/2026:22:24:11 +0330] "GET /robots.txt HTTP/1.1" 200 163 "-" "Mozilla/5.0 AppleWebKit/537.36 (KHTML, like Gecko; compatible; bingbot/2.0; +http://www.bing.com/bingbot.htm) Chrome/116.0.1938.76 Safari/537.36"
185.215.232.193 - - [26/Aug/2026:22:24:24 +0330] "GET /pages/Health HTTP/1.1" 301 0 "-" "Mozilla/5.0 AppleWebKit/537.36 (KHTML, like Gecko; compatible; bingbot/2.0; +http://www.bing.com/bingbot.htm) Chrome/116.0.1938.76 Safari/537.36"
185.215.232.193 - - [26/Aug/2026:22:25:51 +0330] "GET /index.php/vod/play/id/36696/sid/1/nid/1.html HTTP/1.1" 301 0 "https://www.mahdetejarat.com/index.php/vod/play/id/41903/sid/1/nid/1.html" "Mozilla/5.0 (Linux; Android 7.0;) AppleWebKit/537.36 (HTML, like Gecko) Mobile Safari/537.36 (compatible; PetalBot;+https://webmaster.petalsearch.com/site/petalbot)"
185.215.232.193 - - [26/Aug/2026:22:25:55 +0330] "GET /vod/play/id/36696/sid/1/nid/1.html HTTP/1.1" 404 13731 "https://www.mahdetejarat.com/index.php/vod/play/id/41903/sid/1/nid/1.html" "Mozilla/5.0 (Linux; Android 7.0;) AppleWebKit/537.36 (HTML, like Gecko) Mobile Safari/537.36 (compatible; PetalBot;+https://webmaster.petalsearch.com/site/petalbot)"
94.101.182.6 - - [26/Aug/2026:22:27:18 +0330] "POST /wp-cron.php?doing_wp_cron=1787770638.2140319347381591796875 HTTP/1.1" 200 0 "-" "WordPress/6.9.1; https://mahdetejarat.com"
185.215.232.194 - - [26/Aug/2026:22:27:19 +0330] "GET /vod/play/id/11956/sid/1/nid/1.html HTTP/1.1" 404 13731 "https://www.mahdetejarat.com/index.php/vod/search/page/4/wd/%E6%8C%89%E6%91%A9.html" "Mozilla/5.0 (Linux; Android 7.0;) AppleWebKit/537.36 (HTML, like Gecko) Mobile Safari/537.36 (compatible; PetalBot;+https://webmaster.petalsearch.com/site/petalbot)"
94.101.183.4 - - [26/Aug/2026:22:27:39 +0330] "GET /product/%D9%85%D8%AE%D8%B2%D9%86-%DA%AF%D8%A7%D9%84%D9%88%D8%A7%D9%86%DB%8C%D8%B2%D9%87-770-%D9%84%DB%8C%D8%AA%D8%B1%DB%8C/?utm_medium=PPC&utm_source=Torob&torob_clid=01a03f6f-c69a-70d3-96d2-b4a99d4f6767 HTTP/1.1" 200 19884 "https://api.torob.com/" "Mozilla/5.0 (Windows NT 10.0; Win64; x64; rv:154.0) Gecko/20100101 Firefox/154.0"
94.101.183.4 - - [26/Aug/2026:22:27:43 +0330] "GET /wp-includes/css/dist/block-library/style-rtl.min.css?ver=6.9.1 HTTP/1.1" 200 15828 "https://mahdetejarat.com/product/%D9%85%D8%AE%D8%B2%D9%86-%DA%AF%D8%A7%D9%84%D9%88%D8%A7%D9%86%DB%8C%D8%B2%D9%87-770-%D9%84%DB%8C%D8%AA%D8%B1%DB%8C/?utm_medium=PPC&utm_source=Torob&torob_clid=01a03f6f-c69a-70d3-96d2-b4a99d4f6767" "Mozilla/5.0 (Windows NT 10.0; Win64; x64; rv:154.0) Gecko/20100101 Firefox/154.0"
94.101.183.4 - - [26/Aug/2026:22:27:43 +0330] "GET /wp-content/plugins/woocommerce/assets/css/photoswipe/photoswipe.min.css?ver=10.4.3 HTTP/1.1" 200 990 "https://mahdetejarat.com/product/%D9%85%D8%AE%D8%B2%D9%86-%DA%AF%D8%A7%D9%84%D9%88%D8%A7%D9%86%DB%8C%D8%B2%D9%87-770-%D9%84%DB%8C%D8%AA%D8%B1%DB%8C/?utm_medium=PPC&utm_source=Torob&torob_clid=01a03f6f-c69a-70d3-96d2-b4a99d4f6767" "Mozilla/5.0 (Windows NT 10.0; Win64; x64; rv:154.0) Gecko/20100101 Firefox/154.0"
94.101.183.4 - - [26/Aug/2026:22:27:43 +0330] "GET /wp-content/plugins/woocommerce/assets/css/photoswipe/default-skin/default-skin.min.css?ver=10.4.3 HTTP/1.1" 200 1940 "https://mahdetejarat.com/product/%D9%85%D8%AE%D8%B2%D9%86-%DA%AF%D8%A7%D9%84%D9%88%D8%A7%D9%86%DB%8C%D8%B2%D9%87-770-%D9%84%DB%8C%D8%AA%D8%B1%DB%8C/?utm_medium=PPC&utm_source=Torob&torob_clid=01a03f6f-c69a-70d3-96d2-b4a99d4f6767" "Mozilla/5.0 (Windows NT 10.0; Win64; x64; rv:154.0) Gecko/20100101 Firefox/154.0"
94.101.183.4 - - [26/Aug/2026:22:27:43 +0330] "GET /wp-content/plugins/woocommerce/assets/css/woocommerce-rtl.css?ver=10.4.3 HTTP/1.1" 200 10979 "https://mahdetejarat.com/product/%D9%85%D8%AE%D8%B2%D9%86-%DA%AF%D8%A7%D9%84%D9%88%D8%A7%D9%86%DB%8C%D8%B2%D9%87-770-%D9%84%DB%8C%D8%AA%D8%B1%DB%8C/?utm_medium=PPC&utm_source=Torob&torob_clid=01a03f6f-c69a-70d3-96d2-b4a99d4f6767" "Mozilla/5.0 (Windows NT 10.0; Win64; x64; rv:154.0) Gecko/20100101 Firefox/154.0"
94.101.183.4 - - [26/Aug/2026:22:27:43 +0330] "GET /wp-content/themes/hello-elementor/assets/css/reset.css?ver=3.4.5 HTTP/1.1" 200 1786 "https://mahdetejarat.com/product/%D9%85%D8%AE%D8%B2%D9%86-%DA%AF%D8%A7%D9%84%D9%88%D8%A7%D9%86%DB%8C%D8%B2%D9%87-770-%D9%84%DB%8C%D8%AA%D8%B1%DB%8C/?utm_medium=PPC&utm_source=Torob&torob_clid=01a03f6f-c69a-70d3-96d2-b4a99d4f6767" "Mozilla/5.0 (Windows NT 10.0; Win64; x64; rv:154.0) Gecko/20100101 Firefox/154.0"
94.101.183.4 - - [26/Aug/2026:22:27:43 +0330] "GET /wp-content/themes/hello-elementor/assets/css/theme.css?ver=3.4.5 HTTP/1.1" 200 1272 "https://mahdetejarat.com/product/%D9%85%D8%AE%D8%B2%D9%86-%DA%AF%D8%A7%D9%84%D9%88%D8%A7%D9%86%DB%8C%D8%B2%D9%87-770-%D9%84%DB%8C%D8%AA%D8%B1%DB%8C/?utm_medium=PPC&utm_source=Torob&torob_clid=01a03f6f-c69a-70d3-96d2-b4a99d4f6767" "Mozilla/5.0 (Windows NT 10.0; Win64; x64; rv:154.0) Gecko/20100101 Firefox/154.0"
94.101.183.4 - - [26/Aug/2026:22:27:43 +0330] "GET /wp-content/themes/hello-elementor/assets/css/header-footer.css?ver=3.4.5 HTTP/1.1" 200 1417 "https://mahdetejarat.com/product/%D9%85%D8%AE%D8%B2%D9%86-%DA%AF%D8%A7%D9%84%D9%88%D8%A7%D9%86%DB%8C%D8%B2%D9%87-770-%D9%84%DB%8C%D8%AA%D8%B1%DB%8C/?utm_medium=PPC&utm_source=Torob&torob_clid=01a03f6f-c69a-70d3-96d2-b4a99d4f6767" "Mozilla/5.0 (Windows NT 10.0; Win64; x64; rv:154.0) Gecko/20100101 Firefox/154.0"
94.101.183.4 - - [26/Aug/2026:22:27:43 +0330] "GET /wp-content/uploads/elementor/css/post-6.css?ver=1787597737 HTTP/1.1" 200 587 "https://mahdetejarat.com/product/%D9%85%D8%AE%D8%B2%D9%86-%DA%AF%D8%A7%D9%84%D9%88%D8%A7%D9%86%DB%8C%D8%B2%D9%87-770-%D9%84%DB%8C%D8%AA%D8%B1%DB%8C/?utm_medium=PPC&utm_source=Torob&torob_clid=01a03f6f-c69a-70d3-96d2-b4a99d4f6767" "Mozilla/5.0 (Windows NT 10.0; Win64; x64; rv:154.0) Gecko/20100101 Firefox/154.0"
94.101.183.4 - - [26/Aug/2026:22:27:43 +0330] "GET /wp-content/plugins/elementor/assets/css/frontend.min.css?ver=3.34.0 HTTP/1.1" 200 7238 "https://mahdetejarat.com/product/%D9%85%D8%AE%D8%B2%D9%86-%DA%AF%D8%A7%D9%84%D9%88%D8%A7%D9%86%DB%8C%D8%B2%D9%87-770-%D9%84%DB%8C%D8%AA%D8%B1%DB%8C/?utm_medium=PPC&utm_source=Torob&torob_clid=01a03f6f-c69a-70d3-96d2-b4a99d4f6767" "Mozilla/5.0 (Windows NT 10.0; Win64; x64; rv:154.0) Gecko/20100101 Firefox/154.0"
94.101.183.4 - - [26/Aug/2026:22:27:43 +0330] "GET /wp-content/plugins/elementor/assets/css/widget-image-rtl.min.css?ver=3.34.0 HTTP/1.1" 200 134 "https://mahdetejarat.com/product/%D9%85%D8%AE%D8%B2%D9%86-%DA%AF%D8%A7%D9%84%D9%88%D8%A7%D9%86%DB%8C%D8%B2%D9%87-770-%D9%84%DB%8C%D8%AA%D8%B1%DB%8C/?utm_medium=PPC&utm_source=Torob&torob_clid=01a03f6f-c69a-70d3-96d2-b4a99d4f6767" "Mozilla/5.0 (Windows NT 10.0; Win64; x64; rv:154.0) Gecko/20100101 Firefox/154.0"
94.101.183.4 - - [26/Aug/2026:22:27:43 +0330] "GET /wp-content/plugins/elementor/assets/css/widget-social-icons-rtl.min.css?ver=3.34.0 HTTP/1.1" 200 1130 "https://mahdetejarat.com/product/%D9%85%D8%AE%D8%B2%D9%86-%DA%AF%D8%A7%D9%84%D9%88%D8%A7%D9%86%DB%8C%D8%B2%D9%87-770-%D9%84%DB%8C%D8%AA%D8%B1%DB%8C/?utm_medium=PPC&utm_source=Torob&torob_clid=01a03f6f-c69a-70d3-96d2-b4a99d4f6767" "Mozilla/5.0 (Windows NT 10.0; Win64; x64; rv:154.0) Gecko/20100101 Firefox/154.0"
94.101.183.4 - - [26/Aug/2026:22:27:43 +0330] "GET /wp-content/plugins/jet-engine/assets/css/frontend.css?ver=3.8.2 HTTP/1.1" 200 8058 "https://mahdetejarat.com/product/%D9%85%D8%AE%D8%B2%D9%86-%DA%AF%D8%A7%D9%84%D9%88%D8%A7%D9%86%DB%8C%D8%B2%D9%87-770-%D9%84%DB%8C%D8%AA%D8%B1%DB%8C/?utm_medium=PPC&utm_source=Torob&torob_clid=01a03f6f-c69a-70d3-96d2-b4a99d4f6767" "Mozilla/5.0 (Windows NT 10.0; Win64; x64; rv:154.0) Gecko/20100101 Firefox/154.0"
94.101.183.4 - - [26/Aug/2026:22:27:43 +0330] "GET /wp-content/plugins/woocommerce/assets/css/woocommerce-layout-rtl.css?ver=10.4.3 HTTP/1.1" 200 3425 "https://mahdetejarat.com/product/%D9%85%D8%AE%D8%B2%D9%86-%DA%AF%D8%A7%D9%84%D9%88%D8%A7%D9%86%DB%8C%D8%B2%D9%87-770-%D9%84%DB%8C%D8%AA%D8%B1%DB%8C/?utm_medium=PPC&utm_source=Torob&torob_clid=01a03f6f-c69a-70d3-96d2-b4a99d4f6767" "Mozilla/5.0 (Windows NT 10.0; Win64; x64; rv:154.0) Gecko/20100101 Firefox/154.0"
94.101.183.4 - - [26/Aug/2026:22:27:43 +0330] "GET /wp-content/plugins/elementor-pro/assets/css/widget-nav-menu-rtl.min.css?ver=3.34.0 HTTP/1.1" 200 3446 "https://mahdetejarat.com/product/%D9%85%D8%AE%D8%B2%D9%86-%DA%AF%D8%A7%D9%84%D9%88%D8%A7%D9%86%DB%8C%D8%B2%D9%87-770-%D9%84%DB%8C%D8%AA%D8%B1%DB%8C/?utm_medium=PPC&utm_source=Torob&torob_clid=01a03f6f-c69a-70d3-96d2-b4a99d4f6767" "Mozilla/5.0 (Windows NT 10.0; Win64; x64; rv:154.0) Gecko/20100101 Firefox/154.0"
94.101.183.4 - - [26/Aug/2026:22:27:43 +0330] "GET /wp-content/plugins/elementor/assets/css/conditionals/apple-webkit.min.css?ver=3.34.0 HTTP/1.1" 200 542 "https://mahdetejarat.com/product/%D9%85%D8%AE%D8%B2%D9%86-%DA%AF%D8%A7%D9%84%D9%88%D8%A7%D9%86%DB%8C%D8%B2%D9%87-770-%D9%84%DB%8C%D8%AA%D8%B1%DB%8C/?utm_medium=PPC&utm_source=Torob&torob_clid=01a03f6f-c69a-70d3-96d2-b4a99d4f6767" "Mozilla/5.0 (Windows NT 10.0; Win64; x64; rv:154.0) Gecko/20100101 Firefox/154.0"
94.101.183.4 - - [26/Aug/2026:22:27:43 +0330] "GET /wp-content/plugins/elementor/assets/css/widget-divider-rtl.min.css?ver=3.34.0 HTTP/1.1" 200 740 "https://mahdetejarat.com/product/%D9%85%D8%AE%D8%B2%D9%86-%DA%AF%D8%A7%D9%84%D9%88%D8%A7%D9%86%DB%8C%D8%B2%D9%87-770-%D9%84%DB%8C%D8%AA%D8%B1%DB%8C/?utm_medium=PPC&utm_source=Torob&torob_clid=01a03f6f-c69a-70d3-96d2-b4a99d4f6767" "Mozilla/5.0 (Windows NT 10.0; Win64; x64; rv:154.0) Gecko/20100101 Firefox/154.0"
94.101.183.4 - - [26/Aug/2026:22:27:43 +0330] "GET /wp-content/plugins/elementor-pro/assets/css/widget-woocommerce-product-add-to-cart-rtl.min.css?ver=3.34.0 HTTP/1.1" 200 2174 "https://mahdetejarat.com/product/%D9%85%D8%AE%D8%B2%D9%86-%DA%AF%D8%A7%D9%84%D9%88%D8%A7%D9%86%DB%8C%D8%B2%D9%87-770-%D9%84%DB%8C%D8%AA%D8%B1%DB%8C/?utm_medium=PPC&utm_source=Torob&torob_clid=01a03f6f-c69a-70d3-96d2-b4a99d4f6767" "Mozilla/5.0 (Windows NT 10.0; Win64; x64; rv:154.0) Gecko/20100101 Firefox/154.0"
94.101.183.4 - - [26/Aug/2026:22:27:43 +0330] "GET /wp-content/plugins/persian-elementor/assets/css/font.css?ver=2.7.15 HTTP/1.1" 200 930 "https://mahdetejarat.com/product/%D9%85%D8%AE%D8%B2%D9%86-%DA%AF%D8%A7%D9%84%D9%88%D8%A7%D9%86%DB%8C%D8%B2%D9%87-770-%D9%84%DB%8C%D8%AA%D8%B1%DB%8C/?utm_medium=PPC&utm_source=Torob&torob_clid=01a03f6f-c69a-70d3-96d2-b4a99d4f6767" "Mozilla/5.0 (Windows NT 10.0; Win64; x64; rv:154.0) Gecko/20100101 Firefox/154.0"
94.101.183.4 - - [26/Aug/2026:22:27:43 +0330] "GET /wp-content/uploads/elementor/css/post-141.css?ver=1787597737 HTTP/1.1" 200 1387 "https://mahdetejarat.com/product/%D9%85%D8%AE%D8%B2%D9%86-%DA%AF%D8%A7%D9%84%D9%88%D8%A7%D9%86%DB%8C%D8%B2%D9%87-770-%D9%84%DB%8C%D8%AA%D8%B1%DB%8C/?utm_medium=PPC&utm_source=Torob&torob_clid=01a03f6f-c69a-70d3-96d2-b4a99d4f6767" "Mozilla/5.0 (Windows NT 10.0; Win64; x64; rv:154.0) Gecko/20100101 Firefox/154.0"
94.101.183.4 - - [26/Aug/2026:22:27:43 +0330] "GET /wp-content/plugins/elementor/assets/css/widget-heading-rtl.min.css?ver=3.34.0 HTTP/1.1" 200 160 "https://mahdetejarat.com/product/%D9%85%D8%AE%D8%B2%D9%86-%DA%AF%D8%A7%D9%84%D9%88%D8%A7%D9%86%DB%8C%D8%B2%D9%87-770-%D9%84%DB%8C%D8%AA%D8%B1%DB%8C/?utm_medium=PPC&utm_source=Torob&torob_clid=01a03f6f-c69a-70d3-96d2-b4a99d4f6767" "Mozilla/5.0 (Windows NT 10.0; Win64; x64; rv:154.0) Gecko/20100101 Firefox/154.0"
94.101.183.4 - - [26/Aug/2026:22:27:43 +0330] "GET /wp-content/plugins/elementor/assets/css/widget-icon-list-rtl.min.css?ver=3.34.0 HTTP/1.1" 200 1022 "https://mahdetejarat.com/product/%D9%85%D8%AE%D8%B2%D9%86-%DA%AF%D8%A7%D9%84%D9%88%D8%A7%D9%86%DB%8C%D8%B2%D9%87-770-%D9%84%DB%8C%D8%AA%D8%B1%DB%8C/?utm_medium=PPC&utm_source=Torob&torob_clid=01a03f6f-c69a-70d3-96d2-b4a99d4f6767" "Mozilla/5.0 (Windows NT 10.0; Win64; x64; rv:154.0) Gecko/20100101 Firefox/154.0"
94.101.183.4 - - [26/Aug/2026:22:27:43 +0330] "GET /wp-content/plugins/elementor/assets/css/widget-google_maps-rtl.min.css?ver=3.34.0 HTTP/1.1" 200 137 "https://mahdetejarat.com/product/%D9%85%D8%AE%D8%B2%D9%86-%DA%AF%D8%A7%D9%84%D9%88%D8%A7%D9%86%DB%8C%D8%B2%D9%87-770-%D9%84%DB%8C%D8%AA%D8%B1%DB%8C/?utm_medium=PPC&utm_source=Torob&torob_clid=01a03f6f-c69a-70d3-96d2-b4a99d4f6767" "Mozilla/5.0 (Windows NT 10.0; Win64; x64; rv:154.0) Gecko/20100101 Firefox/154.0"
94.101.183.4 - - [26/Aug/2026:22:27:43 +0330] "GET /wp-content/plugins/elementor-pro/assets/css/widget-woocommerce-product-images-rtl.min.css?ver=3.34.0 HTTP/1.1" 200 242 "https://mahdetejarat.com/product/%D9%85%D8%AE%D8%B2%D9%86-%DA%AF%D8%A7%D9%84%D9%88%D8%A7%D9%86%DB%8C%D8%B2%D9%87-770-%D9%84%DB%8C%D8%AA%D8%B1%DB%8C/?utm_medium=PPC&utm_source=Torob&torob_clid=01a03f6f-c69a-70d3-96d2-b4a99d4f6767" "Mozilla/5.0 (Windows NT 10.0; Win64; x64; rv:154.0) Gecko/20100101 Firefox/154.0"
94.101.183.4 - - [26/Aug/2026:22:27:43 +0330] "GET /wp-content/plugins/persian-elementor/includes/icons/efaicons/style.css?ver=2.7.15 HTTP/1.1" 200 819 "https://mahdetejarat.com/product/%D9%85%D8%AE%D8%B2%D9%86-%DA%AF%D8%A7%D9%84%D9%88%D8%A7%D9%86%DB%8C%D8%B2%D9%87-770-%D9%84%DB%8C%D8%AA%D8%B1%DB%8C/?utm_medium=PPC&utm_source=Torob&torob_clid=01a03f6f-c69a-70d3-96d2-b4a99d4f6767" "Mozilla/5.0 (Windows NT 10.0; Win64; x64; rv:154.0) Gecko/20100101 Firefox/154.0"
94.101.183.4 - - [26/Aug/2026:22:27:43 +0330] "GET /wp-content/uploads/elementor/css/post-166.css?ver=1787597737 HTTP/1.1" 200 1433 "https://mahdetejarat.com/product/%D9%85%D8%AE%D8%B2%D9%86-%DA%AF%D8%A7%D9%84%D9%88%D8%A7%D9%86%DB%8C%D8%B2%D9%87-770-%D9%84%DB%8C%D8%AA%D8%B1%DB%8C/?utm_medium=PPC&utm_source=Torob&torob_clid=01a03f6f-c69a-70d3-96d2-b4a99d4f6767" "Mozilla/5.0 (Windows NT 10.0; Win64; x64; rv:154.0) Gecko/20100101 Firefox/154.0"
94.101.183.4 - - [26/Aug/2026:22:27:43 +0330] "GET /wp-content/uploads/elementor/css/post-178.css?ver=1787600696 HTTP/1.1" 200 1005 "https://mahdetejarat.com/product/%D9%85%D8%AE%D8%B2%D9%86-%DA%AF%D8%A7%D9%84%D9%88%D8%A7%D9%86%DB%8C%D8%B2%D9%87-770-%D9%84%DB%8C%D8%AA%D8%B1%DB%8C/?utm_medium=PPC&utm_source=Torob&torob_clid=01a03f6f-c69a-70d3-96d2-b4a99d4f6767" "Mozilla/5.0 (Windows NT 10.0; Win64; x64; rv:154.0) Gecko/20100101 Firefox/154.0"
94.101.183.4 - - [26/Aug/2026:22:27:43 +0330] "GET /wp-includes/js/jquery/jquery.min.js?ver=3.7.1 HTTP/1.1" 200 30412 "https://mahdetejarat.com/product/%D9%85%D8%AE%D8%B2%D9%86-%DA%AF%D8%A7%D9%84%D9%88%D8%A7%D9%86%DB%8C%D8%B2%D9%87-770-%D9%84%DB%8C%D8%AA%D8%B1%DB%8C/?utm_medium=PPC&utm_source=Torob&torob_clid=01a03f6f-c69a-70d3-96d2-b4a99d4f6767" "Mozilla/5.0 (Windows NT 10.0; Win64; x64; rv:154.0) Gecko/20100101 Firefox/154.0"
94.101.183.4 - - [26/Aug/2026:22:27:43 +0330] "GET /wp-content/uploads/elementor/css/post-185.css?ver=1787604384 HTTP/1.1" 200 1311 "https://mahdetejarat.com/product/%D9%85%D8%AE%D8%B2%D9%86-%DA%AF%D8%A7%D9%84%D9%88%D8%A7%D9%86%DB%8C%D8%B2%D9%87-770-%D9%84%DB%8C%D8%AA%D8%B1%DB%8C/?utm_medium=PPC&utm_source=Torob&torob_clid=01a03f6f-c69a-70d3-96d2-b4a99d4f6767" "Mozilla/5.0 (Windows NT 10.0; Win64; x64; rv:154.0) Gecko/20100101 Firefox/154.0"
94.101.183.4 - - [26/Aug/2026:22:27:43 +0330] "GET /wp-includes/js/jquery/jquery-migrate.min.js?ver=3.4.1 HTTP/1.1" 200 4870 "https://mahdetejarat.com/product/%D9%85%D8%AE%D8%B2%D9%86-%DA%AF%D8%A7%D9%84%D9%88%D8%A7%D9%86%DB%8C%D8%B2%D9%87-770-%D9%84%DB%8C%D8%AA%D8%B1%DB%8C/?utm_medium=PPC&utm_source=Torob&torob_clid=01a03f6f-c69a-70d3-96d2-b4a99d4f6767" "Mozilla/5.0 (Windows NT 10.0; Win64; x64; rv:154.0) Gecko/20100101 Firefox/154.0"
94.101.183.4 - - [26/Aug/2026:22:27:44 +0330] "GET /wp-content/plugins/woocommerce/assets/js/frontend/woocommerce.min.js?ver=10.4.3 HTTP/1.1" 200 1528 "https://mahdetejarat.com/product/%D9%85%D8%AE%D8%B2%D9%86-%DA%AF%D8%A7%D9%84%D9%88%D8%A7%D9%86%DB%8C%D8%B2%D9%87-770-%D9%84%DB%8C%D8%AA%D8%B1%DB%8C/?utm_medium=PPC&utm_source=Torob&torob_clid=01a03f6f-c69a-70d3-96d2-b4a99d4f6767" "Mozilla/5.0 (Windows NT 10.0; Win64; x64; rv:154.0) Gecko/20100101 Firefox/154.0"
94.101.183.4 - - [26/Aug/2026:22:27:44 +0330] "GET /wp-content/plugins/woocommerce/assets/js/jquery-blockui/jquery.blockUI.min.js?ver=2.7.0-wc.10.4.3 HTTP/1.1" 200 3540 "https://mahdetejarat.com/product/%D9%85%D8%AE%D8%B2%D9%86-%DA%AF%D8%A7%D9%84%D9%88%D8%A7%D9%86%DB%8C%D8%B2%D9%87-770-%D9%84%DB%8C%D8%AA%D8%B1%DB%8C/?utm_medium=PPC&utm_source=Torob&torob_clid=01a03f6f-c69a-70d3-96d2-b4a99d4f6767" "Mozilla/5.0 (Windows NT 10.0; Win64; x64; rv:154.0) Gecko/20100101 Firefox/154.0"
94.101.183.4 - - [26/Aug/2026:22:27:44 +0330] "GET /wp-content/uploads/2024/09/photo_2024-09-14_20-06-06.webp HTTP/1.1" 200 18258 "https://mahdetejarat.com/product/%D9%85%D8%AE%D8%B2%D9%86-%DA%AF%D8%A7%D9%84%D9%88%D8%A7%D9%86%DB%8C%D8%B2%D9%87-770-%D9%84%DB%8C%D8%AA%D8%B1%DB%8C/?utm_medium=PPC&utm_source=Torob&torob_clid=01a03f6f-c69a-70d3-96d2-b4a99d4f6767" "Mozilla/5.0 (Windows NT 10.0; Win64; x64; rv:154.0) Gecko/20100101 Firefox/154.0"
94.101.183.4 - - [26/Aug/2026:22:27:44 +0330] "GET /wp-includes/js/jquery/ui/core.min.js?ver=1.13.3 HTTP/1.1" 200 7104 "https://mahdetejarat.com/product/%D9%85%D8%AE%D8%B2%D9%86-%DA%AF%D8%A7%D9%84%D9%88%D8%A7%D9%86%DB%8C%D8%B2%D9%87-770-%D9%84%DB%8C%D8%AA%D8%B1%DB%8C/?utm_medium=PPC&utm_source=Torob&torob_clid=01a03f6f-c69a-70d3-96d2-b4a99d4f6767" "Mozilla/5.0 (Windows NT 10.0; Win64; x64; rv:154.0) Gecko/20100101 Firefox/154.0"
94.101.183.4 - - [26/Aug/2026:22:27:44 +0330] "GET /wp-content/plugins/elementor/assets/js/frontend-modules.min.js?ver=3.34.0 HTTP/1.1" 200 25697 "https://mahdetejarat.com/product/%D9%85%D8%AE%D8%B2%D9%86-%DA%AF%D8%A7%D9%84%D9%88%D8%A7%D9%86%DB%8C%D8%B2%D9%87-770-%D9%84%DB%8C%D8%AA%D8%B1%DB%8C/?utm_medium=PPC&utm_source=Torob&torob_clid=01a03f6f-c69a-70d3-96d2-b4a99d4f6767" "Mozilla/5.0 (Windows NT 10.0; Win64; x64; rv:154.0) Gecko/20100101 Firefox/154.0"
94.101.183.4 - - [26/Aug/2026:22:27:44 +0330] "GET /wp-content/plugins/elementor/assets/css/conditionals/e-swiper.min.css?ver=3.34.0 HTTP/1.1" 200 798 "https://mahdetejarat.com/product/%D9%85%D8%AE%D8%B2%D9%86-%DA%AF%D8%A7%D9%84%D9%88%D8%A7%D9%86%DB%8C%D8%B2%D9%87-770-%D9%84%DB%8C%D8%AA%D8%B1%DB%8C/?utm_medium=PPC&utm_source=Torob&torob_clid=01a03f6f-c69a-70d3-96d2-b4a99d4f6767" "Mozilla/5.0 (Windows NT 10.0; Win64; x64; rv:154.0) Gecko/20100101 Firefox/154.0"
94.101.183.4 - - [26/Aug/2026:22:27:43 +0330] "GET /wp-content/plugins/persian-elementor/assets/css/datepicker-custom.css?ver=1.2.0 HTTP/1.1" 200 2140 "https://mahdetejarat.com/product/%D9%85%D8%AE%D8%B2%D9%86-%DA%AF%D8%A7%D9%84%D9%88%D8%A7%D9%86%DB%8C%D8%B2%D9%87-770-%D9%84%DB%8C%D8%AA%D8%B1%DB%8C/?utm_medium=PPC&utm_source=Torob&torob_clid=01a03f6f-c69a-70d3-96d2-b4a99d4f6767" "Mozilla/5.0 (Windows NT 10.0; Win64; x64; rv:154.0) Gecko/20100101 Firefox/154.0"
94.101.183.4 - - [26/Aug/2026:22:27:44 +0330] "GET /wp-content/plugins/woocommerce/assets/js/zoom/jquery.zoom.min.js?ver=1.7.21-wc.10.4.3 HTTP/1.1" 200 1189 "https://mahdetejarat.com/product/%D9%85%D8%AE%D8%B2%D9%86-%DA%AF%D8%A7%D9%84%D9%88%D8%A7%D9%86%DB%8C%D8%B2%D9%87-770-%D9%84%DB%8C%D8%AA%D8%B1%DB%8C/?utm_medium=PPC&utm_source=Torob&torob_clid=01a03f6f-c69a-70d3-96d2-b4a99d4f6767" "Mozilla/5.0 (Windows NT 10.0; Win64; x64; rv:154.0) Gecko/20100101 Firefox/154.0"
94.101.183.4 - - [26/Aug/2026:22:27:44 +0330] "GET /wp-content/plugins/woocommerce/assets/js/js-cookie/js.cookie.min.js?ver=2.1.4-wc.10.4.3 HTTP/1.1" 200 832 "https://mahdetejarat.com/product/%D9%85%D8%AE%D8%B2%D9%86-%DA%AF%D8%A7%D9%84%D9%88%D8%A7%D9%86%DB%8C%D8%B2%D9%87-770-%D9%84%DB%8C%D8%AA%D8%B1%DB%8C/?utm_medium=PPC&utm_source=Torob&torob_clid=01a03f6f-c69a-70d3-96d2-b4a99d4f6767" "Mozilla/5.0 (Windows NT 10.0; Win64; x64; rv:154.0) Gecko/20100101 Firefox/154.0"
94.101.183.4 - - [26/Aug/2026:22:27:44 +0330] "GET /wp-content/themes/hello-elementor/assets/js/hello-frontend.js?ver=3.4.5 HTTP/1.1" 200 544 "https://mahdetejarat.com/product/%D9%85%D8%AE%D8%B2%D9%86-%DA%AF%D8%A7%D9%84%D9%88%D8%A7%D9%86%DB%8C%D8%B2%D9%87-770-%D9%84%DB%8C%D8%AA%D8%B1%DB%8C/?utm_medium=PPC&utm_source=Torob&torob_clid=01a03f6f-c69a-70d3-96d2-b4a99d4f6767" "Mozilla/5.0 (Windows NT 10.0; Win64; x64; rv:154.0) Gecko/20100101 Firefox/154.0"
94.101.183.4 - - [26/Aug/2026:22:27:44 +0330] "GET /wp-content/plugins/woocommerce/assets/js/frontend/single-product.min.js?ver=10.4.3 HTTP/1.1" 200 2925 "https://mahdetejarat.com/product/%D9%85%D8%AE%D8%B2%D9%86-%DA%AF%D8%A7%D9%84%D9%88%D8%A7%D9%86%DB%8C%D8%B2%D9%87-770-%D9%84%DB%8C%D8%AA%D8%B1%DB%8C/?utm_medium=PPC&utm_source=Torob&torob_clid=01a03f6f-c69a-70d3-96d2-b4a99d4f6767" "Mozilla/5.0 (Windows NT 10.0; Win64; x64; rv:154.0) Gecko/20100101 Firefox/154.0"
94.101.183.4 - - [26/Aug/2026:22:27:44 +0330] "GET /wp-content/plugins/woocommerce/assets/js/flexslider/jquery.flexslider.min.js?ver=2.7.2-wc.10.4.3 HTTP/1.1" 200 6213 "https://mahdetejarat.com/product/%D9%85%D8%AE%D8%B2%D9%86-%DA%AF%D8%A7%D9%84%D9%88%D8%A7%D9%86%DB%8C%D8%B2%D9%87-770-%D9%84%DB%8C%D8%AA%D8%B1%DB%8C/?utm_medium=PPC&utm_source=Torob&torob_clid=01a03f6f-c69a-70d3-96d2-b4a99d4f6767" "Mozilla/5.0 (Windows NT 10.0; Win64; x64; rv:154.0) Gecko/20100101 Firefox/154.0"
94.101.183.4 - - [26/Aug/2026:22:27:44 +0330] "GET /wp-content/plugins/woocommerce/assets/js/photoswipe/photoswipe-ui-default.min.js?ver=4.1.1-wc.10.4.3 HTTP/1.1" 200 3681 "https://mahdetejarat.com/product/%D9%85%D8%AE%D8%B2%D9%86-%DA%AF%D8%A7%D9%84%D9%88%D8%A7%D9%86%DB%8C%D8%B2%D9%87-770-%D9%84%DB%8C%D8%AA%D8%B1%DB%8C/?utm_medium=PPC&utm_source=Torob&torob_clid=01a03f6f-c69a-70d3-96d2-b4a99d4f6767" "Mozilla/5.0 (Windows NT 10.0; Win64; x64; rv:154.0) Gecko/20100101 Firefox/154.0"
94.101.183.4 - - [26/Aug/2026:22:27:44 +0330] "GET /wp-content/plugins/elementor-pro/assets/lib/smartmenus/jquery.smartmenus.min.js?ver=1.2.1 HTTP/1.1" 200 7104 "https://mahdetejarat.com/product/%D9%85%D8%AE%D8%B2%D9%86-%DA%AF%D8%A7%D9%84%D9%88%D8%A7%D9%86%DB%8C%D8%B2%D9%87-770-%D9%84%DB%8C%D8%AA%D8%B1%DB%8C/?utm_medium=PPC&utm_source=Torob&torob_clid=01a03f6f-c69a-70d3-96d2-b4a99d4f6767" "Mozilla/5.0 (Windows NT 10.0; Win64; x64; rv:154.0) Gecko/20100101 Firefox/154.0"
94.101.183.4 - - [26/Aug/2026:22:27:44 +0330] "GET /wp-content/plugins/woocommerce/assets/js/photoswipe/photoswipe.min.js?ver=4.1.1-wc.10.4.3 HTTP/1.1" 200 12060 "https://mahdetejarat.com/product/%D9%85%D8%AE%D8%B2%D9%86-%DA%AF%D8%A7%D9%84%D9%88%D8%A7%D9%86%DB%8C%D8%B2%D9%87-770-%D9%84%DB%8C%D8%AA%D8%B1%DB%8C/?utm_medium=PPC&utm_source=Torob&torob_clid=01a03f6f-c69a-70d3-96d2-b4a99d4f6767" "Mozilla/5.0 (Windows NT 10.0; Win64; x64; rv:154.0) Gecko/20100101 Firefox/154.0"
94.101.183.4 - - [26/Aug/2026:22:27:44 +0330] "GET /wp-content/plugins/elementor/assets/js/webpack.runtime.min.js?ver=3.34.0 HTTP/1.1" 200 2483 "https://mahdetejarat.com/product/%D9%85%D8%AE%D8%B2%D9%86-%DA%AF%D8%A7%D9%84%D9%88%D8%A7%D9%86%DB%8C%D8%B2%D9%87-770-%D9%84%DB%8C%D8%AA%D8%B1%DB%8C/?utm_medium=PPC&utm_source=Torob&torob_clid=01a03f6f-c69a-70d3-96d2-b4a99d4f6767" "Mozilla/5.0 (Windows NT 10.0; Win64; x64; rv:154.0) Gecko/20100101 Firefox/154.0"
94.101.183.4 - - [26/Aug/2026:22:27:44 +0330] "GET /wp-content/plugins/woocommerce/assets/js/frontend/add-to-cart.min.js?ver=10.4.3 HTTP/1.1" 200 1435 "https://mahdetejarat.com/product/%D9%85%D8%AE%D8%B2%D9%86-%DA%AF%D8%A7%D9%84%D9%88%D8%A7%D9%86%DB%8C%D8%B2%D9%87-770-%D9%84%DB%8C%D8%AA%D8%B1%DB%8C/?utm_medium=PPC&utm_source=Torob&torob_clid=01a03f6f-c69a-70d3-96d2-b4a99d4f6767" "Mozilla/5.0 (Windows NT 10.0; Win64; x64; rv:154.0) Gecko/20100101 Firefox/154.0"
94.101.183.4 - - [26/Aug/2026:22:27:44 +0330] "GET /wp-content/plugins/elementor/assets/lib/swiper/v8/css/swiper.min.css?ver=8.4.5 HTTP/1.1" 200 4588 "https://mahdetejarat.com/product/%D9%85%D8%AE%D8%B2%D9%86-%DA%AF%D8%A7%D9%84%D9%88%D8%A7%D9%86%DB%8C%D8%B2%D9%87-770-%D9%84%DB%8C%D8%AA%D8%B1%DB%8C/?utm_medium=PPC&utm_source=Torob&torob_clid=01a03f6f-c69a-70d3-96d2-b4a99d4f6767" "Mozilla/5.0 (Windows NT 10.0; Win64; x64; rv:154.0) Gecko/20100101 Firefox/154.0"
94.101.183.4 - - [26/Aug/2026:22:27:44 +0330] "GET /wp-content/plugins/woocommerce/assets/client/blocks/wc-blocks-rtl.css?ver=wc-10.4.3 HTTP/1.1" 200 2601 "https://mahdetejarat.com/product/%D9%85%D8%AE%D8%B2%D9%86-%DA%AF%D8%A7%D9%84%D9%88%D8%A7%D9%86%DB%8C%D8%B2%D9%87-770-%D9%84%DB%8C%D8%AA%D8%B1%DB%8C/?utm_medium=PPC&utm_source=Torob&torob_clid=01a03f6f-c69a-70d3-96d2-b4a99d4f6767" "Mozilla/5.0 (Windows NT 10.0; Win64; x64; rv:154.0) Gecko/20100101 Firefox/154.0"
94.101.183.4 - - [26/Aug/2026:22:27:44 +0330] "GET /wp-content/plugins/jet-engine/assets/js/frontend.js?ver=3.8.2 HTTP/1.1" 200 16012 "https://mahdetejarat.com/product/%D9%85%D8%AE%D8%B2%D9%86-%DA%AF%D8%A7%D9%84%D9%88%D8%A7%D9%86%DB%8C%D8%B2%D9%87-770-%D9%84%DB%8C%D8%AA%D8%B1%DB%8C/?utm_medium=PPC&utm_source=Torob&torob_clid=01a03f6f-c69a-70d3-96d2-b4a99d4f6767" "Mozilla/5.0 (Windows NT 10.0; Win64; x64; rv:154.0) Gecko/20100101 Firefox/154.0"
94.101.183.4 - - [26/Aug/2026:22:27:44 +0330] "GET /wp-includes/js/dist/hooks.min.js?ver=dd5603f07f9220ed27f1 HTTP/1.1" 200 1939 "https://mahdetejarat.com/product/%D9%85%D8%AE%D8%B2%D9%86-%DA%AF%D8%A7%D9%84%D9%88%D8%A7%D9%86%DB%8C%D8%B2%D9%87-770-%D9%84%DB%8C%D8%AA%D8%B1%DB%8C/?utm_medium=PPC&utm_source=Torob&torob_clid=01a03f6f-c69a-70d3-96d2-b4a99d4f6767" "Mozilla/5.0 (Windows NT 10.0; Win64; x64; rv:154.0) Gecko/20100101 Firefox/154.0"
94.101.183.4 - - [26/Aug/2026:22:27:44 +0330] "GET /wp-content/plugins/elementor/assets/js/frontend.min.js?ver=3.34.0 HTTP/1.1" 200 10340 "https://mahdetejarat.com/product/%D9%85%D8%AE%D8%B2%D9%86-%DA%AF%D8%A7%D9%84%D9%88%D8%A7%D9%86%DB%8C%D8%B2%D9%87-770-%D9%84%DB%8C%D8%AA%D8%B1%DB%8C/?utm_medium=PPC&utm_source=Torob&torob_clid=01a03f6f-c69a-70d3-96d2-b4a99d4f6767" "Mozilla/5.0 (Windows NT 10.0; Win64; x64; rv:154.0) Gecko/20100101 Firefox/154.0"
94.101.183.4 - - [26/Aug/2026:22:27:44 +0330] "GET /wp-content/uploads/2025/01/%D8%B3%D8%B7%D9%84-%D8%B2%D8%A8%D8%A7%D9%84%D9%87-%D9%BE%D8%A7%D8%B1%DA%A9%DB%8C-R350.webp HTTP/1.1" 200 78166 "https://mahdetejarat.com/product/%D9%85%D8%AE%D8%B2%D9%86-%DA%AF%D8%A7%D9%84%D9%88%D8%A7%D9%86%DB%8C%D8%B2%D9%87-770-%D9%84%DB%8C%D8%AA%D8%B1%DB%8C/?utm_medium=PPC&utm_source=Torob&torob_clid=01a03f6f-c69a-70d3-96d2-b4a99d4f6767" "Mozilla/5.0 (Windows NT 10.0; Win64; x64; rv:154.0) Gecko/20100101 Firefox/154.0"
94.101.183.4 - - [26/Aug/2026:22:27:44 +0330] "GET /wp-content/plugins/jet-engine/assets/lib/jet-plugins/jet-plugins.js?ver=1.1.0 HTTP/1.1" 200 2298 "https://mahdetejarat.com/product/%D9%85%D8%AE%D8%B2%D9%86-%DA%AF%D8%A7%D9%84%D9%88%D8%A7%D9%86%DB%8C%D8%B2%D9%87-770-%D9%84%DB%8C%D8%AA%D8%B1%DB%8C/?utm_medium=PPC&utm_source=Torob&torob_clid=01a03f6f-c69a-70d3-96d2-b4a99d4f6767" "Mozilla/5.0 (Windows NT 10.0; Win64; x64; rv:154.0) Gecko/20100101 Firefox/154.0"
94.101.183.4 - - [26/Aug/2026:22:27:44 +0330] "GET /wp-content/uploads/2024/09/%D9%85%D8%AE%D8%B2%D9%86-770-%D9%84%DB%8C%D8%AA%D8%B1%DB%8C-600x600.webp HTTP/1.1" 200 15102 "https://mahdetejarat.com/product/%D9%85%D8%AE%D8%B2%D9%86-%DA%AF%D8%A7%D9%84%D9%88%D8%A7%D9%86%DB%8C%D8%B2%D9%87-770-%D9%84%DB%8C%D8%AA%D8%B1%DB%8C/?utm_medium=PPC&utm_source=Torob&torob_clid=01a03f6f-c69a-70d3-96d2-b4a99d4f6767" "Mozilla/5.0 (Windows NT 10.0; Win64; x64; rv:154.0) Gecko/20100101 Firefox/154.0"
