185.215.232.194 - - [27/Aug/2026:00:38:35 +0330] "GET /wp-includes//wp-includes/abilities.php HTTP/1.1" 301 0 "-" "-"
185.215.232.194 - - [27/Aug/2026:00:38:42 +0330] "GET /wp-includes//wp-includes/admin-bar.php HTTP/1.1" 301 0 "-" "-"
185.215.232.194 - - [27/Aug/2026:00:38:57 +0330] "GET /wp-includes//wp-includes/author-template.php HTTP/1.1" 301 0 "-" "-"
185.215.232.194 - - [27/Aug/2026:00:39:00 +0330] "GET /wp-includes/wp-includes/author-template.php HTTP/1.1" 404 54959 "-" "-"
185.215.232.194 - - [27/Aug/2026:00:39:08 +0330] "GET /wp-includes/wp-includes/block-bindings.php HTTP/1.1" 404 54959 "-" "-"
185.215.232.194 - - [27/Aug/2026:00:39:13 +0330] "GET /wp-includes//wp-includes/block-editor.php HTTP/1.1" 301 0 "-" "-"
185.215.232.194 - - [27/Aug/2026:00:39:20 +0330] "GET /wp-includes//wp-includes/block-patterns.php HTTP/1.1" 301 0 "-" "-"
185.215.232.193 - - [27/Aug/2026:00:39:33 +0330] "GET /index.php/vod/play/id/7937/sid/1/nid/1.html HTTP/1.1" 301 0 "http://mahdetejarat.com/index.php/vod/play/id/3725/sid/1/nid/1.html" "Mozilla/5.0 (Linux; Android 7.0;) AppleWebKit/537.36 (HTML, like Gecko) Mobile Safari/537.36 (compatible; PetalBot;+https://webmaster.petalsearch.com/site/petalbot)"
185.215.232.193 - - [27/Aug/2026:00:39:36 +0330] "GET /vod/play/id/7937/sid/1/nid/1.html HTTP/1.1" 404 13731 "http://mahdetejarat.com/index.php/vod/play/id/3725/sid/1/nid/1.html" "Mozilla/5.0 (Linux; Android 7.0;) AppleWebKit/537.36 (HTML, like Gecko) Mobile Safari/537.36 (compatible; PetalBot;+https://webmaster.petalsearch.com/site/petalbot)"
185.215.232.194 - - [27/Aug/2026:00:39:41 +0330] "GET /wp-includes//wp-includes/blocks.php HTTP/1.1" 301 0 "-" "-"
94.101.183.3 - - [27/Aug/2026:00:40:00 +0330] "POST /wp-cron.php?doing_wp_cron=1787778599.6339499950408935546875 HTTP/1.1" 200 0 "-" "WordPress/6.9.1; https://mahdetejarat.com"
185.215.232.194 - - [27/Aug/2026:00:40:00 +0330] "GET /this_is_a_new_hello_world.php HTTP/1.1" 404 54959 "-" "-"
94.101.183.3 - - [27/Aug/2026:00:40:08 +0330] "POST /wp-cron.php?doing_wp_cron=1787778608.2898149490356445312500 HTTP/1.1" 200 0 "-" "WordPress/6.9.1; https://mahdetejarat.com"
185.215.232.194 - - [27/Aug/2026:00:40:05 +0330] "GET /or.php HTTP/1.1" 404 54959 "-" "-"
185.215.232.194 - - [27/Aug/2026:00:40:08 +0330] "GET /verox.php HTTP/1.1" 404 54959 "-" "-"
185.215.232.194 - - [27/Aug/2026:00:40:09 +0330] "GET /wp-includes/wp-includes/bookmark-template.php HTTP/1.1" 404 54959 "-" "-"
185.215.232.194 - - [27/Aug/2026:00:40:16 +0330] "GET /ok.php HTTP/1.1" 404 54959 "-" "-"
185.215.232.194 - - [27/Aug/2026:00:40:23 +0330] "GET / HTTP/1.1" 200 25822 "-" "Mozilla/5.0 (Windows NT 10.0; Win64; x64) AppleWebKit/537.36 (KHTML, like Gecko) Chrome/120.0.0.0 Safari/537.36"
185.215.232.194 - - [27/Aug/2026:00:40:20 +0330] "GET /aww.php HTTP/1.1" 404 54959 "-" "-"
185.215.232.194 - - [27/Aug/2026:00:40:24 +0330] "GET /autoload_classmap.php HTTP/1.1" 404 13731 "-" "Mozilla/5.0 (Windows NT 10.0; Win64; x64) AppleWebKit/537.36 (KHTML, like Gecko) Chrome/120.0.0.0 Safari/537.36"
185.215.232.194 - - [27/Aug/2026:00:40:25 +0330] "GET /wander.php HTTP/1.1" 404 54959 "-" "-"
185.215.232.194 - - [27/Aug/2026:00:40:29 +0330] "GET /_js.jpg..bk.php HTTP/1.1" 404 54959 "-" "-"
185.215.232.194 - - [27/Aug/2026:00:40:33 +0330] "GET /dragonshell.php HTTP/1.1" 404 54959 "-" "-"
185.215.232.194 - - [27/Aug/2026:00:40:33 +0330] "GET /flower.php HTTP/1.1" 404 13731 "-" "Mozilla/5.0 (Windows NT 10.0; Win64; x64) AppleWebKit/537.36 (KHTML, like Gecko) Chrome/120.0.0.0 Safari/537.36"
185.215.232.194 - - [27/Aug/2026:00:40:37 +0330] "GET /ioxi-o.php HTTP/1.1" 404 13731 "-" "Mozilla/5.0 (Windows NT 10.0; Win64; x64) AppleWebKit/537.36 (KHTML, like Gecko) Chrome/120.0.0.0 Safari/537.36"
185.215.232.194 - - [27/Aug/2026:00:40:37 +0330] "GET /wp-jufsis.php HTTP/1.1" 404 54959 "-" "-"
185.215.232.194 - - [27/Aug/2026:00:40:42 +0330] "GET /lock360.php HTTP/1.1" 404 13731 "-" "Mozilla/5.0 (Windows NT 10.0; Win64; x64) AppleWebKit/537.36 (KHTML, like Gecko) Chrome/120.0.0.0 Safari/537.36"
185.215.232.194 - - [27/Aug/2026:00:40:46 +0330] "GET /post.php HTTP/1.1" 404 13731 "-" "Mozilla/5.0 (Windows NT 10.0; Win64; x64) AppleWebKit/537.36 (KHTML, like Gecko) Chrome/120.0.0.0 Safari/537.36"
185.215.232.194 - - [27/Aug/2026:00:40:50 +0330] "GET /1.php HTTP/1.1" 404 13731 "-" "Mozilla/5.0 (Windows NT 10.0; Win64; x64) AppleWebKit/537.36 (KHTML, like Gecko) Chrome/120.0.0.0 Safari/537.36"
185.215.232.194 - - [27/Aug/2026:00:40:52 +0330] "GET /wp-includes//wp-includes/category-template.php HTTP/1.1" 301 0 "-" "-"
94.101.183.3 - - [27/Aug/2026:00:40:56 +0330] "POST /wp-cron.php?doing_wp_cron=1787778656.5047569274902343750000 HTTP/1.1" 200 0 "-" "WordPress/6.9.1; https://mahdetejarat.com"
185.215.232.194 - - [27/Aug/2026:00:40:54 +0330] "GET /samll.php HTTP/1.1" 404 54959 "-" "-"
185.215.232.194 - - [27/Aug/2026:00:40:55 +0330] "GET /wp-includes/wp-includes/category-template.php HTTP/1.1" 404 54959 "-" "-"
185.215.232.193 - - [27/Aug/2026:00:40:56 +0330] "GET /index.php/vod/play/id/5116/sid/1/nid/1.html HTTP/1.1" 301 0 "https://www.mahdetejarat.com/index.php/vod/play/id/483/sid/1/nid/1.html" "Mozilla/5.0 (Linux; Android 7.0;) AppleWebKit/537.36 (HTML, like Gecko) Mobile Safari/537.36 (compatible; PetalBot;+https://webmaster.petalsearch.com/site/petalbot)"
185.215.232.193 - - [27/Aug/2026:00:41:01 +0330] "GET /vod/play/id/5116/sid/1/nid/1.html HTTP/1.1" 404 13731 "https://www.mahdetejarat.com/index.php/vod/play/id/483/sid/1/nid/1.html" "Mozilla/5.0 (Linux; Android 7.0;) AppleWebKit/537.36 (HTML, like Gecko) Mobile Safari/537.36 (compatible; PetalBot;+https://webmaster.petalsearch.com/site/petalbot)"
185.215.232.194 - - [27/Aug/2026:00:39:29 +0330] "GET /wp-includes/wp-includes/block-template-utils.php HTTP/1.1" 404 54959 "-" "-"
185.215.232.194 - - [27/Aug/2026:00:39:33 +0330] "GET /wp-includes//wp-includes/block-template.php HTTP/1.1" 301 0 "-" "-"
185.215.232.194 - - [27/Aug/2026:00:39:37 +0330] "GET /wp-includes/wp-includes/block-template.php HTTP/1.1" 404 54959 "-" "-"
185.215.232.194 - - [27/Aug/2026:00:39:44 +0330] "GET /wp-includes/wp-includes/blocks.php HTTP/1.1" 404 54959 "-" "-"
185.215.232.194 - - [27/Aug/2026:00:39:56 +0330] "GET /wp-content/plugins/hellopress/wp_filemanager.php HTTP/1.1" 404 54959 "-" "-"
185.215.232.194 - - [27/Aug/2026:00:40:06 +0330] "GET /wp-includes//wp-includes/bookmark-template.php HTTP/1.1" 301 0 "-" "-"
185.215.232.194 - - [27/Aug/2026:00:40:12 +0330] "GET /BDKR28WP.php HTTP/1.1" 404 54959 "-" "-"
185.215.232.194 - - [27/Aug/2026:00:40:13 +0330] "GET /wp-includes//wp-includes/bookmark.php HTTP/1.1" 301 0 "-" "-"
185.215.232.194 - - [27/Aug/2026:00:40:16 +0330] "GET /wp-includes/wp-includes/bookmark.php HTTP/1.1" 404 54959 "-" "-"
185.215.232.194 - - [27/Aug/2026:00:40:21 +0330] "GET /wp-includes//wp-includes/cache-compat.php HTTP/1.1" 301 0 "-" "-"
185.215.232.194 - - [27/Aug/2026:00:40:24 +0330] "GET /wp-includes/wp-includes/cache-compat.php HTTP/1.1" 404 54959 "-" "-"
185.215.232.194 - - [27/Aug/2026:00:40:29 +0330] "GET /wp-includes//wp-includes/cache.php HTTP/1.1" 301 0 "-" "-"
185.215.232.194 - - [27/Aug/2026:00:40:28 +0330] "GET /classwithtostring.php HTTP/1.1" 404 13731 "-" "Mozilla/5.0 (Windows NT 10.0; Win64; x64) AppleWebKit/537.36 (KHTML, like Gecko) Chrome/120.0.0.0 Safari/537.36"
185.215.232.194 - - [27/Aug/2026:00:40:32 +0330] "GET /xleet.php HTTP/1.1" 403 787 "-" "Mozilla/5.0 (Windows NT 10.0; Win64; x64) AppleWebKit/537.36 (KHTML, like Gecko) Chrome/120.0.0.0 Safari/537.36"
185.215.232.194 - - [27/Aug/2026:00:40:32 +0330] "GET /wp-includes/wp-includes/cache.php HTTP/1.1" 404 54959 "-" "-"
185.215.232.194 - - [27/Aug/2026:00:40:37 +0330] "GET /wp-includes//wp-includes/canonical.php HTTP/1.1" 301 0 "-" "-"
185.215.232.194 - - [27/Aug/2026:00:40:40 +0330] "GET /wp-includes/wp-includes/canonical.php HTTP/1.1" 404 54959 "-" "-"
185.215.232.194 - - [27/Aug/2026:00:40:42 +0330] "GET /bthil.php HTTP/1.1" 404 54959 "-" "-"
185.215.232.194 - - [27/Aug/2026:00:40:45 +0330] "GET /wp-includes//wp-includes/capabilities.php HTTP/1.1" 301 0 "-" "-"
185.215.232.194 - - [27/Aug/2026:00:40:46 +0330] "GET /txets.php HTTP/1.1" 404 54959 "-" "-"
185.215.232.194 - - [27/Aug/2026:00:40:48 +0330] "GET /wp-includes/wp-includes/capabilities.php HTTP/1.1" 404 54959 "-" "-"
185.215.232.194 - - [27/Aug/2026:00:40:50 +0330] "GET /privacy.php HTTP/1.1" 404 54959 "-" "-"
185.215.232.194 - - [27/Aug/2026:00:40:53 +0330] "GET /admin.php HTTP/1.1" 404 13731 "-" "Mozilla/5.0 (Windows NT 10.0; Win64; x64) AppleWebKit/537.36 (KHTML, like Gecko) Chrome/120.0.0.0 Safari/537.36"
185.215.232.194 - - [27/Aug/2026:00:40:57 +0330] "GET /file.php HTTP/1.1" 404 13731 "-" "Mozilla/5.0 (Windows NT 10.0; Win64; x64) AppleWebKit/537.36 (KHTML, like Gecko) Chrome/120.0.0.0 Safari/537.36"
185.215.232.194 - - [27/Aug/2026:00:40:58 +0330] "GET /motu.php HTTP/1.1" 404 54959 "-" "-"
185.215.232.194 - - [27/Aug/2026:00:40:59 +0330] "GET /wp-includes//wp-includes/category.php HTTP/1.1" 301 0 "-" "-"
185.215.232.194 - - [27/Aug/2026:00:41:02 +0330] "GET /themes.php HTTP/1.1" 404 54959 "-" "-"
185.215.232.194 - - [27/Aug/2026:00:41:02 +0330] "GET /wp-includes/wp-includes/category.php HTTP/1.1" 404 54959 "-" "-"
94.101.183.3 - - [27/Aug/2026:00:41:12 +0330] "POST /wp-cron.php?doing_wp_cron=1787778672.5513620376586914062500 HTTP/1.1" 200 0 "-" "WordPress/6.9.1; https://mahdetejarat.com"
185.215.232.194 - - [27/Aug/2026:00:41:10 +0330] "GET /min.php HTTP/1.1" 404 54959 "-" "-"
185.215.232.194 - - [27/Aug/2026:00:41:11 +0330] "GET /wp-includes/wp-includes/class-avif-info.php HTTP/1.1" 404 54959 "-" "-"
185.215.232.194 - - [27/Aug/2026:00:41:01 +0330] "GET /meta.php HTTP/1.1" 404 13731 "-" "Mozilla/5.0 (Windows NT 10.0; Win64; x64) AppleWebKit/537.36 (KHTML, like Gecko) Chrome/120.0.0.0 Safari/537.36"
185.215.232.194 - - [27/Aug/2026:00:41:05 +0330] "GET /index.php HTTP/1.1" 301 0 "-" "Mozilla/5.0 (Windows NT 10.0; Win64; x64) AppleWebKit/537.36 (KHTML, like Gecko) Chrome/120.0.0.0 Safari/537.36"
94.101.183.3 - - [27/Aug/2026:00:41:09 +0330] "POST /wp-cron.php?doing_wp_cron=1787778669.5050499439239501953125 HTTP/1.1" 200 0 "-" "WordPress/6.9.1; https://mahdetejarat.com"
185.215.232.194 - - [27/Aug/2026:00:41:06 +0330] "GET /greem_res.php HTTP/1.1" 404 54959 "-" "-"
185.215.232.194 - - [27/Aug/2026:00:41:07 +0330] "GET /wp-includes//wp-includes/class-avif-info.php HTTP/1.1" 301 0 "-" "-"
185.215.232.194 - - [27/Aug/2026:00:41:08 +0330] "GET /abcd.php HTTP/1.1" 404 13731 "-" "Mozilla/5.0 (Windows NT 10.0; Win64; x64) AppleWebKit/537.36 (KHTML, like Gecko) Chrome/120.0.0.0 Safari/537.36"
185.215.232.194 - - [27/Aug/2026:00:41:13 +0330] "GET /luJMF.php HTTP/1.1" 404 54959 "-" "-"
185.215.232.194 - - [27/Aug/2026:00:41:16 +0330] "GET /randkeyword.php HTTP/1.1" 404 13731 "-" "Mozilla/5.0 (Windows NT 10.0; Win64; x64) AppleWebKit/537.36 (KHTML, like Gecko) Chrome/120.0.0.0 Safari/537.36"
185.215.232.194 - - [27/Aug/2026:00:41:18 +0330] "GET /wp-includes/wp-includes/class-feed.php HTTP/1.1" 404 54959 "-" "-"
185.215.232.194 - - [27/Aug/2026:00:41:20 +0330] "GET /goods.php HTTP/1.1" 404 13731 "-" "Mozilla/5.0 (Windows NT 10.0; Win64; x64) AppleWebKit/537.36 (KHTML, like Gecko) Chrome/120.0.0.0 Safari/537.36"
185.215.232.194 - - [27/Aug/2026:00:41:21 +0330] "GET /wo.php HTTP/1.1" 404 54959 "-" "-"
185.215.232.194 - - [27/Aug/2026:00:41:24 +0330] "GET /hehe.php HTTP/1.1" 404 13731 "-" "Mozilla/5.0 (Windows NT 10.0; Win64; x64) AppleWebKit/537.36 (KHTML, like Gecko) Chrome/120.0.0.0 Safari/537.36"
185.215.232.194 - - [27/Aug/2026:00:41:25 +0330] "GET /v4.php HTTP/1.1" 404 54959 "-" "-"
185.215.232.194 - - [27/Aug/2026:00:41:25 +0330] "GET /wp-includes/wp-includes/class-http.php HTTP/1.1" 404 54959 "-" "-"
185.215.232.194 - - [27/Aug/2026:00:41:28 +0330] "GET /v1.php HTTP/1.1" 404 54959 "-" "-"
185.215.232.194 - - [27/Aug/2026:00:41:29 +0330] "GET /wp-includes//wp-includes/class-IXR.php HTTP/1.1" 301 0 "-" "-"
185.215.232.194 - - [27/Aug/2026:00:41:31 +0330] "GET /wp-2019.php HTTP/1.1" 404 13731 "-" "Mozilla/5.0 (Windows NT 10.0; Win64; x64) AppleWebKit/537.36 (KHTML, like Gecko) Chrome/120.0.0.0 Safari/537.36"
185.215.232.194 - - [27/Aug/2026:00:41:35 +0330] "GET /chosen.php HTTP/1.1" 404 13731 "-" "Mozilla/5.0 (Windows NT 10.0; Win64; x64) AppleWebKit/537.36 (KHTML, like Gecko) Chrome/120.0.0.0 Safari/537.36"
185.215.232.194 - - [27/Aug/2026:00:41:35 +0330] "GET /wp-includes//wp-includes/class-json.php HTTP/1.1" 301 0 "-" "-"
185.215.232.194 - - [27/Aug/2026:00:41:38 +0330] "GET /functions.php HTTP/1.1" 404 13731 "-" "Mozilla/5.0 (Windows NT 10.0; Win64; x64) AppleWebKit/537.36 (KHTML, like Gecko) Chrome/120.0.0.0 Safari/537.36"
185.215.232.194 - - [27/Aug/2026:00:41:38 +0330] "GET /wp-includes/wp-includes/class-json.php HTTP/1.1" 404 54959 "-" "-"
185.215.232.194 - - [27/Aug/2026:00:41:41 +0330] "GET /cron.php HTTP/1.1" 404 13731 "-" "Mozilla/5.0 (Windows NT 10.0; Win64; x64) AppleWebKit/537.36 (KHTML, like Gecko) Chrome/120.0.0.0 Safari/537.36"
185.215.232.194 - - [27/Aug/2026:00:41:42 +0330] "GET /wp-includes//wp-includes/class-oembed.php HTTP/1.1" 301 0 "-" "-"
185.215.232.194 - - [27/Aug/2026:00:41:53 +0330] "GET /wp-includes/wp-includes/class-phpass.php HTTP/1.1" 404 54959 "-" "-"
185.215.232.194 - - [27/Aug/2026:00:41:55 +0330] "GET /wp-content/admin.php HTTP/1.1" 404 54959 "-" "-"
185.215.232.194 - - [27/Aug/2026:00:42:01 +0330] "GET /wp-includes/wp-includes/class-phpmailer.php HTTP/1.1" 404 54959 "-" "-"
185.215.232.194 - - [27/Aug/2026:00:42:08 +0330] "GET /disagreed.php HTTP/1.1" 404 13731 "-" "Mozilla/5.0 (Windows NT 10.0; Win64; x64) AppleWebKit/537.36 (KHTML, like Gecko) Chrome/120.0.0.0 Safari/537.36"
185.215.232.194 - - [27/Aug/2026:00:41:13 +0330] "GET /about.php HTTP/1.1" 404 13731 "-" "Mozilla/5.0 (Windows NT 10.0; Win64; x64) AppleWebKit/537.36 (KHTML, like Gecko) Chrome/120.0.0.0 Safari/537.36"
185.215.232.194 - - [27/Aug/2026:00:41:16 +0330] "GET /wp-includes//wp-includes/class-feed.php HTTP/1.1" 301 0 "-" "-"
185.215.232.194 - - [27/Aug/2026:00:41:17 +0330] "GET /abcd.php HTTP/1.1" 404 54959 "-" "-"
185.215.232.194 - - [27/Aug/2026:00:41:22 +0330] "GET /wp-includes//wp-includes/class-http.php HTTP/1.1" 301 0 "-" "-"
185.215.232.194 - - [27/Aug/2026:00:41:27 +0330] "GET /user.php HTTP/1.1" 404 13731 "-" "Mozilla/5.0 (Windows NT 10.0; Win64; x64) AppleWebKit/537.36 (KHTML, like Gecko) Chrome/120.0.0.0 Safari/537.36"
185.215.232.194 - - [27/Aug/2026:00:41:31 +0330] "GET /wp-includes/wp-includes/class-IXR.php HTTP/1.1" 404 54959 "-" "-"
185.215.232.194 - - [27/Aug/2026:00:41:32 +0330] "GET /v2.php HTTP/1.1" 404 54959 "-" "-"
185.215.232.194 - - [27/Aug/2026:00:41:35 +0330] "GET /v3.php HTTP/1.1" 404 54959 "-" "-"
185.215.232.194 - - [27/Aug/2026:00:41:39 +0330] "GET /wp-content/themes/luJMF.php HTTP/1.1" 404 54959 "-" "-"
185.215.232.194 - - [27/Aug/2026:00:41:43 +0330] "GET /wp-includes/js/codemirror/about.php HTTP/1.1" 404 54959 "-" "-"
185.215.232.194 - - [27/Aug/2026:00:41:45 +0330] "GET /edit.php HTTP/1.1" 404 13731 "-" "Mozilla/5.0 (Windows NT 10.0; Win64; x64) AppleWebKit/537.36 (KHTML, like Gecko) Chrome/120.0.0.0 Safari/537.36"
185.215.232.194 - - [27/Aug/2026:00:41:45 +0330] "GET /wp-includes/wp-includes/class-oembed.php HTTP/1.1" 404 54959 "-" "-"
185.215.232.194 - - [27/Aug/2026:00:41:47 +0330] "GET /wp-content/plugin-install.php HTTP/1.1" 404 54959 "-" "-"
185.215.232.194 - - [27/Aug/2026:00:41:51 +0330] "GET /wp-content/maintenance.php HTTP/1.1" 503 1884 "-" "-"
185.215.232.194 - - [27/Aug/2026:00:41:49 +0330] "GET /gecko-new.php HTTP/1.1" 404 13731 "-" "Mozilla/5.0 (Windows NT 10.0; Win64; x64) AppleWebKit/537.36 (KHTML, like Gecko) Chrome/120.0.0.0 Safari/537.36"
185.215.232.194 - - [27/Aug/2026:00:41:50 +0330] "GET /wp-includes//wp-includes/class-phpass.php HTTP/1.1" 301 0 "-" "-"
185.215.232.195 - - [27/Aug/2026:00:41:52 +0330] "GET /robots.txt HTTP/1.1" 200 178 "-" "facebookexternalhit/1.1 (+http://www.facebook.com/externalhit_uatext.php)"
185.215.232.194 - - [27/Aug/2026:00:41:51 +0330] "GET /wp-content/db-status.php HTTP/1.1" 404 54959 "-" "-"
185.215.232.194 - - [27/Aug/2026:00:41:52 +0330] "GET /cookie.php HTTP/1.1" 404 13731 "-" "Mozilla/5.0 (Windows NT 10.0; Win64; x64) AppleWebKit/537.36 (KHTML, like Gecko) Chrome/120.0.0.0 Safari/537.36"
185.215.232.194 - - [27/Aug/2026:00:41:56 +0330] "GET /spip.php HTTP/1.1" 404 13731 "-" "Mozilla/5.0 (Windows NT 10.0; Win64; x64) AppleWebKit/537.36 (KHTML, like Gecko) Chrome/120.0.0.0 Safari/537.36"
185.215.232.194 - - [27/Aug/2026:00:41:58 +0330] "GET /wp-includes//wp-includes/class-phpmailer.php HTTP/1.1" 301 0 "-" "-"
185.215.232.194 - - [27/Aug/2026:00:42:00 +0330] "GET /22.php HTTP/1.1" 404 13731 "-" "Mozilla/5.0 (Windows NT 10.0; Win64; x64) AppleWebKit/537.36 (KHTML, like Gecko) Chrome/120.0.0.0 Safari/537.36"
185.215.232.194 - - [27/Aug/2026:00:42:05 +0330] "GET /wp-includes//wp-includes/class-pop3.php HTTP/1.1" 301 0 "-" "-"
185.215.232.194 - - [27/Aug/2026:00:42:04 +0330] "GET /room.php HTTP/1.1" 404 13731 "-" "Mozilla/5.0 (Windows NT 10.0; Win64; x64) AppleWebKit/537.36 (KHTML, like Gecko) Chrome/120.0.0.0 Safari/537.36"
185.215.232.194 - - [27/Aug/2026:00:42:08 +0330] "GET /wp-includes/wp-includes/class-pop3.php HTTP/1.1" 404 54959 "-" "-"
94.101.183.3 - - [27/Aug/2026:00:42:15 +0330] "POST /wp-cron.php?doing_wp_cron=1787778735.0241041183471679687500 HTTP/1.1" 200 0 "-" "WordPress/6.9.1; https://mahdetejarat.com"
185.215.232.194 - - [27/Aug/2026:00:42:12 +0330] "GET /wp-includes//wp-includes/class-requests.php HTTP/1.1" 301 0 "-" "-"
185.215.232.194 - - [27/Aug/2026:00:42:19 +0330] "GET /alfa-rex.php7 HTTP/1.1" 404 13731 "-" "Mozilla/5.0 (Windows NT 10.0; Win64; x64) AppleWebKit/537.36 (KHTML, like Gecko) Chrome/120.0.0.0 Safari/537.36"
185.215.232.193 - - [27/Aug/2026:00:42:20 +0330] "GET /index.php/vod/play/id/4611/sid/1/nid/1.html HTTP/1.1" 301 0 "http://mahdetejarat.com/index.php/vod/play/id/3612/sid/1/nid/1.html" "Mozilla/5.0 (Linux; Android 7.0;) AppleWebKit/537.36 (HTML, like Gecko) Mobile Safari/537.36 (compatible; PetalBot;+https://webmaster.petalsearch.com/site/petalbot)"
185.215.232.194 - - [27/Aug/2026:00:42:23 +0330] "GET /wp-includes/wp-includes/class-simplepie.php HTTP/1.1" 404 54959 "-" "-"
185.215.232.194 - - [27/Aug/2026:00:42:26 +0330] "GET /radio.php HTTP/1.1" 404 13731 "-" "Mozilla/5.0 (Windows NT 10.0; Win64; x64) AppleWebKit/537.36 (KHTML, like Gecko) Chrome/120.0.0.0 Safari/537.36"
185.215.232.194 - - [27/Aug/2026:00:42:27 +0330] "GET /wp-includes//wp-includes/class-smtp.php HTTP/1.1" 301 0 "-" "-"
185.215.232.194 - - [27/Aug/2026:00:42:30 +0330] "GET /wp-includes/wp-includes/class-smtp.php HTTP/1.1" 404 54959 "-" "-"
185.215.232.194 - - [27/Aug/2026:00:42:30 +0330] "GET /dropdown.php HTTP/1.1" 404 13731 "-" "Mozilla/5.0 (Windows NT 10.0; Win64; x64) AppleWebKit/537.36 (KHTML, like Gecko) Chrome/120.0.0.0 Safari/537.36"
185.215.232.194 - - [27/Aug/2026:00:42:33 +0330] "GET /defaults.php HTTP/1.1" 404 13731 "-" "Mozilla/5.0 (Windows NT 10.0; Win64; x64) AppleWebKit/537.36 (KHTML, like Gecko) Chrome/120.0.0.0 Safari/537.36"
185.215.232.194 - - [27/Aug/2026:00:42:34 +0330] "GET /wp-includes//wp-includes/class-snoopy.php HTTP/1.1" 301 0 "-" "-"
185.215.232.194 - - [27/Aug/2026:00:42:37 +0330] "GET /system.php HTTP/1.1" 404 13731 "-" "Mozilla/5.0 (Windows NT 10.0; Win64; x64) AppleWebKit/537.36 (KHTML, like Gecko) Chrome/120.0.0.0 Safari/537.36"
185.215.232.194 - - [27/Aug/2026:00:42:41 +0330] "GET /xmlrpc.php HTTP/1.1" 405 46 "-" "Mozilla/5.0 (Windows NT 10.0; Win64; x64) AppleWebKit/537.36 (KHTML, like Gecko) Chrome/120.0.0.0 Safari/537.36"
185.215.232.194 - - [27/Aug/2026:00:42:44 +0330] "GET /wp-includes//wp-includes/class-walker-category-dropdown.php HTTP/1.1" 301 0 "-" "-"
185.215.232.194 - - [27/Aug/2026:00:42:52 +0330] "GET /wp-includes//wp-includes/class-walker-category.php HTTP/1.1" 301 0 "-" "-"
94.101.183.3 - - [27/Aug/2026:00:42:57 +0330] "POST /wp-cron.php?doing_wp_cron=1787778777.6655550003051757812500 HTTP/1.1" 200 0 "-" "WordPress/6.9.1; https://mahdetejarat.com"
185.215.232.194 - - [27/Aug/2026:00:42:54 +0330] "GET /updates.php HTTP/1.1" 404 13731 "-" "Mozilla/5.0 (Windows NT 10.0; Win64; x64) AppleWebKit/537.36 (KHTML, like Gecko) Chrome/120.0.0.0 Safari/537.36"
185.215.232.194 - - [27/Aug/2026:00:42:56 +0330] "GET /wp-includes/wp-includes/class-walker-category.php HTTP/1.1" 404 54959 "-" "-"
185.215.232.194 - - [27/Aug/2026:00:42:58 +0330] "GET /alfa-rex1.php HTTP/1.1" 404 13731 "-" "Mozilla/5.0 (Windows NT 10.0; Win64; x64) AppleWebKit/537.36 (KHTML, like Gecko) Chrome/120.0.0.0 Safari/537.36"
185.215.232.194 - - [27/Aug/2026:00:43:00 +0330] "GET /wp-includes//wp-includes/class-walker-comment.php HTTP/1.1" 301 0 "-" "-"
185.215.232.194 - - [27/Aug/2026:00:43:02 +0330] "GET /wp-index.php HTTP/1.1" 404 13731 "-" "Mozilla/5.0 (Windows NT 10.0; Win64; x64) AppleWebKit/537.36 (KHTML, like Gecko) Chrome/120.0.0.0 Safari/537.36"
185.215.232.194 - - [27/Aug/2026:00:43:03 +0330] "GET /wp-includes/wp-includes/class-walker-comment.php HTTP/1.1" 404 54959 "-" "-"
185.215.232.194 - - [27/Aug/2026:00:43:05 +0330] "GET /wp-admin.php HTTP/1.1" 404 13731 "-" "Mozilla/5.0 (Windows NT 10.0; Win64; x64) AppleWebKit/537.36 (KHTML, like Gecko) Chrome/120.0.0.0 Safari/537.36"
185.215.232.194 - - [27/Aug/2026:00:43:12 +0330] "GET /alfa.php HTTP/1.1" 404 13731 "-" "Mozilla/5.0 (Windows NT 10.0; Win64; x64) AppleWebKit/537.36 (KHTML, like Gecko) Chrome/120.0.0.0 Safari/537.36"
185.215.232.194 - - [27/Aug/2026:00:43:15 +0330] "GET /alfanew.php7 HTTP/1.1" 404 13731 "-" "Mozilla/5.0 (Windows NT 10.0; Win64; x64) AppleWebKit/537.36 (KHTML, like Gecko) Chrome/120.0.0.0 Safari/537.36"
185.215.232.194 - - [27/Aug/2026:00:43:16 +0330] "GET /wp-includes/wp-includes/class-walker-page-dropdown.php HTTP/1.1" 404 54959 "-" "-"
185.215.232.194 - - [27/Aug/2026:00:43:22 +0330] "GET /wp-includes//wp-includes/class-walker-page.php HTTP/1.1" 301 0 "-" "-"
94.101.183.3 - - [27/Aug/2026:00:42:15 +0330] "POST /wp-cron.php?doing_wp_cron=1787778735.0243339538574218750000 HTTP/1.1" 200 0 "-" "WordPress/6.9.1; https://mahdetejarat.com"
185.215.232.194 - - [27/Aug/2026:00:42:12 +0330] "GET /text.php HTTP/1.1" 404 13731 "-" "Mozilla/5.0 (Windows NT 10.0; Win64; x64) AppleWebKit/537.36 (KHTML, like Gecko) Chrome/120.0.0.0 Safari/537.36"
185.215.232.194 - - [27/Aug/2026:00:42:15 +0330] "GET /alfa-rex.php HTTP/1.1" 404 13731 "-" "Mozilla/5.0 (Windows NT 10.0; Win64; x64) AppleWebKit/537.36 (KHTML, like Gecko) Chrome/120.0.0.0 Safari/537.36"
185.215.232.194 - - [27/Aug/2026:00:42:15 +0330] "GET /wp-includes/wp-includes/class-requests.php HTTP/1.1" 404 54959 "-" "-"
185.215.232.194 - - [27/Aug/2026:00:42:19 +0330] "GET /wp-includes//wp-includes/class-simplepie.php HTTP/1.1" 301 0 "-" "-"
185.215.232.194 - - [27/Aug/2026:00:42:22 +0330] "GET /feeds.php HTTP/1.1" 404 13731 "-" "Mozilla/5.0 (Windows NT 10.0; Win64; x64) AppleWebKit/537.36 (KHTML, like Gecko) Chrome/120.0.0.0 Safari/537.36"
185.215.232.193 - - [27/Aug/2026:00:42:24 +0330] "GET /vod/play/id/4611/sid/1/nid/1.html HTTP/1.1" 404 13731 "http://mahdetejarat.com/index.php/vod/play/id/3612/sid/1/nid/1.html" "Mozilla/5.0 (Linux; Android 7.0;) AppleWebKit/537.36 (HTML, like Gecko) Mobile Safari/537.36 (compatible; PetalBot;+https://webmaster.petalsearch.com/site/petalbot)"
185.215.232.194 - - [27/Aug/2026:00:42:39 +0330] "GET /wp-includes/wp-includes/class-snoopy.php HTTP/1.1" 404 54959 "-" "-"
185.215.232.194 - - [27/Aug/2026:00:42:44 +0330] "GET /xmlrpc.php0 HTTP/1.1" 404 13731 "-" "Mozilla/5.0 (Windows NT 10.0; Win64; x64) AppleWebKit/537.36 (KHTML, like Gecko) Chrome/120.0.0.0 Safari/537.36"
185.215.232.194 - - [27/Aug/2026:00:42:46 +0330] "GET /wp-includes/wp-includes/class-walker-category-dropdown.php HTTP/1.1" 404 54959 "-" "-"
185.215.232.194 - - [27/Aug/2026:00:42:50 +0330] "GET /colors.php HTTP/1.1" 404 13731 "-" "Mozilla/5.0 (Windows NT 10.0; Win64; x64) AppleWebKit/537.36 (KHTML, like Gecko) Chrome/120.0.0.0 Safari/537.36"
185.215.232.194 - - [27/Aug/2026:00:43:07 +0330] "GET /wp-includes//wp-includes/class-walker-nav-menu.php HTTP/1.1" 301 0 "-" "-"
185.215.232.194 - - [27/Aug/2026:00:43:10 +0330] "GET /wp-includes/wp-includes/class-walker-nav-menu.php HTTP/1.1" 404 54959 "-" "-"
185.215.232.194 - - [27/Aug/2026:00:43:13 +0330] "GET /wp-includes//wp-includes/class-walker-page-dropdown.php HTTP/1.1" 301 0 "-" "-"
185.215.232.194 - - [27/Aug/2026:00:43:20 +0330] "GET /locale.php HTTP/1.1" 404 13731 "-" "Mozilla/5.0 (Windows NT 10.0; Win64; x64) AppleWebKit/537.36 (KHTML, like Gecko) Chrome/120.0.0.0 Safari/537.36"
185.215.232.194 - - [27/Aug/2026:00:43:24 +0330] "GET /wxo.php HTTP/1.1" 404 13731 "-" "Mozilla/5.0 (Windows NT 10.0; Win64; x64) AppleWebKit/537.36 (KHTML, like Gecko) Chrome/120.0.0.0 Safari/537.36"
185.215.232.194 - - [27/Aug/2026:00:43:25 +0330] "GET /wp-includes/wp-includes/class-walker-page.php HTTP/1.1" 404 54959 "-" "-"
185.215.232.194 - - [27/Aug/2026:00:43:31 +0330] "GET /files.php HTTP/1.1" 404 13731 "-" "Mozilla/5.0 (Windows NT 10.0; Win64; x64) AppleWebKit/537.36 (KHTML, like Gecko) Chrome/120.0.0.0 Safari/537.36"
185.215.232.194 - - [27/Aug/2026:00:43:32 +0330] "GET /wp-includes/wp-includes/class-wp-admin-bar.php HTTP/1.1" 404 54959 "-" "-"
185.215.232.194 - - [27/Aug/2026:00:43:37 +0330] "GET /wp-includes//wp-includes/class-wp-ajax-response.php HTTP/1.1" 301 0 "-" "-"
185.215.232.194 - - [27/Aug/2026:00:43:39 +0330] "GET /wp-contentt.php HTTP/1.1" 404 13731 "-" "Mozilla/5.0 (Windows NT 10.0; Win64; x64) AppleWebKit/537.36 (KHTML, like Gecko) Chrome/120.0.0.0 Safari/537.36"
185.215.232.194 - - [27/Aug/2026:00:43:42 +0330] "GET /config.php7 HTTP/1.1" 404 13731 "-" "Mozilla/5.0 (Windows NT 10.0; Win64; x64) AppleWebKit/537.36 (KHTML, like Gecko) Chrome/120.0.0.0 Safari/537.36"
185.215.232.194 - - [27/Aug/2026:00:43:43 +0330] "GET /wp-includes//wp-includes/class-wp-application-passwords.php HTTP/1.1" 301 0 "-" "-"
185.215.232.194 - - [27/Aug/2026:00:43:48 +0330] "GET /config.php HTTP/1.1" 404 13731 "-" "Mozilla/5.0 (Windows NT 10.0; Win64; x64) AppleWebKit/537.36 (KHTML, like Gecko) Chrome/120.0.0.0 Safari/537.36"
185.215.232.194 - - [27/Aug/2026:00:43:48 +0330] "GET /wp-includes/wp-includes/class-wp-application-passwords.php HTTP/1.1" 404 54959 "-" "-"
185.215.232.194 - - [27/Aug/2026:00:43:56 +0330] "GET /wp-includes/wp-includes/class-wp-block-bindings-registry.php HTTP/1.1" 404 54959 "-" "-"
185.215.232.194 - - [27/Aug/2026:00:43:56 +0330] "GET /block-bindings.php HTTP/1.1" 404 13731 "-" "Mozilla/5.0 (Windows NT 10.0; Win64; x64) AppleWebKit/537.36 (KHTML, like Gecko) Chrome/120.0.0.0 Safari/537.36"
185.215.232.194 - - [27/Aug/2026:00:44:00 +0330] "GET /class_api.php HTTP/1.1" 404 13731 "-" "Mozilla/5.0 (Windows NT 10.0; Win64; x64) AppleWebKit/537.36 (KHTML, like Gecko) Chrome/120.0.0.0 Safari/537.36"
185.215.232.194 - - [27/Aug/2026:00:44:04 +0330] "GET /inputs.php HTTP/1.1" 404 13731 "-" "Mozilla/5.0 (Windows NT 10.0; Win64; x64) AppleWebKit/537.36 (KHTML, like Gecko) Chrome/120.0.0.0 Safari/537.36"
94.101.183.3 - - [27/Aug/2026:00:44:10 +0330] "POST /wp-cron.php?doing_wp_cron=1787778850.4113330841064453125000 HTTP/1.1" 200 0 "-" "WordPress/6.9.1; https://mahdetejarat.com"
185.215.232.194 - - [27/Aug/2026:00:44:07 +0330] "GET /wp-includes//wp-includes/class-wp-block-editor-context.php HTTP/1.1" 301 0 "-" "-"
185.215.232.194 - - [27/Aug/2026:00:44:10 +0330] "GET /wp-includes/wp-includes/class-wp-block-editor-context.php HTTP/1.1" 404 54959 "-" "-"
185.215.232.194 - - [27/Aug/2026:00:44:15 +0330] "GET /wp-includes//wp-includes/class-wp-block-list.php HTTP/1.1" 301 0 "-" "-"
185.215.232.194 - - [27/Aug/2026:00:44:16 +0330] "GET /plugin.php HTTP/1.1" 404 13731 "-" "Mozilla/5.0 (Windows NT 10.0; Win64; x64) AppleWebKit/537.36 (KHTML, like Gecko) Chrome/120.0.0.0 Safari/537.36"
185.215.232.195 - - [27/Aug/2026:00:44:19 +0330] "GET /product/%d9%88%d8%b3%d8%a7%db%8c%d9%84-%d8%a8%d8%a7%d8%b2%db%8c-%d9%be%d9%84%db%8c-%d8%a7%d8%aa%db%8c%d9%84%d9%86-2/ HTTP/1.1" 200 21889 "-" "Mozilla/5.0 (Macintosh; Intel Mac OS X 10_15_7) AppleWebKit/537.36 (KHTML, like Gecko) Chrome/145.0.0.0 Safari/537.36 (compatible; meta-externalagent/1.1 (+https://developers.facebook.com/docs/sharing/webmasters/crawler))"
185.215.232.194 - - [27/Aug/2026:00:44:23 +0330] "GET /configs.php HTTP/1.1" 404 13731 "-" "Mozilla/5.0 (Windows NT 10.0; Win64; x64) AppleWebKit/537.36 (KHTML, like Gecko) Chrome/120.0.0.0 Safari/537.36"
185.215.232.194 - - [27/Aug/2026:00:44:30 +0330] "GET /wp-includes//wp-includes/class-wp-block-parser-block.php HTTP/1.1" 301 0 "-" "-"
185.215.232.194 - - [27/Aug/2026:00:44:31 +0330] "GET /update.php HTTP/1.1" 404 13731 "-" "Mozilla/5.0 (Windows NT 10.0; Win64; x64) AppleWebKit/537.36 (KHTML, like Gecko) Chrome/120.0.0.0 Safari/537.36"
185.215.232.194 - - [27/Aug/2026:00:44:39 +0330] "GET /input.php HTTP/1.1" 404 13731 "-" "Mozilla/5.0 (Windows NT 10.0; Win64; x64) AppleWebKit/537.36 (KHTML, like Gecko) Chrome/120.0.0.0 Safari/537.36"
185.215.232.194 - - [27/Aug/2026:00:43:27 +0330] "GET /colour.php HTTP/1.1" 404 13731 "-" "Mozilla/5.0 (Windows NT 10.0; Win64; x64) AppleWebKit/537.36 (KHTML, like Gecko) Chrome/120.0.0.0 Safari/537.36"
185.215.232.194 - - [27/Aug/2026:00:43:29 +0330] "GET /wp-includes//wp-includes/class-wp-admin-bar.php HTTP/1.1" 301 0 "-" "-"
185.215.232.194 - - [27/Aug/2026:00:43:35 +0330] "GET /install.php HTTP/1.1" 404 13731 "-" "Mozilla/5.0 (Windows NT 10.0; Win64; x64) AppleWebKit/537.36 (KHTML, like Gecko) Chrome/120.0.0.0 Safari/537.36"
185.215.232.194 - - [27/Aug/2026:00:43:39 +0330] "GET /wp-includes/wp-includes/class-wp-ajax-response.php HTTP/1.1" 404 54959 "-" "-"
185.215.232.193 - - [27/Aug/2026:00:43:43 +0330] "GET /index.php/vod/play/id/37278/sid/1/nid/1.html HTTP/1.1" 301 0 "https://mahdetejarat.com/index.php/vod/search.html?wd=%E9%AB%98%E8%B7%9F" "Mozilla/5.0 (Linux; Android 7.0;) AppleWebKit/537.36 (HTML, like Gecko) Mobile Safari/537.36 (compatible; PetalBot;+https://webmaster.petalsearch.com/site/petalbot)"
185.215.232.193 - - [27/Aug/2026:00:43:48 +0330] "GET /vod/play/id/37278/sid/1/nid/1.html HTTP/1.1" 404 13731 "https://mahdetejarat.com/index.php/vod/search.html?wd=%E9%AB%98%E8%B7%9F" "Mozilla/5.0 (Linux; Android 7.0;) AppleWebKit/537.36 (HTML, like Gecko) Mobile Safari/537.36 (compatible; PetalBot;+https://webmaster.petalsearch.com/site/petalbot)"
185.215.232.194 - - [27/Aug/2026:00:43:53 +0330] "GET /wp-includes//wp-includes/class-wp-block-bindings-registry.php HTTP/1.1" 301 0 "-" "-"
185.215.232.194 - - [27/Aug/2026:00:43:52 +0330] "GET /theme.php HTTP/1.1" 404 13731 "-" "Mozilla/5.0 (Windows NT 10.0; Win64; x64) AppleWebKit/537.36 (KHTML, like Gecko) Chrome/120.0.0.0 Safari/537.36"
185.215.232.194 - - [27/Aug/2026:00:44:00 +0330] "GET /wp-includes//wp-includes/class-wp-block-bindings-source.php HTTP/1.1" 301 0 "-" "-"
185.215.232.194 - - [27/Aug/2026:00:44:03 +0330] "GET /wp-includes/wp-includes/class-wp-block-bindings-source.php HTTP/1.1" 404 54959 "-" "-"
94.101.183.3 - - [27/Aug/2026:00:44:11 +0330] "POST /wp-cron.php?doing_wp_cron=1787778851.5149660110473632812500 HTTP/1.1" 200 0 "-" "WordPress/6.9.1; https://mahdetejarat.com"
185.215.232.194 - - [27/Aug/2026:00:44:08 +0330] "GET /root.php HTTP/1.1" 404 13731 "-" "Mozilla/5.0 (Windows NT 10.0; Win64; x64) AppleWebKit/537.36 (KHTML, like Gecko) Chrome/120.0.0.0 Safari/537.36"
185.215.232.194 - - [27/Aug/2026:00:44:12 +0330] "GET /menu.php HTTP/1.1" 404 13731 "-" "Mozilla/5.0 (Windows NT 10.0; Win64; x64) AppleWebKit/537.36 (KHTML, like Gecko) Chrome/120.0.0.0 Safari/537.36"
185.215.232.194 - - [27/Aug/2026:00:44:18 +0330] "GET /wp-includes/wp-includes/class-wp-block-list.php HTTP/1.1" 404 54959 "-" "-"
185.215.232.194 - - [27/Aug/2026:00:44:20 +0330] "GET /cloud.php HTTP/1.1" 404 13731 "-" "Mozilla/5.0 (Windows NT 10.0; Win64; x64) AppleWebKit/537.36 (KHTML, like Gecko) Chrome/120.0.0.0 Safari/537.36"
185.215.232.194 - - [27/Aug/2026:00:44:22 +0330] "GET /wp-includes//wp-includes/class-wp-block-metadata-registry.php HTTP/1.1" 301 0 "-" "-"
185.215.232.194 - - [27/Aug/2026:00:44:26 +0330] "GET /wp-includes/wp-includes/class-wp-block-metadata-registry.php HTTP/1.1" 404 54959 "-" "-"
185.215.232.194 - - [27/Aug/2026:00:44:27 +0330] "GET /wp-configs.php HTTP/1.1" 404 13731 "-" "Mozilla/5.0 (Windows NT 10.0; Win64; x64) AppleWebKit/537.36 (KHTML, like Gecko) Chrome/120.0.0.0 Safari/537.36"
185.215.232.194 - - [27/Aug/2026:00:44:33 +0330] "GET /wp-includes/wp-includes/class-wp-block-parser-block.php HTTP/1.1" 404 54959 "-" "-"
185.215.232.194 - - [27/Aug/2026:00:44:35 +0330] "GET /2.php HTTP/1.1" 404 13731 "-" "Mozilla/5.0 (Windows NT 10.0; Win64; x64) AppleWebKit/537.36 (KHTML, like Gecko) Chrome/120.0.0.0 Safari/537.36"
185.215.232.194 - - [27/Aug/2026:00:44:37 +0330] "GET /wp-includes//wp-includes/class-wp-block-parser-frame.php HTTP/1.1" 301 0 "-" "-"
185.215.232.194 - - [27/Aug/2026:00:44:47 +0330] "GET /doc.php HTTP/1.1" 404 13731 "-" "Mozilla/5.0 (Windows NT 10.0; Win64; x64) AppleWebKit/537.36 (KHTML, like Gecko) Chrome/120.0.0.0 Safari/537.36"
185.215.232.194 - - [27/Aug/2026:00:44:40 +0330] "GET /wp-includes/wp-includes/class-wp-block-parser-frame.php HTTP/1.1" 404 54959 "-" "-"
185.215.232.194 - - [27/Aug/2026:00:44:43 +0330] "GET /aaa.php HTTP/1.1" 404 13731 "-" "Mozilla/5.0 (Windows NT 10.0; Win64; x64) AppleWebKit/537.36 (KHTML, like Gecko) Chrome/120.0.0.0 Safari/537.36"
185.215.232.194 - - [27/Aug/2026:00:44:47 +0330] "GET /cgi-bin/ HTTP/1.1" 404 796 "-" "Mozilla/5.0 (Windows NT 10.0; Win64; x64) AppleWebKit/537.36 (KHTML, like Gecko) Chrome/120.0.0.0 Safari/537.36"
185.215.232.194 - - [27/Aug/2026:00:44:44 +0330] "GET /wp-includes//wp-includes/class-wp-block-parser.php HTTP/1.1" 301 0 "-" "-"
185.215.232.194 - - [27/Aug/2026:00:44:47 +0330] "GET /wp-includes/wp-includes/class-wp-block-parser.php HTTP/1.1" 404 54959 "-" "-"
185.215.232.194 - - [27/Aug/2026:00:44:52 +0330] "GET /wp-includes//wp-includes/class-wp-block-pattern-categories-registry.php HTTP/1.1" 301 0 "-" "-"
185.215.232.194 - - [27/Aug/2026:00:44:55 +0330] "GET /wp-includes/wp-includes/class-wp-block-pattern-categories-registry.php HTTP/1.1" 404 54959 "-" "-"
185.215.232.194 - - [27/Aug/2026:00:45:02 +0330] "GET /wp-includes/wp-includes/class-wp-block-patterns-registry.php HTTP/1.1" 404 54959 "-" "-"
185.215.232.194 - - [27/Aug/2026:00:45:02 +0330] "GET /system_log.php HTTP/1.1" 404 13731 "-" "Mozilla/5.0 (Windows NT 10.0; Win64; x64) AppleWebKit/537.36 (KHTML, like Gecko) Chrome/120.0.0.0 Safari/537.36"
94.101.183.3 - - [27/Aug/2026:00:45:09 +0330] "POST /wp-cron.php?doing_wp_cron=1787778909.7167730331420898437500 HTTP/1.1" 200 0 "-" "WordPress/6.9.1; https://mahdetejarat.com"
185.215.232.194 - - [27/Aug/2026:00:45:07 +0330] "GET /wp-includes//wp-includes/class-wp-block-processor.php HTTP/1.1" 301 0 "-" "-"
185.215.232.194 - - [27/Aug/2026:00:45:10 +0330] "GET /wp-includes/wp-includes/class-wp-block-processor.php HTTP/1.1" 404 54959 "-" "-"
185.215.232.194 - - [27/Aug/2026:00:45:10 +0330] "GET /uploads/admin.php HTTP/1.1" 404 13731 "-" "Mozilla/5.0 (Windows NT 10.0; Win64; x64) AppleWebKit/537.36 (KHTML, like Gecko) Chrome/120.0.0.0 Safari/537.36"
185.215.232.193 - - [27/Aug/2026:00:45:11 +0330] "GET /vod/play/id/6146/sid/1/nid/1.html HTTP/1.1" 404 13731 "https://www.mahdetejarat.com/index.php/vod/play/id/6146/sid/1/nid/1.html" "Mozilla/5.0 (Linux; Android 7.0;) AppleWebKit/537.36 (HTML, like Gecko) Mobile Safari/537.36 (compatible; PetalBot;+https://webmaster.petalsearch.com/site/petalbot)"
185.215.232.194 - - [27/Aug/2026:00:45:14 +0330] "GET /wp-includes//wp-includes/class-wp-block-styles-registry.php HTTP/1.1" 301 0 "-" "-"
185.215.232.194 - - [27/Aug/2026:00:45:14 +0330] "GET /info.php HTTP/1.1" 404 13731 "-" "Mozilla/5.0 (Windows NT 10.0; Win64; x64) AppleWebKit/537.36 (KHTML, like Gecko) Chrome/120.0.0.0 Safari/537.36"
185.215.232.194 - - [27/Aug/2026:00:45:18 +0330] "GET /k.php HTTP/1.1" 404 13731 "-" "Mozilla/5.0 (Windows NT 10.0; Win64; x64) AppleWebKit/537.36 (KHTML, like Gecko) Chrome/120.0.0.0 Safari/537.36"
185.215.232.194 - - [27/Aug/2026:00:45:22 +0330] "GET /a.php HTTP/1.1" 404 13731 "-" "Mozilla/5.0 (Windows NT 10.0; Win64; x64) AppleWebKit/537.36 (KHTML, like Gecko) Chrome/120.0.0.0 Safari/537.36"
185.215.232.194 - - [27/Aug/2026:00:45:26 +0330] "GET /ab.php HTTP/1.1" 404 13731 "-" "Mozilla/5.0 (Windows NT 10.0; Win64; x64) AppleWebKit/537.36 (KHTML, like Gecko) Chrome/120.0.0.0 Safari/537.36"
185.215.232.194 - - [27/Aug/2026:00:45:30 +0330] "GET /admin/upload/css.php HTTP/1.1" 404 13731 "-" "Mozilla/5.0 (Windows NT 10.0; Win64; x64) AppleWebKit/537.36 (KHTML, like Gecko) Chrome/120.0.0.0 Safari/537.36"
185.215.232.194 - - [27/Aug/2026:00:45:32 +0330] "GET /wp-includes/wp-includes/class-wp-block-template.php HTTP/1.1" 404 54959 "-" "-"
185.215.232.194 - - [27/Aug/2026:00:45:36 +0330] "GET /wp-includes//wp-includes/class-wp-block-templates-registry.php HTTP/1.1" 301 0 "-" "-"
185.215.232.194 - - [27/Aug/2026:00:44:51 +0330] "GET /img/post.php HTTP/1.1" 404 13731 "-" "Mozilla/5.0 (Windows NT 10.0; Win64; x64) AppleWebKit/537.36 (KHTML, like Gecko) Chrome/120.0.0.0 Safari/537.36"
185.215.232.194 - - [27/Aug/2026:00:44:55 +0330] "GET /manager.php HTTP/1.1" 404 13731 "-" "Mozilla/5.0 (Windows NT 10.0; Win64; x64) AppleWebKit/537.36 (KHTML, like Gecko) Chrome/120.0.0.0 Safari/537.36"
94.101.183.3 - - [27/Aug/2026:00:44:58 +0330] "POST /wp-cron.php?doing_wp_cron=1787778898.2923119068145751953125 HTTP/1.1" 200 0 "-" "WordPress/6.9.1; https://mahdetejarat.com"
185.215.232.194 - - [27/Aug/2026:00:44:58 +0330] "GET /wp-includes//wp-includes/class-wp-block-patterns-registry.php HTTP/1.1" 301 0 "-" "-"
185.215.232.194 - - [27/Aug/2026:00:44:58 +0330] "GET /sim.php HTTP/1.1" 404 13731 "-" "Mozilla/5.0 (Windows NT 10.0; Win64; x64) AppleWebKit/537.36 (KHTML, like Gecko) Chrome/120.0.0.0 Safari/537.36"
185.215.232.193 - - [27/Aug/2026:00:45:07 +0330] "GET /index.php/vod/play/id/6146/sid/1/nid/1.html HTTP/1.1" 301 0 "https://www.mahdetejarat.com/index.php/vod/play/id/6146/sid/1/nid/1.html" "Mozilla/5.0 (Linux; Android 7.0;) AppleWebKit/537.36 (HTML, like Gecko) Mobile Safari/537.36 (compatible; PetalBot;+https://webmaster.petalsearch.com/site/petalbot)"
185.215.232.194 - - [27/Aug/2026:00:45:06 +0330] "GET /update/ HTTP/1.1" 404 13731 "-" "Mozilla/5.0 (Windows NT 10.0; Win64; x64) AppleWebKit/537.36 (KHTML, like Gecko) Chrome/120.0.0.0 Safari/537.36"
185.215.232.194 - - [27/Aug/2026:00:45:17 +0330] "GET /wp-includes/wp-includes/class-wp-block-styles-registry.php HTTP/1.1" 404 54959 "-" "-"
185.215.232.194 - - [27/Aug/2026:00:45:21 +0330] "GET /wp-includes//wp-includes/class-wp-block-supports.php HTTP/1.1" 301 0 "-" "-"
185.215.232.194 - - [27/Aug/2026:00:45:24 +0330] "GET /wp-includes/wp-includes/class-wp-block-supports.php HTTP/1.1" 404 54959 "-" "-"
185.215.232.194 - - [27/Aug/2026:00:45:29 +0330] "GET /wp-includes//wp-includes/class-wp-block-template.php HTTP/1.1" 301 0 "-" "-"
185.215.232.194 - - [27/Aug/2026:00:45:34 +0330] "GET /api.php HTTP/1.1" 404 13731 "-" "Mozilla/5.0 (Windows NT 10.0; Win64; x64) AppleWebKit/537.36 (KHTML, like Gecko) Chrome/120.0.0.0 Safari/537.36"
185.215.232.194 - - [27/Aug/2026:00:45:39 +0330] "GET /wp-includes/wp-includes/class-wp-block-templates-registry.php HTTP/1.1" 404 54959 "-" "-"
185.215.232.194 - - [27/Aug/2026:00:45:45 +0330] "GET /contents.php/lv.php HTTP/1.1" 404 13731 "-" "Mozilla/5.0 (Windows NT 10.0; Win64; x64) AppleWebKit/537.36 (KHTML, like Gecko) Chrome/120.0.0.0 Safari/537.36"
185.215.232.194 - - [27/Aug/2026:00:45:50 +0330] "GET /wp-includes/wp-includes/class-wp-block-type-registry.php HTTP/1.1" 404 54959 "-" "-"
94.101.183.3 - - [27/Aug/2026:00:45:56 +0330] "POST /wp-cron.php?doing_wp_cron=1787778956.6323308944702148437500 HTTP/1.1" 200 0 "-" "WordPress/6.9.1; https://mahdetejarat.com"
185.215.232.194 - - [27/Aug/2026:00:45:52 +0330] "GET /default.php HTTP/1.1" 404 13731 "-" "Mozilla/5.0 (Windows NT 10.0; Win64; x64) AppleWebKit/537.36 (KHTML, like Gecko) Chrome/120.0.0.0 Safari/537.36"
185.215.232.194 - - [27/Aug/2026:00:45:54 +0330] "GET /wp-includes//wp-includes/class-wp-block-type.php HTTP/1.1" 301 0 "-" "-"
185.215.232.194 - - [27/Aug/2026:00:46:01 +0330] "GET /wp-includes//wp-includes/class-wp-block.php HTTP/1.1" 301 0 "-" "-"
185.215.232.194 - - [27/Aug/2026:00:46:01 +0330] "GET /include/ HTTP/1.1" 404 13731 "-" "Mozilla/5.0 (Windows NT 10.0; Win64; x64) AppleWebKit/537.36 (KHTML, like Gecko) Chrome/120.0.0.0 Safari/537.36"
185.215.232.194 - - [27/Aug/2026:00:46:08 +0330] "GET /man.php HTTP/1.1" 404 13731 "-" "Mozilla/5.0 (Windows NT 10.0; Win64; x64) AppleWebKit/537.36 (KHTML, like Gecko) Chrome/120.0.0.0 Safari/537.36"
185.215.232.194 - - [27/Aug/2026:00:46:16 +0330] "GET /shellv3.php HTTP/1.1" 404 13731 "-" "Mozilla/5.0 (Windows NT 10.0; Win64; x64) AppleWebKit/537.36 (KHTML, like Gecko) Chrome/120.0.0.0 Safari/537.36"
185.215.232.194 - - [27/Aug/2026:00:45:38 +0330] "GET /auth.php HTTP/1.1" 404 13731 "-" "Mozilla/5.0 (Windows NT 10.0; Win64; x64) AppleWebKit/537.36 (KHTML, like Gecko) Chrome/120.0.0.0 Safari/537.36"
185.215.232.194 - - [27/Aug/2026:00:45:41 +0330] "GET /bk/index.php HTTP/1.1" 301 0 "-" "Mozilla/5.0 (Windows NT 10.0; Win64; x64) AppleWebKit/537.36 (KHTML, like Gecko) Chrome/120.0.0.0 Safari/537.36"
185.215.232.194 - - [27/Aug/2026:00:45:46 +0330] "GET /wp-includes//wp-includes/class-wp-block-type-registry.php HTTP/1.1" 301 0 "-" "-"
185.215.232.194 - - [27/Aug/2026:00:45:50 +0330] "GET /css/index.php HTTP/1.1" 301 0 "-" "Mozilla/5.0 (Windows NT 10.0; Win64; x64) AppleWebKit/537.36 (KHTML, like Gecko) Chrome/120.0.0.0 Safari/537.36"
185.215.232.194 - - [27/Aug/2026:00:45:57 +0330] "GET /favicon.php HTTP/1.1" 404 13731 "-" "Mozilla/5.0 (Windows NT 10.0; Win64; x64) AppleWebKit/537.36 (KHTML, like Gecko) Chrome/120.0.0.0 Safari/537.36"
185.215.232.194 - - [27/Aug/2026:00:45:57 +0330] "GET /wp-includes/wp-includes/class-wp-block-type.php HTTP/1.1" 404 54959 "-" "-"
94.101.183.3 - - [27/Aug/2026:00:46:08 +0330] "POST /wp-cron.php?doing_wp_cron=1787778968.0227460861206054687500 HTTP/1.1" 200 0 "-" "WordPress/6.9.1; https://mahdetejarat.com"
185.215.232.194 - - [27/Aug/2026:00:46:04 +0330] "GET /wp-includes/wp-includes/class-wp-block.php HTTP/1.1" 404 54959 "-" "-"
185.215.232.194 - - [27/Aug/2026:00:46:05 +0330] "GET /log.php HTTP/1.1" 404 13731 "-" "Mozilla/5.0 (Windows NT 10.0; Win64; x64) AppleWebKit/537.36 (KHTML, like Gecko) Chrome/120.0.0.0 Safari/537.36"
185.215.232.194 - - [27/Aug/2026:00:46:08 +0330] "GET /wp-includes//wp-includes/class-wp-classic-to-block-menu-converter.php HTTP/1.1" 301 0 "-" "-"
185.215.232.194 - - [27/Aug/2026:00:46:11 +0330] "GET /wp-includes/wp-includes/class-wp-classic-to-block-menu-converter.php HTTP/1.1" 404 54959 "-" "-"
185.215.232.194 - - [27/Aug/2026:00:46:12 +0330] "GET /private/ HTTP/1.1" 404 13731 "-" "Mozilla/5.0 (Windows NT 10.0; Win64; x64) AppleWebKit/537.36 (KHTML, like Gecko) Chrome/120.0.0.0 Safari/537.36"
185.215.232.194 - - [27/Aug/2026:00:46:19 +0330] "GET /simple/function.php HTTP/1.1" 404 13731 "-" "Mozilla/5.0 (Windows NT 10.0; Win64; x64) AppleWebKit/537.36 (KHTML, like Gecko) Chrome/120.0.0.0 Safari/537.36"
185.215.232.194 - - [27/Aug/2026:00:46:24 +0330] "GET /wp-includes//wp-includes/class-wp-comment.php HTTP/1.1" 301 0 "-" "-"
185.215.232.193 - - [27/Aug/2026:00:46:31 +0330] "GET /index.php/vod/play/id/4588/sid/1/nid/1.html HTTP/1.1" 301 0 "http://mahdetejarat.com/index.php/vod/play/id/5739/sid/1/nid/1.html" "Mozilla/5.0 (Linux; Android 7.0;) AppleWebKit/537.36 (HTML, like Gecko) Mobile Safari/537.36 (compatible; PetalBot;+https://webmaster.petalsearch.com/site/petalbot)"
185.215.232.194 - - [27/Aug/2026:00:46:35 +0330] "GET /plugins/ HTTP/1.1" 404 13731 "-" "Mozilla/5.0 (Windows NT 10.0; Win64; x64) AppleWebKit/537.36 (KHTML, like Gecko) Chrome/120.0.0.0 Safari/537.36"
185.215.232.194 - - [27/Aug/2026:00:46:38 +0330] "GET /wp-includes//wp-includes/class-wp-customize-manager.php HTTP/1.1" 301 0 "-" "-"
185.215.232.194 - - [27/Aug/2026:00:46:38 +0330] "GET /file5.php HTTP/1.1" 404 13731 "-" "Mozilla/5.0 (Windows NT 10.0; Win64; x64) AppleWebKit/537.36 (KHTML, like Gecko) Chrome/120.0.0.0 Safari/537.36"
185.215.232.194 - - [27/Aug/2026:00:46:45 +0330] "GET /wp-includes/ HTTP/1.1" 200 8388 "-" "Mozilla/5.0 (Windows NT 10.0; Win64; x64) AppleWebKit/537.36 (KHTML, like Gecko) Chrome/120.0.0.0 Safari/537.36"
185.215.232.194 - - [27/Aug/2026:00:46:49 +0330] "GET /wp-content/ HTTP/1.1" 200 0 "-" "Mozilla/5.0 (Windows NT 10.0; Win64; x64) AppleWebKit/537.36 (KHTML, like Gecko) Chrome/120.0.0.0 Safari/537.36"
185.215.232.194 - - [27/Aug/2026:00:46:47 +0330] "GET /wp-includes/wp-includes/class-wp-customize-nav-menus.php HTTP/1.1" 404 54959 "-" "-"
185.215.232.194 - - [27/Aug/2026:00:46:52 +0330] "GET /wp-includes//wp-includes/class-wp-customize-panel.php HTTP/1.1" 301 0 "-" "-"
185.215.232.194 - - [27/Aug/2026:00:46:16 +0330] "GET /wp-includes//wp-includes/class-wp-comment-query.php HTTP/1.1" 301 0 "-" "-"
185.215.232.194 - - [27/Aug/2026:00:46:19 +0330] "GET /wp-includes/wp-includes/class-wp-comment-query.php HTTP/1.1" 404 54959 "-" "-"
185.215.232.194 - - [27/Aug/2026:00:46:23 +0330] "GET /test.php HTTP/1.1" 404 13731 "-" "Mozilla/5.0 (Windows NT 10.0; Win64; x64) AppleWebKit/537.36 (KHTML, like Gecko) Chrome/120.0.0.0 Safari/537.36"
185.215.232.194 - - [27/Aug/2026:00:46:26 +0330] "GET /wp-includes/wp-includes/class-wp-comment.php HTTP/1.1" 404 54959 "-" "-"
185.215.232.194 - - [27/Aug/2026:00:46:28 +0330] "GET /wp-file.php HTTP/1.1" 404 13731 "-" "Mozilla/5.0 (Windows NT 10.0; Win64; x64) AppleWebKit/537.36 (KHTML, like Gecko) Chrome/120.0.0.0 Safari/537.36"
185.215.232.194 - - [27/Aug/2026:00:46:30 +0330] "GET /wp-includes//wp-includes/class-wp-customize-control.php HTTP/1.1" 301 0 "-" "-"
185.215.232.194 - - [27/Aug/2026:00:46:31 +0330] "GET /wp-logs.php HTTP/1.1" 404 13731 "-" "Mozilla/5.0 (Windows NT 10.0; Win64; x64) AppleWebKit/537.36 (KHTML, like Gecko) Chrome/120.0.0.0 Safari/537.36"
185.215.232.194 - - [27/Aug/2026:00:46:34 +0330] "GET /WSO.php HTTP/1.1" 403 787 "-" "Mozilla/5.0 (Windows NT 10.0; Win64; x64) AppleWebKit/537.36 (KHTML, like Gecko) Chrome/120.0.0.0 Safari/537.36"
185.215.232.194 - - [27/Aug/2026:00:46:33 +0330] "GET /wp-includes/wp-includes/class-wp-customize-control.php HTTP/1.1" 404 54959 "-" "-"
185.215.232.193 - - [27/Aug/2026:00:46:35 +0330] "GET /vod/play/id/4588/sid/1/nid/1.html HTTP/1.1" 404 13731 "http://mahdetejarat.com/index.php/vod/play/id/5739/sid/1/nid/1.html" "Mozilla/5.0 (Linux; Android 7.0;) AppleWebKit/537.36 (HTML, like Gecko) Mobile Safari/537.36 (compatible; PetalBot;+https://webmaster.petalsearch.com/site/petalbot)"
185.215.232.194 - - [27/Aug/2026:00:46:40 +0330] "GET /wp-includes/wp-includes/class-wp-customize-manager.php HTTP/1.1" 404 54959 "-" "-"
185.215.232.194 - - [27/Aug/2026:00:46:42 +0330] "GET /wp-admin/ HTTP/1.1" 302 0 "-" "Mozilla/5.0 (Windows NT 10.0; Win64; x64) AppleWebKit/537.36 (KHTML, like Gecko) Chrome/120.0.0.0 Safari/537.36"
185.215.232.194 - - [27/Aug/2026:00:46:44 +0330] "GET /wp-includes//wp-includes/class-wp-customize-nav-menus.php HTTP/1.1" 301 0 "-" "-"
185.215.232.194 - - [27/Aug/2026:00:46:45 +0330] "GET /aa.php HTTP/1.1" 404 13731 "-" "Mozilla/5.0 (Windows NT 10.0; Win64; x64) AppleWebKit/537.36 (KHTML, like Gecko) Chrome/120.0.0.0 Safari/537.36"
185.215.232.194 - - [27/Aug/2026:00:46:50 +0330] "GET /modules/ HTTP/1.1" 404 13731 "-" "Mozilla/5.0 (Windows NT 10.0; Win64; x64) AppleWebKit/537.36 (KHTML, like Gecko) Chrome/120.0.0.0 Safari/537.36"
185.215.232.194 - - [27/Aug/2026:00:46:54 +0330] "GET /wp-includes/wp-includes/class-wp-customize-panel.php HTTP/1.1" 404 54959 "-" "-"
185.215.232.194 - - [27/Aug/2026:00:46:56 +0330] "GET /sitemaps.php HTTP/1.1" 404 13731 "-" "Mozilla/5.0 (Windows NT 10.0; Win64; x64) AppleWebKit/537.36 (KHTML, like Gecko) Chrome/120.0.0.0 Safari/537.36"
185.215.232.194 - - [27/Aug/2026:00:47:01 +0330] "GET /wp-includes/wp-includes/class-wp-customize-section.php HTTP/1.1" 404 54959 "-" "-"
94.101.182.6 - - [27/Aug/2026:00:47:09 +0330] "POST /wp-cron.php?doing_wp_cron=1787779028.6796040534973144531250 HTTP/1.1" 200 0 "-" "WordPress/6.9.1; https://mahdetejarat.com"
185.215.232.194 - - [27/Aug/2026:00:47:05 +0330] "GET /wp-includes//wp-includes/class-wp-customize-setting.php HTTP/1.1" 301 0 "-" "-"
185.215.232.194 - - [27/Aug/2026:00:47:04 +0330] "GET /yindu.php HTTP/1.1" 404 13731 "-" "Mozilla/5.0 (Windows NT 10.0; Win64; x64) AppleWebKit/537.36 (KHTML, like Gecko) Chrome/120.0.0.0 Safari/537.36"
185.215.232.194 - - [27/Aug/2026:00:47:12 +0330] "GET /en-us/2021/04/30/php-community-sidesteps-its-third-supply-chain-attack-in-three-years/ HTTP/1.1" 404 13731 "-" "Mozilla/5.0 (Windows NT 10.0; Win64; x64) AppleWebKit/537.36 (KHTML, like Gecko) Chrome/120.0.0.0 Safari/537.36"
94.101.182.6 - - [27/Aug/2026:00:46:56 +0330] "POST /wp-cron.php?doing_wp_cron=1787779016.1600880622863769531250 HTTP/1.1" 200 0 "-" "WordPress/6.9.1; https://mahdetejarat.com"
185.215.232.194 - - [27/Aug/2026:00:46:53 +0330] "GET /anonse HTTP/1.1" 404 13731 "-" "Mozilla/5.0 (Windows NT 10.0; Win64; x64) AppleWebKit/537.36 (KHTML, like Gecko) Chrome/120.0.0.0 Safari/537.36"
185.215.232.194 - - [27/Aug/2026:00:46:58 +0330] "GET /wp-includes//wp-includes/class-wp-customize-section.php HTTP/1.1" 301 0 "-" "-"
185.215.232.194 - - [27/Aug/2026:00:47:00 +0330] "GET /load.php HTTP/1.1" 404 13731 "-" "Mozilla/5.0 (Windows NT 10.0; Win64; x64) AppleWebKit/537.36 (KHTML, like Gecko) Chrome/120.0.0.0 Safari/537.36"
185.215.232.194 - - [27/Aug/2026:00:47:10 +0330] "GET /wp-includes/wp-includes/class-wp-customize-setting.php HTTP/1.1" 404 54959 "-" "-"
